HEX
Server: nginx/1.18.0
System: Linux vps-9dcdb12e 5.15.0-176-generic #186-Ubuntu SMP Fri Mar 13 11:01:42 UTC 2026 x86_64
User: ubuntu (1000)
PHP: 8.1.2-1ubuntu2.24
Disabled: exec,passthru,shell_exec,system,proc_open,popen,curl_exec,curl_multi_exec,parse_ini_file,show_source
Upload Files
File: //var/log/nginx/access.log.1
176.31.139.6 - - [16/Jun/2026:00:00:23 +0000] "GET /sitemap_index.xml HTTP/1.1" 301 5 "-" "Mozilla/5.0 (compatible; AhrefsBot/7.0; +http://ahrefs.com/robot/)"
176.31.139.6 - - [16/Jun/2026:00:00:24 +0000] "GET / HTTP/1.1" 200 29156 "-" "Mozilla/5.0 (compatible; AhrefsBot/7.0; +http://ahrefs.com/robot/)"
41.79.235.70 - - [16/Jun/2026:00:00:31 +0000] "GET /wp-login.php HTTP/1.1" 200 3071 "-" "Mozilla/5.0 (Macintosh; Intel Mac OS X 10_15_7) AppleWebKit/537.36 (KHTML, like Gecko) Chrome/133.0.0.0 Safari/537.36"
41.79.235.70 - - [16/Jun/2026:00:00:31 +0000] "POST /wp-login.php HTTP/1.1" 200 3201 "https://www.alltar.pl/wp-login.php" "Mozilla/5.0 (Macintosh; Intel Mac OS X 10_15_7) AppleWebKit/537.36 (KHTML, like Gecko) Chrome/133.0.0.0 Safari/537.36"
43.130.3.120 - - [16/Jun/2026:00:00:45 +0000] "GET / HTTP/1.1" 301 178 "-" "Mozilla/5.0 (iPhone; CPU iPhone OS 13_2_3 like Mac OS X) AppleWebKit/605.1.15 (KHTML, like Gecko) Version/13.0.3 Mobile/15E148 Safari/604.1"
31.3.241.131 - - [16/Jun/2026:00:01:21 +0000] "GET /wp-login.php HTTP/1.1" 200 3165 "-" "Mozilla/5.0 (X11; Linux x86_64) AppleWebKit/537.36 (KHTML, like Gecko) Chrome/133.0.0.0 Safari/537.36"
176.65.139.235 - - [16/Jun/2026:00:01:21 +0000] "GET / HTTP/1.1" 301 5 "-" "Mozilla/5.0 (Windows NT 10.0; Win64; x64) AppleWebKit/537.36 (KHTML, like Gecko) Chrome/147.0.0.0 Safari/537.36"
31.3.241.131 - - [16/Jun/2026:00:01:22 +0000] "POST /wp-login.php HTTP/1.1" 200 3295 "https://ideapv.pl/wp-login.php" "Mozilla/5.0 (X11; Linux x86_64) AppleWebKit/537.36 (KHTML, like Gecko) Chrome/133.0.0.0 Safari/537.36"
176.65.139.236 - - [16/Jun/2026:00:01:22 +0000] "GET / HTTP/1.1" 200 65526 "-" "Mozilla/5.0 (Windows NT 10.0; Win64; x64) AppleWebKit/537.36 (KHTML, like Gecko) Chrome/147.0.0.0 Safari/537.36"
18.130.168.120 - - [16/Jun/2026:00:01:39 +0000] "GET / HTTP/1.1" 301 178 "-" "Mozilla/5.0 (Windows NT 10.0; Win64; x64) AppleWebKit/537.36 (KHTML, like Gecko) Chrome/79.0 Safari/537.36"
18.130.168.120 - - [16/Jun/2026:00:01:39 +0000] "" 400 0 "-" "-"
43.130.74.193 - - [16/Jun/2026:00:02:07 +0000] "GET / HTTP/1.1" 301 178 "-" "Mozilla/5.0 (iPhone; CPU iPhone OS 13_2_3 like Mac OS X) AppleWebKit/605.1.15 (KHTML, like Gecko) Version/13.0.3 Mobile/15E148 Safari/604.1"
104.22.27.145 - - [16/Jun/2026:00:02:10 +0000] "GET / HTTP/1.1" 301 178 "-" "Mozilla/5.0 (Windows NT 10.0; Win64; x64) AppleWebKit/537.36 (KHTML, like Gecko) Chrome/120.0.0.0 Safari/537.36"
198.244.168.254 - - [16/Jun/2026:00:02:13 +0000] "GET /category/bez-kategorii/feed/ HTTP/1.1" 200 33131 "-" "Mozilla/5.0 (compatible; AhrefsBot/7.0; +http://ahrefs.com/robot/)"
176.107.185.41 - - [16/Jun/2026:00:02:13 +0000] "GET / HTTP/1.1" 301 178 "-" "Mozilla/5.0"
52.54.249.218 - - [16/Jun/2026:00:02:23 +0000] "GET /wp-json/oembed/1.0/embed?url=https://meetingart.pl/jak-zaplanowac-wernisaz-krok-po-kroku-przewodnik-dla-organizatorow/ HTTP/1.1" 200 1203 "-" "Mozilla/5.0 AppleWebKit/537.36 (KHTML, like Gecko; compatible; Amazonbot/0.1; +https://developer.amazon.com/support/amazonbot) Chrome/119.0.6045.214 Safari/537.36"
34.206.249.188 - - [16/Jun/2026:00:02:27 +0000] "GET /wp-json/oembed/1.0/embed?format=xml&url=https://meetingart.pl/boze-narodzenie-jako-czas-milosci-i-tradycji/ HTTP/1.1" 200 1208 "-" "Mozilla/5.0 AppleWebKit/537.36 (KHTML, like Gecko; compatible; Amazonbot/0.1; +https://developer.amazon.com/support/amazonbot) Chrome/119.0.6045.214 Safari/537.36"
34.225.138.57 - - [16/Jun/2026:00:02:31 +0000] "GET /wp-json/oembed/1.0/embed?url=https://meetingart.pl/expo-xxi-nadchodzace-wydarzenia-sprawdz-nowe-atrakcje/ HTTP/1.1" 200 1177 "-" "Mozilla/5.0 AppleWebKit/537.36 (KHTML, like Gecko; compatible; Amazonbot/0.1; +https://developer.amazon.com/support/amazonbot) Chrome/119.0.6045.214 Safari/537.36"
3.229.2.217 - - [16/Jun/2026:00:02:35 +0000] "GET /kiedy-wypada-wielkanoc-2024-i-jej-znaczenie/ HTTP/1.1" 200 24242 "-" "Mozilla/5.0 AppleWebKit/537.36 (KHTML, like Gecko; compatible; Amazonbot/0.1; +https://developer.amazon.com/support/amazonbot) Chrome/119.0.6045.214 Safari/537.36"
121.200.216.55 - - [16/Jun/2026:00:02:59 +0000] "GET /wp-login.php HTTP/1.1" 200 2922 "-" "Mozilla/5.0 (X11; CrOS x86_64 14541.0.0) AppleWebKit/537.36 (KHTML, like Gecko) Chrome/133.0.0.0 Safari/537.36"
121.200.216.55 - - [16/Jun/2026:00:03:00 +0000] "POST /wp-login.php HTTP/1.1" 200 3108 "https://www.arsmedica.bialystok.pl/wp-login.php" "Mozilla/5.0 (X11; CrOS x86_64 14541.0.0) AppleWebKit/537.36 (KHTML, like Gecko) Chrome/133.0.0.0 Safari/537.36"
135.119.27.130 - - [16/Jun/2026:00:03:19 +0000] "GET /wp-content/plugins/hellopress/wp_filemanager.php HTTP/1.1" 301 178 "-" "-"
135.119.27.130 - - [16/Jun/2026:00:03:21 +0000] "GET /this_is_a_new_hello_world.php HTTP/1.1" 301 178 "-" "-"
135.119.27.130 - - [16/Jun/2026:00:03:21 +0000] "GET /core/init.php HTTP/1.1" 301 178 "-" "-"
135.119.27.130 - - [16/Jun/2026:00:03:22 +0000] "GET /aa.php HTTP/1.1" 301 178 "-" "-"
135.119.27.130 - - [16/Jun/2026:00:03:22 +0000] "GET /xmrlpc.php HTTP/1.1" 301 178 "-" "-"
135.119.27.130 - - [16/Jun/2026:00:03:23 +0000] "GET /class.php HTTP/1.1" 301 178 "-" "-"
135.119.27.130 - - [16/Jun/2026:00:03:23 +0000] "GET /goods.php HTTP/1.1" 301 178 "-" "-"
135.119.27.130 - - [16/Jun/2026:00:03:24 +0000] "GET /info.php HTTP/1.1" 301 178 "-" "-"
135.119.27.130 - - [16/Jun/2026:00:03:24 +0000] "GET /as.php HTTP/1.1" 301 178 "-" "-"
135.119.27.130 - - [16/Jun/2026:00:03:24 +0000] "GET /bb.php HTTP/1.1" 301 178 "-" "-"
51.68.247.204 - - [16/Jun/2026:00:03:24 +0000] "GET /shopbrand389774009?kg=0387158226 HTTP/1.1" 301 5 "-" "Mozilla/5.0 (compatible; AhrefsBot/7.0; +http://ahrefs.com/robot/)"
135.119.27.130 - - [16/Jun/2026:00:03:24 +0000] "GET /about.php HTTP/1.1" 301 178 "-" "-"
135.119.27.130 - - [16/Jun/2026:00:03:25 +0000] "GET /222.php HTTP/1.1" 301 178 "-" "-"
135.119.27.130 - - [16/Jun/2026:00:03:25 +0000] "GET /test1.php HTTP/1.1" 301 178 "-" "-"
135.119.27.130 - - [16/Jun/2026:00:03:25 +0000] "GET /wp-mail.php HTTP/1.1" 301 178 "-" "-"
135.119.27.130 - - [16/Jun/2026:00:03:26 +0000] "GET /wp.php HTTP/1.1" 301 178 "-" "-"
135.119.27.130 - - [16/Jun/2026:00:03:27 +0000] "GET /adminfuns.php HTTP/1.1" 301 178 "-" "-"
135.119.27.130 - - [16/Jun/2026:00:03:27 +0000] "GET /php8.php HTTP/1.1" 301 178 "-" "-"
135.119.27.130 - - [16/Jun/2026:00:03:28 +0000] "GET /ioxi-o.php HTTP/1.1" 301 178 "-" "-"
135.119.27.130 - - [16/Jun/2026:00:03:28 +0000] "GET /edit.php HTTP/1.1" 301 178 "-" "-"
135.119.27.130 - - [16/Jun/2026:00:03:29 +0000] "GET /sid3.php HTTP/1.1" 301 178 "-" "-"
135.119.27.130 - - [16/Jun/2026:00:03:29 +0000] "GET /166.php HTTP/1.1" 301 178 "-" "-"
135.119.27.130 - - [16/Jun/2026:00:03:30 +0000] "GET /test.php HTTP/1.1" 301 178 "-" "-"
135.119.27.130 - - [16/Jun/2026:00:03:30 +0000] "GET /phpinfo/info.php HTTP/1.1" 301 178 "-" "-"
135.119.27.130 - - [16/Jun/2026:00:03:30 +0000] "GET /wp-the.php HTTP/1.1" 301 178 "-" "-"
135.119.27.130 - - [16/Jun/2026:00:03:31 +0000] "GET /CDX2.php HTTP/1.1" 301 178 "-" "-"
135.119.27.130 - - [16/Jun/2026:00:03:31 +0000] "GET /profile.php HTTP/1.1" 301 178 "-" "-"
135.119.27.130 - - [16/Jun/2026:00:03:31 +0000] "GET /ws80.php HTTP/1.1" 301 178 "-" "-"
135.119.27.130 - - [16/Jun/2026:00:03:32 +0000] "GET /a4.php HTTP/1.1" 301 178 "-" "-"
135.119.27.130 - - [16/Jun/2026:00:03:32 +0000] "GET /buy.php HTTP/1.1" 301 178 "-" "-"
135.119.27.130 - - [16/Jun/2026:00:03:33 +0000] "GET /core.php HTTP/1.1" 301 178 "-" "-"
135.119.27.130 - - [16/Jun/2026:00:03:33 +0000] "GET /lock360.php HTTP/1.1" 301 178 "-" "-"
135.119.27.130 - - [16/Jun/2026:00:03:34 +0000] "GET /bc.php HTTP/1.1" 301 178 "-" "-"
135.119.27.130 - - [16/Jun/2026:00:03:34 +0000] "GET /av.php HTTP/1.1" 301 178 "-" "-"
135.119.27.130 - - [16/Jun/2026:00:03:35 +0000] "GET /xs.php HTTP/1.1" 301 178 "-" "-"
135.119.27.130 - - [16/Jun/2026:00:03:35 +0000] "GET /xxa.php HTTP/1.1" 301 178 "-" "-"
135.119.27.130 - - [16/Jun/2026:00:03:36 +0000] "GET /index0.php HTTP/1.1" 301 178 "-" "-"
135.119.27.130 - - [16/Jun/2026:00:03:36 +0000] "GET /wp-kz.php HTTP/1.1" 301 178 "-" "-"
135.119.27.130 - - [16/Jun/2026:00:03:37 +0000] "GET /19.php HTTP/1.1" 301 178 "-" "-"
135.119.27.130 - - [16/Jun/2026:00:03:37 +0000] "GET /11.php HTTP/1.1" 301 178 "-" "-"
135.119.27.130 - - [16/Jun/2026:00:03:37 +0000] "GET /w.php HTTP/1.1" 301 178 "-" "-"
135.119.27.130 - - [16/Jun/2026:00:03:38 +0000] "GET /ws78.php HTTP/1.1" 301 178 "-" "-"
135.119.27.130 - - [16/Jun/2026:00:03:38 +0000] "GET /xxx.php HTTP/1.1" 301 178 "-" "-"
135.119.27.130 - - [16/Jun/2026:00:03:38 +0000] "GET /a7.php HTTP/1.1" 301 178 "-" "-"
135.119.27.130 - - [16/Jun/2026:00:03:39 +0000] "GET /BDKR28WP.php HTTP/1.1" 301 178 "-" "-"
135.119.27.130 - - [16/Jun/2026:00:03:39 +0000] "GET /a1.php HTTP/1.1" 301 178 "-" "-"
135.119.27.130 - - [16/Jun/2026:00:03:40 +0000] "GET /d.php HTTP/1.1" 301 178 "-" "-"
135.119.27.130 - - [16/Jun/2026:00:03:40 +0000] "GET /xff.php HTTP/1.1" 301 178 "-" "-"
135.119.27.130 - - [16/Jun/2026:00:03:41 +0000] "GET /xltt.php HTTP/1.1" 301 178 "-" "-"
135.119.27.130 - - [16/Jun/2026:00:03:41 +0000] "GET /son.php HTTP/1.1" 301 178 "-" "-"
135.119.27.130 - - [16/Jun/2026:00:03:41 +0000] "GET /doc.php HTTP/1.1" 301 178 "-" "-"
135.119.27.130 - - [16/Jun/2026:00:03:42 +0000] "GET /zo.php HTTP/1.1" 301 178 "-" "-"
135.119.27.130 - - [16/Jun/2026:00:03:43 +0000] "GET /xper1.php HTTP/1.1" 301 178 "-" "-"
135.119.27.130 - - [16/Jun/2026:00:03:43 +0000] "GET /tiny.php HTTP/1.1" 301 178 "-" "-"
135.119.27.130 - - [16/Jun/2026:00:03:43 +0000] "GET /s1.php HTTP/1.1" 301 178 "-" "-"
135.119.27.130 - - [16/Jun/2026:00:03:44 +0000] "GET /de.php HTTP/1.1" 301 178 "-" "-"
135.119.27.130 - - [16/Jun/2026:00:03:44 +0000] "GET /1a.php HTTP/1.1" 301 178 "-" "-"
135.119.27.130 - - [16/Jun/2026:00:03:45 +0000] "GET /2.php HTTP/1.1" 301 178 "-" "-"
135.119.27.130 - - [16/Jun/2026:00:03:45 +0000] "GET /sky.php HTTP/1.1" 301 178 "-" "-"
135.119.27.130 - - [16/Jun/2026:00:03:45 +0000] "GET /man.php HTTP/1.1" 301 178 "-" "-"
135.119.27.130 - - [16/Jun/2026:00:03:45 +0000] "GET /ms-edit.php HTTP/1.1" 301 178 "-" "-"
135.119.27.130 - - [16/Jun/2026:00:03:46 +0000] "GET /7.php HTTP/1.1" 301 178 "-" "-"
135.119.27.130 - - [16/Jun/2026:00:03:46 +0000] "GET /pp.php HTTP/1.1" 301 178 "-" "-"
135.119.27.130 - - [16/Jun/2026:00:03:47 +0000] "GET /mar.php HTTP/1.1" 301 178 "-" "-"
135.119.27.130 - - [16/Jun/2026:00:03:47 +0000] "GET /acp.php HTTP/1.1" 301 178 "-" "-"
135.119.27.130 - - [16/Jun/2026:00:03:47 +0000] "GET /zdd.php HTTP/1.1" 301 178 "-" "-"
135.119.27.130 - - [16/Jun/2026:00:03:48 +0000] "GET /link.php HTTP/1.1" 301 178 "-" "-"
135.119.27.130 - - [16/Jun/2026:00:03:48 +0000] "GET /sallu.php HTTP/1.1" 301 178 "-" "-"
135.119.27.130 - - [16/Jun/2026:00:03:48 +0000] "GET /aboute.php HTTP/1.1" 301 178 "-" "-"
114.119.156.126 - - [16/Jun/2026:00:03:48 +0000] "GET /2025/10/01/gioca-white-wizard-gratis-senza-scaricare/ HTTP/1.1" 200 12224 "https://www.arsmedica.bialystok.pl/2025/10/01/gioca-white-wizard-gratis-senza-scaricare/" "Mozilla/5.0 (Linux; Android 7.0;) AppleWebKit/537.36 (HTML, like Gecko) Mobile Safari/537.36 (compatible; PetalBot;+https://webmaster.petalsearch.com/site/petalbot)"
135.119.27.130 - - [16/Jun/2026:00:03:48 +0000] "GET /one.php HTTP/1.1" 301 178 "-" "-"
135.119.27.130 - - [16/Jun/2026:00:03:49 +0000] "GET /tx79.php HTTP/1.1" 301 178 "-" "-"
135.119.27.130 - - [16/Jun/2026:00:03:49 +0000] "GET /wp-class.php HTTP/1.1" 301 178 "-" "-"
135.119.27.130 - - [16/Jun/2026:00:03:49 +0000] "GET /8.php HTTP/1.1" 301 178 "-" "-"
47.128.21.106 - - [16/Jun/2026:00:03:51 +0000] "GET /2025/10/01/playtech-slot-games/ HTTP/1.1" 200 13936 "-" "Mozilla/5.0 (Linux; Android 5.0) AppleWebKit/537.36 (KHTML, like Gecko) Mobile Safari/537.36 (compatible; Bytespider; spider-feedback@bytedance.com)"
135.119.27.130 - - [16/Jun/2026:00:03:53 +0000] "GET /options.php HTTP/1.1" 301 178 "-" "-"
135.119.27.130 - - [16/Jun/2026:00:03:53 +0000] "GET /f5.php HTTP/1.1" 301 178 "-" "-"
135.119.27.130 - - [16/Jun/2026:00:03:53 +0000] "GET /alpha.php HTTP/1.1" 301 178 "-" "-"
135.119.27.130 - - [16/Jun/2026:00:03:54 +0000] "GET /son1.php HTTP/1.1" 301 178 "-" "-"
135.119.27.130 - - [16/Jun/2026:00:03:54 +0000] "GET /ggb.php HTTP/1.1" 301 178 "-" "-"
135.119.27.130 - - [16/Jun/2026:00:03:55 +0000] "GET /ss.php HTTP/1.1" 301 178 "-" "-"
135.119.27.130 - - [16/Jun/2026:00:03:55 +0000] "GET /rh.php HTTP/1.1" 301 178 "-" "-"
135.119.27.130 - - [16/Jun/2026:00:03:55 +0000] "GET /99.php HTTP/1.1" 301 178 "-" "-"
135.119.27.130 - - [16/Jun/2026:00:03:56 +0000] "GET /layout.php HTTP/1.1" 301 178 "-" "-"
135.119.27.130 - - [16/Jun/2026:00:03:56 +0000] "GET /12.php HTTP/1.1" 301 178 "-" "-"
135.119.27.130 - - [16/Jun/2026:00:03:56 +0000] "GET /fs.php HTTP/1.1" 301 178 "-" "-"
135.119.27.130 - - [16/Jun/2026:00:03:57 +0000] "GET /aaa.php HTTP/1.1" 301 178 "-" "-"
135.119.27.130 - - [16/Jun/2026:00:03:57 +0000] "GET /Ov-Simple1.php HTTP/1.1" 301 178 "-" "-"
135.119.27.130 - - [16/Jun/2026:00:03:57 +0000] "GET /a5.php HTTP/1.1" 301 178 "-" "-"
135.119.27.130 - - [16/Jun/2026:00:03:58 +0000] "GET /hplfuns.php HTTP/1.1" 301 178 "-" "-"
135.119.27.130 - - [16/Jun/2026:00:03:58 +0000] "GET /bolt.php HTTP/1.1" 301 178 "-" "-"
135.119.27.130 - - [16/Jun/2026:00:03:58 +0000] "GET /inputs.php HTTP/1.1" 301 178 "-" "-"
135.119.27.130 - - [16/Jun/2026:00:03:59 +0000] "GET /file2.php HTTP/1.1" 301 178 "-" "-"
135.119.27.130 - - [16/Jun/2026:00:03:59 +0000] "GET /index/function.php HTTP/1.1" 301 178 "-" "-"
135.119.27.130 - - [16/Jun/2026:00:03:59 +0000] "GET /wk/index.php HTTP/1.1" 301 178 "-" "-"
135.119.27.130 - - [16/Jun/2026:00:04:00 +0000] "GET /alfa.php HTTP/1.1" 301 178 "-" "-"
135.119.27.130 - - [16/Jun/2026:00:04:00 +0000] "GET /wp-theme.php HTTP/1.1" 301 178 "-" "-"
135.119.27.130 - - [16/Jun/2026:00:04:00 +0000] "GET /wp-file.php HTTP/1.1" 301 178 "-" "-"
135.119.27.130 - - [16/Jun/2026:00:04:00 +0000] "GET /default.php HTTP/1.1" 301 178 "-" "-"
135.119.27.130 - - [16/Jun/2026:00:04:01 +0000] "GET /mah.php HTTP/1.1" 301 178 "-" "-"
135.119.27.130 - - [16/Jun/2026:00:04:01 +0000] "GET /plugins.php HTTP/1.1" 301 178 "-" "-"
135.119.27.130 - - [16/Jun/2026:00:04:01 +0000] "GET /sf.php HTTP/1.1" 301 178 "-" "-"
135.119.27.130 - - [16/Jun/2026:00:04:02 +0000] "GET /a.php HTTP/1.1" 301 178 "-" "-"
135.119.27.130 - - [16/Jun/2026:00:04:02 +0000] "GET /k.php HTTP/1.1" 301 178 "-" "-"
135.119.27.130 - - [16/Jun/2026:00:04:03 +0000] "GET /ini.php HTTP/1.1" 301 178 "-" "-"
135.119.27.130 - - [16/Jun/2026:00:04:04 +0000] "GET /ca4.php HTTP/1.1" 301 178 "-" "-"
135.119.27.130 - - [16/Jun/2026:00:04:04 +0000] "GET /wp-admin/includes/index.php HTTP/1.1" 301 178 "-" "-"
135.119.27.130 - - [16/Jun/2026:00:04:04 +0000] "GET /wp-info.php HTTP/1.1" 301 178 "-" "-"
135.119.27.130 - - [16/Jun/2026:00:04:05 +0000] "GET /init.php HTTP/1.1" 301 178 "-" "-"
135.119.27.130 - - [16/Jun/2026:00:04:05 +0000] "GET /100.php HTTP/1.1" 301 178 "-" "-"
135.119.27.130 - - [16/Jun/2026:00:04:05 +0000] "GET /fm.php HTTP/1.1" 301 178 "-" "-"
135.119.27.130 - - [16/Jun/2026:00:04:06 +0000] "GET /z.ph HTTP/1.1" 301 178 "-" "-"
135.119.27.130 - - [16/Jun/2026:00:04:07 +0000] "GET /xroot7.php HTTP/1.1" 301 178 "-" "-"
135.119.27.130 - - [16/Jun/2026:00:04:07 +0000] "GET /mini.php HTTP/1.1" 301 178 "-" "-"
83.168.78.112 - - [16/Jun/2026:00:04:08 +0000] "GET / HTTP/1.1" 301 178 "-" "Mozilla/5.0 (Windows NT 10.0; Win64; x64) AppleWebKit/537.36 (KHTML, like Gecko) Chrome/120.0.0.0 Safari/537.36"
162.254.36.150 - - [16/Jun/2026:00:04:41 +0000] "GET /wp-login.php HTTP/1.1" 200 3071 "-" "Mozilla/5.0 (Macintosh; Intel Mac OS X 10_15_7) AppleWebKit/537.36 (KHTML, like Gecko) Chrome/133.0.0.0 Safari/537.36 Edg/133.0.0.0"
162.254.36.150 - - [16/Jun/2026:00:04:41 +0000] "POST /wp-login.php HTTP/1.1" 200 3201 "https://alltar.pl/wp-login.php" "Mozilla/5.0 (Macintosh; Intel Mac OS X 10_15_7) AppleWebKit/537.36 (KHTML, like Gecko) Chrome/133.0.0.0 Safari/537.36 Edg/133.0.0.0"
162.159.98.128 - - [16/Jun/2026:00:04:58 +0000] "GET /sftp-config.json HTTP/1.1" 301 178 "-" "Mozilla/5.0 (Macintosh; Intel Mac OS X 10.15; rv:77.0) Gecko/20100101 Firefox/77.0"
108.181.0.173 - - [16/Jun/2026:00:04:59 +0000] "GET /wp-json/wp/v2/posts HTTP/1.1" 301 178 "-" "Mozilla/5.0 (Windows NT 10.0; Win64; x64) AppleWebKit/537.36 (KHTML, like Gecko) Chrome/120.0.0.0 Safari/537.36"
162.158.179.24 - - [16/Jun/2026:00:05:02 +0000] "GET /.vscode/sftp.json HTTP/1.1" 301 178 "-" "Mozilla/5.0 (Macintosh; Intel Mac OS X 10.15; rv:77.0) Gecko/20100101 Firefox/77.0"
97.74.88.143 - - [16/Jun/2026:00:05:09 +0000] "GET /wp-login.php HTTP/1.1" 200 2922 "-" "Mozilla/5.0 (X11; Ubuntu; Linux x86_64) AppleWebKit/537.36 (KHTML, like Gecko) Chrome/133.0.0.0 Safari/537.36"
91.146.102.43 - - [16/Jun/2026:00:05:11 +0000] "GET /wp-login.php HTTP/1.1" 200 3677 "-" "Mozilla/5.0 (Windows NT 10.0; WOW64) AppleWebKit/537.36 (KHTML, like Gecko) Chrome/133.0.0.0 Safari/537.36"
97.74.88.143 - - [16/Jun/2026:00:05:12 +0000] "POST /wp-login.php HTTP/1.1" 200 3048 "https://www.arsmedica.bialystok.pl/wp-login.php" "Mozilla/5.0 (X11; Ubuntu; Linux x86_64) AppleWebKit/537.36 (KHTML, like Gecko) Chrome/133.0.0.0 Safari/537.36"
91.146.102.43 - - [16/Jun/2026:00:05:12 +0000] "POST /wp-login.php HTTP/1.1" 200 3803 "https://meetingart.pl/wp-login.php" "Mozilla/5.0 (Windows NT 10.0; WOW64) AppleWebKit/537.36 (KHTML, like Gecko) Chrome/133.0.0.0 Safari/537.36"
116.179.32.17 - - [16/Jun/2026:00:05:19 +0000] "GET /ile-zarabia-notariusz-w-polsce-sprawdz-teraz/ HTTP/1.1" 301 178 "-" "Mozilla/5.0 (Linux;u;Android 4.2.2;zh-cn;) AppleWebKit/534.46 (KHTML,like Gecko) Version/5.1 Mobile Safari/10600.6.3 (compatible; Baiduspider/2.0; +http://www.baidu.com/search/spider.html)"
31.220.84.188 - - [16/Jun/2026:00:05:20 +0000] "GET /wp-login.php HTTP/1.1" 200 3677 "-" "Mozilla/5.0 (X11; Ubuntu; Linux x86_64; rv:133.0) Gecko/20100101 Firefox/133.0"
31.220.84.188 - - [16/Jun/2026:00:05:21 +0000] "POST /wp-login.php HTTP/1.1" 200 3806 "https://meetingart.pl/wp-login.php" "Mozilla/5.0 (X11; Ubuntu; Linux x86_64; rv:133.0) Gecko/20100101 Firefox/133.0"
124.106.148.65 - - [16/Jun/2026:00:05:25 +0000] "GET /wp-json/wp/v2/posts HTTP/1.1" 301 178 "-" "Mozilla/5.0 (Windows NT 10.0; Win64; x64) AppleWebKit/537.36 (KHTML, like Gecko) Chrome/120.0.0.0 Safari/537.36"
185.191.171.17 - - [16/Jun/2026:00:05:30 +0000] "GET /mini-trampolina-dla-dzieci-do-domu-bezpieczna-zabawa-i-zdrowie-w-jednym/ HTTP/1.1" 200 37099 "-" "Mozilla/5.0 (compatible; SemrushBot/7~bl; +http://www.semrush.com/bot.html)"
185.31.65.66 - - [16/Jun/2026:00:05:40 +0000] "GET /wp-login.php HTTP/1.1" 200 3071 "-" "Mozilla/5.0 (Windows NT 10.0; Win64; x64) AppleWebKit/537.36 (KHTML, like Gecko) Chrome/133.0.0.0 Safari/537.36 Edg/133.0.0.0"
185.31.65.66 - - [16/Jun/2026:00:05:41 +0000] "POST /wp-login.php HTTP/1.1" 200 3251 "https://www.alltar.pl/wp-login.php" "Mozilla/5.0 (Windows NT 10.0; Win64; x64) AppleWebKit/537.36 (KHTML, like Gecko) Chrome/133.0.0.0 Safari/537.36 Edg/133.0.0.0"
114.119.129.179 - - [16/Jun/2026:00:05:48 +0000] "GET /2025/10/31/jouer-des-casinos-en-ligne-de-l-argent-r%C3%A9el/ HTTP/1.1" 200 11508 "https://www.alltar.pl/blog/" "Mozilla/5.0 (Linux; Android 7.0;) AppleWebKit/537.36 (HTML, like Gecko) Mobile Safari/537.36 (compatible; PetalBot;+https://webmaster.petalsearch.com/site/petalbot)"
20.51.235.107 - - [16/Jun/2026:00:06:04 +0000] "GET /ReportServer HTTP/1.1" 404 133 "-" "Mozilla/5.0 zgrab/0.x"
51.68.247.213 - - [16/Jun/2026:00:06:22 +0000] "GET /shopbrand459946022?kg=0456859284 HTTP/1.1" 301 5 "-" "Mozilla/5.0 (compatible; AhrefsBot/7.0; +http://ahrefs.com/robot/)"
89.124.113.107 - - [16/Jun/2026:00:07:00 +0000] "GET /2025/07/18/najlepszy-polski-legalny-bukmacher-lv-bet/ HTTP/1.0" 200 51599 "https://www.alltar.pl/2025/07/18/najlepszy-polski-legalny-bukmacher-lv-bet/" "Mozilla/5.0 (Windows NT 10.0; Win64; x64) AppleWebKit/537.36 (KHTML, like Gecko) Chrome/130.0.0.0 Safari/537.36"
89.124.113.107 - - [16/Jun/2026:00:07:00 +0000] "POST /wp-comments-post.php HTTP/1.0" 302 0 "https://www.alltar.pl/2025/07/18/najlepszy-polski-legalny-bukmacher-lv-bet/" "Mozilla/5.0 (Windows NT 10.0; Win64; x64) AppleWebKit/537.36 (KHTML, like Gecko) Chrome/130.0.0.0 Safari/537.36"
89.124.113.107 - - [16/Jun/2026:00:07:01 +0000] "GET /2025/07/18/najlepszy-polski-legalny-bukmacher-lv-bet/ HTTP/1.0" 200 53710 "https://www.alltar.pl/2025/07/18/najlepszy-polski-legalny-bukmacher-lv-bet/#comment-3961" "Mozilla/5.0 (Windows NT 10.0; Win64; x64) AppleWebKit/537.36 (KHTML, like Gecko) Chrome/130.0.0.0 Safari/537.36"
57.141.0.41 - - [16/Jun/2026:00:07:01 +0000] "GET /2025/10/31/888-casino-assistenza-numero/ HTTP/1.1" 200 45667 "-" "meta-externalagent/1.1 (+https://developers.facebook.com/docs/sharing/webmasters/crawler)"
207.154.222.236 - - [16/Jun/2026:00:07:02 +0000] "GET /wp-login.php HTTP/1.1" 200 3677 "-" "Mozilla/5.0 (Macintosh; Intel Mac OS X 10_15_7) AppleWebKit/537.36 (KHTML, like Gecko) Chrome/133.0.0.0 Safari/537.36"
207.154.222.236 - - [16/Jun/2026:00:07:03 +0000] "POST /wp-login.php HTTP/1.1" 200 3803 "https://www.meetingart.pl/wp-login.php" "Mozilla/5.0 (Macintosh; Intel Mac OS X 10_15_7) AppleWebKit/537.36 (KHTML, like Gecko) Chrome/133.0.0.0 Safari/537.36"
162.254.36.150 - - [16/Jun/2026:00:07:16 +0000] "GET /wp-login.php HTTP/1.1" 200 3677 "-" "Mozilla/5.0 (Macintosh; Intel Mac OS X 10_15_7) AppleWebKit/537.36 (KHTML, like Gecko) Chrome/133.0.0.0 Safari/537.36"
162.254.36.150 - - [16/Jun/2026:00:07:17 +0000] "POST /wp-login.php HTTP/1.1" 302 5 "https://www.meetingart.pl/wp-login.php" "Mozilla/5.0 (Macintosh; Intel Mac OS X 10_15_7) AppleWebKit/537.36 (KHTML, like Gecko) Chrome/133.0.0.0 Safari/537.36"
162.254.36.150 - - [16/Jun/2026:00:07:19 +0000] "GET /wp-admin/ HTTP/1.1" 302 5 "https://www.meetingart.pl/wp-login.php" "Mozilla/5.0 (Macintosh; Intel Mac OS X 10_15_7) AppleWebKit/537.36 (KHTML, like Gecko) Chrome/133.0.0.0 Safari/537.36"
162.254.36.150 - - [16/Jun/2026:00:07:20 +0000] "GET /wp-login.php?redirect_to=https%3A%2F%2Fmeetingart.pl%2Fwp-admin%2F&reauth=1 HTTP/1.1" 200 3680 "https://www.meetingart.pl/wp-login.php" "Mozilla/5.0 (Macintosh; Intel Mac OS X 10_15_7) AppleWebKit/537.36 (KHTML, like Gecko) Chrome/133.0.0.0 Safari/537.36"
106.52.49.148 - - [16/Jun/2026:00:07:20 +0000] "GET / HTTP/1.1" 301 178 "-" "Mozilla/5.0 (iPhone; CPU iPhone OS 13_2_3 like Mac OS X) AppleWebKit/605.1.15 (KHTML, like Gecko) Version/13.0.3 Mobile/15E148 Safari/604.1"
61.6.131.126 - - [16/Jun/2026:00:07:55 +0000] "GET /2025/10/01/teoria-della-roulette/ HTTP/1.1" 200 13516 "https://www.arsmedica.bialystok.pl/" "Mozilla/5.0 (Linux; Android 14; Pixel 6 Pro) AppleWebKit/537.36 (KHTML, like Gecko) Chrome/122.0.6261.119 Mobile Safari/537.36 OPR/81.2.4292.78581"
192.42.116.108 - - [16/Jun/2026:00:08:26 +0000] "GET / HTTP/1.1" 301 178 "abagraf.com.pl" "Mozilla/5.0 (Linux; Android 10; Mi MIX 3) AppleWebKit/537.36 (KHTML, like Gecko) Chrome/81.0.4044.138 Mobile Safari/537.36"
185.191.171.15 - - [16/Jun/2026:00:08:29 +0000] "GET /robots.txt HTTP/1.1" 200 148 "-" "Mozilla/5.0 (compatible; SemrushBot/7~bl; +http://www.semrush.com/bot.html)"
185.191.171.3 - - [16/Jun/2026:00:08:29 +0000] "GET /2025/10/01/lettura-carte-briscola/ HTTP/1.1" 200 12110 "-" "Mozilla/5.0 (compatible; SemrushBot/7~bl; +http://www.semrush.com/bot.html)"
185.162.127.214 - - [16/Jun/2026:00:08:36 +0000] "GET /wp-login.php HTTP/1.1" 200 3071 "-" "Mozilla/5.0 (Windows NT 10.0; Win64; x64) AppleWebKit/537.36 (KHTML, like Gecko) Chrome/120.0.0.0 Safari/537.36"
185.162.127.214 - - [16/Jun/2026:00:08:36 +0000] "POST /wp-login.php HTTP/1.1" 200 3251 "https://www.alltar.pl/wp-login.php" "Mozilla/5.0 (Windows NT 10.0; Win64; x64) AppleWebKit/537.36 (KHTML, like Gecko) Chrome/120.0.0.0 Safari/537.36"
68.57.140.176 - - [16/Jun/2026:00:08:42 +0000] "GET / HTTP/1.1" 200 13099 "https://www.yandex.bialystok.pl/" "Mozilla/5.0 (Linux, Android 13, SM-N986U Build/TP1A.220624.014, ) AppleWebKit/537.36 (KHTML, like Gecko) Version/4.0 Chrome/138.0.7204.176 Mobile Safari/537.36 MetaIAB"
68.57.140.176 - - [16/Jun/2026:00:08:44 +0000] "GET /2025/10/01/vincita-massima-slot-in-linea/ HTTP/1.1" 200 14093 "https://www.arsmedica.bialystok.pl/" "Mozilla/5.0 (Linux, Android 13, SM-N986U Build/TP1A.220624.014, ) AppleWebKit/537.36 (KHTML, like Gecko) Version/4.0 Chrome/138.0.7204.176 Mobile Safari/537.36 MetaIAB"
91.146.99.41 - - [16/Jun/2026:00:08:51 +0000] "GET /wp-login.php HTTP/1.1" 200 3165 "-" "Mozilla/5.0 (X11; Ubuntu; Linux x86_64) AppleWebKit/537.36 (KHTML, like Gecko) Chrome/133.0.0.0 Safari/537.36"
91.146.99.41 - - [16/Jun/2026:00:08:52 +0000] "POST /wp-login.php HTTP/1.1" 200 3295 "https://ideapv.pl/wp-login.php" "Mozilla/5.0 (X11; Ubuntu; Linux x86_64) AppleWebKit/537.36 (KHTML, like Gecko) Chrome/133.0.0.0 Safari/537.36"
20.151.179.130 - - [16/Jun/2026:00:08:56 +0000] "GET /wp-content/plugins/fix/up.php HTTP/1.1" 301 178 "-" "Mozilla/5.0 (Windows NT 10.0; Win64; x64) AppleWebKit/537.36 (KHTML, like Gecko) Chrome/85.0.4183.102 Safari/537.36"
20.151.179.130 - - [16/Jun/2026:00:08:56 +0000] "POST /ALFA_DATA/alfacgiapi/perl.alfa HTTP/1.1" 301 178 "www.google.com" "Mozlila/5.0 (Linux; Android 7.0; SM-G892A Bulid/NRD90M; wv) AppleWebKit/537.36 (KHTML, like Gecko) Version/4.0 Chrome/60.0.3112.107 Moblie Safari/537.36"
20.151.179.130 - - [16/Jun/2026:00:08:56 +0000] "POST /wp-plain.php HTTP/1.1" 301 178 "www.google.com" "Mozilla/5.0 (Linux; Android 7.0; SM-G892A Bulid/NRD90M; wv) AppleWebKit/537.36 (KHTML, like Gecko) Version/4.0 Chrome/60.0.3112.107 Moblie Safari/537.36"
20.151.179.130 - - [16/Jun/2026:00:08:56 +0000] "GET / HTTP/1.1" 301 178 "-" "Mozlila/5.0 (Linux; Android 7.0; SM-G892A Bulid/NRD90M; wv) AppleWebKit/537.36 (KHTML, like Gecko) Version/4.0 Chrome/60.0.3112.107 Moblie Safari/537.36"
20.151.179.130 - - [16/Jun/2026:00:08:56 +0000] "GET /wp-content/themes/seotheme/db.php?u HTTP/1.1" 301 178 "www.google.com" "Mozlila/5.0 (Linux; Android 7.0; SM-G892A Bulid/NRD90M; wv) AppleWebKit/537.36 (KHTML, like Gecko) Version/4.0 Chrome/60.0.3112.107 Moblie Safari/537.36"
20.151.179.130 - - [16/Jun/2026:00:08:58 +0000] "POST /alfacgiapi/perl.alfa HTTP/1.1" 301 178 "www.google.com" "Mozlila/5.0 (Linux; Android 7.0; SM-G892A Bulid/NRD90M; wv) AppleWebKit/537.36 (KHTML, like Gecko) Version/4.0 Chrome/60.0.3112.107 Moblie Safari/537.36"
51.68.247.207 - - [16/Jun/2026:00:09:06 +0000] "GET /shopbrand459938572?kg=0456851884 HTTP/1.1" 301 5 "-" "Mozilla/5.0 (compatible; AhrefsBot/7.0; +http://ahrefs.com/robot/)"
154.28.100.5 - - [16/Jun/2026:00:09:40 +0000] "GET /2025/10/01/nuovi-casino-online-aams/ HTTP/1.1" 200 14199 "https://www.arsmedica.bialystok.pl/" "Mozilla/5.0 (Linux; Android 13; SM-A426U Build/TP1A.220624.014; ) AppleWebKit/537.36 (KHTML, like Gecko) Chrome/124.0.0.0 Mobile Safari/537.36 BingSapphire/32.3.430811006"
78.142.18.172 - - [16/Jun/2026:00:10:14 +0000] "GET /wp-login.php HTTP/1.1" 200 3165 "-" "Mozilla/5.0 (Macintosh; Intel Mac OS X 10_15_7) AppleWebKit/537.36 (KHTML, like Gecko) Chrome/133.0.0.0 Safari/537.36 Edg/133.0.0.0"
78.142.18.172 - - [16/Jun/2026:00:10:15 +0000] "POST /wp-login.php HTTP/1.1" 200 3295 "https://ideapv.pl/wp-login.php" "Mozilla/5.0 (Macintosh; Intel Mac OS X 10_15_7) AppleWebKit/537.36 (KHTML, like Gecko) Chrome/133.0.0.0 Safari/537.36 Edg/133.0.0.0"
83.171.249.194 - - [16/Jun/2026:00:10:19 +0000] "GET /wp-login.php HTTP/1.1" 200 3732 "-" "Mozilla/5.0 (Windows NT 10.0; WOW64) AppleWebKit/537.36 (KHTML, like Gecko) Chrome/133.0.0.0 Safari/537.36"
83.171.249.194 - - [16/Jun/2026:00:10:20 +0000] "POST /wp-login.php HTTP/1.1" 200 3861 "https://celebryciklub.pl/wp-login.php" "Mozilla/5.0 (Windows NT 10.0; WOW64) AppleWebKit/537.36 (KHTML, like Gecko) Chrome/133.0.0.0 Safari/537.36"
103.173.82.252 - - [16/Jun/2026:00:10:41 +0000] "GET /2025/10/01/starburst-casino-bonus-senza-deposito/ HTTP/1.1" 200 13871 "https://www.arsmedica.bialystok.pl/" "Mozilla/5.0 (iPhone; CPU iPhone OS 16_3_1 like Mac OS X) AppleWebKit/605.1.15 (KHTML, like Gecko) FxiOS/122.2  Mobile/15E148 Safari/605.1.15"
34.122.16.212 - - [16/Jun/2026:00:10:56 +0000] "POST / HTTP/1.1" 200 15881 "https://www.celebryciklub.pl/" "Mozilla/5.0 (Windows NT 10.0; Win64; x64) AppleWebKit/537.36 (KHTML, like Gecko) Chrome/145.0.0.0 Safari/537.36"
54.174.58.238 - - [16/Jun/2026:00:10:57 +0000] "GET /robots.txt HTTP/1.1" 200 124 "-" "Mozilla/5.0 (compatible; HubSpot Crawler; HubSpot Domain check; +https://www.hubspot.com)"
54.174.58.254 - - [16/Jun/2026:00:10:58 +0000] "GET / HTTP/1.1" 200 15219 "-" "Mozilla/5.0 (compatible; HubSpot Crawler; HubSpot Domain check; +https://www.hubspot.com)"
74.7.229.148 - - [16/Jun/2026:00:11:02 +0000] "GET /sitemap_index.xml HTTP/1.1" 404 9899 "-" "Mozilla/5.0 (Macintosh; Intel Mac OS X 10_15_7) AppleWebKit/537.36 (KHTML, like Gecko) Chrome/131.0.0.0 Safari/537.36; compatible; OAI-SearchBot/1.4; +https://openai.com/searchbot"
66.249.66.1 - - [16/Jun/2026:00:11:13 +0000] "GET /?r=11002150215400 HTTP/1.1" 301 5 "-" "Mozilla/5.0 (Linux; Android 6.0.1; Nexus 5X Build/MMB29P) AppleWebKit/537.36 (KHTML, like Gecko) Chrome/148.0.7778.96 Mobile Safari/537.36 (compatible; Googlebot/2.1; +http://www.google.com/bot.html)"
66.249.66.67 - - [16/Jun/2026:00:11:13 +0000] "GET /?r=11002150215400 HTTP/1.1" 200 13114 "-" "Mozilla/5.0 (Linux; Android 6.0.1; Nexus 5X Build/MMB29P) AppleWebKit/537.36 (KHTML, like Gecko) Chrome/148.0.7778.96 Mobile Safari/537.36 (compatible; Googlebot/2.1; +http://www.google.com/bot.html)"
51.68.247.219 - - [16/Jun/2026:00:11:23 +0000] "GET /shopbrand/31729.shtm HTTP/1.1" 301 5 "-" "Mozilla/5.0 (compatible; AhrefsBot/7.0; +http://ahrefs.com/robot/)"
104.164.220.172 - - [16/Jun/2026:00:11:39 +0000] "GET /2025/10/01/gioca-royal-masquerade-gratis-senza-scaricare/ HTTP/1.1" 200 13659 "https://www.arsmedica.bialystok.pl/" "Mozilla/5.0 (Linux; Android 7; SM-S901B) AppleWebKit/537.36 (KHTML, like Gecko) Chrome/112.0.0.0 Mobile Safari/537.36"
66.249.66.65 - - [16/Jun/2026:00:11:42 +0000] "GET /wp-content/themes/kadence/assets/css/global.min.css?ver=1.5.0 HTTP/1.1" 200 5414 "https://www.arsmedica.bialystok.pl/?r=7048999308503" "Mozilla/5.0 (Linux; Android 6.0.1; Nexus 5X Build/MMB29P) AppleWebKit/537.36 (KHTML, like Gecko) Chrome/148.0.7778.96 Mobile Safari/537.36 (compatible; Googlebot/2.1; +http://www.google.com/bot.html)"
74.7.228.199 - - [16/Jun/2026:00:11:44 +0000] "GET /jak-zdobyc-bilety-na-wyprzedane-koncerty-sprawdzone-strategie-dzialania/ HTTP/1.1" 200 25191 "-" "Mozilla/5.0 (Macintosh; Intel Mac OS X 10_15_7) AppleWebKit/537.36 (KHTML, like Gecko) Chrome/131.0.0.0 Safari/537.36; compatible; OAI-SearchBot/1.4; +https://openai.com/searchbot"
74.7.228.202 - - [16/Jun/2026:00:11:46 +0000] "GET /?p=1059 HTTP/1.1" 301 5 "https://meetingart.pl/jak-zdobyc-bilety-na-wyprzedane-koncerty-sprawdzone-strategie-dzialania/" "Mozilla/5.0 (Macintosh; Intel Mac OS X 10_15_7) AppleWebKit/537.36 (KHTML, like Gecko) Chrome/131.0.0.0 Safari/537.36; compatible; OAI-SearchBot/1.4; +https://openai.com/searchbot"
74.7.227.21 - - [16/Jun/2026:00:11:47 +0000] "GET /wp-content/uploads/elementor/css/post-228.css?ver=1781487734 HTTP/1.1" 200 1202 "https://meetingart.pl/jak-zdobyc-bilety-na-wyprzedane-koncerty-sprawdzone-strategie-dzialania/" "Mozilla/5.0 AppleWebKit/537.36 (KHTML, like Gecko; compatible; GPTBot/1.4; +https://openai.com/gptbot)"
176.57.207.248 - - [16/Jun/2026:00:11:48 +0000] "GET /achieve-australia-casino-3/ HTTP/1.1" 200 28802 "-" "Mozilla/5.0 (Windows NT 10.0; Win64; x64) AppleWebKit/537.36 (KHTML, like Gecko) Chrome/84.0.4137.1 SputnikBrowser/5.6.6280.0 (GOST) Safari/537.36"
74.7.227.21 - - [16/Jun/2026:00:11:49 +0000] "GET /wp-content/uploads/elementor/css/post-243.css?ver=1781487927 HTTP/1.1" 200 1040 "https://meetingart.pl/jak-zdobyc-bilety-na-wyprzedane-koncerty-sprawdzone-strategie-dzialania/" "Mozilla/5.0 AppleWebKit/537.36 (KHTML, like Gecko; compatible; GPTBot/1.4; +https://openai.com/gptbot)"
77.101.166.75 - - [16/Jun/2026:00:11:49 +0000] "GET /2025/10/01/surrender-blackjack-spielen/ HTTP/1.1" 200 13613 "https://www.arsmedica.bialystok.pl/" "Mozilla/5.0 (Linux; Android 10; K) AppleWebKit/537.36 (KHTML, like Gecko) Chrome/126.0.0.0 Mobile Safari/537.36 EdgA/126.0.0.0"
74.7.228.197 - - [16/Jun/2026:00:11:50 +0000] "GET /wp-content/uploads/elementor/css/post-236.css?ver=1781487734 HTTP/1.1" 200 252 "https://meetingart.pl/jak-zdobyc-bilety-na-wyprzedane-koncerty-sprawdzone-strategie-dzialania/" "Mozilla/5.0 (Macintosh; Intel Mac OS X 10_15_7) AppleWebKit/537.36 (KHTML, like Gecko) Chrome/131.0.0.0 Safari/537.36; compatible; OAI-SearchBot/1.4; +https://openai.com/searchbot"
74.7.227.21 - - [16/Jun/2026:00:11:51 +0000] "GET /wp-content/uploads/elementor/css/post-8.css?ver=1781487734 HTTP/1.1" 200 1325 "https://meetingart.pl/jak-zdobyc-bilety-na-wyprzedane-koncerty-sprawdzone-strategie-dzialania/" "Mozilla/5.0 AppleWebKit/537.36 (KHTML, like Gecko; compatible; GPTBot/1.4; +https://openai.com/gptbot)"
74.7.243.13 - - [16/Jun/2026:00:11:53 +0000] "GET /wp-content/uploads/elementor/css/post-228.css?ver=1781487734 HTTP/1.1" 200 1202 "https://meetingart.pl/jak-zdobyc-bilety-na-wyprzedane-koncerty-sprawdzone-strategie-dzialania/" "Mozilla/5.0 (Macintosh; Intel Mac OS X 10_15_7) AppleWebKit/537.36 (KHTML, like Gecko) Chrome/131.0.0.0 Safari/537.36; compatible; OAI-SearchBot/1.4; +https://openai.com/searchbot"
74.7.228.248 - - [16/Jun/2026:00:11:54 +0000] "GET /wp-content/uploads/elementor/css/post-243.css?ver=1781487927 HTTP/1.1" 200 1040 "https://meetingart.pl/jak-zdobyc-bilety-na-wyprzedane-koncerty-sprawdzone-strategie-dzialania/" "Mozilla/5.0 (Macintosh; Intel Mac OS X 10_15_7) AppleWebKit/537.36 (KHTML, like Gecko) Chrome/131.0.0.0 Safari/537.36; compatible; OAI-SearchBot/1.4; +https://openai.com/searchbot"
74.7.227.21 - - [16/Jun/2026:00:11:55 +0000] "GET /wp-content/uploads/elementor/css/post-236.css?ver=1781487734 HTTP/1.1" 200 252 "https://meetingart.pl/jak-zdobyc-bilety-na-wyprzedane-koncerty-sprawdzone-strategie-dzialania/" "Mozilla/5.0 AppleWebKit/537.36 (KHTML, like Gecko; compatible; GPTBot/1.4; +https://openai.com/gptbot)"
74.7.242.146 - - [16/Jun/2026:00:11:56 +0000] "GET /wp-content/uploads/elementor/css/post-8.css?ver=1781487734 HTTP/1.1" 200 1325 "https://meetingart.pl/jak-zdobyc-bilety-na-wyprzedane-koncerty-sprawdzone-strategie-dzialania/" "Mozilla/5.0 (Macintosh; Intel Mac OS X 10_15_7) AppleWebKit/537.36 (KHTML, like Gecko) Chrome/131.0.0.0 Safari/537.36; compatible; OAI-SearchBot/1.4; +https://openai.com/searchbot"
74.7.229.159 - - [16/Jun/2026:00:11:59 +0000] "GET /najbardziej-oczekiwane-koncerty-2023-must-see-wydarzenia/ HTTP/1.1" 200 25839 "https://meetingart.pl/jak-zdobyc-bilety-na-wyprzedane-koncerty-sprawdzone-strategie-dzialania/" "Mozilla/5.0 (Macintosh; Intel Mac OS X 10_15_7) AppleWebKit/537.36 (KHTML, like Gecko) Chrome/131.0.0.0 Safari/537.36; compatible; OAI-SearchBot/1.4; +https://openai.com/searchbot"
74.7.242.146 - - [16/Jun/2026:00:12:00 +0000] "GET /wp-json/oembed/1.0/embed?format=xml&url=https%3A%2F%2Fmeetingart.pl%2Fjak-zdobyc-bilety-na-wyprzedane-koncerty-sprawdzone-strategie-dzialania%2F HTTP/1.1" 200 1233 "https://meetingart.pl/jak-zdobyc-bilety-na-wyprzedane-koncerty-sprawdzone-strategie-dzialania/" "Mozilla/5.0 (Macintosh; Intel Mac OS X 10_15_7) AppleWebKit/537.36 (KHTML, like Gecko) Chrome/131.0.0.0 Safari/537.36; compatible; OAI-SearchBot/1.4; +https://openai.com/searchbot"
74.7.228.248 - - [16/Jun/2026:00:12:03 +0000] "GET /wyposazenie-w-biurze-hr-6-akcesoriow-wspierajacych-komfort-pracy/ HTTP/1.1" 200 25863 "https://meetingart.pl/jak-zdobyc-bilety-na-wyprzedane-koncerty-sprawdzone-strategie-dzialania/" "Mozilla/5.0 (Macintosh; Intel Mac OS X 10_15_7) AppleWebKit/537.36 (KHTML, like Gecko) Chrome/131.0.0.0 Safari/537.36; compatible; OAI-SearchBot/1.4; +https://openai.com/searchbot"
74.7.227.21 - - [16/Jun/2026:00:12:04 +0000] "GET /?p=1063 HTTP/1.1" 301 5 "https://meetingart.pl/najbardziej-oczekiwane-koncerty-2023-must-see-wydarzenia/" "Mozilla/5.0 AppleWebKit/537.36 (KHTML, like Gecko; compatible; GPTBot/1.4; +https://openai.com/gptbot)"
74.7.229.159 - - [16/Jun/2026:00:12:04 +0000] "GET /promocje-na-bilety-koncertowe-odkryj-wyjatkowe-oferty/ HTTP/1.1" 200 24813 "https://meetingart.pl/jak-zdobyc-bilety-na-wyprzedane-koncerty-sprawdzone-strategie-dzialania/" "Mozilla/5.0 (Macintosh; Intel Mac OS X 10_15_7) AppleWebKit/537.36 (KHTML, like Gecko) Chrome/131.0.0.0 Safari/537.36; compatible; OAI-SearchBot/1.4; +https://openai.com/searchbot"
74.7.227.21 - - [16/Jun/2026:00:12:05 +0000] "GET /najbardziej-oczekiwane-koncerty-2023-must-see-wydarzenia/ HTTP/1.1" 200 25797 "https://meetingart.pl/?p=1063" "Mozilla/5.0 AppleWebKit/537.36 (KHTML, like Gecko; compatible; GPTBot/1.4; +https://openai.com/gptbot)"
74.7.229.159 - - [16/Jun/2026:00:12:05 +0000] "GET /xmlrpc.php?rsd HTTP/1.1" 403 193 "https://meetingart.pl/jak-zdobyc-bilety-na-wyprzedane-koncerty-sprawdzone-strategie-dzialania/" "Mozilla/5.0 (Macintosh; Intel Mac OS X 10_15_7) AppleWebKit/537.36 (KHTML, like Gecko) Chrome/131.0.0.0 Safari/537.36; compatible; OAI-SearchBot/1.4; +https://openai.com/searchbot"
78.142.18.172 - - [16/Jun/2026:00:12:05 +0000] "GET /wp-login.php HTTP/1.1" 200 3071 "-" "Mozilla/5.0 (Windows NT 10.0; WOW64) AppleWebKit/537.36 (KHTML, like Gecko) Chrome/133.0.0.0 Safari/537.36"
78.142.18.172 - - [16/Jun/2026:00:12:06 +0000] "POST /wp-login.php HTTP/1.1" 200 3201 "https://alltar.pl/wp-login.php" "Mozilla/5.0 (Windows NT 10.0; WOW64) AppleWebKit/537.36 (KHTML, like Gecko) Chrome/133.0.0.0 Safari/537.36"
74.7.228.202 - - [16/Jun/2026:00:12:07 +0000] "GET /jak-przygotowac-portfolio-artysty-kompleksowy-przewodnik-i-wskazowki/ HTTP/1.1" 200 29116 "https://meetingart.pl/jak-zdobyc-bilety-na-wyprzedane-koncerty-sprawdzone-strategie-dzialania/" "Mozilla/5.0 (Macintosh; Intel Mac OS X 10_15_7) AppleWebKit/537.36 (KHTML, like Gecko) Chrome/131.0.0.0 Safari/537.36; compatible; OAI-SearchBot/1.4; +https://openai.com/searchbot"
54.85.109.140 - - [16/Jun/2026:00:12:08 +0000] "GET /mobile-pokies-australia-no-deposit/feed/ HTTP/1.1" 200 863 "-" "Mozilla/5.0 AppleWebKit/537.36 (KHTML, like Gecko; compatible; Amazonbot/0.1; +https://developer.amazon.com/support/amazonbot) Chrome/119.0.6045.214 Safari/537.36"
74.7.229.159 - - [16/Jun/2026:00:12:08 +0000] "GET /jak-zdobyc-bilety-na-wyprzedane-koncerty-sprawdzone-strategie-dzialania/feed/ HTTP/1.1" 200 957 "https://meetingart.pl/jak-zdobyc-bilety-na-wyprzedane-koncerty-sprawdzone-strategie-dzialania/" "Mozilla/5.0 (Macintosh; Intel Mac OS X 10_15_7) AppleWebKit/537.36 (KHTML, like Gecko) Chrome/131.0.0.0 Safari/537.36; compatible; OAI-SearchBot/1.4; +https://openai.com/searchbot"
74.7.227.21 - - [16/Jun/2026:00:12:09 +0000] "GET /?p=2062 HTTP/1.1" 301 5 "https://meetingart.pl/wyposazenie-w-biurze-hr-6-akcesoriow-wspierajacych-komfort-pracy/" "Mozilla/5.0 AppleWebKit/537.36 (KHTML, like Gecko; compatible; GPTBot/1.4; +https://openai.com/gptbot)"
74.7.227.21 - - [16/Jun/2026:00:12:10 +0000] "GET /wyposazenie-w-biurze-hr-6-akcesoriow-wspierajacych-komfort-pracy/ HTTP/1.1" 200 25775 "https://meetingart.pl/?p=2062" "Mozilla/5.0 AppleWebKit/537.36 (KHTML, like Gecko; compatible; GPTBot/1.4; +https://openai.com/gptbot)"
74.7.228.248 - - [16/Jun/2026:00:12:11 +0000] "GET /rekomendacje-wydarzen-na-weekend-odkryj-lokalne-skarby/ HTTP/1.1" 200 25067 "https://meetingart.pl/jak-zdobyc-bilety-na-wyprzedane-koncerty-sprawdzone-strategie-dzialania/" "Mozilla/5.0 (Macintosh; Intel Mac OS X 10_15_7) AppleWebKit/537.36 (KHTML, like Gecko) Chrome/131.0.0.0 Safari/537.36; compatible; OAI-SearchBot/1.4; +https://openai.com/searchbot"
44.206.93.215 - - [16/Jun/2026:00:12:11 +0000] "GET /20459-2/feed/ HTTP/1.1" 200 775 "-" "Mozilla/5.0 AppleWebKit/537.36 (KHTML, like Gecko; compatible; Amazonbot/0.1; +https://developer.amazon.com/support/amazonbot) Chrome/119.0.6045.214 Safari/537.36"
74.7.228.202 - - [16/Jun/2026:00:12:12 +0000] "GET /?p=1059 HTTP/1.1" 301 5 "https://meetingart.pl/jak-zdobyc-bilety-na-wyprzedane-koncerty-sprawdzone-strategie-dzialania/" "Mozilla/5.0 (Macintosh; Intel Mac OS X 10_15_7) AppleWebKit/537.36 (KHTML, like Gecko) Chrome/131.0.0.0 Safari/537.36; compatible; OAI-SearchBot/1.4; +https://openai.com/searchbot"
74.7.227.21 - - [16/Jun/2026:00:12:12 +0000] "GET /?p=1247 HTTP/1.1" 301 5 "https://meetingart.pl/promocje-na-bilety-koncertowe-odkryj-wyjatkowe-oferty/" "Mozilla/5.0 AppleWebKit/537.36 (KHTML, like Gecko; compatible; GPTBot/1.4; +https://openai.com/gptbot)"
74.7.227.21 - - [16/Jun/2026:00:12:14 +0000] "GET /promocje-na-bilety-koncertowe-odkryj-wyjatkowe-oferty/ HTTP/1.1" 200 24804 "https://meetingart.pl/?p=1247" "Mozilla/5.0 AppleWebKit/537.36 (KHTML, like Gecko; compatible; GPTBot/1.4; +https://openai.com/gptbot)"
74.7.227.21 - - [16/Jun/2026:00:12:15 +0000] "GET /wp-content/plugins/elementor-pro/assets/lib/smartmenus/jquery.smartmenus.min.js?ver=1.2.1 HTTP/1.1" 200 7100 "https://meetingart.pl/?p=1063" "Mozilla/5.0 AppleWebKit/537.36 (KHTML, like Gecko; compatible; GPTBot/1.4; +https://openai.com/gptbot)"
35.171.117.160 - - [16/Jun/2026:00:12:15 +0000] "GET /australia-roulette-wheels-3/feed/ HTTP/1.1" 200 840 "-" "Mozilla/5.0 AppleWebKit/537.36 (KHTML, like Gecko; compatible; Amazonbot/0.1; +https://developer.amazon.com/support/amazonbot) Chrome/119.0.6045.214 Safari/537.36"
74.7.227.21 - - [16/Jun/2026:00:12:16 +0000] "GET /wp-content/plugins/elementor/assets/js/frontend.min.js?ver=3.32.3 HTTP/1.1" 200 10473 "https://meetingart.pl/?p=1063" "Mozilla/5.0 AppleWebKit/537.36 (KHTML, like Gecko; compatible; GPTBot/1.4; +https://openai.com/gptbot)"
74.7.227.21 - - [16/Jun/2026:00:12:17 +0000] "GET /wp-includes/js/comment-reply.min.js?ver=6.8.5 HTTP/1.1" 200 1387 "https://meetingart.pl/?p=1063" "Mozilla/5.0 AppleWebKit/537.36 (KHTML, like Gecko; compatible; GPTBot/1.4; +https://openai.com/gptbot)"
50.16.72.185 - - [16/Jun/2026:00:12:19 +0000] "GET /wp-json/oembed/1.0/embed?url=https://ideapv.pl/best-online-pokies-new-australia/ HTTP/1.1" 200 1068 "-" "Mozilla/5.0 AppleWebKit/537.36 (KHTML, like Gecko; compatible; Amazonbot/0.1; +https://developer.amazon.com/support/amazonbot) Chrome/119.0.6045.214 Safari/537.36"
74.7.227.21 - - [16/Jun/2026:00:12:19 +0000] "GET /wp-content/uploads/elementor/google-fonts/css/raleway.css?ver=1742280640 HTTP/1.1" 200 1045 "https://meetingart.pl/?p=1063" "Mozilla/5.0 AppleWebKit/537.36 (KHTML, like Gecko; compatible; GPTBot/1.4; +https://openai.com/gptbot)"
74.7.227.21 - - [16/Jun/2026:00:12:20 +0000] "GET /wp-content/plugins/tablepress/css/build/default.css?ver=3.2.3 HTTP/1.1" 200 1755 "https://meetingart.pl/?p=1063" "Mozilla/5.0 AppleWebKit/537.36 (KHTML, like Gecko; compatible; GPTBot/1.4; +https://openai.com/gptbot)"
74.7.227.21 - - [16/Jun/2026:00:12:20 +0000] "GET /wp-content/plugins/easy-table-of-contents/assets/js/front.min.js?ver=2.0.76-1755756428 HTTP/1.1" 200 1517 "https://meetingart.pl/?p=1063" "Mozilla/5.0 AppleWebKit/537.36 (KHTML, like Gecko; compatible; GPTBot/1.4; +https://openai.com/gptbot)"
74.7.227.21 - - [16/Jun/2026:00:12:21 +0000] "GET /wp-content/plugins/elementor/assets/js/webpack.runtime.min.js?ver=3.32.3 HTTP/1.1" 200 2523 "https://meetingart.pl/?p=1063" "Mozilla/5.0 AppleWebKit/537.36 (KHTML, like Gecko; compatible; GPTBot/1.4; +https://openai.com/gptbot)"
74.7.227.21 - - [16/Jun/2026:00:12:22 +0000] "GET /wp-includes/js/jquery/ui/core.min.js?ver=1.13.3 HTTP/1.1" 200 7119 "https://meetingart.pl/?p=1063" "Mozilla/5.0 AppleWebKit/537.36 (KHTML, like Gecko; compatible; GPTBot/1.4; +https://openai.com/gptbot)"
74.7.227.21 - - [16/Jun/2026:00:12:23 +0000] "GET /?p=368 HTTP/1.1" 301 5 "https://meetingart.pl/jak-przygotowac-portfolio-artysty-kompleksowy-przewodnik-i-wskazowki/" "Mozilla/5.0 AppleWebKit/537.36 (KHTML, like Gecko; compatible; GPTBot/1.4; +https://openai.com/gptbot)"
74.7.227.21 - - [16/Jun/2026:00:12:25 +0000] "GET /jak-przygotowac-portfolio-artysty-kompleksowy-przewodnik-i-wskazowki/ HTTP/1.1" 200 29163 "https://meetingart.pl/?p=368" "Mozilla/5.0 AppleWebKit/537.36 (KHTML, like Gecko; compatible; GPTBot/1.4; +https://openai.com/gptbot)"
54.80.73.122 - - [16/Jun/2026:00:12:25 +0000] "GET /wp-json/wp/v2/posts/8681 HTTP/1.1" 200 2686 "-" "Mozilla/5.0 AppleWebKit/537.36 (KHTML, like Gecko; compatible; Amazonbot/0.1; +https://developer.amazon.com/support/amazonbot) Chrome/119.0.6045.214 Safari/537.36"
74.7.227.21 - - [16/Jun/2026:00:12:26 +0000] "GET /jak-dziala-technologia-beaconow-na-eventach-klucz-do-interakcji-i-zaangazowania-uczestnikow/ HTTP/1.1" 200 30271 "https://meetingart.pl/?p=2062" "Mozilla/5.0 AppleWebKit/537.36 (KHTML, like Gecko; compatible; GPTBot/1.4; +https://openai.com/gptbot)"
74.7.227.21 - - [16/Jun/2026:00:12:28 +0000] "GET /?p=959 HTTP/1.1" 301 5 "https://meetingart.pl/rekomendacje-wydarzen-na-weekend-odkryj-lokalne-skarby/" "Mozilla/5.0 AppleWebKit/537.36 (KHTML, like Gecko; compatible; GPTBot/1.4; +https://openai.com/gptbot)"
23.23.137.202 - - [16/Jun/2026:00:12:28 +0000] "GET /wp-json/oembed/1.0/embed?format=xml&url=https://ideapv.pl/pokies-in-new-zealand-machine-win/ HTTP/1.1" 200 1108 "-" "Mozilla/5.0 AppleWebKit/537.36 (KHTML, like Gecko; compatible; Amazonbot/0.1; +https://developer.amazon.com/support/amazonbot) Chrome/119.0.6045.214 Safari/537.36"
74.7.227.21 - - [16/Jun/2026:00:12:29 +0000] "GET /rekomendacje-wydarzen-na-weekend-odkryj-lokalne-skarby/ HTTP/1.1" 200 25113 "https://meetingart.pl/?p=959" "Mozilla/5.0 AppleWebKit/537.36 (KHTML, like Gecko; compatible; GPTBot/1.4; +https://openai.com/gptbot)"
74.7.227.21 - - [16/Jun/2026:00:12:30 +0000] "GET /artysci-na-zywo-niezapomniane-doswiadczenia-i-emocje/ HTTP/1.1" 200 25868 "https://meetingart.pl/?p=1247" "Mozilla/5.0 AppleWebKit/537.36 (KHTML, like Gecko; compatible; GPTBot/1.4; +https://openai.com/gptbot)"
74.7.227.21 - - [16/Jun/2026:00:12:31 +0000] "GET /wp-content/uploads/2025/02/82.jpg HTTP/1.1" 200 36555 "https://meetingart.pl/rekomendacje-wydarzen-na-weekend-odkryj-lokalne-skarby/" "Mozilla/5.0 AppleWebKit/537.36 (KHTML, like Gecko; compatible; GPTBot/1.4; +https://openai.com/gptbot)"
54.159.98.248 - - [16/Jun/2026:00:12:32 +0000] "GET /wp-json/oembed/1.0/embed?url=https://ideapv.pl/5430-2/ HTTP/1.1" 200 1024 "-" "Mozilla/5.0 AppleWebKit/537.36 (KHTML, like Gecko; compatible; Amazonbot/0.1; +https://developer.amazon.com/support/amazonbot) Chrome/119.0.6045.214 Safari/537.36"
74.7.227.21 - - [16/Jun/2026:00:12:32 +0000] "GET /jakie-sa-nowoczesne-techniki-w-sztuce-wizualnej-przeglad-innowacji-i-trendow/ HTTP/1.1" 200 33495 "https://meetingart.pl/?p=2062" "Mozilla/5.0 AppleWebKit/537.36 (KHTML, like Gecko; compatible; GPTBot/1.4; +https://openai.com/gptbot)"
74.7.227.21 - - [16/Jun/2026:00:12:34 +0000] "GET /jak-zorganizowac-plener-malarski-kluczowe-kroki-i-inspiracje-do-tworczosci/ HTTP/1.1" 200 30333 "https://meetingart.pl/?p=2062" "Mozilla/5.0 AppleWebKit/537.36 (KHTML, like Gecko; compatible; GPTBot/1.4; +https://openai.com/gptbot)"
100.28.204.82 - - [16/Jun/2026:00:12:35 +0000] "GET /wp-json/wp/v2/posts/13506 HTTP/1.1" 200 4456 "-" "Mozilla/5.0 AppleWebKit/537.36 (KHTML, like Gecko; compatible; Amazonbot/0.1; +https://developer.amazon.com/support/amazonbot) Chrome/119.0.6045.214 Safari/537.36"
45.184.216.93 - - [16/Jun/2026:00:12:35 +0000] "GET / HTTP/1.1" 200 13099 "https://www.yahoo.bialystok.pl/" "Mozilla/5.0 (Linux; Android 14; SM-S911B) AppleWebKit/537.36 (KHTML, like Gecko) Chrome/140.0.0.0 Mobile Safari/537.36"
74.7.227.21 - - [16/Jun/2026:00:12:36 +0000] "GET /jakie-sa-trendy-w-projektowaniu-scenografii-eventowej-odkryj-nowoczesne-podejscia/ HTTP/1.1" 200 32009 "https://meetingart.pl/?p=2062" "Mozilla/5.0 AppleWebKit/537.36 (KHTML, like Gecko; compatible; GPTBot/1.4; +https://openai.com/gptbot)"
103.127.30.137 - adminwp [16/Jun/2026:00:12:37 +0000] "GET /wp-json/wp/v2/users/me HTTP/1.1" 401 110 "-" "Mozilla/5.0 (Macintosh; Intel Mac OS X 10_15_7) AppleWebKit/537.36 (KHTML, like Gecko) Chrome/133.0.0.0 Safari/537.36 Edg/133.0.0.0"
74.7.227.21 - - [16/Jun/2026:00:12:37 +0000] "GET /jak-zorganizowac-konkurs-podczas-konferencji-kluczowe-kroki-i-strategie/ HTTP/1.1" 200 28433 "https://meetingart.pl/?p=2062" "Mozilla/5.0 AppleWebKit/537.36 (KHTML, like Gecko; compatible; GPTBot/1.4; +https://openai.com/gptbot)"
154.3.156.193 - - [16/Jun/2026:00:12:39 +0000] "GET /2025/10/01/percentuali-vincite-slot-machine/ HTTP/1.1" 200 13979 "https://www.arsmedica.bialystok.pl/" "Mozilla/5.0 (Android 13; Mobile; rv:129.0) Gecko/129.0 Firefox/129.0"
74.7.227.21 - - [16/Jun/2026:00:12:39 +0000] "GET /jak-dziala-kuratorstwo-wystaw-kluczowe-informacje-i-procesy/ HTTP/1.1" 200 25893 "https://meetingart.pl/?p=2062" "Mozilla/5.0 AppleWebKit/537.36 (KHTML, like Gecko; compatible; GPTBot/1.4; +https://openai.com/gptbot)"
34.226.89.140 - - [16/Jun/2026:00:12:40 +0000] "GET /gem-finance-creditline-can-it-be-used-for-online-pokies/feed/ HTTP/1.1" 200 926 "-" "Mozilla/5.0 AppleWebKit/537.36 (KHTML, like Gecko; compatible; Amazonbot/0.1; +https://developer.amazon.com/support/amazonbot) Chrome/119.0.6045.214 Safari/537.36"
45.184.216.93 - - [16/Jun/2026:00:12:40 +0000] "GET /2025/10/01/slot-migliori-online/ HTTP/1.1" 200 14078 "https://www.arsmedica.bialystok.pl/" "Mozilla/5.0 (Linux; Android 14; SM-S911B) AppleWebKit/537.36 (KHTML, like Gecko) Chrome/140.0.0.0 Mobile Safari/537.36"
74.7.227.21 - - [16/Jun/2026:00:12:41 +0000] "GET /bilans-cenowy-biletow-klucz-do-oszczednosci/ HTTP/1.1" 200 26136 "https://meetingart.pl/?p=1247" "Mozilla/5.0 AppleWebKit/537.36 (KHTML, like Gecko; compatible; GPTBot/1.4; +https://openai.com/gptbot)"
