159.65.5.161 - - [16/Jun/2026:05:11:26 +0000] "GET /wp-admin/index.php HTTP/1.1" 302 5 "https://arsmedica.bialystok.pl/wp-login.php" "Mozilla/5.0 (X11; Linux x86_64) Gecko/20100101 Firefox/120.0.1"
159.65.5.161 - - [16/Jun/2026:05:11:27 +0000] "GET /wp-login.php?redirect_to=https%3A%2F%2Farsmedica.bialystok.pl%2Fwp-admin%2Findex.php&reauth=1 HTTP/1.1" 200 2934 "https://arsmedica.bialystok.pl/wp-login.php" "Mozilla/5.0 (X11; Linux x86_64) Gecko/20100101 Firefox/120.0.1"
119.195.102.159 - - [16/Jun/2026:05:11:27 +0000] "POST /wp-login.php HTTP/1.1" 200 3295 "https://ideapv.pl/wp-login.php" "Mozilla/5.0 (X11; Ubuntu; Linux x86_64; rv:133.0) Gecko/20100101 Firefox/133.0"
159.65.5.161 - - [16/Jun/2026:05:11:29 +0000] "POST /wp-login.php HTTP/1.1" 200 3098 "https://arsmedica.bialystok.pl/wp-login.php" "Mozilla/5.0 (Macintosh; Intel Mac OS X 10_15_7) AppleWebKit/537.36 (KHTML, like Gecko) Chrome/119.0.6045.159 Safari/537.36"
159.65.5.161 - - [16/Jun/2026:05:11:29 +0000] "GET /wp-admin/index.php HTTP/1.1" 302 5 "https://arsmedica.bialystok.pl/wp-login.php" "Mozilla/5.0 (Macintosh; Intel Mac OS X 10_15_7) AppleWebKit/537.36 (KHTML, like Gecko) Chrome/119.0.6045.159 Safari/537.36"
159.65.5.161 - - [16/Jun/2026:05:11:30 +0000] "GET /wp-login.php?redirect_to=https%3A%2F%2Farsmedica.bialystok.pl%2Fwp-admin%2Findex.php&reauth=1 HTTP/1.1" 200 2934 "https://arsmedica.bialystok.pl/wp-login.php" "Mozilla/5.0 (Macintosh; Intel Mac OS X 10_15_7) AppleWebKit/537.36 (KHTML, like Gecko) Chrome/119.0.6045.159 Safari/537.36"
159.65.5.161 - - [16/Jun/2026:05:11:31 +0000] "POST /wp-login.php HTTP/1.1" 200 3098 "https://arsmedica.bialystok.pl/wp-login.php" "Mozilla/5.0 (Macintosh; Intel Mac OS X 10_15_7) AppleWebKit/537.36 (KHTML, like Gecko) Chrome/121.0.6167.85 Safari/537.36"
159.65.5.161 - - [16/Jun/2026:05:11:32 +0000] "GET /wp-admin/index.php HTTP/1.1" 302 5 "https://arsmedica.bialystok.pl/wp-login.php" "Mozilla/5.0 (Macintosh; Intel Mac OS X 10_15_7) AppleWebKit/537.36 (KHTML, like Gecko) Chrome/121.0.6167.85 Safari/537.36"
159.65.5.161 - - [16/Jun/2026:05:11:33 +0000] "GET /wp-login.php?redirect_to=https%3A%2F%2Farsmedica.bialystok.pl%2Fwp-admin%2Findex.php&reauth=1 HTTP/1.1" 200 2934 "https://arsmedica.bialystok.pl/wp-login.php" "Mozilla/5.0 (Macintosh; Intel Mac OS X 10_15_7) AppleWebKit/537.36 (KHTML, like Gecko) Chrome/121.0.6167.85 Safari/537.36"
159.65.5.161 - - [16/Jun/2026:05:11:34 +0000] "POST /wp-login.php HTTP/1.1" 200 3097 "https://arsmedica.bialystok.pl/wp-login.php" "Mozilla/5.0 (Macintosh; Intel Mac OS X 13_6_2) AppleWebKit/537.36 (KHTML, like Gecko) Chrome/120.0.6099.130 Safari/537.36"
159.65.5.161 - - [16/Jun/2026:05:11:34 +0000] "GET /wp-admin/index.php HTTP/1.1" 302 5 "https://arsmedica.bialystok.pl/wp-login.php" "Mozilla/5.0 (Macintosh; Intel Mac OS X 13_6_2) AppleWebKit/537.36 (KHTML, like Gecko) Chrome/120.0.6099.130 Safari/537.36"
159.65.5.161 - - [16/Jun/2026:05:11:35 +0000] "GET /wp-login.php?redirect_to=https%3A%2F%2Farsmedica.bialystok.pl%2Fwp-admin%2Findex.php&reauth=1 HTTP/1.1" 200 2934 "https://arsmedica.bialystok.pl/wp-login.php" "Mozilla/5.0 (Macintosh; Intel Mac OS X 13_6_2) AppleWebKit/537.36 (KHTML, like Gecko) Chrome/120.0.6099.130 Safari/537.36"
31.3.241.131 - - [16/Jun/2026:05:11:36 +0000] "GET /wp-login.php HTTP/1.1" 200 2922 "-" "Mozilla/5.0 (Macintosh; Intel Mac OS X 14_7_4) AppleWebKit/537.36 (KHTML, like Gecko) Chrome/133.0.0.0 Safari/537.36"
159.65.5.161 - - [16/Jun/2026:05:11:36 +0000] "POST /wp-login.php HTTP/1.1" 200 3097 "https://arsmedica.bialystok.pl/wp-login.php" "Mozilla/5.0 (X11; Linux x86_64) Gecko/20100101 Firefox/120.0.1"
31.3.241.131 - - [16/Jun/2026:05:11:36 +0000] "POST /wp-login.php HTTP/1.1" 200 3109 "https://www.arsmedica.bialystok.pl/wp-login.php" "Mozilla/5.0 (Macintosh; Intel Mac OS X 14_7_4) AppleWebKit/537.36 (KHTML, like Gecko) Chrome/133.0.0.0 Safari/537.36"
47.128.20.46 - - [16/Jun/2026:05:11:36 +0000] "GET /2025/10/01/casino-top/ HTTP/1.1" 200 14257 "-" "Mozilla/5.0 (Linux; Android 5.0) AppleWebKit/537.36 (KHTML, like Gecko) Mobile Safari/537.36 (compatible; Bytespider; spider-feedback@bytedance.com)"
47.128.20.46 - - [16/Jun/2026:05:11:37 +0000] "GET /wp-content/themes/kadence/assets/css/related-posts.min.css?ver=1.5.0 HTTP/1.1" 200 391 "https://www.arsmedica.bialystok.pl/2025/10/01/casino-top/" "Mozilla/5.0 (Linux; Android 5.0) AppleWebKit/537.36 (KHTML, like Gecko) Mobile Safari/537.36 (compatible; Bytespider; spider-feedback@bytedance.com)"
159.65.5.161 - - [16/Jun/2026:05:11:37 +0000] "GET /wp-admin/index.php HTTP/1.1" 302 5 "https://arsmedica.bialystok.pl/wp-login.php" "Mozilla/5.0 (X11; Linux x86_64) Gecko/20100101 Firefox/120.0.1"
47.128.20.46 - - [16/Jun/2026:05:11:37 +0000] "GET /wp-content/themes/kadence/assets/css/footer.min.css?ver=1.5.0 HTTP/1.1" 200 1886 "https://www.arsmedica.bialystok.pl/2025/10/01/casino-top/" "Mozilla/5.0 (Linux; Android 5.0) AppleWebKit/537.36 (KHTML, like Gecko) Mobile Safari/537.36 (compatible; Bytespider; spider-feedback@bytedance.com)"
159.65.5.161 - - [16/Jun/2026:05:11:38 +0000] "GET /wp-login.php?redirect_to=https%3A%2F%2Farsmedica.bialystok.pl%2Fwp-admin%2Findex.php&reauth=1 HTTP/1.1" 200 2934 "https://arsmedica.bialystok.pl/wp-login.php" "Mozilla/5.0 (X11; Linux x86_64) Gecko/20100101 Firefox/120.0.1"
159.65.5.161 - - [16/Jun/2026:05:11:39 +0000] "POST /wp-login.php HTTP/1.1" 200 3098 "https://arsmedica.bialystok.pl/wp-login.php" "Mozilla/5.0 (Macintosh; Intel Mac OS X 10_15_7) AppleWebKit/537.36 (KHTML, like Gecko) Chrome/118.0.5993.88 Safari/537.36"
159.65.5.161 - - [16/Jun/2026:05:11:40 +0000] "GET /wp-admin/index.php HTTP/1.1" 302 5 "https://arsmedica.bialystok.pl/wp-login.php" "Mozilla/5.0 (Macintosh; Intel Mac OS X 10_15_7) AppleWebKit/537.36 (KHTML, like Gecko) Chrome/118.0.5993.88 Safari/537.36"
159.65.5.161 - - [16/Jun/2026:05:11:40 +0000] "GET /wp-login.php?redirect_to=https%3A%2F%2Farsmedica.bialystok.pl%2Fwp-admin%2Findex.php&reauth=1 HTTP/1.1" 200 2934 "https://arsmedica.bialystok.pl/wp-login.php" "Mozilla/5.0 (Macintosh; Intel Mac OS X 10_15_7) AppleWebKit/537.36 (KHTML, like Gecko) Chrome/118.0.5993.88 Safari/537.36"
159.65.5.161 - - [16/Jun/2026:05:11:41 +0000] "POST /wp-login.php HTTP/1.1" 200 3097 "https://arsmedica.bialystok.pl/wp-login.php" "Mozilla/5.0 (Windows NT 10.0; Win64; x64) AppleWebKit/537.36 (KHTML, like Gecko) Chrome/118.0.5993.88 Safari/537.36"
159.65.5.161 - - [16/Jun/2026:05:11:42 +0000] "GET /wp-admin/index.php HTTP/1.1" 302 5 "https://arsmedica.bialystok.pl/wp-login.php" "Mozilla/5.0 (Windows NT 10.0; Win64; x64) AppleWebKit/537.36 (KHTML, like Gecko) Chrome/118.0.5993.88 Safari/537.36"
159.65.5.161 - - [16/Jun/2026:05:11:43 +0000] "GET /wp-login.php?redirect_to=https%3A%2F%2Farsmedica.bialystok.pl%2Fwp-admin%2Findex.php&reauth=1 HTTP/1.1" 200 2934 "https://arsmedica.bialystok.pl/wp-login.php" "Mozilla/5.0 (Windows NT 10.0; Win64; x64) AppleWebKit/537.36 (KHTML, like Gecko) Chrome/118.0.5993.88 Safari/537.36"
159.65.5.161 - - [16/Jun/2026:05:11:44 +0000] "POST /wp-login.php HTTP/1.1" 200 3097 "https://arsmedica.bialystok.pl/wp-login.php" "Mozilla/5.0 (Windows NT 11.0; Win64; x64) AppleWebKit/537.36 (KHTML, like Gecko) Chrome/120.0.6099.130 Safari/537.36"
159.65.5.161 - - [16/Jun/2026:05:11:45 +0000] "GET /wp-admin/index.php HTTP/1.1" 302 5 "https://arsmedica.bialystok.pl/wp-login.php" "Mozilla/5.0 (Windows NT 11.0; Win64; x64) AppleWebKit/537.36 (KHTML, like Gecko) Chrome/120.0.6099.130 Safari/537.36"
159.65.5.161 - - [16/Jun/2026:05:11:45 +0000] "GET /wp-login.php?redirect_to=https%3A%2F%2Farsmedica.bialystok.pl%2Fwp-admin%2Findex.php&reauth=1 HTTP/1.1" 200 2934 "https://arsmedica.bialystok.pl/wp-login.php" "Mozilla/5.0 (Windows NT 11.0; Win64; x64) AppleWebKit/537.36 (KHTML, like Gecko) Chrome/120.0.6099.130 Safari/537.36"
202.47.189.38 - - [16/Jun/2026:05:11:45 +0000] "GET /wp-json/wp/v2/posts HTTP/1.1" 301 178 "-" "Mozilla/5.0 (Windows NT 10.0; Win64; x64) AppleWebKit/537.36 (KHTML, like Gecko) Chrome/120.0.0.0 Safari/537.36"
159.65.5.161 - - [16/Jun/2026:05:11:46 +0000] "POST /wp-login.php HTTP/1.1" 200 3097 "https://arsmedica.bialystok.pl/wp-login.php" "Mozilla/5.0 (X11; Linux x86_64) Gecko/20100101 Firefox/120.0.1"
159.65.5.161 - - [16/Jun/2026:05:11:47 +0000] "GET /wp-admin/index.php HTTP/1.1" 302 5 "https://arsmedica.bialystok.pl/wp-login.php" "Mozilla/5.0 (X11; Linux x86_64) Gecko/20100101 Firefox/120.0.1"
159.65.5.161 - - [16/Jun/2026:05:11:48 +0000] "GET /wp-login.php?redirect_to=https%3A%2F%2Farsmedica.bialystok.pl%2Fwp-admin%2Findex.php&reauth=1 HTTP/1.1" 200 2934 "https://arsmedica.bialystok.pl/wp-login.php" "Mozilla/5.0 (X11; Linux x86_64) Gecko/20100101 Firefox/120.0.1"
159.65.5.161 - - [16/Jun/2026:05:11:49 +0000] "POST /wp-login.php HTTP/1.1" 200 3099 "https://arsmedica.bialystok.pl/wp-login.php" "Mozilla/5.0 (X11; Ubuntu; Linux x86_64) AppleWebKit/537.36 (KHTML, like Gecko) Chrome/118.0.5993.88 Safari/537.36"
159.65.5.161 - - [16/Jun/2026:05:11:50 +0000] "GET /wp-admin/index.php HTTP/1.1" 302 5 "https://arsmedica.bialystok.pl/wp-login.php" "Mozilla/5.0 (X11; Ubuntu; Linux x86_64) AppleWebKit/537.36 (KHTML, like Gecko) Chrome/118.0.5993.88 Safari/537.36"
159.65.5.161 - - [16/Jun/2026:05:11:51 +0000] "GET /wp-login.php?redirect_to=https%3A%2F%2Farsmedica.bialystok.pl%2Fwp-admin%2Findex.php&reauth=1 HTTP/1.1" 200 2934 "https://arsmedica.bialystok.pl/wp-login.php" "Mozilla/5.0 (X11; Ubuntu; Linux x86_64) AppleWebKit/537.36 (KHTML, like Gecko) Chrome/118.0.5993.88 Safari/537.36"
159.65.5.161 - - [16/Jun/2026:05:11:52 +0000] "POST /wp-login.php HTTP/1.1" 200 3103 "https://arsmedica.bialystok.pl/wp-login.php" "Mozilla/5.0 (Windows NT 10.0; Win64; x64) AppleWebKit/537.36 (KHTML, like Gecko) Chrome/119.0.6045.159 Safari/537.36"
159.65.5.161 - - [16/Jun/2026:05:11:53 +0000] "GET /wp-admin/index.php HTTP/1.1" 302 5 "https://arsmedica.bialystok.pl/wp-login.php" "Mozilla/5.0 (Windows NT 10.0; Win64; x64) AppleWebKit/537.36 (KHTML, like Gecko) Chrome/119.0.6045.159 Safari/537.36"
159.65.5.161 - - [16/Jun/2026:05:11:53 +0000] "GET /wp-login.php?redirect_to=https%3A%2F%2Farsmedica.bialystok.pl%2Fwp-admin%2Findex.php&reauth=1 HTTP/1.1" 200 2934 "https://arsmedica.bialystok.pl/wp-login.php" "Mozilla/5.0 (Windows NT 10.0; Win64; x64) AppleWebKit/537.36 (KHTML, like Gecko) Chrome/119.0.6045.159 Safari/537.36"
57.141.0.38 - - [16/Jun/2026:05:11:54 +0000] "GET /2025/10/31/trucchi-per-roulette-on-line/ HTTP/1.1" 200 45778 "-" "meta-externalagent/1.1 (+https://developers.facebook.com/docs/sharing/webmasters/crawler)"
159.65.5.161 - - [16/Jun/2026:05:11:55 +0000] "POST /wp-login.php HTTP/1.1" 200 3105 "https://arsmedica.bialystok.pl/wp-login.php" "Mozilla/5.0 (Macintosh; Intel Mac OS X 10.15) Gecko/20100101 Firefox/121.0"
159.65.5.161 - - [16/Jun/2026:05:11:56 +0000] "GET /wp-admin/index.php HTTP/1.1" 302 5 "https://arsmedica.bialystok.pl/wp-login.php" "Mozilla/5.0 (Macintosh; Intel Mac OS X 10.15) Gecko/20100101 Firefox/121.0"
159.65.5.161 - - [16/Jun/2026:05:11:56 +0000] "GET /wp-login.php?redirect_to=https%3A%2F%2Farsmedica.bialystok.pl%2Fwp-admin%2Findex.php&reauth=1 HTTP/1.1" 200 2934 "https://arsmedica.bialystok.pl/wp-login.php" "Mozilla/5.0 (Macintosh; Intel Mac OS X 10.15) Gecko/20100101 Firefox/121.0"
159.65.5.161 - - [16/Jun/2026:05:11:58 +0000] "POST /wp-login.php HTTP/1.1" 200 3096 "https://arsmedica.bialystok.pl/wp-login.php" "Mozilla/5.0 (Windows NT 11.0; Win64; x64) AppleWebKit/537.36 (KHTML, like Gecko) Chrome/120.0.6099.130 Safari/537.36"
159.65.5.161 - - [16/Jun/2026:05:11:58 +0000] "GET /wp-admin/index.php HTTP/1.1" 302 5 "https://arsmedica.bialystok.pl/wp-login.php" "Mozilla/5.0 (Windows NT 11.0; Win64; x64) AppleWebKit/537.36 (KHTML, like Gecko) Chrome/120.0.6099.130 Safari/537.36"
159.65.5.161 - - [16/Jun/2026:05:11:59 +0000] "GET /wp-login.php?redirect_to=https%3A%2F%2Farsmedica.bialystok.pl%2Fwp-admin%2Findex.php&reauth=1 HTTP/1.1" 200 2934 "https://arsmedica.bialystok.pl/wp-login.php" "Mozilla/5.0 (Windows NT 11.0; Win64; x64) AppleWebKit/537.36 (KHTML, like Gecko) Chrome/120.0.6099.130 Safari/537.36"
159.65.5.161 - - [16/Jun/2026:05:12:01 +0000] "POST /wp-login.php HTTP/1.1" 200 3100 "https://arsmedica.bialystok.pl/wp-login.php" "Mozilla/5.0 (Windows NT 10.0; Win64; x64) Gecko/20100101 Firefox/119.0.1"
159.65.5.161 - - [16/Jun/2026:05:12:01 +0000] "GET /wp-admin/index.php HTTP/1.1" 302 5 "https://arsmedica.bialystok.pl/wp-login.php" "Mozilla/5.0 (Windows NT 10.0; Win64; x64) Gecko/20100101 Firefox/119.0.1"
159.65.5.161 - - [16/Jun/2026:05:12:02 +0000] "GET /wp-login.php?redirect_to=https%3A%2F%2Farsmedica.bialystok.pl%2Fwp-admin%2Findex.php&reauth=1 HTTP/1.1" 200 2934 "https://arsmedica.bialystok.pl/wp-login.php" "Mozilla/5.0 (Windows NT 10.0; Win64; x64) Gecko/20100101 Firefox/119.0.1"
159.65.5.161 - - [16/Jun/2026:05:12:04 +0000] "POST /wp-login.php HTTP/1.1" 200 3101 "https://arsmedica.bialystok.pl/wp-login.php" "Mozilla/5.0 (Macintosh; Intel Mac OS X 10.15) Gecko/20100101 Firefox/118.0.2"
159.65.5.161 - - [16/Jun/2026:05:12:04 +0000] "GET /wp-admin/index.php HTTP/1.1" 302 5 "https://arsmedica.bialystok.pl/wp-login.php" "Mozilla/5.0 (Macintosh; Intel Mac OS X 10.15) Gecko/20100101 Firefox/118.0.2"
159.65.5.161 - - [16/Jun/2026:05:12:05 +0000] "GET /wp-login.php?redirect_to=https%3A%2F%2Farsmedica.bialystok.pl%2Fwp-admin%2Findex.php&reauth=1 HTTP/1.1" 200 2934 "https://arsmedica.bialystok.pl/wp-login.php" "Mozilla/5.0 (Macintosh; Intel Mac OS X 10.15) Gecko/20100101 Firefox/118.0.2"
159.65.5.161 - - [16/Jun/2026:05:12:06 +0000] "POST /wp-login.php HTTP/1.1" 200 3103 "https://arsmedica.bialystok.pl/wp-login.php" "Mozilla/5.0 (X11; Linux x86_64) Gecko/20100101 Firefox/120.0.1"
159.65.5.161 - - [16/Jun/2026:05:12:07 +0000] "GET /wp-admin/index.php HTTP/1.1" 302 5 "https://arsmedica.bialystok.pl/wp-login.php" "Mozilla/5.0 (X11; Linux x86_64) Gecko/20100101 Firefox/120.0.1"
159.65.5.161 - - [16/Jun/2026:05:12:08 +0000] "GET /wp-login.php?redirect_to=https%3A%2F%2Farsmedica.bialystok.pl%2Fwp-admin%2Findex.php&reauth=1 HTTP/1.1" 200 2934 "https://arsmedica.bialystok.pl/wp-login.php" "Mozilla/5.0 (X11; Linux x86_64) Gecko/20100101 Firefox/120.0.1"
159.65.5.161 - - [16/Jun/2026:05:12:09 +0000] "POST /wp-login.php HTTP/1.1" 200 3099 "https://arsmedica.bialystok.pl/wp-login.php" "Mozilla/5.0 (X11; Linux x86_64) Gecko/20100101 Firefox/118.0.2"
159.65.5.161 - - [16/Jun/2026:05:12:09 +0000] "GET /wp-admin/index.php HTTP/1.1" 302 5 "https://arsmedica.bialystok.pl/wp-login.php" "Mozilla/5.0 (X11; Linux x86_64) Gecko/20100101 Firefox/118.0.2"
159.65.5.161 - - [16/Jun/2026:05:12:10 +0000] "GET /wp-login.php?redirect_to=https%3A%2F%2Farsmedica.bialystok.pl%2Fwp-admin%2Findex.php&reauth=1 HTTP/1.1" 200 2934 "https://arsmedica.bialystok.pl/wp-login.php" "Mozilla/5.0 (X11; Linux x86_64) Gecko/20100101 Firefox/118.0.2"
159.65.5.161 - - [16/Jun/2026:05:12:11 +0000] "POST /wp-login.php HTTP/1.1" 200 3098 "https://arsmedica.bialystok.pl/wp-login.php" "Mozilla/5.0 (X11; Linux x86_64) Gecko/20100101 Firefox/118.0.2"
159.65.5.161 - - [16/Jun/2026:05:12:12 +0000] "GET /wp-admin/index.php HTTP/1.1" 302 5 "https://arsmedica.bialystok.pl/wp-login.php" "Mozilla/5.0 (X11; Linux x86_64) Gecko/20100101 Firefox/118.0.2"
159.65.5.161 - - [16/Jun/2026:05:12:13 +0000] "GET /wp-login.php?redirect_to=https%3A%2F%2Farsmedica.bialystok.pl%2Fwp-admin%2Findex.php&reauth=1 HTTP/1.1" 200 2934 "https://arsmedica.bialystok.pl/wp-login.php" "Mozilla/5.0 (X11; Linux x86_64) Gecko/20100101 Firefox/118.0.2"
159.65.5.161 - - [16/Jun/2026:05:12:14 +0000] "POST /wp-login.php HTTP/1.1" 200 3108 "https://arsmedica.bialystok.pl/wp-login.php" "Mozilla/5.0 (Windows NT 11.0; Win64; x64) AppleWebKit/537.36 (KHTML, like Gecko) Chrome/122.0.6261.57 Safari/537.36"
159.65.5.161 - - [16/Jun/2026:05:12:15 +0000] "GET /wp-admin/index.php HTTP/1.1" 302 5 "https://arsmedica.bialystok.pl/wp-login.php" "Mozilla/5.0 (Windows NT 11.0; Win64; x64) AppleWebKit/537.36 (KHTML, like Gecko) Chrome/122.0.6261.57 Safari/537.36"
159.65.5.161 - - [16/Jun/2026:05:12:15 +0000] "GET /wp-login.php?redirect_to=https%3A%2F%2Farsmedica.bialystok.pl%2Fwp-admin%2Findex.php&reauth=1 HTTP/1.1" 200 2934 "https://arsmedica.bialystok.pl/wp-login.php" "Mozilla/5.0 (Windows NT 11.0; Win64; x64) AppleWebKit/537.36 (KHTML, like Gecko) Chrome/122.0.6261.57 Safari/537.36"
159.65.5.161 - - [16/Jun/2026:05:12:17 +0000] "POST /wp-login.php HTTP/1.1" 200 3102 "https://arsmedica.bialystok.pl/wp-login.php" "Mozilla/5.0 (Windows NT 10.0; Win64; x64) Gecko/20100101 Firefox/118.0.2"
159.65.5.161 - - [16/Jun/2026:05:12:17 +0000] "GET /wp-admin/index.php HTTP/1.1" 302 5 "https://arsmedica.bialystok.pl/wp-login.php" "Mozilla/5.0 (Windows NT 10.0; Win64; x64) Gecko/20100101 Firefox/118.0.2"
184.107.244.93 - - [16/Jun/2026:05:12:18 +0000] "GET /wp-login.php HTTP/1.1" 200 3072 "-" "Mozilla/5.0 (Macintosh; Intel Mac OS X 14_7_4) AppleWebKit/537.36 (KHTML, like Gecko) Chrome/133.0.0.0 Safari/537.36"
159.65.5.161 - - [16/Jun/2026:05:12:18 +0000] "GET /wp-login.php?redirect_to=https%3A%2F%2Farsmedica.bialystok.pl%2Fwp-admin%2Findex.php&reauth=1 HTTP/1.1" 200 2934 "https://arsmedica.bialystok.pl/wp-login.php" "Mozilla/5.0 (Windows NT 10.0; Win64; x64) Gecko/20100101 Firefox/118.0.2"
184.107.244.93 - - [16/Jun/2026:05:12:18 +0000] "POST /wp-login.php HTTP/1.1" 200 3201 "https://www.alltar.pl/wp-login.php" "Mozilla/5.0 (Macintosh; Intel Mac OS X 14_7_4) AppleWebKit/537.36 (KHTML, like Gecko) Chrome/133.0.0.0 Safari/537.36"
159.65.5.161 - - [16/Jun/2026:05:12:19 +0000] "POST /wp-login.php HTTP/1.1" 200 3099 "https://arsmedica.bialystok.pl/wp-login.php" "Mozilla/5.0 (X11; Linux x86_64) Gecko/20100101 Firefox/119.0.1"
159.65.5.161 - - [16/Jun/2026:05:12:20 +0000] "GET /wp-admin/index.php HTTP/1.1" 302 5 "https://arsmedica.bialystok.pl/wp-login.php" "Mozilla/5.0 (X11; Linux x86_64) Gecko/20100101 Firefox/119.0.1"
104.23.254.174 - - [16/Jun/2026:05:12:20 +0000] "GET / HTTP/1.1" 301 178 "-" "Mozilla/5.0 (iPhone; CPU iPhone OS 13_2_3 like Mac OS X) AppleWebKit/605.1.15 (KHTML, like Gecko) Version/13.0.3 Mobile/15E148 Safari/604.1"
159.65.5.161 - - [16/Jun/2026:05:12:20 +0000] "GET /wp-login.php?redirect_to=https%3A%2F%2Farsmedica.bialystok.pl%2Fwp-admin%2Findex.php&reauth=1 HTTP/1.1" 200 2934 "https://arsmedica.bialystok.pl/wp-login.php" "Mozilla/5.0 (X11; Linux x86_64) Gecko/20100101 Firefox/119.0.1"
159.65.5.161 - - [16/Jun/2026:05:12:22 +0000] "POST /wp-login.php HTTP/1.1" 200 3096 "https://arsmedica.bialystok.pl/wp-login.php" "Mozilla/5.0 (X11; Ubuntu; Linux x86_64) AppleWebKit/537.36 (KHTML, like Gecko) Chrome/122.0.6261.57 Safari/537.36"
159.65.5.161 - - [16/Jun/2026:05:12:22 +0000] "GET /wp-admin/index.php HTTP/1.1" 302 5 "https://arsmedica.bialystok.pl/wp-login.php" "Mozilla/5.0 (X11; Ubuntu; Linux x86_64) AppleWebKit/537.36 (KHTML, like Gecko) Chrome/122.0.6261.57 Safari/537.36"
159.65.5.161 - - [16/Jun/2026:05:12:23 +0000] "GET /wp-login.php?redirect_to=https%3A%2F%2Farsmedica.bialystok.pl%2Fwp-admin%2Findex.php&reauth=1 HTTP/1.1" 200 2934 "https://arsmedica.bialystok.pl/wp-login.php" "Mozilla/5.0 (X11; Ubuntu; Linux x86_64) AppleWebKit/537.36 (KHTML, like Gecko) Chrome/122.0.6261.57 Safari/537.36"
159.65.5.161 - - [16/Jun/2026:05:12:25 +0000] "POST /wp-login.php HTTP/1.1" 200 3106 "https://arsmedica.bialystok.pl/wp-login.php" "Mozilla/5.0 (Windows NT 10.0; Win64; x64) Gecko/20100101 Firefox/120.0.1"
159.65.5.161 - - [16/Jun/2026:05:12:25 +0000] "GET /wp-admin/index.php HTTP/1.1" 302 5 "https://arsmedica.bialystok.pl/wp-login.php" "Mozilla/5.0 (Windows NT 10.0; Win64; x64) Gecko/20100101 Firefox/120.0.1"
121.200.216.55 - - [16/Jun/2026:05:12:26 +0000] "GET /wp-login.php HTTP/1.1" 200 3677 "-" "Mozilla/5.0 (X11; Fedora; Linux x86_64) AppleWebKit/537.36 (KHTML, like Gecko) Chrome/133.0.0.0 Safari/537.36"
159.65.5.161 - - [16/Jun/2026:05:12:26 +0000] "GET /wp-login.php?redirect_to=https%3A%2F%2Farsmedica.bialystok.pl%2Fwp-admin%2Findex.php&reauth=1 HTTP/1.1" 200 2934 "https://arsmedica.bialystok.pl/wp-login.php" "Mozilla/5.0 (Windows NT 10.0; Win64; x64) Gecko/20100101 Firefox/120.0.1"
159.65.5.161 - - [16/Jun/2026:05:12:28 +0000] "POST /wp-login.php HTTP/1.1" 200 3096 "https://arsmedica.bialystok.pl/wp-login.php" "Mozilla/5.0 (X11; Linux x86_64) Gecko/20100101 Firefox/120.0.1"
159.65.5.161 - - [16/Jun/2026:05:12:28 +0000] "GET /wp-admin/index.php HTTP/1.1" 302 5 "https://arsmedica.bialystok.pl/wp-login.php" "Mozilla/5.0 (X11; Linux x86_64) Gecko/20100101 Firefox/120.0.1"
121.200.216.55 - - [16/Jun/2026:05:12:29 +0000] "POST /wp-login.php HTTP/1.1" 200 3806 "https://meetingart.pl/wp-login.php" "Mozilla/5.0 (X11; Fedora; Linux x86_64) AppleWebKit/537.36 (KHTML, like Gecko) Chrome/133.0.0.0 Safari/537.36"
159.65.5.161 - - [16/Jun/2026:05:12:29 +0000] "GET /wp-login.php?redirect_to=https%3A%2F%2Farsmedica.bialystok.pl%2Fwp-admin%2Findex.php&reauth=1 HTTP/1.1" 200 2934 "https://arsmedica.bialystok.pl/wp-login.php" "Mozilla/5.0 (X11; Linux x86_64) Gecko/20100101 Firefox/120.0.1"
159.65.5.161 - - [16/Jun/2026:05:12:30 +0000] "POST /wp-login.php HTTP/1.1" 200 3100 "https://arsmedica.bialystok.pl/wp-login.php" "Mozilla/5.0 (Macintosh; Intel Mac OS X 10.15) Gecko/20100101 Firefox/118.0.2"
159.65.5.161 - - [16/Jun/2026:05:12:31 +0000] "GET /wp-admin/index.php HTTP/1.1" 302 5 "https://arsmedica.bialystok.pl/wp-login.php" "Mozilla/5.0 (Macintosh; Intel Mac OS X 10.15) Gecko/20100101 Firefox/118.0.2"
159.65.5.161 - - [16/Jun/2026:05:12:32 +0000] "GET /wp-login.php?redirect_to=https%3A%2F%2Farsmedica.bialystok.pl%2Fwp-admin%2Findex.php&reauth=1 HTTP/1.1" 200 2934 "https://arsmedica.bialystok.pl/wp-login.php" "Mozilla/5.0 (Macintosh; Intel Mac OS X 10.15) Gecko/20100101 Firefox/118.0.2"
159.65.5.161 - - [16/Jun/2026:05:12:33 +0000] "POST /wp-login.php HTTP/1.1" 200 3097 "https://arsmedica.bialystok.pl/wp-login.php" "Mozilla/5.0 (X11; Linux x86_64) Gecko/20100101 Firefox/120.0.1"
159.65.5.161 - - [16/Jun/2026:05:12:34 +0000] "GET /wp-admin/index.php HTTP/1.1" 302 5 "https://arsmedica.bialystok.pl/wp-login.php" "Mozilla/5.0 (X11; Linux x86_64) Gecko/20100101 Firefox/120.0.1"
159.65.5.161 - - [16/Jun/2026:05:12:34 +0000] "GET /wp-login.php?redirect_to=https%3A%2F%2Farsmedica.bialystok.pl%2Fwp-admin%2Findex.php&reauth=1 HTTP/1.1" 200 2934 "https://arsmedica.bialystok.pl/wp-login.php" "Mozilla/5.0 (X11; Linux x86_64) Gecko/20100101 Firefox/120.0.1"
159.65.5.161 - - [16/Jun/2026:05:12:35 +0000] "POST /wp-login.php HTTP/1.1" 200 3103 "https://arsmedica.bialystok.pl/wp-login.php" "Mozilla/5.0 (Windows NT 11.0; Win64; x64) AppleWebKit/537.36 (KHTML, like Gecko) Chrome/118.0.5993.88 Safari/537.36"
159.65.5.161 - - [16/Jun/2026:05:12:36 +0000] "GET /wp-admin/index.php HTTP/1.1" 302 5 "https://arsmedica.bialystok.pl/wp-login.php" "Mozilla/5.0 (Windows NT 11.0; Win64; x64) AppleWebKit/537.36 (KHTML, like Gecko) Chrome/118.0.5993.88 Safari/537.36"
159.65.5.161 - - [16/Jun/2026:05:12:37 +0000] "GET /wp-login.php?redirect_to=https%3A%2F%2Farsmedica.bialystok.pl%2Fwp-admin%2Findex.php&reauth=1 HTTP/1.1" 200 2934 "https://arsmedica.bialystok.pl/wp-login.php" "Mozilla/5.0 (Windows NT 11.0; Win64; x64) AppleWebKit/537.36 (KHTML, like Gecko) Chrome/118.0.5993.88 Safari/537.36"
159.65.5.161 - - [16/Jun/2026:05:12:38 +0000] "POST /wp-login.php HTTP/1.1" 200 3108 "https://arsmedica.bialystok.pl/wp-login.php" "Mozilla/5.0 (X11; Linux x86_64) Gecko/20100101 Firefox/122.0"
159.65.5.161 - - [16/Jun/2026:05:12:39 +0000] "GET /wp-admin/index.php HTTP/1.1" 302 5 "https://arsmedica.bialystok.pl/wp-login.php" "Mozilla/5.0 (X11; Linux x86_64) Gecko/20100101 Firefox/122.0"
57.141.0.18 - - [16/Jun/2026:05:12:39 +0000] "GET /2025/10/31/crazybuzzer-casino-it-2025-review/ HTTP/1.1" 200 45728 "-" "meta-externalagent/1.1 (+https://developers.facebook.com/docs/sharing/webmasters/crawler)"
159.65.5.161 - - [16/Jun/2026:05:12:40 +0000] "GET /wp-login.php?redirect_to=https%3A%2F%2Farsmedica.bialystok.pl%2Fwp-admin%2Findex.php&reauth=1 HTTP/1.1" 200 2934 "https://arsmedica.bialystok.pl/wp-login.php" "Mozilla/5.0 (X11; Linux x86_64) Gecko/20100101 Firefox/122.0"
159.65.5.161 - - [16/Jun/2026:05:12:41 +0000] "POST /wp-login.php HTTP/1.1" 200 3098 "https://arsmedica.bialystok.pl/wp-login.php" "Mozilla/5.0 (Macintosh; Intel Mac OS X 10.15) Gecko/20100101 Firefox/120.0.1"
159.65.5.161 - - [16/Jun/2026:05:12:41 +0000] "GET /wp-admin/index.php HTTP/1.1" 302 5 "https://arsmedica.bialystok.pl/wp-login.php" "Mozilla/5.0 (Macintosh; Intel Mac OS X 10.15) Gecko/20100101 Firefox/120.0.1"
159.65.5.161 - - [16/Jun/2026:05:12:42 +0000] "GET /wp-login.php?redirect_to=https%3A%2F%2Farsmedica.bialystok.pl%2Fwp-admin%2Findex.php&reauth=1 HTTP/1.1" 200 2934 "https://arsmedica.bialystok.pl/wp-login.php" "Mozilla/5.0 (Macintosh; Intel Mac OS X 10.15) Gecko/20100101 Firefox/120.0.1"
159.65.5.161 - - [16/Jun/2026:05:12:43 +0000] "POST /wp-login.php HTTP/1.1" 200 3102 "https://arsmedica.bialystok.pl/wp-login.php" "Mozilla/5.0 (X11; Linux x86_64) Gecko/20100101 Firefox/122.0"
159.65.5.161 - - [16/Jun/2026:05:12:44 +0000] "GET /wp-admin/index.php HTTP/1.1" 302 5 "https://arsmedica.bialystok.pl/wp-login.php" "Mozilla/5.0 (X11; Linux x86_64) Gecko/20100101 Firefox/122.0"
159.65.5.161 - - [16/Jun/2026:05:12:45 +0000] "GET /wp-login.php?redirect_to=https%3A%2F%2Farsmedica.bialystok.pl%2Fwp-admin%2Findex.php&reauth=1 HTTP/1.1" 200 2934 "https://arsmedica.bialystok.pl/wp-login.php" "Mozilla/5.0 (X11; Linux x86_64) Gecko/20100101 Firefox/122.0"
159.65.5.161 - - [16/Jun/2026:05:12:46 +0000] "POST /wp-login.php HTTP/1.1" 200 3098 "https://arsmedica.bialystok.pl/wp-login.php" "Mozilla/5.0 (X11; Linux x86_64) Gecko/20100101 Firefox/118.0.2"
159.65.5.161 - - [16/Jun/2026:05:12:47 +0000] "GET /wp-admin/index.php HTTP/1.1" 302 5 "https://arsmedica.bialystok.pl/wp-login.php" "Mozilla/5.0 (X11; Linux x86_64) Gecko/20100101 Firefox/118.0.2"
43.173.175.42 - - [16/Jun/2026:05:12:47 +0000] "GET /pliki/galerie//51058 HTTP/1.1" 301 178 "-" "Mozilla/5.0 (Windows NT 10.0; Win64; x64) AppleWebKit/537.36 (KHTML, like Gecko) Chrome/110.0.0.0 Safari/537.36"
159.65.5.161 - - [16/Jun/2026:05:12:47 +0000] "GET /wp-login.php?redirect_to=https%3A%2F%2Farsmedica.bialystok.pl%2Fwp-admin%2Findex.php&reauth=1 HTTP/1.1" 200 2934 "https://arsmedica.bialystok.pl/wp-login.php" "Mozilla/5.0 (X11; Linux x86_64) Gecko/20100101 Firefox/118.0.2"
159.65.5.161 - - [16/Jun/2026:05:12:48 +0000] "POST /wp-login.php HTTP/1.1" 200 3100 "https://arsmedica.bialystok.pl/wp-login.php" "Mozilla/5.0 (Windows NT 10.0; Win64; x64) Gecko/20100101 Firefox/120.0.1"
159.65.5.161 - - [16/Jun/2026:05:12:49 +0000] "GET /wp-admin/index.php HTTP/1.1" 302 5 "https://arsmedica.bialystok.pl/wp-login.php" "Mozilla/5.0 (Windows NT 10.0; Win64; x64) Gecko/20100101 Firefox/120.0.1"
159.65.5.161 - - [16/Jun/2026:05:12:50 +0000] "GET /wp-login.php?redirect_to=https%3A%2F%2Farsmedica.bialystok.pl%2Fwp-admin%2Findex.php&reauth=1 HTTP/1.1" 200 2934 "https://arsmedica.bialystok.pl/wp-login.php" "Mozilla/5.0 (Windows NT 10.0; Win64; x64) Gecko/20100101 Firefox/120.0.1"
173.239.240.7 - - [16/Jun/2026:05:12:50 +0000] "POST /wp-login.php HTTP/1.1" 200 10952 "-" "Mozilla/5.0"
159.65.5.161 - - [16/Jun/2026:05:12:51 +0000] "POST /wp-login.php HTTP/1.1" 200 3101 "https://arsmedica.bialystok.pl/wp-login.php" "Mozilla/5.0 (X11; Linux x86_64) Gecko/20100101 Firefox/121.0"
159.65.5.161 - - [16/Jun/2026:05:12:51 +0000] "GET /wp-admin/index.php HTTP/1.1" 302 5 "https://arsmedica.bialystok.pl/wp-login.php" "Mozilla/5.0 (X11; Linux x86_64) Gecko/20100101 Firefox/121.0"
159.65.5.161 - - [16/Jun/2026:05:12:52 +0000] "GET /wp-login.php?redirect_to=https%3A%2F%2Farsmedica.bialystok.pl%2Fwp-admin%2Findex.php&reauth=1 HTTP/1.1" 200 2934 "https://arsmedica.bialystok.pl/wp-login.php" "Mozilla/5.0 (X11; Linux x86_64) Gecko/20100101 Firefox/121.0"
159.65.5.161 - - [16/Jun/2026:05:12:53 +0000] "POST /wp-login.php HTTP/1.1" 200 3100 "https://arsmedica.bialystok.pl/wp-login.php" "Mozilla/5.0 (X11; Linux x86_64) AppleWebKit/537.36 (KHTML, like Gecko) Chrome/121.0.6167.85 Safari/537.36"
159.65.5.161 - - [16/Jun/2026:05:12:54 +0000] "GET /wp-admin/index.php HTTP/1.1" 302 5 "https://arsmedica.bialystok.pl/wp-login.php" "Mozilla/5.0 (X11; Linux x86_64) AppleWebKit/537.36 (KHTML, like Gecko) Chrome/121.0.6167.85 Safari/537.36"
173.239.240.26 - - [16/Jun/2026:05:12:54 +0000] "POST /wp-login.php HTTP/1.1" 200 9864 "-" "Mozilla/5.0"
159.65.5.161 - - [16/Jun/2026:05:12:54 +0000] "GET /wp-login.php?redirect_to=https%3A%2F%2Farsmedica.bialystok.pl%2Fwp-admin%2Findex.php&reauth=1 HTTP/1.1" 200 2934 "https://arsmedica.bialystok.pl/wp-login.php" "Mozilla/5.0 (X11; Linux x86_64) AppleWebKit/537.36 (KHTML, like Gecko) Chrome/121.0.6167.85 Safari/537.36"
159.65.5.161 - - [16/Jun/2026:05:12:56 +0000] "POST /wp-login.php HTTP/1.1" 200 3105 "https://arsmedica.bialystok.pl/wp-login.php" "Mozilla/5.0 (Macintosh; Intel Mac OS X 13_6_2) AppleWebKit/537.36 (KHTML, like Gecko) Chrome/120.0.6099.130 Safari/537.36"
159.65.5.161 - - [16/Jun/2026:05:12:56 +0000] "GET /wp-admin/index.php HTTP/1.1" 302 5 "https://arsmedica.bialystok.pl/wp-login.php" "Mozilla/5.0 (Macintosh; Intel Mac OS X 13_6_2) AppleWebKit/537.36 (KHTML, like Gecko) Chrome/120.0.6099.130 Safari/537.36"
159.65.5.161 - - [16/Jun/2026:05:12:57 +0000] "GET /wp-login.php?redirect_to=https%3A%2F%2Farsmedica.bialystok.pl%2Fwp-admin%2Findex.php&reauth=1 HTTP/1.1" 200 2934 "https://arsmedica.bialystok.pl/wp-login.php" "Mozilla/5.0 (Macintosh; Intel Mac OS X 13_6_2) AppleWebKit/537.36 (KHTML, like Gecko) Chrome/120.0.6099.130 Safari/537.36"
159.65.5.161 - - [16/Jun/2026:05:12:58 +0000] "POST /wp-login.php HTTP/1.1" 200 3098 "https://arsmedica.bialystok.pl/wp-login.php" "Mozilla/5.0 (Macintosh; Intel Mac OS X 10_15_7) AppleWebKit/537.36 (KHTML, like Gecko) Chrome/119.0.6045.159 Safari/537.36"
51.89.39.37 - - [16/Jun/2026:05:12:58 +0000] "GET /?wmo_hc=k7Hx9mQp2wRt HTTP/1.1" 200 119995 "-" "Mozilla/5.0 (Windows NT 10.0; Win64; x64; rv:150.0) Gecko/20100101 Firefox/150.0"
159.65.5.161 - - [16/Jun/2026:05:12:58 +0000] "GET /wp-admin/index.php HTTP/1.1" 302 5 "https://arsmedica.bialystok.pl/wp-login.php" "Mozilla/5.0 (Macintosh; Intel Mac OS X 10_15_7) AppleWebKit/537.36 (KHTML, like Gecko) Chrome/119.0.6045.159 Safari/537.36"
159.65.5.161 - - [16/Jun/2026:05:12:59 +0000] "GET /wp-login.php?redirect_to=https%3A%2F%2Farsmedica.bialystok.pl%2Fwp-admin%2Findex.php&reauth=1 HTTP/1.1" 200 2934 "https://arsmedica.bialystok.pl/wp-login.php" "Mozilla/5.0 (Macintosh; Intel Mac OS X 10_15_7) AppleWebKit/537.36 (KHTML, like Gecko) Chrome/119.0.6045.159 Safari/537.36"
159.65.5.161 - - [16/Jun/2026:05:13:00 +0000] "POST /wp-login.php HTTP/1.1" 200 3100 "https://arsmedica.bialystok.pl/wp-login.php" "Mozilla/5.0 (X11; Linux x86_64) AppleWebKit/537.36 (KHTML, like Gecko) Chrome/118.0.5993.88 Safari/537.36"
159.65.5.161 - - [16/Jun/2026:05:13:01 +0000] "GET /wp-admin/index.php HTTP/1.1" 302 5 "https://arsmedica.bialystok.pl/wp-login.php" "Mozilla/5.0 (X11; Linux x86_64) AppleWebKit/537.36 (KHTML, like Gecko) Chrome/118.0.5993.88 Safari/537.36"
159.65.5.161 - - [16/Jun/2026:05:13:02 +0000] "GET /wp-login.php?redirect_to=https%3A%2F%2Farsmedica.bialystok.pl%2Fwp-admin%2Findex.php&reauth=1 HTTP/1.1" 200 2934 "https://arsmedica.bialystok.pl/wp-login.php" "Mozilla/5.0 (X11; Linux x86_64) AppleWebKit/537.36 (KHTML, like Gecko) Chrome/118.0.5993.88 Safari/537.36"
51.89.39.37 - - [16/Jun/2026:05:13:02 +0000] "GET /blog-verify HTTP/1.1" 404 48320 "-" "Mozilla/5.0 (X11; Linux x86_64; rv:150.0) Gecko/20100101 Firefox/150.0"
159.65.5.161 - - [16/Jun/2026:05:13:03 +0000] "POST /wp-login.php HTTP/1.1" 200 3102 "https://arsmedica.bialystok.pl/wp-login.php" "Mozilla/5.0 (X11; Linux x86_64) AppleWebKit/537.36 (KHTML, like Gecko) Chrome/120.0.6099.130 Safari/537.36"
159.65.5.161 - - [16/Jun/2026:05:13:03 +0000] "GET /wp-admin/index.php HTTP/1.1" 302 5 "https://arsmedica.bialystok.pl/wp-login.php" "Mozilla/5.0 (X11; Linux x86_64) AppleWebKit/537.36 (KHTML, like Gecko) Chrome/120.0.6099.130 Safari/537.36"
159.65.5.161 - - [16/Jun/2026:05:13:04 +0000] "GET /wp-login.php?redirect_to=https%3A%2F%2Farsmedica.bialystok.pl%2Fwp-admin%2Findex.php&reauth=1 HTTP/1.1" 200 2934 "https://arsmedica.bialystok.pl/wp-login.php" "Mozilla/5.0 (X11; Linux x86_64) AppleWebKit/537.36 (KHTML, like Gecko) Chrome/120.0.6099.130 Safari/537.36"
159.65.5.161 - - [16/Jun/2026:05:13:05 +0000] "POST /wp-login.php HTTP/1.1" 200 3096 "https://arsmedica.bialystok.pl/wp-login.php" "Mozilla/5.0 (Windows NT 11.0; Win64; x64) AppleWebKit/537.36 (KHTML, like Gecko) Chrome/120.0.6099.130 Safari/537.36"
159.65.5.161 - - [16/Jun/2026:05:13:06 +0000] "GET /wp-admin/index.php HTTP/1.1" 302 5 "https://arsmedica.bialystok.pl/wp-login.php" "Mozilla/5.0 (Windows NT 11.0; Win64; x64) AppleWebKit/537.36 (KHTML, like Gecko) Chrome/120.0.6099.130 Safari/537.36"
159.65.5.161 - - [16/Jun/2026:05:13:07 +0000] "GET /wp-login.php?redirect_to=https%3A%2F%2Farsmedica.bialystok.pl%2Fwp-admin%2Findex.php&reauth=1 HTTP/1.1" 200 2934 "https://arsmedica.bialystok.pl/wp-login.php" "Mozilla/5.0 (Windows NT 11.0; Win64; x64) AppleWebKit/537.36 (KHTML, like Gecko) Chrome/120.0.6099.130 Safari/537.36"
159.65.5.161 - - [16/Jun/2026:05:13:08 +0000] "POST /wp-login.php HTTP/1.1" 200 3098 "https://arsmedica.bialystok.pl/wp-login.php" "Mozilla/5.0 (Windows NT 10.0; Win64; x64) Gecko/20100101 Firefox/118.0.2"
159.65.5.161 - - [16/Jun/2026:05:13:08 +0000] "GET /wp-admin/index.php HTTP/1.1" 302 5 "https://arsmedica.bialystok.pl/wp-login.php" "Mozilla/5.0 (Windows NT 10.0; Win64; x64) Gecko/20100101 Firefox/118.0.2"
159.65.5.161 - - [16/Jun/2026:05:13:09 +0000] "GET /wp-login.php?redirect_to=https%3A%2F%2Farsmedica.bialystok.pl%2Fwp-admin%2Findex.php&reauth=1 HTTP/1.1" 200 2934 "https://arsmedica.bialystok.pl/wp-login.php" "Mozilla/5.0 (Windows NT 10.0; Win64; x64) Gecko/20100101 Firefox/118.0.2"
159.65.5.161 - - [16/Jun/2026:05:13:10 +0000] "POST /wp-login.php HTTP/1.1" 200 3099 "https://arsmedica.bialystok.pl/wp-login.php" "Mozilla/5.0 (X11; Linux x86_64) Gecko/20100101 Firefox/121.0"
159.65.5.161 - - [16/Jun/2026:05:13:11 +0000] "GET /wp-admin/index.php HTTP/1.1" 302 5 "https://arsmedica.bialystok.pl/wp-login.php" "Mozilla/5.0 (X11; Linux x86_64) Gecko/20100101 Firefox/121.0"
159.65.5.161 - - [16/Jun/2026:05:13:11 +0000] "GET /wp-login.php?redirect_to=https%3A%2F%2Farsmedica.bialystok.pl%2Fwp-admin%2Findex.php&reauth=1 HTTP/1.1" 200 2934 "https://arsmedica.bialystok.pl/wp-login.php" "Mozilla/5.0 (X11; Linux x86_64) Gecko/20100101 Firefox/121.0"
104.23.223.23 - - [16/Jun/2026:05:13:12 +0000] "GET /wp-json/wp/v2/posts HTTP/1.1" 301 178 "-" "Mozilla/5.0 (Windows NT 10.0; Win64; x64) AppleWebKit/537.36 (KHTML, like Gecko) Chrome/120.0.0.0 Safari/537.36"
159.65.5.161 - - [16/Jun/2026:05:13:13 +0000] "POST /wp-login.php HTTP/1.1" 200 3100 "https://arsmedica.bialystok.pl/wp-login.php" "Mozilla/5.0 (Macintosh; Intel Mac OS X 10.15) Gecko/20100101 Firefox/120.0.1"
159.65.5.161 - - [16/Jun/2026:05:13:13 +0000] "GET /wp-admin/index.php HTTP/1.1" 302 5 "https://arsmedica.bialystok.pl/wp-login.php" "Mozilla/5.0 (Macintosh; Intel Mac OS X 10.15) Gecko/20100101 Firefox/120.0.1"
159.65.5.161 - - [16/Jun/2026:05:13:14 +0000] "GET /wp-login.php?redirect_to=https%3A%2F%2Farsmedica.bialystok.pl%2Fwp-admin%2Findex.php&reauth=1 HTTP/1.1" 200 2934 "https://arsmedica.bialystok.pl/wp-login.php" "Mozilla/5.0 (Macintosh; Intel Mac OS X 10.15) Gecko/20100101 Firefox/120.0.1"
159.65.5.161 - - [16/Jun/2026:05:13:15 +0000] "POST /wp-login.php HTTP/1.1" 200 3102 "https://arsmedica.bialystok.pl/wp-login.php" "Mozilla/5.0 (X11; Linux x86_64) Gecko/20100101 Firefox/122.0"
159.65.5.161 - - [16/Jun/2026:05:13:16 +0000] "GET /wp-admin/index.php HTTP/1.1" 302 5 "https://arsmedica.bialystok.pl/wp-login.php" "Mozilla/5.0 (X11; Linux x86_64) Gecko/20100101 Firefox/122.0"
159.65.5.161 - - [16/Jun/2026:05:13:16 +0000] "GET /wp-login.php?redirect_to=https%3A%2F%2Farsmedica.bialystok.pl%2Fwp-admin%2Findex.php&reauth=1 HTTP/1.1" 200 2934 "https://arsmedica.bialystok.pl/wp-login.php" "Mozilla/5.0 (X11; Linux x86_64) Gecko/20100101 Firefox/122.0"
159.65.5.161 - - [16/Jun/2026:05:13:18 +0000] "POST /wp-login.php HTTP/1.1" 200 3099 "https://arsmedica.bialystok.pl/wp-login.php" "Mozilla/5.0 (X11; Linux x86_64) Gecko/20100101 Firefox/119.0.1"
159.65.5.161 - - [16/Jun/2026:05:13:18 +0000] "GET /wp-admin/index.php HTTP/1.1" 302 5 "https://arsmedica.bialystok.pl/wp-login.php" "Mozilla/5.0 (X11; Linux x86_64) Gecko/20100101 Firefox/119.0.1"
159.65.5.161 - - [16/Jun/2026:05:13:19 +0000] "GET /wp-login.php?redirect_to=https%3A%2F%2Farsmedica.bialystok.pl%2Fwp-admin%2Findex.php&reauth=1 HTTP/1.1" 200 2934 "https://arsmedica.bialystok.pl/wp-login.php" "Mozilla/5.0 (X11; Linux x86_64) Gecko/20100101 Firefox/119.0.1"
159.65.5.161 - - [16/Jun/2026:05:13:20 +0000] "POST /wp-login.php HTTP/1.1" 200 3096 "https://arsmedica.bialystok.pl/wp-login.php" "Mozilla/5.0 (X11; Linux x86_64) Gecko/20100101 Firefox/121.0"
159.65.5.161 - - [16/Jun/2026:05:13:21 +0000] "GET /wp-admin/index.php HTTP/1.1" 302 5 "https://arsmedica.bialystok.pl/wp-login.php" "Mozilla/5.0 (X11; Linux x86_64) Gecko/20100101 Firefox/121.0"
159.65.5.161 - - [16/Jun/2026:05:13:22 +0000] "GET /wp-login.php?redirect_to=https%3A%2F%2Farsmedica.bialystok.pl%2Fwp-admin%2Findex.php&reauth=1 HTTP/1.1" 200 2934 "https://arsmedica.bialystok.pl/wp-login.php" "Mozilla/5.0 (X11; Linux x86_64) Gecko/20100101 Firefox/121.0"
159.65.5.161 - - [16/Jun/2026:05:13:23 +0000] "POST /wp-login.php HTTP/1.1" 200 3105 "https://arsmedica.bialystok.pl/wp-login.php" "Mozilla/5.0 (Macintosh; Intel Mac OS X 13_6_2) AppleWebKit/537.36 (KHTML, like Gecko) Chrome/122.0.6261.57 Safari/537.36"
159.65.5.161 - - [16/Jun/2026:05:13:24 +0000] "GET /wp-admin/index.php HTTP/1.1" 302 5 "https://arsmedica.bialystok.pl/wp-login.php" "Mozilla/5.0 (Macintosh; Intel Mac OS X 13_6_2) AppleWebKit/537.36 (KHTML, like Gecko) Chrome/122.0.6261.57 Safari/537.36"
159.65.5.161 - - [16/Jun/2026:05:13:24 +0000] "GET /wp-login.php?redirect_to=https%3A%2F%2Farsmedica.bialystok.pl%2Fwp-admin%2Findex.php&reauth=1 HTTP/1.1" 200 2934 "https://arsmedica.bialystok.pl/wp-login.php" "Mozilla/5.0 (Macintosh; Intel Mac OS X 13_6_2) AppleWebKit/537.36 (KHTML, like Gecko) Chrome/122.0.6261.57 Safari/537.36"
159.65.5.161 - - [16/Jun/2026:05:13:26 +0000] "POST /wp-login.php HTTP/1.1" 200 3098 "https://arsmedica.bialystok.pl/wp-login.php" "Mozilla/5.0 (Windows NT 10.0; Win64; x64) Gecko/20100101 Firefox/121.0"
159.65.5.161 - - [16/Jun/2026:05:13:26 +0000] "GET /wp-admin/index.php HTTP/1.1" 302 5 "https://arsmedica.bialystok.pl/wp-login.php" "Mozilla/5.0 (Windows NT 10.0; Win64; x64) Gecko/20100101 Firefox/121.0"
159.65.5.161 - - [16/Jun/2026:05:13:27 +0000] "GET /wp-login.php?redirect_to=https%3A%2F%2Farsmedica.bialystok.pl%2Fwp-admin%2Findex.php&reauth=1 HTTP/1.1" 200 2934 "https://arsmedica.bialystok.pl/wp-login.php" "Mozilla/5.0 (Windows NT 10.0; Win64; x64) Gecko/20100101 Firefox/121.0"
159.65.5.161 - - [16/Jun/2026:05:13:28 +0000] "POST /wp-login.php HTTP/1.1" 200 3102 "https://arsmedica.bialystok.pl/wp-login.php" "Mozilla/5.0 (Macintosh; Intel Mac OS X 10.15) Gecko/20100101 Firefox/119.0.1"
159.65.5.161 - - [16/Jun/2026:05:13:29 +0000] "GET /wp-admin/index.php HTTP/1.1" 302 5 "https://arsmedica.bialystok.pl/wp-login.php" "Mozilla/5.0 (Macintosh; Intel Mac OS X 10.15) Gecko/20100101 Firefox/119.0.1"
159.65.5.161 - - [16/Jun/2026:05:13:29 +0000] "GET /wp-login.php?redirect_to=https%3A%2F%2Farsmedica.bialystok.pl%2Fwp-admin%2Findex.php&reauth=1 HTTP/1.1" 200 2934 "https://arsmedica.bialystok.pl/wp-login.php" "Mozilla/5.0 (Macintosh; Intel Mac OS X 10.15) Gecko/20100101 Firefox/119.0.1"
159.65.5.161 - - [16/Jun/2026:05:13:31 +0000] "POST /wp-login.php HTTP/1.1" 200 3097 "https://arsmedica.bialystok.pl/wp-login.php" "Mozilla/5.0 (Windows NT 10.0; Win64; x64) Gecko/20100101 Firefox/119.0.1"
159.65.5.161 - - [16/Jun/2026:05:13:31 +0000] "GET /wp-admin/index.php HTTP/1.1" 302 5 "https://arsmedica.bialystok.pl/wp-login.php" "Mozilla/5.0 (Windows NT 10.0; Win64; x64) Gecko/20100101 Firefox/119.0.1"
159.65.5.161 - - [16/Jun/2026:05:13:32 +0000] "GET /wp-login.php?redirect_to=https%3A%2F%2Farsmedica.bialystok.pl%2Fwp-admin%2Findex.php&reauth=1 HTTP/1.1" 200 2934 "https://arsmedica.bialystok.pl/wp-login.php" "Mozilla/5.0 (Windows NT 10.0; Win64; x64) Gecko/20100101 Firefox/119.0.1"
104.223.7.132 - - [16/Jun/2026:05:13:32 +0000] "GET /2025/10/01/doubledown-casino-bonus-senza-deposito/ HTTP/1.1" 200 14224 "-" "Mozilla/5.0 (Linux; Android 8.0; Pixel 2 Build/OPD3.170816.012) AppleWebKit/537.36 (KHTML, like Gecko) Chrome/54.0.7736.1740 Mobile Safari/537.36"
104.223.7.132 - - [16/Jun/2026:05:13:33 +0000] "GET /wp-content/themes/kadence/assets/css/global.min.css?ver=1.5.0 HTTP/1.1" 200 5414 "https://www.arsmedica.bialystok.pl/2025/10/01/doubledown-casino-bonus-senza-deposito/" "Mozilla/5.0 (Linux; Android 8.0; Pixel 2 Build/OPD3.170816.012) AppleWebKit/537.36 (KHTML, like Gecko) Chrome/54.0.7736.1740 Mobile Safari/537.36"
104.223.7.132 - - [16/Jun/2026:05:13:33 +0000] "GET /wp-content/themes/kadence/assets/css/header.min.css?ver=1.5.0 HTTP/1.1" 200 4510 "https://www.arsmedica.bialystok.pl/2025/10/01/doubledown-casino-bonus-senza-deposito/" "Mozilla/5.0 (Linux; Android 8.0; Pixel 2 Build/OPD3.170816.012) AppleWebKit/537.36 (KHTML, like Gecko) Chrome/54.0.7736.1740 Mobile Safari/537.36"
159.65.5.161 - - [16/Jun/2026:05:13:33 +0000] "POST /wp-login.php HTTP/1.1" 200 3100 "https://arsmedica.bialystok.pl/wp-login.php" "Mozilla/5.0 (Macintosh; Intel Mac OS X 10.15) Gecko/20100101 Firefox/119.0.1"
159.65.5.161 - - [16/Jun/2026:05:13:34 +0000] "GET /wp-admin/index.php HTTP/1.1" 302 5 "https://arsmedica.bialystok.pl/wp-login.php" "Mozilla/5.0 (Macintosh; Intel Mac OS X 10.15) Gecko/20100101 Firefox/119.0.1"
159.65.5.161 - - [16/Jun/2026:05:13:34 +0000] "GET /wp-login.php?redirect_to=https%3A%2F%2Farsmedica.bialystok.pl%2Fwp-admin%2Findex.php&reauth=1 HTTP/1.1" 200 2934 "https://arsmedica.bialystok.pl/wp-login.php" "Mozilla/5.0 (Macintosh; Intel Mac OS X 10.15) Gecko/20100101 Firefox/119.0.1"
159.65.5.161 - - [16/Jun/2026:05:13:36 +0000] "POST /wp-login.php HTTP/1.1" 200 3099 "https://arsmedica.bialystok.pl/wp-login.php" "Mozilla/5.0 (Macintosh; Intel Mac OS X 10_15_7) AppleWebKit/537.36 (KHTML, like Gecko) Chrome/119.0.6045.159 Safari/537.36"
159.65.5.161 - - [16/Jun/2026:05:13:36 +0000] "GET /wp-admin/index.php HTTP/1.1" 302 5 "https://arsmedica.bialystok.pl/wp-login.php" "Mozilla/5.0 (Macintosh; Intel Mac OS X 10_15_7) AppleWebKit/537.36 (KHTML, like Gecko) Chrome/119.0.6045.159 Safari/537.36"
159.65.5.161 - - [16/Jun/2026:05:13:37 +0000] "GET /wp-login.php?redirect_to=https%3A%2F%2Farsmedica.bialystok.pl%2Fwp-admin%2Findex.php&reauth=1 HTTP/1.1" 200 2934 "https://arsmedica.bialystok.pl/wp-login.php" "Mozilla/5.0 (Macintosh; Intel Mac OS X 10_15_7) AppleWebKit/537.36 (KHTML, like Gecko) Chrome/119.0.6045.159 Safari/537.36"
159.65.5.161 - - [16/Jun/2026:05:13:38 +0000] "POST /wp-login.php HTTP/1.1" 200 3097 "https://arsmedica.bialystok.pl/wp-login.php" "Mozilla/5.0 (X11; Linux x86_64) AppleWebKit/537.36 (KHTML, like Gecko) Chrome/118.0.5993.88 Safari/537.36"
159.65.5.161 - - [16/Jun/2026:05:13:39 +0000] "GET /wp-admin/index.php HTTP/1.1" 302 5 "https://arsmedica.bialystok.pl/wp-login.php" "Mozilla/5.0 (X11; Linux x86_64) AppleWebKit/537.36 (KHTML, like Gecko) Chrome/118.0.5993.88 Safari/537.36"
159.65.5.161 - - [16/Jun/2026:05:13:39 +0000] "GET /wp-login.php?redirect_to=https%3A%2F%2Farsmedica.bialystok.pl%2Fwp-admin%2Findex.php&reauth=1 HTTP/1.1" 200 2934 "https://arsmedica.bialystok.pl/wp-login.php" "Mozilla/5.0 (X11; Linux x86_64) AppleWebKit/537.36 (KHTML, like Gecko) Chrome/118.0.5993.88 Safari/537.36"
159.65.5.161 - - [16/Jun/2026:05:13:40 +0000] "POST /wp-login.php HTTP/1.1" 200 3099 "https://arsmedica.bialystok.pl/wp-login.php" "Mozilla/5.0 (X11; Linux x86_64) AppleWebKit/537.36 (KHTML, like Gecko) Chrome/122.0.6261.57 Safari/537.36"
159.65.5.161 - - [16/Jun/2026:05:13:41 +0000] "GET /wp-admin/index.php HTTP/1.1" 302 5 "https://arsmedica.bialystok.pl/wp-login.php" "Mozilla/5.0 (X11; Linux x86_64) AppleWebKit/537.36 (KHTML, like Gecko) Chrome/122.0.6261.57 Safari/537.36"
159.65.5.161 - - [16/Jun/2026:05:13:41 +0000] "GET /wp-login.php?redirect_to=https%3A%2F%2Farsmedica.bialystok.pl%2Fwp-admin%2Findex.php&reauth=1 HTTP/1.1" 200 2934 "https://arsmedica.bialystok.pl/wp-login.php" "Mozilla/5.0 (X11; Linux x86_64) AppleWebKit/537.36 (KHTML, like Gecko) Chrome/122.0.6261.57 Safari/537.36"
176.61.149.165 - - [16/Jun/2026:05:13:41 +0000] "GET /wp-login.php HTTP/1.1" 200 2922 "-" "Mozilla/5.0 (Macintosh; Intel Mac OS X 11_7_10) AppleWebKit/537.36 (KHTML, like Gecko) Chrome/133.0.0.0 Safari/537.36"
136.119.129.236 - - [16/Jun/2026:05:13:42 +0000] "HEAD /2025/10/01/casino-valle-d-aosta HTTP/1.1" 301 0 "-" "Mozilla/5.0 AppleWebKit/537.36 (KHTML, like Gecko); compatible; ShapBot/0.1.0"
176.61.149.165 - - [16/Jun/2026:05:13:42 +0000] "POST /wp-login.php HTTP/1.1" 200 3109 "https://arsmedica.bialystok.pl/wp-login.php" "Mozilla/5.0 (Macintosh; Intel Mac OS X 11_7_10) AppleWebKit/537.36 (KHTML, like Gecko) Chrome/133.0.0.0 Safari/537.36"
159.65.5.161 - - [16/Jun/2026:05:13:43 +0000] "POST /wp-login.php HTTP/1.1" 200 3099 "https://arsmedica.bialystok.pl/wp-login.php" "Mozilla/5.0 (Windows NT 11.0; Win64; x64) AppleWebKit/537.36 (KHTML, like Gecko) Chrome/122.0.6261.57 Safari/537.36"
159.65.5.161 - - [16/Jun/2026:05:13:43 +0000] "GET /wp-admin/index.php HTTP/1.1" 302 5 "https://arsmedica.bialystok.pl/wp-login.php" "Mozilla/5.0 (Windows NT 11.0; Win64; x64) AppleWebKit/537.36 (KHTML, like Gecko) Chrome/122.0.6261.57 Safari/537.36"
136.119.129.236 - - [16/Jun/2026:05:13:44 +0000] "HEAD /2025/10/01/casino-valle-d-aosta HTTP/1.1" 301 0 "-" "Mozilla/5.0 AppleWebKit/537.36 (KHTML, like Gecko); compatible; ShapBot/0.1.0"
159.65.5.161 - - [16/Jun/2026:05:13:44 +0000] "GET /wp-login.php?redirect_to=https%3A%2F%2Farsmedica.bialystok.pl%2Fwp-admin%2Findex.php&reauth=1 HTTP/1.1" 200 2934 "https://arsmedica.bialystok.pl/wp-login.php" "Mozilla/5.0 (Windows NT 11.0; Win64; x64) AppleWebKit/537.36 (KHTML, like Gecko) Chrome/122.0.6261.57 Safari/537.36"
136.119.129.236 - - [16/Jun/2026:05:13:44 +0000] "HEAD /2025/10/01/casino-valle-d-aosta/ HTTP/1.1" 200 0 "-" "Mozilla/5.0 AppleWebKit/537.36 (KHTML, like Gecko); compatible; ShapBot/0.1.0"
136.119.129.236 - - [16/Jun/2026:05:13:45 +0000] "GET /2025/10/01/casino-valle-d-aosta HTTP/1.1" 301 5 "-" "Mozilla/5.0 AppleWebKit/537.36 (KHTML, like Gecko); compatible; ShapBot/0.1.0"
159.65.5.161 - - [16/Jun/2026:05:13:45 +0000] "POST /wp-login.php HTTP/1.1" 302 5 "https://arsmedica.bialystok.pl/wp-login.php" "Mozilla/5.0 (Windows NT 10.0; Win64; x64) Gecko/20100101 Firefox/118.0.2"
136.119.129.236 - - [16/Jun/2026:05:13:46 +0000] "GET /2025/10/01/casino-valle-d-aosta/ HTTP/1.1" 200 13925 "-" "Mozilla/5.0 AppleWebKit/537.36 (KHTML, like Gecko); compatible; ShapBot/0.1.0"
159.65.5.161 - - [16/Jun/2026:05:13:46 +0000] "GET /wp-login.php?redirect_to=https%3A%2F%2Farsmedica.bialystok.pl%2Fwp-admin%2F&action=confirm_admin_email&wp_lang=pl_PL HTTP/1.1" 200 1589 "https://arsmedica.bialystok.pl/wp-login.php" "Mozilla/5.0 (Windows NT 10.0; Win64; x64) Gecko/20100101 Firefox/118.0.2"
159.65.5.161 - - [16/Jun/2026:05:13:47 +0000] "GET /wp-admin/index.php HTTP/1.1" 200 38528 "https://arsmedica.bialystok.pl/wp-login.php" "Mozilla/5.0 (Windows NT 10.0; Win64; x64) Gecko/20100101 Firefox/118.0.2"
159.65.5.161 - - [16/Jun/2026:05:13:48 +0000] "GET /wp-admin/profile.php HTTP/1.1" 200 31253 "https://arsmedica.bialystok.pl/wp-login.php" "Mozilla/5.0 (Windows NT 10.0; Win64; x64) Gecko/20100101 Firefox/118.0.2"
185.191.171.1 - - [16/Jun/2026:05:13:48 +0000] "GET /czy-warto-zamontowac-stacje-ladowania-samochodow-elektrycznych-w-firmie/ HTTP/1.1" 200 32619 "-" "Mozilla/5.0 (compatible; SemrushBot/7~bl; +http://www.semrush.com/bot.html)"
159.65.5.161 - - [16/Jun/2026:05:13:49 +0000] "GET /wp-admin/plugin-install.php?tab=upload HTTP/1.1" 200 22197 "-" "Mozilla/5.0 (Macintosh; Intel Mac OS X 10_15_7) AppleWebKit/537.36 (KHTML, like Gecko) Chrome/120.0.6099.130 Safari/537.36"
57.141.0.50 - - [16/Jun/2026:05:13:49 +0000] "GET /2025/10/31/giochi-di-carte-e-casino-snai/ HTTP/1.1" 200 46679 "-" "meta-externalagent/1.1 (+https://developers.facebook.com/docs/sharing/webmasters/crawler)"
159.65.5.161 - - [16/Jun/2026:05:13:52 +0000] "POST /wp-admin/update.php?action=upload-plugin HTTP/1.1" 200 18202 "-" "Mozilla/5.0 (Windows NT 10.0; Win64; x64) Gecko/20100101 Firefox/119.0.1"
159.65.5.161 - - [16/Jun/2026:05:13:53 +0000] "GET /wp-content/plugins/uwosftq/index.php HTTP/1.1" 403 133 "-" "Mozilla/5.0 (Macintosh; Intel Mac OS X 10.15) Gecko/20100101 Firefox/118.0.2"
159.65.5.161 - - [16/Jun/2026:05:13:55 +0000] "GET /wp-admin/plugin-install.php?s=File+Manager&tab=search&type=term HTTP/1.1" 200 31896 "-" "Mozilla/5.0 (X11; Linux x86_64) Gecko/20100101 Firefox/119.0.1"
159.65.5.161 - - [16/Jun/2026:05:13:56 +0000] "GET /wp-admin/admin.php?page=wp_file_manager HTTP/1.1" 200 21170 "-" "Mozilla/5.0 (X11; Linux x86_64) AppleWebKit/537.36 (KHTML, like Gecko) Chrome/118.0.5993.88 Safari/537.36"
159.65.5.161 - - [16/Jun/2026:05:13:57 +0000] "POST /wp-admin/admin-ajax.php HTTP/1.1" 200 100 "-" "Mozilla/5.0 (Macintosh; Intel Mac OS X 10_15_7) AppleWebKit/537.36 (KHTML, like Gecko) Chrome/120.0.6099.130 Safari/537.36"
159.65.5.161 - - [16/Jun/2026:05:13:58 +0000] "GET /gkobxetp.php HTTP/1.1" 404 194 "-" "Mozilla/5.0 (Windows NT 10.0; Win64; x64) AppleWebKit/537.36 (KHTML, like Gecko) Chrome/122.0.6261.57 Safari/537.36"
159.65.5.161 - - [16/Jun/2026:05:13:58 +0000] "GET /wp-admin/theme-install.php?tab=upload HTTP/1.1" 200 25723 "-" "Mozilla/5.0 (Macintosh; Intel Mac OS X 10.15) Gecko/20100101 Firefox/119.0.1"
