52.205.222.214 - - [16/Jun/2026:04:22:41 +0000] "GET /newcastle-casino-au-promo-code/feed/ HTTP/1.1" 200 851 "-" "Mozilla/5.0 AppleWebKit/537.36 (KHTML, like Gecko; compatible; Amazonbot/0.1; +https://developer.amazon.com/support/amazonbot) Chrome/119.0.6045.214 Safari/537.36"
18.232.11.247 - - [16/Jun/2026:04:22:44 +0000] "GET /category/blog/page/1370/ HTTP/1.1" 200 25323 "-" "Mozilla/5.0 AppleWebKit/537.36 (KHTML, like Gecko; compatible; Amazonbot/0.1; +https://developer.amazon.com/support/amazonbot) Chrome/119.0.6045.214 Safari/537.36"
114.119.132.242 - - [16/Jun/2026:04:22:45 +0000] "GET /index.php?go=images/zaproszenia/paski HTTP/1.1" 301 178 "http://abagraf.com.pl/index.php?go=images%2Fzaproszenia%2Fpas%2Fkrop" "Mozilla/5.0 (Linux; Android 7.0;) AppleWebKit/537.36 (HTML, like Gecko) Mobile Safari/537.36 (compatible; PetalBot;+https://webmaster.petalsearch.com/site/petalbot)"
3.220.70.171 - - [16/Jun/2026:04:22:48 +0000] "GET /3758-2/feed/ HTTP/1.1" 200 773 "-" "Mozilla/5.0 AppleWebKit/537.36 (KHTML, like Gecko; compatible; Amazonbot/0.1; +https://developer.amazon.com/support/amazonbot) Chrome/119.0.6045.214 Safari/537.36"
100.28.133.214 - - [16/Jun/2026:04:22:52 +0000] "GET /wp-json/oembed/1.0/embed?url=https://ideapv.pl/9171-2/ HTTP/1.1" 200 1023 "-" "Mozilla/5.0 AppleWebKit/537.36 (KHTML, like Gecko; compatible; Amazonbot/0.1; +https://developer.amazon.com/support/amazonbot) Chrome/119.0.6045.214 Safari/537.36"
3.93.253.174 - - [16/Jun/2026:04:22:57 +0000] "GET /uptown-pokies-australia-review/feed/ HTTP/1.1" 200 851 "-" "Mozilla/5.0 AppleWebKit/537.36 (KHTML, like Gecko; compatible; Amazonbot/0.1; +https://developer.amazon.com/support/amazonbot) Chrome/119.0.6045.214 Safari/537.36"
74.7.229.148 - - [16/Jun/2026:04:22:58 +0000] "GET /sitemap_index.xml HTTP/1.1" 404 9899 "-" "Mozilla/5.0 (Macintosh; Intel Mac OS X 10_15_7) AppleWebKit/537.36 (KHTML, like Gecko) Chrome/131.0.0.0 Safari/537.36; compatible; OAI-SearchBot/1.4; +https://openai.com/searchbot"
50.19.79.213 - - [16/Jun/2026:04:23:00 +0000] "GET /quechan-casino-in-yuma-au-6/ HTTP/1.1" 200 28468 "-" "Mozilla/5.0 AppleWebKit/537.36 (KHTML, like Gecko; compatible; Amazonbot/0.1; +https://developer.amazon.com/support/amazonbot) Chrome/119.0.6045.214 Safari/537.36"
172.71.203.136 - - [16/Jun/2026:04:23:02 +0000] "GET / HTTP/1.1" 200 21569 "https://www.google.com/search?q=meetingart.pl" "Mozilla/5.0 (Windows NT 10.0; Win64; x64; rv:133.0) Gecko/20100101 Firefox/133.0"
23.21.148.226 - - [16/Jun/2026:04:23:04 +0000] "GET /free-pokies-downloads-2/ HTTP/1.1" 200 27697 "-" "Mozilla/5.0 AppleWebKit/537.36 (KHTML, like Gecko; compatible; Amazonbot/0.1; +https://developer.amazon.com/support/amazonbot) Chrome/119.0.6045.214 Safari/537.36"
18.213.240.226 - - [16/Jun/2026:04:23:08 +0000] "GET /author/webuser/page/1619/ HTTP/1.1" 200 25435 "-" "Mozilla/5.0 AppleWebKit/537.36 (KHTML, like Gecko; compatible; Amazonbot/0.1; +https://developer.amazon.com/support/amazonbot) Chrome/119.0.6045.214 Safari/537.36"
193.169.175.68 - - [16/Jun/2026:04:23:12 +0000] "GET /2025/10/01/casino-top/ HTTP/1.1" 200 14257 "-" "Mozilla/5.0 (Linux; Android 8.0; Pixel 2 Build/OPD3.170816.012) AppleWebKit/537.36 (KHTML, like Gecko) Chrome/44.0.1170.1414 Mobile Safari/537.36"
52.45.77.169 - - [16/Jun/2026:04:23:12 +0000] "GET /wp-json/wp/v2/posts/5233 HTTP/1.1" 200 2447 "-" "Mozilla/5.0 AppleWebKit/537.36 (KHTML, like Gecko; compatible; Amazonbot/0.1; +https://developer.amazon.com/support/amazonbot) Chrome/119.0.6045.214 Safari/537.36"
52.5.242.243 - - [16/Jun/2026:04:23:16 +0000] "GET /11525-2/feed/ HTTP/1.1" 200 775 "-" "Mozilla/5.0 AppleWebKit/537.36 (KHTML, like Gecko; compatible; Amazonbot/0.1; +https://developer.amazon.com/support/amazonbot) Chrome/119.0.6045.214 Safari/537.36"
3.93.98.99 - - [16/Jun/2026:04:23:20 +0000] "GET /11204-2/ HTTP/1.1" 200 28195 "-" "Mozilla/5.0 AppleWebKit/537.36 (KHTML, like Gecko; compatible; Amazonbot/0.1; +https://developer.amazon.com/support/amazonbot) Chrome/119.0.6045.214 Safari/537.36"
3.213.106.226 - - [16/Jun/2026:04:23:24 +0000] "GET /wp-json/wp/v2/posts/18314 HTTP/1.1" 200 3031 "-" "Mozilla/5.0 AppleWebKit/537.36 (KHTML, like Gecko; compatible; Amazonbot/0.1; +https://developer.amazon.com/support/amazonbot) Chrome/119.0.6045.214 Safari/537.36"
44.205.192.249 - - [16/Jun/2026:04:23:30 +0000] "GET /15995-2/ HTTP/1.1" 200 28684 "-" "Mozilla/5.0 AppleWebKit/537.36 (KHTML, like Gecko; compatible; Amazonbot/0.1; +https://developer.amazon.com/support/amazonbot) Chrome/119.0.6045.214 Safari/537.36"
98.84.70.201 - - [16/Jun/2026:04:23:33 +0000] "GET /10-deposit-bonus-au/ HTTP/1.1" 200 28050 "-" "Mozilla/5.0 AppleWebKit/537.36 (KHTML, like Gecko; compatible; Amazonbot/0.1; +https://developer.amazon.com/support/amazonbot) Chrome/119.0.6045.214 Safari/537.36"
18.207.89.138 - - [16/Jun/2026:04:23:37 +0000] "GET /casinos-in-pocono-mountains-nz-2/feed/ HTTP/1.1" 200 855 "-" "Mozilla/5.0 AppleWebKit/537.36 (KHTML, like Gecko; compatible; Amazonbot/0.1; +https://developer.amazon.com/support/amazonbot) Chrome/119.0.6045.214 Safari/537.36"
3.235.215.92 - - [16/Jun/2026:04:23:41 +0000] "GET /wp-json/oembed/1.0/embed?format=xml&url=https://ideapv.pl/9292-2/ HTTP/1.1" 200 1056 "-" "Mozilla/5.0 AppleWebKit/537.36 (KHTML, like Gecko; compatible; Amazonbot/0.1; +https://developer.amazon.com/support/amazonbot) Chrome/119.0.6045.214 Safari/537.36"
172.71.99.198 - - [16/Jun/2026:04:23:41 +0000] "GET / HTTP/1.1" 301 178 "-" "Mozilla/5.0 (iPhone; CPU iPhone OS 13_2_3 like Mac OS X) AppleWebKit/605.1.15 (KHTML, like Gecko) Version/13.0.3 Mobile/15E148 Safari/604.1"
52.71.46.142 - - [16/Jun/2026:04:23:44 +0000] "GET /wp-json/wp/v2/posts/8378 HTTP/1.1" 200 3212 "-" "Mozilla/5.0 AppleWebKit/537.36 (KHTML, like Gecko; compatible; Amazonbot/0.1; +https://developer.amazon.com/support/amazonbot) Chrome/119.0.6045.214 Safari/537.36"
34.204.150.196 - - [16/Jun/2026:04:23:49 +0000] "GET /category/blog/page/897/ HTTP/1.1" 200 25267 "-" "Mozilla/5.0 AppleWebKit/537.36 (KHTML, like Gecko; compatible; Amazonbot/0.1; +https://developer.amazon.com/support/amazonbot) Chrome/119.0.6045.214 Safari/537.36"
34.226.89.140 - - [16/Jun/2026:04:23:52 +0000] "GET /wp-json/oembed/1.0/embed?format=xml&url=https://ideapv.pl/top-online-pokies-and-casinos-10-irish-2/ HTTP/1.1" 200 1114 "-" "Mozilla/5.0 AppleWebKit/537.36 (KHTML, like Gecko; compatible; Amazonbot/0.1; +https://developer.amazon.com/support/amazonbot) Chrome/119.0.6045.214 Safari/537.36"
34.238.45.183 - - [16/Jun/2026:04:23:57 +0000] "GET /6623-2/ HTTP/1.1" 200 27753 "-" "Mozilla/5.0 AppleWebKit/537.36 (KHTML, like Gecko; compatible; Amazonbot/0.1; +https://developer.amazon.com/support/amazonbot) Chrome/119.0.6045.214 Safari/537.36"
18.215.24.66 - - [16/Jun/2026:04:24:00 +0000] "GET /wp-json/oembed/1.0/embed?url=https://ideapv.pl/3950-2/ HTTP/1.1" 200 1023 "-" "Mozilla/5.0 AppleWebKit/537.36 (KHTML, like Gecko; compatible; Amazonbot/0.1; +https://developer.amazon.com/support/amazonbot) Chrome/119.0.6045.214 Safari/537.36"
95.108.213.98 - - [16/Jun/2026:04:24:02 +0000] "GET /robots.txt HTTP/1.1" 200 124 "-" "Mozilla/5.0 (compatible; YandexBot/3.0; +http://yandex.com/bots)"
57.141.0.41 - - [16/Jun/2026:04:24:02 +0000] "GET /2025/10/31/wire-transfer-casino-bonus-senza-deposito/ HTTP/1.1" 200 45832 "-" "meta-externalagent/1.1 (+https://developers.facebook.com/docs/sharing/webmasters/crawler)"
5.255.231.15 - - [16/Jun/2026:04:24:03 +0000] "GET /wp-content/uploads/2018/12/cropped-ideaPV_logo-32x32.png HTTP/1.1" 301 5 "-" "Mozilla/5.0 (compatible; YandexFavicons/1.0; +http://yandex.com/bots)"
87.250.224.223 - - [16/Jun/2026:04:24:04 +0000] "GET / HTTP/1.1" 200 29156 "-" "Mozilla/5.0 (compatible; YandexFavicons/1.0; +http://yandex.com/bots)"
54.87.62.248 - - [16/Jun/2026:04:24:04 +0000] "GET /wp-json/wp/v2/posts/12005 HTTP/1.1" 200 2831 "-" "Mozilla/5.0 AppleWebKit/537.36 (KHTML, like Gecko; compatible; Amazonbot/0.1; +https://developer.amazon.com/support/amazonbot) Chrome/119.0.6045.214 Safari/537.36"
44.207.69.106 - - [16/Jun/2026:04:24:08 +0000] "GET /wp-json/oembed/1.0/embed?url=https://ideapv.pl/10205-2/ HTTP/1.1" 200 1024 "-" "Mozilla/5.0 AppleWebKit/537.36 (KHTML, like Gecko; compatible; Amazonbot/0.1; +https://developer.amazon.com/support/amazonbot) Chrome/119.0.6045.214 Safari/537.36"
52.3.156.186 - - [16/Jun/2026:04:24:12 +0000] "GET /16541-2/feed/ HTTP/1.1" 200 775 "-" "Mozilla/5.0 AppleWebKit/537.36 (KHTML, like Gecko; compatible; Amazonbot/0.1; +https://developer.amazon.com/support/amazonbot) Chrome/119.0.6045.214 Safari/537.36"
52.200.142.199 - - [16/Jun/2026:04:24:16 +0000] "GET /4882-2/ HTTP/1.1" 200 27620 "-" "Mozilla/5.0 AppleWebKit/537.36 (KHTML, like Gecko; compatible; Amazonbot/0.1; +https://developer.amazon.com/support/amazonbot) Chrome/119.0.6045.214 Safari/537.36"
35.173.18.61 - - [16/Jun/2026:04:24:20 +0000] "GET /wp-json/oembed/1.0/embed?format=xml&url=https://ideapv.pl/gaming-au-pokies-3/ HTTP/1.1" 200 1083 "-" "Mozilla/5.0 AppleWebKit/537.36 (KHTML, like Gecko; compatible; Amazonbot/0.1; +https://developer.amazon.com/support/amazonbot) Chrome/119.0.6045.214 Safari/537.36"
198.244.242.245 - - [16/Jun/2026:04:24:24 +0000] "GET /shopbrand/1518224993.shtm HTTP/1.1" 301 5 "-" "Mozilla/5.0 (compatible; AhrefsBot/7.0; +http://ahrefs.com/robot/)"
34.196.6.199 - - [16/Jun/2026:04:24:25 +0000] "GET /wp-json/oembed/1.0/embed?url=https://ideapv.pl/1620-2/ HTTP/1.1" 200 1023 "-" "Mozilla/5.0 AppleWebKit/537.36 (KHTML, like Gecko; compatible; Amazonbot/0.1; +https://developer.amazon.com/support/amazonbot) Chrome/119.0.6045.214 Safari/537.36"
54.84.102.81 - - [16/Jun/2026:04:24:28 +0000] "GET /wp-json/oembed/1.0/embed?format=xml&url=https://ideapv.pl/emerald-princess-ii-casino-2/ HTTP/1.1" 200 1095 "-" "Mozilla/5.0 AppleWebKit/537.36 (KHTML, like Gecko; compatible; Amazonbot/0.1; +https://developer.amazon.com/support/amazonbot) Chrome/119.0.6045.214 Safari/537.36"
44.194.134.53 - - [16/Jun/2026:04:24:33 +0000] "GET /wp-json/oembed/1.0/embed?format=xml&url=https://ideapv.pl/real-gambling-apps-au-6/ HTTP/1.1" 200 1088 "-" "Mozilla/5.0 AppleWebKit/537.36 (KHTML, like Gecko; compatible; Amazonbot/0.1; +https://developer.amazon.com/support/amazonbot) Chrome/119.0.6045.214 Safari/537.36"
44.205.74.196 - - [16/Jun/2026:04:24:36 +0000] "GET /wp-json/oembed/1.0/embed?format=xml&url=https://ideapv.pl/can-i-get-my-money-back-from-online-gambling-au/ HTTP/1.1" 200 1129 "-" "Mozilla/5.0 AppleWebKit/537.36 (KHTML, like Gecko; compatible; Amazonbot/0.1; +https://developer.amazon.com/support/amazonbot) Chrome/119.0.6045.214 Safari/537.36"
185.180.141.53 - - [16/Jun/2026:04:24:38 +0000] "GET / HTTP/1.1" 301 178 "-" "Mozilla/5.0 AppleWebKit/537.36 (KHTML, like Gecko) Chrome/123.0.6312.86 Safari/537.36"
185.180.141.55 - - [16/Jun/2026:04:24:40 +0000] "GET / HTTP/1.1" 200 21569 "http://meetingart.pl/" "Mozilla/5.0 AppleWebKit/537.36 (KHTML, like Gecko) Chrome/123.0.6312.86 Safari/537.36"
35.172.125.172 - - [16/Jun/2026:04:24:40 +0000] "GET /wp-json/oembed/1.0/embed?format=xml&url=https://ideapv.pl/11525-2/ HTTP/1.1" 200 1058 "-" "Mozilla/5.0 AppleWebKit/537.36 (KHTML, like Gecko; compatible; Amazonbot/0.1; +https://developer.amazon.com/support/amazonbot) Chrome/119.0.6045.214 Safari/537.36"
185.180.141.53 - - [16/Jun/2026:04:24:42 +0000] "GET /favicon.ico HTTP/1.1" 301 178 "-" "Mozilla/5.0 AppleWebKit/537.36 (KHTML, like Gecko) Chrome/123.0.6312.86 Safari/537.36"
185.180.141.52 - - [16/Jun/2026:04:24:44 +0000] "GET /favicon.ico HTTP/1.1" 302 5 "http://meetingart.pl/favicon.ico" "Mozilla/5.0 AppleWebKit/537.36 (KHTML, like Gecko) Chrome/123.0.6312.86 Safari/537.36"
185.180.141.52 - - [16/Jun/2026:04:24:44 +0000] "GET /wp-content/themes/sastrawp/assets/images/fav-icon.png HTTP/1.1" 200 5061 "https://meetingart.pl/favicon.ico" "Mozilla/5.0 AppleWebKit/537.36 (KHTML, like Gecko) Chrome/123.0.6312.86 Safari/537.36"
52.44.174.136 - - [16/Jun/2026:04:24:44 +0000] "GET /15473-2/feed/ HTTP/1.1" 200 775 "-" "Mozilla/5.0 AppleWebKit/537.36 (KHTML, like Gecko; compatible; Amazonbot/0.1; +https://developer.amazon.com/support/amazonbot) Chrome/119.0.6045.214 Safari/537.36"
91.146.102.43 - - [16/Jun/2026:04:24:45 +0000] "GET /wp-login.php HTTP/1.1" 200 3165 "-" "Mozilla/5.0 (Macintosh; Intel Mac OS X 14_7_4) AppleWebKit/537.36 (KHTML, like Gecko) Chrome/133.0.0.0 Safari/537.36"
185.180.141.55 - - [16/Jun/2026:04:24:46 +0000] "GET /zabbix/favicon.ico HTTP/1.1" 301 178 "-" "Mozilla/5.0 AppleWebKit/537.36 (KHTML, like Gecko) Chrome/123.0.6312.86 Safari/537.36"
91.146.102.43 - - [16/Jun/2026:04:24:46 +0000] "POST /wp-login.php HTTP/1.1" 200 3295 "https://ideapv.pl/wp-login.php" "Mozilla/5.0 (Macintosh; Intel Mac OS X 14_7_4) AppleWebKit/537.36 (KHTML, like Gecko) Chrome/133.0.0.0 Safari/537.36"
185.180.141.53 - - [16/Jun/2026:04:24:47 +0000] "GET /zabbix/favicon.ico HTTP/1.1" 404 11771 "http://meetingart.pl/zabbix/favicon.ico" "Mozilla/5.0 AppleWebKit/537.36 (KHTML, like Gecko) Chrome/123.0.6312.86 Safari/537.36"
3.212.86.97 - - [16/Jun/2026:04:24:48 +0000] "GET /wp-json/wp/v2/posts/20725 HTTP/1.1" 200 3042 "-" "Mozilla/5.0 AppleWebKit/537.36 (KHTML, like Gecko; compatible; Amazonbot/0.1; +https://developer.amazon.com/support/amazonbot) Chrome/119.0.6045.214 Safari/537.36"
185.180.141.52 - - [16/Jun/2026:04:24:50 +0000] "GET /identity HTTP/1.1" 301 178 "-" "Mozilla/5.0 AppleWebKit/537.36 (KHTML, like Gecko) Chrome/123.0.6312.86 Safari/537.36"
185.180.141.53 - - [16/Jun/2026:04:24:51 +0000] "GET /identity HTTP/1.1" 404 11771 "http://meetingart.pl/identity" "Mozilla/5.0 AppleWebKit/537.36 (KHTML, like Gecko) Chrome/123.0.6312.86 Safari/537.36"
52.6.232.201 - - [16/Jun/2026:04:24:52 +0000] "GET /wp-json/oembed/1.0/embed?url=https://ideapv.pl/6324-2/ HTTP/1.1" 200 1022 "-" "Mozilla/5.0 AppleWebKit/537.36 (KHTML, like Gecko; compatible; Amazonbot/0.1; +https://developer.amazon.com/support/amazonbot) Chrome/119.0.6045.214 Safari/537.36"
57.141.0.40 - - [16/Jun/2026:04:24:53 +0000] "GET /2025/10/31/roulette-francese-on-line-gratis/ HTTP/1.1" 200 46244 "-" "meta-externalagent/1.1 (+https://developers.facebook.com/docs/sharing/webmasters/crawler)"
185.180.141.53 - - [16/Jun/2026:04:24:55 +0000] "GET /static/historypage.js HTTP/1.1" 301 178 "-" "Mozilla/5.0 AppleWebKit/537.36 (KHTML, like Gecko) Chrome/123.0.6312.86 Safari/537.36"
185.180.141.53 - - [16/Jun/2026:04:24:56 +0000] "GET /static/historypage.js HTTP/1.1" 404 11771 "http://meetingart.pl/static/historypage.js" "Mozilla/5.0 AppleWebKit/537.36 (KHTML, like Gecko) Chrome/123.0.6312.86 Safari/537.36"
54.83.23.103 - - [16/Jun/2026:04:24:56 +0000] "GET /wp-json/oembed/1.0/embed?url=https://ideapv.pl/17327-2/ HTTP/1.1" 200 1023 "-" "Mozilla/5.0 AppleWebKit/537.36 (KHTML, like Gecko; compatible; Amazonbot/0.1; +https://developer.amazon.com/support/amazonbot) Chrome/119.0.6045.214 Safari/537.36"
54.66.224.4 - - [16/Jun/2026:04:24:59 +0000] "GET /wp-login.php HTTP/1.1" 200 3677 "-" "Mozilla/5.0 (Windows NT 10.0) AppleWebKit/537.36 (KHTML, like Gecko) Chrome/133.0.0.0 Safari/537.36"
51.195.215.49 - - [16/Jun/2026:04:24:59 +0000] "GET /shopbrand/1518559854.shtm HTTP/1.1" 301 5 "-" "Mozilla/5.0 (compatible; AhrefsBot/7.0; +http://ahrefs.com/robot/)"
54.66.224.4 - - [16/Jun/2026:04:25:00 +0000] "POST /wp-login.php HTTP/1.1" 200 3803 "https://meetingart.pl/wp-login.php" "Mozilla/5.0 (Windows NT 10.0) AppleWebKit/537.36 (KHTML, like Gecko) Chrome/133.0.0.0 Safari/537.36"
185.180.141.55 - - [16/Jun/2026:04:25:01 +0000] "GET /api/session/properties HTTP/1.1" 301 178 "-" "Mozilla/5.0 AppleWebKit/537.36 (KHTML, like Gecko) Chrome/123.0.6312.86 Safari/537.36"
44.223.232.55 - - [16/Jun/2026:04:25:01 +0000] "GET /wp-json/wp/v2/posts/15473 HTTP/1.1" 200 3388 "-" "Mozilla/5.0 AppleWebKit/537.36 (KHTML, like Gecko; compatible; Amazonbot/0.1; +https://developer.amazon.com/support/amazonbot) Chrome/119.0.6045.214 Safari/537.36"
185.180.141.52 - - [16/Jun/2026:04:25:02 +0000] "GET /api/session/properties HTTP/1.1" 404 12633 "http://meetingart.pl/api/session/properties" "Mozilla/5.0 AppleWebKit/537.36 (KHTML, like Gecko) Chrome/123.0.6312.86 Safari/537.36"
52.200.93.170 - - [16/Jun/2026:04:25:05 +0000] "GET /wp-json/oembed/1.0/embed?format=xml&url=https://ideapv.pl/18137-2/ HTTP/1.1" 200 1057 "-" "Mozilla/5.0 AppleWebKit/537.36 (KHTML, like Gecko; compatible; Amazonbot/0.1; +https://developer.amazon.com/support/amazonbot) Chrome/119.0.6045.214 Safari/537.36"
185.180.141.52 - - [16/Jun/2026:04:25:07 +0000] "GET /js/NewWindow_2_all.js HTTP/1.1" 301 178 "-" "Mozilla/5.0 AppleWebKit/537.36 (KHTML, like Gecko) Chrome/123.0.6312.86 Safari/537.36"
3.213.106.226 - - [16/Jun/2026:04:25:08 +0000] "GET /wp-json/oembed/1.0/embed?url=https://ideapv.pl/how-to-increase-chances-of-winning-pokies/ HTTP/1.1" 200 1082 "-" "Mozilla/5.0 AppleWebKit/537.36 (KHTML, like Gecko; compatible; Amazonbot/0.1; +https://developer.amazon.com/support/amazonbot) Chrome/119.0.6045.214 Safari/537.36"
185.180.141.52 - - [16/Jun/2026:04:25:08 +0000] "GET /js/NewWindow_2_all.js HTTP/1.1" 404 11771 "http://meetingart.pl/js/NewWindow_2_all.js" "Mozilla/5.0 AppleWebKit/537.36 (KHTML, like Gecko) Chrome/123.0.6312.86 Safari/537.36"
185.180.141.53 - - [16/Jun/2026:04:25:09 +0000] "GET / HTTP/1.1" 301 178 "-" "Mozilla/5.0 AppleWebKit/537.36 (KHTML, like Gecko) Chrome/123.0.6312.86 Safari/537.36"
185.180.141.52 - - [16/Jun/2026:04:25:09 +0000] "GET /aspera/faspex/ HTTP/1.1" 301 178 "-" "Mozilla/5.0 AppleWebKit/537.36 (KHTML, like Gecko) Chrome/123.0.6312.86 Safari/537.36"
185.180.141.52 - - [16/Jun/2026:04:25:09 +0000] "GET /index.jsp HTTP/1.1" 301 178 "-" "Mozilla/5.0 AppleWebKit/537.36 (KHTML, like Gecko) Chrome/123.0.6312.86 Safari/537.36"
185.180.141.52 - - [16/Jun/2026:04:25:11 +0000] "GET /index.jsp HTTP/1.1" 404 11771 "http://meetingart.pl/index.jsp" "Mozilla/5.0 AppleWebKit/537.36 (KHTML, like Gecko) Chrome/123.0.6312.86 Safari/537.36"
185.180.141.54 - - [16/Jun/2026:04:25:15 +0000] "GET /Telerik.Web.UI.WebResource.axd?type=rau HTTP/1.1" 301 178 "-" "Mozilla/5.0 AppleWebKit/537.36 (KHTML, like Gecko) Chrome/123.0.6312.86 Safari/537.36"
185.180.141.55 - - [16/Jun/2026:04:25:16 +0000] "GET /Telerik.Web.UI.WebResource.axd?type=rau HTTP/1.1" 404 11771 "http://meetingart.pl/Telerik.Web.UI.WebResource.axd?type=rau" "Mozilla/5.0 AppleWebKit/537.36 (KHTML, like Gecko) Chrome/123.0.6312.86 Safari/537.36"
104.222.30.193 - - [16/Jun/2026:04:25:18 +0000] "GET /wp-json/wp/v2/posts HTTP/1.1" 301 178 "-" "Mozilla/5.0 (Windows NT 10.0; Win64; x64) AppleWebKit/537.36 (KHTML, like Gecko) Chrome/120.0.0.0 Safari/537.36"
185.180.141.53 - - [16/Jun/2026:04:25:21 +0000] "GET /sitecore/shell/sitecore.version.xml HTTP/1.1" 301 178 "-" "Mozilla/5.0 AppleWebKit/537.36 (KHTML, like Gecko) Chrome/123.0.6312.86 Safari/537.36"
185.180.141.52 - - [16/Jun/2026:04:25:22 +0000] "GET /sitecore/shell/sitecore.version.xml HTTP/1.1" 404 12633 "http://meetingart.pl/sitecore/shell/sitecore.version.xml" "Mozilla/5.0 AppleWebKit/537.36 (KHTML, like Gecko) Chrome/123.0.6312.86 Safari/537.36"
185.180.141.52 - - [16/Jun/2026:04:25:26 +0000] "GET /favicon.ico HTTP/1.1" 301 178 "-" "Mozilla/5.0 AppleWebKit/537.36 (KHTML, like Gecko) Chrome/123.0.6312.86 Safari/537.36"
185.180.141.52 - - [16/Jun/2026:04:25:27 +0000] "GET /favicon.ico HTTP/1.1" 302 5 "-" "Mozilla/5.0 AppleWebKit/537.36 (KHTML, like Gecko) Chrome/123.0.6312.86 Safari/537.36"
185.180.141.52 - - [16/Jun/2026:04:25:27 +0000] "GET /wp-content/themes/sastrawp/assets/images/fav-icon.png HTTP/1.1" 200 5061 "-" "Mozilla/5.0 AppleWebKit/537.36 (KHTML, like Gecko) Chrome/123.0.6312.86 Safari/537.36"
185.180.141.55 - - [16/Jun/2026:04:25:28 +0000] "GET /login.do HTTP/1.1" 301 178 "-" "Mozilla/5.0 AppleWebKit/537.36 (KHTML, like Gecko) Chrome/123.0.6312.86 Safari/537.36"
114.119.147.6 - - [16/Jun/2026:04:25:28 +0000] "GET /index.php?go=images/zaproszenia/pas/kl9 HTTP/1.1" 301 178 "http://abagraf.com.pl/index.php?go=images%2Fzaproszenia%2Fpas%2Frm1" "Mozilla/5.0 (Linux; Android 7.0;) AppleWebKit/537.36 (HTML, like Gecko) Mobile Safari/537.36 (compatible; PetalBot;+https://webmaster.petalsearch.com/site/petalbot)"
185.180.141.54 - - [16/Jun/2026:04:25:29 +0000] "GET /login.do HTTP/1.1" 404 11771 "http://meetingart.pl/login.do" "Mozilla/5.0 AppleWebKit/537.36 (KHTML, like Gecko) Chrome/123.0.6312.86 Safari/537.36"
185.180.141.52 - - [16/Jun/2026:04:25:33 +0000] "GET /favicon-32x32.png HTTP/1.1" 301 178 "-" "Mozilla/5.0 AppleWebKit/537.36 (KHTML, like Gecko) Chrome/123.0.6312.86 Safari/537.36"
185.180.141.55 - - [16/Jun/2026:04:25:35 +0000] "GET /favicon-32x32.png HTTP/1.1" 404 11771 "http://meetingart.pl/favicon-32x32.png" "Mozilla/5.0 AppleWebKit/537.36 (KHTML, like Gecko) Chrome/123.0.6312.86 Safari/537.36"
185.180.141.55 - - [16/Jun/2026:04:25:35 +0000] "GET / HTTP/1.1" 301 178 "-" "Mozilla/5.0 AppleWebKit/537.36 (KHTML, like Gecko) Chrome/123.0.6312.86 Safari/537.36"
185.180.141.52 - - [16/Jun/2026:04:25:37 +0000] "GET / HTTP/1.1" 200 21569 "http://meetingart.pl/" "Mozilla/5.0 AppleWebKit/537.36 (KHTML, like Gecko) Chrome/123.0.6312.86 Safari/537.36"
185.180.141.55 - - [16/Jun/2026:04:25:37 +0000] "GET /sugar_version.json HTTP/1.1" 301 178 "-" "Mozilla/5.0 AppleWebKit/537.36 (KHTML, like Gecko) Chrome/123.0.6312.86 Safari/537.36"
185.180.141.54 - - [16/Jun/2026:04:25:38 +0000] "GET /sugar_version.json HTTP/1.1" 404 11771 "http://meetingart.pl/sugar_version.json" "Mozilla/5.0 AppleWebKit/537.36 (KHTML, like Gecko) Chrome/123.0.6312.86 Safari/537.36"
51.89.129.43 - - [16/Jun/2026:04:25:40 +0000] "GET /shopbrand/1518588341.shtm HTTP/1.1" 301 5 "-" "Mozilla/5.0 (compatible; AhrefsBot/7.0; +http://ahrefs.com/robot/)"
185.180.141.53 - - [16/Jun/2026:04:25:44 +0000] "GET /showLogin.cc HTTP/1.1" 301 178 "-" "Mozilla/5.0 AppleWebKit/537.36 (KHTML, like Gecko) Chrome/123.0.6312.86 Safari/537.36"
185.180.141.53 - - [16/Jun/2026:04:25:46 +0000] "GET /showLogin.cc HTTP/1.1" 404 11771 "http://meetingart.pl/showLogin.cc" "Mozilla/5.0 AppleWebKit/537.36 (KHTML, like Gecko) Chrome/123.0.6312.86 Safari/537.36"
185.180.141.54 - - [16/Jun/2026:04:25:49 +0000] "GET /console HTTP/1.1" 301 178 "-" "Mozilla/5.0 AppleWebKit/537.36 (KHTML, like Gecko) Chrome/123.0.6312.86 Safari/537.36"
185.180.141.53 - - [16/Jun/2026:04:25:51 +0000] "GET /console HTTP/1.1" 404 11771 "http://meetingart.pl/console" "Mozilla/5.0 AppleWebKit/537.36 (KHTML, like Gecko) Chrome/123.0.6312.86 Safari/537.36"
185.180.141.55 - - [16/Jun/2026:04:25:55 +0000] "GET /solr/ HTTP/1.1" 301 178 "-" "Mozilla/5.0 AppleWebKit/537.36 (KHTML, like Gecko) Chrome/123.0.6312.86 Safari/537.36"
185.180.141.52 - - [16/Jun/2026:04:25:56 +0000] "GET /solr/ HTTP/1.1" 404 11771 "http://meetingart.pl/solr/#/" "Mozilla/5.0 AppleWebKit/537.36 (KHTML, like Gecko) Chrome/123.0.6312.86 Safari/537.36"
103.127.30.137 - - [16/Jun/2026:04:25:56 +0000] "GET /wp-login.php HTTP/1.1" 200 3165 "-" "Mozilla/5.0 (Macintosh; Intel Mac OS X 11_7_10) AppleWebKit/537.36 (KHTML, like Gecko) Chrome/133.0.0.0 Safari/537.36"
103.127.30.137 - - [16/Jun/2026:04:25:58 +0000] "POST /wp-login.php HTTP/1.1" 200 3295 "https://ideapv.pl/wp-login.php" "Mozilla/5.0 (Macintosh; Intel Mac OS X 11_7_10) AppleWebKit/537.36 (KHTML, like Gecko) Chrome/133.0.0.0 Safari/537.36"
185.180.141.53 - - [16/Jun/2026:04:26:00 +0000] "GET /license.txt HTTP/1.1" 301 178 "-" "Mozilla/5.0 AppleWebKit/537.36 (KHTML, like Gecko) Chrome/123.0.6312.86 Safari/537.36"
185.180.141.52 - - [16/Jun/2026:04:26:00 +0000] "GET /license.txt HTTP/1.1" 200 7304 "http://meetingart.pl/license.txt" "Mozilla/5.0 AppleWebKit/537.36 (KHTML, like Gecko) Chrome/123.0.6312.86 Safari/537.36"
67.227.134.37 - - [16/Jun/2026:04:26:01 +0000] "GET /wp-login.php HTTP/1.1" 200 2922 "-" "Mozilla/5.0 (X11; Linux x86_64; rv:133.0) Gecko/20100101 Firefox/133.0"
67.227.134.37 - - [16/Jun/2026:04:26:03 +0000] "POST /wp-login.php HTTP/1.1" 200 3109 "https://www.arsmedica.bialystok.pl/wp-login.php" "Mozilla/5.0 (X11; Linux x86_64; rv:133.0) Gecko/20100101 Firefox/133.0"
34.173.239.49 - - [16/Jun/2026:04:26:04 +0000] "HEAD /2025/10/01/casino-con-carta-maestro HTTP/1.1" 301 0 "-" "Mozilla/5.0 AppleWebKit/537.36 (KHTML, like Gecko); compatible; ShapBot/0.1.0"
185.180.141.54 - - [16/Jun/2026:04:26:04 +0000] "GET /wp-content/plugins/contact-form-7/readme.txt HTTP/1.1" 301 178 "-" "Mozilla/5.0 AppleWebKit/537.36 (KHTML, like Gecko) Chrome/123.0.6312.86 Safari/537.36"
185.180.141.52 - - [16/Jun/2026:04:26:04 +0000] "GET /wp-content/plugins/wordpress-seo/readme.txt HTTP/1.1" 301 178 "-" "Mozilla/5.0 AppleWebKit/537.36 (KHTML, like Gecko) Chrome/123.0.6312.86 Safari/537.36"
185.180.141.54 - - [16/Jun/2026:04:26:04 +0000] "GET /wp-content/plugins/elementor/readme.txt HTTP/1.1" 301 178 "-" "Mozilla/5.0 AppleWebKit/537.36 (KHTML, like Gecko) Chrome/123.0.6312.86 Safari/537.36"
185.180.141.55 - - [16/Jun/2026:04:26:04 +0000] "GET /wp-content/plugins/woocommerce/readme.txt HTTP/1.1" 301 178 "-" "Mozilla/5.0 AppleWebKit/537.36 (KHTML, like Gecko) Chrome/123.0.6312.86 Safari/537.36"
185.180.141.55 - - [16/Jun/2026:04:26:04 +0000] "GET /wp-content/plugins/akismet/readme.txt HTTP/1.1" 301 178 "-" "Mozilla/5.0 AppleWebKit/537.36 (KHTML, like Gecko) Chrome/123.0.6312.86 Safari/537.36"
185.180.141.54 - - [16/Jun/2026:04:26:04 +0000] "GET /wp-content/plugins/litespeed-cache/readme.txt HTTP/1.1" 301 178 "-" "Mozilla/5.0 AppleWebKit/537.36 (KHTML, like Gecko) Chrome/123.0.6312.86 Safari/537.36"
185.180.141.55 - - [16/Jun/2026:04:26:04 +0000] "GET /wp-content/plugins/wpforms-lite/readme.txt HTTP/1.1" 301 178 "-" "Mozilla/5.0 AppleWebKit/537.36 (KHTML, like Gecko) Chrome/123.0.6312.86 Safari/537.36"
185.180.141.54 - - [16/Jun/2026:04:26:04 +0000] "GET /wp-content/plugins/wordfence/readme.txt HTTP/1.1" 301 178 "-" "Mozilla/5.0 AppleWebKit/537.36 (KHTML, like Gecko) Chrome/123.0.6312.86 Safari/537.36"
185.180.141.53 - - [16/Jun/2026:04:26:04 +0000] "GET /wp-content/plugins/all-in-one-wp-migration/readme.txt HTTP/1.1" 301 178 "-" "Mozilla/5.0 AppleWebKit/537.36 (KHTML, like Gecko) Chrome/123.0.6312.86 Safari/537.36"
185.180.141.55 - - [16/Jun/2026:04:26:04 +0000] "GET /wp-content/plugins/really-simple-ssl/readme.txt HTTP/1.1" 301 178 "-" "Mozilla/5.0 AppleWebKit/537.36 (KHTML, like Gecko) Chrome/123.0.6312.86 Safari/537.36"
185.180.141.54 - - [16/Jun/2026:04:26:04 +0000] "GET /wp-content/plugins/jetpack/readme.txt HTTP/1.1" 301 178 "-" "Mozilla/5.0 AppleWebKit/537.36 (KHTML, like Gecko) Chrome/123.0.6312.86 Safari/537.36"
185.180.141.55 - - [16/Jun/2026:04:26:04 +0000] "GET /wp-content/plugins/google-site-kit/readme.txt HTTP/1.1" 301 178 "-" "Mozilla/5.0 AppleWebKit/537.36 (KHTML, like Gecko) Chrome/123.0.6312.86 Safari/537.36"
185.180.141.55 - - [16/Jun/2026:04:26:04 +0000] "GET /wp-content/plugins/updraftplus/readme.txt HTTP/1.1" 301 178 "-" "Mozilla/5.0 AppleWebKit/537.36 (KHTML, like Gecko) Chrome/123.0.6312.86 Safari/537.36"
185.180.141.52 - - [16/Jun/2026:04:26:04 +0000] "GET /wp-content/plugins/duplicate-post/readme.txt HTTP/1.1" 301 178 "-" "Mozilla/5.0 AppleWebKit/537.36 (KHTML, like Gecko) Chrome/123.0.6312.86 Safari/537.36"
185.180.141.52 - - [16/Jun/2026:04:26:04 +0000] "GET /wp-content/plugins/all-in-one-seo-pack/readme.txt HTTP/1.1" 301 178 "-" "Mozilla/5.0 AppleWebKit/537.36 (KHTML, like Gecko) Chrome/123.0.6312.86 Safari/537.36"
185.180.141.55 - - [16/Jun/2026:04:26:04 +0000] "GET /wp-content/plugins/duplicate-page/readme.txt HTTP/1.1" 301 178 "-" "Mozilla/5.0 AppleWebKit/537.36 (KHTML, like Gecko) Chrome/123.0.6312.86 Safari/537.36"
185.180.141.52 - - [16/Jun/2026:04:26:04 +0000] "GET /wp-content/plugins/seo-by-rank-math/readme.txt HTTP/1.1" 301 178 "-" "Mozilla/5.0 AppleWebKit/537.36 (KHTML, like Gecko) Chrome/123.0.6312.86 Safari/537.36"
185.180.141.54 - - [16/Jun/2026:04:26:04 +0000] "GET /wp-content/plugins/hostinger/readme.txt HTTP/1.1" 301 178 "-" "Mozilla/5.0 AppleWebKit/537.36 (KHTML, like Gecko) Chrome/123.0.6312.86 Safari/537.36"
185.180.141.54 - - [16/Jun/2026:04:26:04 +0000] "GET /wp-content/plugins/mailchimp-for-wp/readme.txt HTTP/1.1" 301 178 "-" "Mozilla/5.0 AppleWebKit/537.36 (KHTML, like Gecko) Chrome/123.0.6312.86 Safari/537.36"
185.180.141.55 - - [16/Jun/2026:04:26:04 +0000] "GET /wp-content/plugins/limit-login-attempts-reloaded/readme.txt HTTP/1.1" 301 178 "-" "Mozilla/5.0 AppleWebKit/537.36 (KHTML, like Gecko) Chrome/123.0.6312.86 Safari/537.36"
185.180.141.53 - - [16/Jun/2026:04:26:04 +0000] "GET /wp-content/plugins/redirection/readme.txt HTTP/1.1" 301 178 "-" "Mozilla/5.0 AppleWebKit/537.36 (KHTML, like Gecko) Chrome/123.0.6312.86 Safari/537.36"
185.180.141.52 - - [16/Jun/2026:04:26:04 +0000] "GET /wp-content/plugins/google-analytics-for-wordpress/readme.txt HTTP/1.1" 301 178 "-" "Mozilla/5.0 AppleWebKit/537.36 (KHTML, like Gecko) Chrome/123.0.6312.86 Safari/537.36"
185.180.141.52 - - [16/Jun/2026:04:26:04 +0000] "GET /wp-content/plugins/advanced-custom-fields/readme.txt HTTP/1.1" 301 178 "-" "Mozilla/5.0 AppleWebKit/537.36 (KHTML, like Gecko) Chrome/123.0.6312.86 Safari/537.36"
185.180.141.54 - - [16/Jun/2026:04:26:04 +0000] "GET /wp-content/plugins/header-footer-elementor/readme.txt HTTP/1.1" 301 178 "-" "Mozilla/5.0 AppleWebKit/537.36 (KHTML, like Gecko) Chrome/123.0.6312.86 Safari/537.36"
185.180.141.55 - - [16/Jun/2026:04:26:04 +0000] "GET /wp-content/plugins/wp-super-cache/readme.txt HTTP/1.1" 301 178 "-" "Mozilla/5.0 AppleWebKit/537.36 (KHTML, like Gecko) Chrome/123.0.6312.86 Safari/537.36"
185.180.141.55 - - [16/Jun/2026:04:26:04 +0000] "GET /wp-content/plugins/essential-addons-for-elementor-lite/readme.txt HTTP/1.1" 301 178 "-" "Mozilla/5.0 AppleWebKit/537.36 (KHTML, like Gecko) Chrome/123.0.6312.86 Safari/537.36"
185.180.141.53 - - [16/Jun/2026:04:26:04 +0000] "GET /wp-content/plugins/astra-sites/readme.txt HTTP/1.1" 301 178 "-" "Mozilla/5.0 AppleWebKit/537.36 (KHTML, like Gecko) Chrome/123.0.6312.86 Safari/537.36"
185.180.141.55 - - [16/Jun/2026:04:26:04 +0000] "GET /wp-content/plugins/insert-headers-and-footers/readme.txt HTTP/1.1" 301 178 "-" "Mozilla/5.0 AppleWebKit/537.36 (KHTML, like Gecko) Chrome/123.0.6312.86 Safari/537.36"
185.180.141.53 - - [16/Jun/2026:04:26:04 +0000] "GET /wp-content/plugins/wps-hide-login/readme.txt HTTP/1.1" 301 178 "-" "Mozilla/5.0 AppleWebKit/537.36 (KHTML, like Gecko) Chrome/123.0.6312.86 Safari/537.36"
185.180.141.52 - - [16/Jun/2026:04:26:04 +0000] "GET /wp-content/plugins/duplicator/readme.txt HTTP/1.1" 301 178 "-" "Mozilla/5.0 AppleWebKit/537.36 (KHTML, like Gecko) Chrome/123.0.6312.86 Safari/537.36"
185.180.141.55 - - [16/Jun/2026:04:26:04 +0000] "GET /wp-content/plugins/wp-fastest-cache/readme.txt HTTP/1.1" 301 178 "-" "Mozilla/5.0 AppleWebKit/537.36 (KHTML, like Gecko) Chrome/123.0.6312.86 Safari/537.36"
34.173.239.49 - - [16/Jun/2026:04:26:04 +0000] "HEAD /2025/10/01/casino-con-carta-maestro HTTP/1.1" 301 0 "-" "Mozilla/5.0 AppleWebKit/537.36 (KHTML, like Gecko); compatible; ShapBot/0.1.0"
185.180.141.52 - - [16/Jun/2026:04:26:04 +0000] "GET /wp-content/plugins/disable-comments/readme.txt HTTP/1.1" 301 178 "-" "Mozilla/5.0 AppleWebKit/537.36 (KHTML, like Gecko) Chrome/123.0.6312.86 Safari/537.36"
185.180.141.54 - - [16/Jun/2026:04:26:04 +0000] "GET /wp-content/plugins/sg-security/readme.txt HTTP/1.1" 301 178 "-" "Mozilla/5.0 AppleWebKit/537.36 (KHTML, like Gecko) Chrome/123.0.6312.86 Safari/537.36"
185.180.141.54 - - [16/Jun/2026:04:26:04 +0000] "GET /wp-content/plugins/loginizer/readme.txt HTTP/1.1" 301 178 "-" "Mozilla/5.0 AppleWebKit/537.36 (KHTML, like Gecko) Chrome/123.0.6312.86 Safari/537.36"
185.180.141.54 - - [16/Jun/2026:04:26:04 +0000] "GET /wp-content/plugins/wp-file-manager/readme.txt HTTP/1.1" 301 178 "-" "Mozilla/5.0 AppleWebKit/537.36 (KHTML, like Gecko) Chrome/123.0.6312.86 Safari/537.36"
185.180.141.52 - - [16/Jun/2026:04:26:04 +0000] "GET /wp-content/plugins/w3-total-cache/readme.txt HTTP/1.1" 301 178 "-" "Mozilla/5.0 AppleWebKit/537.36 (KHTML, like Gecko) Chrome/123.0.6312.86 Safari/537.36"
185.180.141.53 - - [16/Jun/2026:04:26:04 +0000] "GET /wp-content/plugins/wp-optimize/readme.txt HTTP/1.1" 301 178 "-" "Mozilla/5.0 AppleWebKit/537.36 (KHTML, like Gecko) Chrome/123.0.6312.86 Safari/537.36"
185.180.141.52 - - [16/Jun/2026:04:26:04 +0000] "GET /wp-content/plugins/envato-elements/readme.txt HTTP/1.1" 301 178 "-" "Mozilla/5.0 AppleWebKit/537.36 (KHTML, like Gecko) Chrome/123.0.6312.86 Safari/537.36"
185.180.141.53 - - [16/Jun/2026:04:26:04 +0000] "GET /wp-content/plugins/svg-support/readme.txt HTTP/1.1" 301 178 "-" "Mozilla/5.0 AppleWebKit/537.36 (KHTML, like Gecko) Chrome/123.0.6312.86 Safari/537.36"
185.180.141.53 - - [16/Jun/2026:04:26:04 +0000] "GET /wp-content/plugins/complianz-gdpr/readme.txt HTTP/1.1" 301 178 "-" "Mozilla/5.0 AppleWebKit/537.36 (KHTML, like Gecko) Chrome/123.0.6312.86 Safari/537.36"
185.180.141.54 - - [16/Jun/2026:04:26:04 +0000] "GET /wp-content/plugins/ewww-image-optimizer/readme.txt HTTP/1.1" 301 178 "-" "Mozilla/5.0 AppleWebKit/537.36 (KHTML, like Gecko) Chrome/123.0.6312.86 Safari/537.36"
185.180.141.52 - - [16/Jun/2026:04:26:04 +0000] "GET /wp-content/plugins/all-in-one-wp-security-and-firewall/readme.txt HTTP/1.1" 301 178 "-" "Mozilla/5.0 AppleWebKit/537.36 (KHTML, like Gecko) Chrome/123.0.6312.86 Safari/537.36"
185.180.141.52 - - [16/Jun/2026:04:26:04 +0000] "GET /wp-content/plugins/better-search-replace/readme.txt HTTP/1.1" 301 178 "-" "Mozilla/5.0 AppleWebKit/537.36 (KHTML, like Gecko) Chrome/123.0.6312.86 Safari/537.36"
185.180.141.53 - - [16/Jun/2026:04:26:04 +0000] "GET /wp-content/plugins/redux-framework/readme.txt HTTP/1.1" 301 178 "-" "Mozilla/5.0 AppleWebKit/537.36 (KHTML, like Gecko) Chrome/123.0.6312.86 Safari/537.36"
185.180.141.54 - - [16/Jun/2026:04:26:04 +0000] "GET /wp-content/plugins/smart-slider-3/readme.txt HTTP/1.1" 301 178 "-" "Mozilla/5.0 AppleWebKit/537.36 (KHTML, like Gecko) Chrome/123.0.6312.86 Safari/537.36"
185.180.141.53 - - [16/Jun/2026:04:26:04 +0000] "GET /wp-content/plugins/coming-soon/readme.txt HTTP/1.1" 301 178 "-" "Mozilla/5.0 AppleWebKit/537.36 (KHTML, like Gecko) Chrome/123.0.6312.86 Safari/537.36"
185.180.141.52 - - [16/Jun/2026:04:26:04 +0000] "GET /wp-content/plugins/autoptimize/readme.txt HTTP/1.1" 301 178 "-" "Mozilla/5.0 AppleWebKit/537.36 (KHTML, like Gecko) Chrome/123.0.6312.86 Safari/537.36"
185.180.141.52 - - [16/Jun/2026:04:26:04 +0000] "GET /wp-content/plugins/code-snippets/readme.txt HTTP/1.1" 301 178 "-" "Mozilla/5.0 AppleWebKit/537.36 (KHTML, like Gecko) Chrome/123.0.6312.86 Safari/537.36"
185.180.141.53 - - [16/Jun/2026:04:26:04 +0000] "GET /wp-content/plugins/ultimate-addons-for-gutenberg/readme.txt HTTP/1.1" 301 178 "-" "Mozilla/5.0 AppleWebKit/537.36 (KHTML, like Gecko) Chrome/123.0.6312.86 Safari/537.36"
185.180.141.55 - - [16/Jun/2026:04:26:04 +0000] "GET /wp-content/plugins/better-wp-security/readme.txt HTTP/1.1" 301 178 "-" "Mozilla/5.0 AppleWebKit/537.36 (KHTML, like Gecko) Chrome/123.0.6312.86 Safari/537.36"
185.180.141.53 - - [16/Jun/2026:04:26:05 +0000] "GET /wp-content/plugins/akismet/readme.txt HTTP/1.1" 200 2518 "http://meetingart.pl/wp-content/plugins/akismet/readme.txt" "Mozilla/5.0 AppleWebKit/537.36 (KHTML, like Gecko) Chrome/123.0.6312.86 Safari/537.36"
185.180.141.52 - - [16/Jun/2026:04:26:05 +0000] "GET /wp-content/plugins/elementor/readme.txt HTTP/1.1" 200 10583 "http://meetingart.pl/wp-content/plugins/elementor/readme.txt" "Mozilla/5.0 AppleWebKit/537.36 (KHTML, like Gecko) Chrome/123.0.6312.86 Safari/537.36"
185.180.141.55 - - [16/Jun/2026:04:26:05 +0000] "GET /wp-content/plugins/litespeed-cache/readme.txt HTTP/1.1" 200 16385 "http://meetingart.pl/wp-content/plugins/litespeed-cache/readme.txt" "Mozilla/5.0 AppleWebKit/537.36 (KHTML, like Gecko) Chrome/123.0.6312.86 Safari/537.36"
34.173.239.49 - - [16/Jun/2026:04:26:05 +0000] "HEAD /2025/10/01/casino-con-carta-maestro/ HTTP/1.1" 200 0 "-" "Mozilla/5.0 AppleWebKit/537.36 (KHTML, like Gecko); compatible; ShapBot/0.1.0"
185.180.141.55 - - [16/Jun/2026:04:26:05 +0000] "GET /wp-content/plugins/seo-by-rank-math/readme.txt HTTP/1.1" 200 9183 "http://meetingart.pl/wp-content/plugins/seo-by-rank-math/readme.txt" "Mozilla/5.0 AppleWebKit/537.36 (KHTML, like Gecko) Chrome/123.0.6312.86 Safari/537.36"
185.180.141.55 - - [16/Jun/2026:04:26:05 +0000] "GET /wp-content/plugins/envato-elements/readme.txt HTTP/1.1" 200 3566 "http://meetingart.pl/wp-content/plugins/envato-elements/readme.txt" "Mozilla/5.0 AppleWebKit/537.36 (KHTML, like Gecko) Chrome/123.0.6312.86 Safari/537.36"
185.180.141.53 - - [16/Jun/2026:04:26:05 +0000] "GET /wp-content/plugins/redux-framework/readme.txt HTTP/1.1" 200 9316 "http://meetingart.pl/wp-content/plugins/redux-framework/readme.txt" "Mozilla/5.0 AppleWebKit/537.36 (KHTML, like Gecko) Chrome/123.0.6312.86 Safari/537.36"
185.180.141.52 - - [16/Jun/2026:04:26:05 +0000] "GET /wp-content/plugins/limit-login-attempts-reloaded/readme.txt HTTP/1.1" 200 9032 "http://meetingart.pl/wp-content/plugins/limit-login-attempts-reloaded/readme.txt" "Mozilla/5.0 AppleWebKit/537.36 (KHTML, like Gecko) Chrome/123.0.6312.86 Safari/537.36"
185.180.141.52 - - [16/Jun/2026:04:26:06 +0000] "GET /wp-content/plugins/contact-form-7/readme.txt HTTP/1.1" 404 12633 "http://meetingart.pl/wp-content/plugins/contact-form-7/readme.txt" "Mozilla/5.0 AppleWebKit/537.36 (KHTML, like Gecko) Chrome/123.0.6312.86 Safari/537.36"
185.180.141.55 - - [16/Jun/2026:04:26:07 +0000] "GET /wp-content/plugins/wordpress-seo/readme.txt HTTP/1.1" 404 12633 "http://meetingart.pl/wp-content/plugins/wordpress-seo/readme.txt" "Mozilla/5.0 AppleWebKit/537.36 (KHTML, like Gecko) Chrome/123.0.6312.86 Safari/537.36"
185.180.141.53 - - [16/Jun/2026:04:26:07 +0000] "GET /wp-content/plugins/wpforms-lite/readme.txt HTTP/1.1" 404 12633 "http://meetingart.pl/wp-content/plugins/wpforms-lite/readme.txt" "Mozilla/5.0 AppleWebKit/537.36 (KHTML, like Gecko) Chrome/123.0.6312.86 Safari/537.36"
185.180.141.52 - - [16/Jun/2026:04:26:07 +0000] "GET /wp-content/plugins/all-in-one-wp-migration/readme.txt HTTP/1.1" 404 12633 "http://meetingart.pl/wp-content/plugins/all-in-one-wp-migration/readme.txt" "Mozilla/5.0 AppleWebKit/537.36 (KHTML, like Gecko) Chrome/123.0.6312.86 Safari/537.36"
185.180.141.55 - - [16/Jun/2026:04:26:07 +0000] "GET /wp-content/plugins/google-site-kit/readme.txt HTTP/1.1" 404 12633 "http://meetingart.pl/wp-content/plugins/google-site-kit/readme.txt" "Mozilla/5.0 AppleWebKit/537.36 (KHTML, like Gecko) Chrome/123.0.6312.86 Safari/537.36"
185.180.141.55 - - [16/Jun/2026:04:26:07 +0000] "GET /wp-content/plugins/woocommerce/readme.txt HTTP/1.1" 404 12633 "http://meetingart.pl/wp-content/plugins/woocommerce/readme.txt" "Mozilla/5.0 AppleWebKit/537.36 (KHTML, like Gecko) Chrome/123.0.6312.86 Safari/537.36"
185.180.141.54 - - [16/Jun/2026:04:26:07 +0000] "GET /wp-content/plugins/jetpack/readme.txt HTTP/1.1" 404 12633 "http://meetingart.pl/wp-content/plugins/jetpack/readme.txt" "Mozilla/5.0 AppleWebKit/537.36 (KHTML, like Gecko) Chrome/123.0.6312.86 Safari/537.36"
185.180.141.53 - - [16/Jun/2026:04:26:07 +0000] "GET /wp-content/plugins/wps-hide-login/readme.txt HTTP/1.1" 404 12633 "http://meetingart.pl/wp-content/plugins/wps-hide-login/readme.txt" "Mozilla/5.0 AppleWebKit/537.36 (KHTML, like Gecko) Chrome/123.0.6312.86 Safari/537.36"
185.180.141.52 - - [16/Jun/2026:04:26:07 +0000] "GET /wp-content/plugins/astra-sites/readme.txt HTTP/1.1" 404 12633 "http://meetingart.pl/wp-content/plugins/astra-sites/readme.txt" "Mozilla/5.0 AppleWebKit/537.36 (KHTML, like Gecko) Chrome/123.0.6312.86 Safari/537.36"
185.180.141.52 - - [16/Jun/2026:04:26:07 +0000] "GET /wp-content/plugins/essential-addons-for-elementor-lite/readme.txt HTTP/1.1" 404 12633 "http://meetingart.pl/wp-content/plugins/essential-addons-for-elementor-lite/readme.txt" "Mozilla/5.0 AppleWebKit/537.36 (KHTML, like Gecko) Chrome/123.0.6312.86 Safari/537.36"
185.180.141.54 - - [16/Jun/2026:04:26:07 +0000] "GET /wp-content/plugins/wordfence/readme.txt HTTP/1.1" 404 12633 "http://meetingart.pl/wp-content/plugins/wordfence/readme.txt" "Mozilla/5.0 AppleWebKit/537.36 (KHTML, like Gecko) Chrome/123.0.6312.86 Safari/537.36"
185.180.141.55 - - [16/Jun/2026:04:26:07 +0000] "GET /wp-content/plugins/redirection/readme.txt HTTP/1.1" 404 12633 "http://meetingart.pl/wp-content/plugins/redirection/readme.txt" "Mozilla/5.0 AppleWebKit/537.36 (KHTML, like Gecko) Chrome/123.0.6312.86 Safari/537.36"
185.180.141.52 - - [16/Jun/2026:04:26:07 +0000] "GET /wp-content/plugins/sg-security/readme.txt HTTP/1.1" 404 12633 "http://meetingart.pl/wp-content/plugins/sg-security/readme.txt" "Mozilla/5.0 AppleWebKit/537.36 (KHTML, like Gecko) Chrome/123.0.6312.86 Safari/537.36"
185.180.141.52 - - [16/Jun/2026:04:26:07 +0000] "GET /wp-content/plugins/duplicator/readme.txt HTTP/1.1" 404 12633 "http://meetingart.pl/wp-content/plugins/duplicator/readme.txt" "Mozilla/5.0 AppleWebKit/537.36 (KHTML, like Gecko) Chrome/123.0.6312.86 Safari/537.36"
185.180.141.54 - - [16/Jun/2026:04:26:07 +0000] "GET /wp-content/plugins/complianz-gdpr/readme.txt HTTP/1.1" 404 12633 "http://meetingart.pl/wp-content/plugins/complianz-gdpr/readme.txt" "Mozilla/5.0 AppleWebKit/537.36 (KHTML, like Gecko) Chrome/123.0.6312.86 Safari/537.36"
185.180.141.52 - - [16/Jun/2026:04:26:07 +0000] "GET /wp-content/plugins/updraftplus/readme.txt HTTP/1.1" 404 12633 "http://meetingart.pl/wp-content/plugins/updraftplus/readme.txt" "Mozilla/5.0 AppleWebKit/537.36 (KHTML, like Gecko) Chrome/123.0.6312.86 Safari/537.36"
185.180.141.54 - - [16/Jun/2026:04:26:07 +0000] "GET /wp-content/plugins/wp-fastest-cache/readme.txt HTTP/1.1" 404 12633 "http://meetingart.pl/wp-content/plugins/wp-fastest-cache/readme.txt" "Mozilla/5.0 AppleWebKit/537.36 (KHTML, like Gecko) Chrome/123.0.6312.86 Safari/537.36"
185.180.141.55 - - [16/Jun/2026:04:26:07 +0000] "GET /wp-content/plugins/duplicate-post/readme.txt HTTP/1.1" 404 12633 "http://meetingart.pl/wp-content/plugins/duplicate-post/readme.txt" "Mozilla/5.0 AppleWebKit/537.36 (KHTML, like Gecko) Chrome/123.0.6312.86 Safari/537.36"
185.180.141.53 - - [16/Jun/2026:04:26:07 +0000] "GET /wp-content/plugins/insert-headers-and-footers/readme.txt HTTP/1.1" 404 12633 "http://meetingart.pl/wp-content/plugins/insert-headers-and-footers/readme.txt" "Mozilla/5.0 AppleWebKit/537.36 (KHTML, like Gecko) Chrome/123.0.6312.86 Safari/537.36"
185.180.141.55 - - [16/Jun/2026:04:26:07 +0000] "GET /wp-content/plugins/header-footer-elementor/readme.txt HTTP/1.1" 404 12633 "http://meetingart.pl/wp-content/plugins/header-footer-elementor/readme.txt" "Mozilla/5.0 AppleWebKit/537.36 (KHTML, like Gecko) Chrome/123.0.6312.86 Safari/537.36"
185.180.141.53 - - [16/Jun/2026:04:26:08 +0000] "GET /wp-content/plugins/disable-comments/readme.txt HTTP/1.1" 404 12633 "http://meetingart.pl/wp-content/plugins/disable-comments/readme.txt" "Mozilla/5.0 AppleWebKit/537.36 (KHTML, like Gecko) Chrome/123.0.6312.86 Safari/537.36"
185.180.141.52 - - [16/Jun/2026:04:26:08 +0000] "GET /wp-content/plugins/really-simple-ssl/readme.txt HTTP/1.1" 404 12633 "http://meetingart.pl/wp-content/plugins/really-simple-ssl/readme.txt" "Mozilla/5.0 AppleWebKit/537.36 (KHTML, like Gecko) Chrome/123.0.6312.86 Safari/537.36"
185.180.141.55 - - [16/Jun/2026:04:26:08 +0000] "GET /wp-content/plugins/ewww-image-optimizer/readme.txt HTTP/1.1" 404 12633 "http://meetingart.pl/wp-content/plugins/ewww-image-optimizer/readme.txt" "Mozilla/5.0 AppleWebKit/537.36 (KHTML, like Gecko) Chrome/123.0.6312.86 Safari/537.36"
185.180.141.52 - - [16/Jun/2026:04:26:08 +0000] "GET /wp-content/plugins/google-analytics-for-wordpress/readme.txt HTTP/1.1" 404 12633 "http://meetingart.pl/wp-content/plugins/google-analytics-for-wordpress/readme.txt" "Mozilla/5.0 AppleWebKit/537.36 (KHTML, like Gecko) Chrome/123.0.6312.86 Safari/537.36"
185.180.141.55 - - [16/Jun/2026:04:26:08 +0000] "GET /wp-content/plugins/duplicate-page/readme.txt HTTP/1.1" 404 12633 "http://meetingart.pl/wp-content/plugins/duplicate-page/readme.txt" "Mozilla/5.0 AppleWebKit/537.36 (KHTML, like Gecko) Chrome/123.0.6312.86 Safari/537.36"
185.180.141.54 - - [16/Jun/2026:04:26:08 +0000] "GET /wp-content/plugins/advanced-custom-fields/readme.txt HTTP/1.1" 404 12633 "http://meetingart.pl/wp-content/plugins/advanced-custom-fields/readme.txt" "Mozilla/5.0 AppleWebKit/537.36 (KHTML, like Gecko) Chrome/123.0.6312.86 Safari/537.36"
185.180.141.55 - - [16/Jun/2026:04:26:08 +0000] "GET /wp-content/plugins/hostinger/readme.txt HTTP/1.1" 404 12633 "http://meetingart.pl/wp-content/plugins/hostinger/readme.txt" "Mozilla/5.0 AppleWebKit/537.36 (KHTML, like Gecko) Chrome/123.0.6312.86 Safari/537.36"
185.180.141.54 - - [16/Jun/2026:04:26:08 +0000] "GET /wp-content/plugins/wp-super-cache/readme.txt HTTP/1.1" 404 12633 "http://meetingart.pl/wp-content/plugins/wp-super-cache/readme.txt" "Mozilla/5.0 AppleWebKit/537.36 (KHTML, like Gecko) Chrome/123.0.6312.86 Safari/537.36"
185.180.141.53 - - [16/Jun/2026:04:26:08 +0000] "GET /wp-content/plugins/mailchimp-for-wp/readme.txt HTTP/1.1" 404 12633 "http://meetingart.pl/wp-content/plugins/mailchimp-for-wp/readme.txt" "Mozilla/5.0 AppleWebKit/537.36 (KHTML, like Gecko) Chrome/123.0.6312.86 Safari/537.36"
85.208.96.204 - - [16/Jun/2026:04:26:08 +0000] "GET /2025/10/01/come-giocare-a-solitario/ HTTP/1.1" 200 12733 "-" "Mozilla/5.0 (compatible; SemrushBot/7~bl; +http://www.semrush.com/bot.html)"
185.180.141.55 - - [16/Jun/2026:04:26:08 +0000] "GET /wp-content/plugins/wp-file-manager/readme.txt HTTP/1.1" 404 12633 "http://meetingart.pl/wp-content/plugins/wp-file-manager/readme.txt" "Mozilla/5.0 AppleWebKit/537.36 (KHTML, like Gecko) Chrome/123.0.6312.86 Safari/537.36"
185.180.141.55 - - [16/Jun/2026:04:26:08 +0000] "GET /wp-content/plugins/wp-optimize/readme.txt HTTP/1.1" 404 12633 "http://meetingart.pl/wp-content/plugins/wp-optimize/readme.txt" "Mozilla/5.0 AppleWebKit/537.36 (KHTML, like Gecko) Chrome/123.0.6312.86 Safari/537.36"
34.173.239.49 - - [16/Jun/2026:04:26:08 +0000] "GET /2025/10/01/casino-con-carta-maestro HTTP/1.1" 301 5 "-" "Mozilla/5.0 AppleWebKit/537.36 (KHTML, like Gecko); compatible; ShapBot/0.1.0"
185.180.141.52 - - [16/Jun/2026:04:26:08 +0000] "GET /wp-content/plugins/w3-total-cache/readme.txt HTTP/1.1" 404 12633 "http://meetingart.pl/wp-content/plugins/w3-total-cache/readme.txt" "Mozilla/5.0 AppleWebKit/537.36 (KHTML, like Gecko) Chrome/123.0.6312.86 Safari/537.36"
185.180.141.55 - - [16/Jun/2026:04:26:08 +0000] "GET /wp-content/plugins/all-in-one-wp-security-and-firewall/readme.txt HTTP/1.1" 404 12633 "http://meetingart.pl/wp-content/plugins/all-in-one-wp-security-and-firewall/readme.txt" "Mozilla/5.0 AppleWebKit/537.36 (KHTML, like Gecko) Chrome/123.0.6312.86 Safari/537.36"
185.180.141.52 - - [16/Jun/2026:04:26:08 +0000] "GET /wp-content/plugins/better-wp-security/readme.txt HTTP/1.1" 404 12633 "http://meetingart.pl/wp-content/plugins/better-wp-security/readme.txt" "Mozilla/5.0 AppleWebKit/537.36 (KHTML, like Gecko) Chrome/123.0.6312.86 Safari/537.36"
185.180.141.53 - - [16/Jun/2026:04:26:08 +0000] "GET /wp-content/plugins/better-search-replace/readme.txt HTTP/1.1" 404 12633 "http://meetingart.pl/wp-content/plugins/better-search-replace/readme.txt" "Mozilla/5.0 AppleWebKit/537.36 (KHTML, like Gecko) Chrome/123.0.6312.86 Safari/537.36"
185.180.141.55 - - [16/Jun/2026:04:26:08 +0000] "GET /wp-content/plugins/svg-support/readme.txt HTTP/1.1" 404 12633 "http://meetingart.pl/wp-content/plugins/svg-support/readme.txt" "Mozilla/5.0 AppleWebKit/537.36 (KHTML, like Gecko) Chrome/123.0.6312.86 Safari/537.36"
185.180.141.52 - - [16/Jun/2026:04:26:08 +0000] "GET /wp-content/plugins/all-in-one-seo-pack/readme.txt HTTP/1.1" 404 12633 "http://meetingart.pl/wp-content/plugins/all-in-one-seo-pack/readme.txt" "Mozilla/5.0 AppleWebKit/537.36 (KHTML, like Gecko) Chrome/123.0.6312.86 Safari/537.36"
185.180.141.54 - - [16/Jun/2026:04:26:08 +0000] "GET /wp-content/plugins/ultimate-addons-for-gutenberg/readme.txt HTTP/1.1" 404 12633 "http://meetingart.pl/wp-content/plugins/ultimate-addons-for-gutenberg/readme.txt" "Mozilla/5.0 AppleWebKit/537.36 (KHTML, like Gecko) Chrome/123.0.6312.86 Safari/537.36"
185.180.141.53 - - [16/Jun/2026:04:26:08 +0000] "GET /wp-content/plugins/loginizer/readme.txt HTTP/1.1" 404 12633 "http://meetingart.pl/wp-content/plugins/loginizer/readme.txt" "Mozilla/5.0 AppleWebKit/537.36 (KHTML, like Gecko) Chrome/123.0.6312.86 Safari/537.36"
185.180.141.55 - - [16/Jun/2026:04:26:08 +0000] "GET /wp-content/plugins/autoptimize/readme.txt HTTP/1.1" 404 12633 "http://meetingart.pl/wp-content/plugins/autoptimize/readme.txt" "Mozilla/5.0 AppleWebKit/537.36 (KHTML, like Gecko) Chrome/123.0.6312.86 Safari/537.36"
185.180.141.55 - - [16/Jun/2026:04:26:08 +0000] "GET /wp-content/plugins/coming-soon/readme.txt HTTP/1.1" 404 12633 "http://meetingart.pl/wp-content/plugins/coming-soon/readme.txt" "Mozilla/5.0 AppleWebKit/537.36 (KHTML, like Gecko) Chrome/123.0.6312.86 Safari/537.36"
34.173.239.49 - - [16/Jun/2026:04:26:08 +0000] "GET /2025/10/01/casino-con-carta-maestro/ HTTP/1.1" 200 13933 "-" "Mozilla/5.0 AppleWebKit/537.36 (KHTML, like Gecko); compatible; ShapBot/0.1.0"
185.180.141.55 - - [16/Jun/2026:04:26:08 +0000] "GET /wp-content/plugins/code-snippets/readme.txt HTTP/1.1" 404 12633 "http://meetingart.pl/wp-content/plugins/code-snippets/readme.txt" "Mozilla/5.0 AppleWebKit/537.36 (KHTML, like Gecko) Chrome/123.0.6312.86 Safari/537.36"
185.180.141.55 - - [16/Jun/2026:04:26:09 +0000] "GET /wp-content/plugins/smart-slider-3/readme.txt HTTP/1.1" 404 12633 "http://meetingart.pl/wp-content/plugins/smart-slider-3/readme.txt" "Mozilla/5.0 AppleWebKit/537.36 (KHTML, like Gecko) Chrome/123.0.6312.86 Safari/537.36"
198.244.242.255 - - [16/Jun/2026:04:26:11 +0000] "GET /shopbrand/1518622339.shtm HTTP/1.1" 301 5 "-" "Mozilla/5.0 (compatible; AhrefsBot/7.0; +http://ahrefs.com/robot/)"
185.180.141.54 - - [16/Jun/2026:04:26:12 +0000] "GET /wp-content/plugins/wp-video-lightbox/readme.txt HTTP/1.1" 301 178 "-" "Mozilla/5.0 AppleWebKit/537.36 (KHTML, like Gecko) Chrome/123.0.6312.86 Safari/537.36"
