114.119.150.33 - - [16/Jun/2026:04:14:52 +0000] "GET /128-infrastruktura-w-hotelu-hills/gg:7357898 HTTP/1.1" 301 178 "https://www.aquacity.com.pl/128-infrastruktura-w-hotelu-hills/254-hills-wellness-centrum" "Mozilla/5.0 (Linux; Android 7.0;) AppleWebKit/537.36 (HTML, like Gecko) Mobile Safari/537.36 (compatible; PetalBot;+https://webmaster.petalsearch.com/site/petalbot)"
159.65.5.161 - - [16/Jun/2026:04:14:53 +0000] "POST /wp-login.php HTTP/1.1" 200 3099 "https://www.arsmedica.bialystok.pl/wp-login.php" "Mozilla/5.0 (Windows NT 11.0; Win64; x64) AppleWebKit/537.36 (KHTML, like Gecko) Chrome/119.0.6045.159 Safari/537.36"
159.65.5.161 - - [16/Jun/2026:04:14:54 +0000] "GET /wp-admin/index.php HTTP/1.1" 302 5 "https://www.arsmedica.bialystok.pl/wp-login.php" "Mozilla/5.0 (Windows NT 11.0; Win64; x64) AppleWebKit/537.36 (KHTML, like Gecko) Chrome/119.0.6045.159 Safari/537.36"
159.65.5.161 - - [16/Jun/2026:04:14:55 +0000] "GET /wp-login.php?redirect_to=https%3A%2F%2Fwww.arsmedica.bialystok.pl%2Fwp-admin%2Findex.php&reauth=1 HTTP/1.1" 200 2932 "https://www.arsmedica.bialystok.pl/wp-login.php" "Mozilla/5.0 (Windows NT 11.0; Win64; x64) AppleWebKit/537.36 (KHTML, like Gecko) Chrome/119.0.6045.159 Safari/537.36"
159.65.5.161 - - [16/Jun/2026:04:14:56 +0000] "POST /wp-login.php HTTP/1.1" 200 3094 "https://www.arsmedica.bialystok.pl/wp-login.php" "Mozilla/5.0 (X11; Linux x86_64) Gecko/20100101 Firefox/121.0"
159.65.5.161 - - [16/Jun/2026:04:14:57 +0000] "GET /wp-admin/index.php HTTP/1.1" 302 5 "https://www.arsmedica.bialystok.pl/wp-login.php" "Mozilla/5.0 (X11; Linux x86_64) Gecko/20100101 Firefox/121.0"
159.65.5.161 - - [16/Jun/2026:04:14:58 +0000] "GET /wp-login.php?redirect_to=https%3A%2F%2Fwww.arsmedica.bialystok.pl%2Fwp-admin%2Findex.php&reauth=1 HTTP/1.1" 200 2932 "https://www.arsmedica.bialystok.pl/wp-login.php" "Mozilla/5.0 (X11; Linux x86_64) Gecko/20100101 Firefox/121.0"
159.65.5.161 - - [16/Jun/2026:04:14:59 +0000] "POST /wp-login.php HTTP/1.1" 200 3096 "https://www.arsmedica.bialystok.pl/wp-login.php" "Mozilla/5.0 (Windows NT 11.0; Win64; x64) AppleWebKit/537.36 (KHTML, like Gecko) Chrome/122.0.6261.57 Safari/537.36"
159.65.5.161 - - [16/Jun/2026:04:15:00 +0000] "GET /wp-admin/index.php HTTP/1.1" 302 5 "https://www.arsmedica.bialystok.pl/wp-login.php" "Mozilla/5.0 (Windows NT 11.0; Win64; x64) AppleWebKit/537.36 (KHTML, like Gecko) Chrome/122.0.6261.57 Safari/537.36"
159.65.5.161 - - [16/Jun/2026:04:15:02 +0000] "GET /wp-login.php?redirect_to=https%3A%2F%2Fwww.arsmedica.bialystok.pl%2Fwp-admin%2Findex.php&reauth=1 HTTP/1.1" 200 2932 "https://www.arsmedica.bialystok.pl/wp-login.php" "Mozilla/5.0 (Windows NT 11.0; Win64; x64) AppleWebKit/537.36 (KHTML, like Gecko) Chrome/122.0.6261.57 Safari/537.36"
159.65.5.161 - - [16/Jun/2026:04:15:04 +0000] "POST /wp-login.php HTTP/1.1" 200 3096 "https://www.arsmedica.bialystok.pl/wp-login.php" "Mozilla/5.0 (Macintosh; Intel Mac OS X 10.15) Gecko/20100101 Firefox/122.0"
159.65.5.161 - - [16/Jun/2026:04:15:05 +0000] "GET /wp-admin/index.php HTTP/1.1" 302 5 "https://www.arsmedica.bialystok.pl/wp-login.php" "Mozilla/5.0 (Macintosh; Intel Mac OS X 10.15) Gecko/20100101 Firefox/122.0"
159.65.5.161 - - [16/Jun/2026:04:15:06 +0000] "GET /wp-login.php?redirect_to=https%3A%2F%2Fwww.arsmedica.bialystok.pl%2Fwp-admin%2Findex.php&reauth=1 HTTP/1.1" 200 2932 "https://www.arsmedica.bialystok.pl/wp-login.php" "Mozilla/5.0 (Macintosh; Intel Mac OS X 10.15) Gecko/20100101 Firefox/122.0"
159.65.5.161 - - [16/Jun/2026:04:15:07 +0000] "POST /wp-login.php HTTP/1.1" 200 3094 "https://www.arsmedica.bialystok.pl/wp-login.php" "Mozilla/5.0 (Windows NT 11.0; Win64; x64) AppleWebKit/537.36 (KHTML, like Gecko) Chrome/122.0.6261.57 Safari/537.36"
159.65.5.161 - - [16/Jun/2026:04:15:08 +0000] "GET /wp-admin/index.php HTTP/1.1" 302 5 "https://www.arsmedica.bialystok.pl/wp-login.php" "Mozilla/5.0 (Windows NT 11.0; Win64; x64) AppleWebKit/537.36 (KHTML, like Gecko) Chrome/122.0.6261.57 Safari/537.36"
159.65.5.161 - - [16/Jun/2026:04:15:09 +0000] "GET /wp-login.php?redirect_to=https%3A%2F%2Fwww.arsmedica.bialystok.pl%2Fwp-admin%2Findex.php&reauth=1 HTTP/1.1" 200 2932 "https://www.arsmedica.bialystok.pl/wp-login.php" "Mozilla/5.0 (Windows NT 11.0; Win64; x64) AppleWebKit/537.36 (KHTML, like Gecko) Chrome/122.0.6261.57 Safari/537.36"
159.65.5.161 - - [16/Jun/2026:04:15:10 +0000] "POST /wp-login.php HTTP/1.1" 200 3095 "https://www.arsmedica.bialystok.pl/wp-login.php" "Mozilla/5.0 (Windows NT 10.0; Win64; x64) Gecko/20100101 Firefox/119.0.1"
159.65.5.161 - - [16/Jun/2026:04:15:11 +0000] "GET /wp-admin/index.php HTTP/1.1" 302 5 "https://www.arsmedica.bialystok.pl/wp-login.php" "Mozilla/5.0 (Windows NT 10.0; Win64; x64) Gecko/20100101 Firefox/119.0.1"
159.65.5.161 - - [16/Jun/2026:04:15:12 +0000] "GET /wp-login.php?redirect_to=https%3A%2F%2Fwww.arsmedica.bialystok.pl%2Fwp-admin%2Findex.php&reauth=1 HTTP/1.1" 200 2932 "https://www.arsmedica.bialystok.pl/wp-login.php" "Mozilla/5.0 (Windows NT 10.0; Win64; x64) Gecko/20100101 Firefox/119.0.1"
159.65.5.161 - - [16/Jun/2026:04:15:14 +0000] "POST /wp-login.php HTTP/1.1" 200 3096 "https://www.arsmedica.bialystok.pl/wp-login.php" "Mozilla/5.0 (X11; Linux x86_64) AppleWebKit/537.36 (KHTML, like Gecko) Chrome/122.0.6261.57 Safari/537.36"
159.65.5.161 - - [16/Jun/2026:04:15:15 +0000] "GET /wp-admin/index.php HTTP/1.1" 302 5 "https://www.arsmedica.bialystok.pl/wp-login.php" "Mozilla/5.0 (X11; Linux x86_64) AppleWebKit/537.36 (KHTML, like Gecko) Chrome/122.0.6261.57 Safari/537.36"
159.65.5.161 - - [16/Jun/2026:04:15:16 +0000] "GET /wp-login.php?redirect_to=https%3A%2F%2Fwww.arsmedica.bialystok.pl%2Fwp-admin%2Findex.php&reauth=1 HTTP/1.1" 200 2932 "https://www.arsmedica.bialystok.pl/wp-login.php" "Mozilla/5.0 (X11; Linux x86_64) AppleWebKit/537.36 (KHTML, like Gecko) Chrome/122.0.6261.57 Safari/537.36"
159.65.5.161 - - [16/Jun/2026:04:15:17 +0000] "POST /wp-login.php HTTP/1.1" 200 3094 "https://www.arsmedica.bialystok.pl/wp-login.php" "Mozilla/5.0 (X11; Linux x86_64) Gecko/20100101 Firefox/122.0"
159.65.5.161 - - [16/Jun/2026:04:15:18 +0000] "GET /wp-admin/index.php HTTP/1.1" 302 5 "https://www.arsmedica.bialystok.pl/wp-login.php" "Mozilla/5.0 (X11; Linux x86_64) Gecko/20100101 Firefox/122.0"
159.65.5.161 - - [16/Jun/2026:04:15:19 +0000] "GET /wp-login.php?redirect_to=https%3A%2F%2Fwww.arsmedica.bialystok.pl%2Fwp-admin%2Findex.php&reauth=1 HTTP/1.1" 200 2932 "https://www.arsmedica.bialystok.pl/wp-login.php" "Mozilla/5.0 (X11; Linux x86_64) Gecko/20100101 Firefox/122.0"
47.128.20.96 - - [16/Jun/2026:04:15:20 +0000] "GET /2025/10/01/midas-casino-bonus-senza-deposito/ HTTP/1.1" 200 14212 "-" "Mozilla/5.0 (Linux; Android 5.0) AppleWebKit/537.36 (KHTML, like Gecko) Mobile Safari/537.36 (compatible; Bytespider; spider-feedback@bytedance.com)"
159.65.5.161 - - [16/Jun/2026:04:15:21 +0000] "POST /wp-login.php HTTP/1.1" 200 3095 "https://www.arsmedica.bialystok.pl/wp-login.php" "Mozilla/5.0 (Windows NT 10.0; Win64; x64) Gecko/20100101 Firefox/122.0"
159.65.5.161 - - [16/Jun/2026:04:15:22 +0000] "GET /wp-admin/index.php HTTP/1.1" 302 5 "https://www.arsmedica.bialystok.pl/wp-login.php" "Mozilla/5.0 (Windows NT 10.0; Win64; x64) Gecko/20100101 Firefox/122.0"
159.65.5.161 - - [16/Jun/2026:04:15:23 +0000] "GET /wp-login.php?redirect_to=https%3A%2F%2Fwww.arsmedica.bialystok.pl%2Fwp-admin%2Findex.php&reauth=1 HTTP/1.1" 200 2932 "https://www.arsmedica.bialystok.pl/wp-login.php" "Mozilla/5.0 (Windows NT 10.0; Win64; x64) Gecko/20100101 Firefox/122.0"
159.65.5.161 - - [16/Jun/2026:04:15:24 +0000] "POST /wp-login.php HTTP/1.1" 200 3095 "https://www.arsmedica.bialystok.pl/wp-login.php" "Mozilla/5.0 (X11; Linux x86_64) Gecko/20100101 Firefox/119.0.1"
159.65.5.161 - - [16/Jun/2026:04:15:25 +0000] "GET /wp-admin/index.php HTTP/1.1" 302 5 "https://www.arsmedica.bialystok.pl/wp-login.php" "Mozilla/5.0 (X11; Linux x86_64) Gecko/20100101 Firefox/119.0.1"
159.65.5.161 - - [16/Jun/2026:04:15:26 +0000] "GET /wp-login.php?redirect_to=https%3A%2F%2Fwww.arsmedica.bialystok.pl%2Fwp-admin%2Findex.php&reauth=1 HTTP/1.1" 200 2932 "https://www.arsmedica.bialystok.pl/wp-login.php" "Mozilla/5.0 (X11; Linux x86_64) Gecko/20100101 Firefox/119.0.1"
159.65.5.161 - - [16/Jun/2026:04:15:27 +0000] "POST /wp-login.php HTTP/1.1" 200 3097 "https://www.arsmedica.bialystok.pl/wp-login.php" "Mozilla/5.0 (X11; Linux x86_64) AppleWebKit/537.36 (KHTML, like Gecko) Chrome/119.0.6045.159 Safari/537.36"
114.119.134.12 - - [16/Jun/2026:04:15:27 +0000] "GET /2025/10/31/roulette-en-ligne-casino/ HTTP/1.1" 200 11295 "https://www.alltar.pl/2025/09/30/witaj-swiecie/" "Mozilla/5.0 (Linux; Android 7.0;) AppleWebKit/537.36 (HTML, like Gecko) Mobile Safari/537.36 (compatible; PetalBot;+https://webmaster.petalsearch.com/site/petalbot)"
159.65.5.161 - - [16/Jun/2026:04:15:28 +0000] "GET /wp-admin/index.php HTTP/1.1" 302 5 "https://www.arsmedica.bialystok.pl/wp-login.php" "Mozilla/5.0 (X11; Linux x86_64) AppleWebKit/537.36 (KHTML, like Gecko) Chrome/119.0.6045.159 Safari/537.36"
159.65.5.161 - - [16/Jun/2026:04:15:29 +0000] "GET /wp-login.php?redirect_to=https%3A%2F%2Fwww.arsmedica.bialystok.pl%2Fwp-admin%2Findex.php&reauth=1 HTTP/1.1" 200 2932 "https://www.arsmedica.bialystok.pl/wp-login.php" "Mozilla/5.0 (X11; Linux x86_64) AppleWebKit/537.36 (KHTML, like Gecko) Chrome/119.0.6045.159 Safari/537.36"
159.65.5.161 - - [16/Jun/2026:04:15:30 +0000] "POST /wp-login.php HTTP/1.1" 200 3100 "https://www.arsmedica.bialystok.pl/wp-login.php" "Mozilla/5.0 (X11; Linux x86_64) AppleWebKit/537.36 (KHTML, like Gecko) Chrome/122.0.6261.57 Safari/537.36"
159.65.5.161 - - [16/Jun/2026:04:15:31 +0000] "GET /wp-admin/index.php HTTP/1.1" 302 5 "https://www.arsmedica.bialystok.pl/wp-login.php" "Mozilla/5.0 (X11; Linux x86_64) AppleWebKit/537.36 (KHTML, like Gecko) Chrome/122.0.6261.57 Safari/537.36"
104.23.166.137 - - [16/Jun/2026:04:15:32 +0000] "GET / HTTP/1.1" 301 178 "-" "Mozilla/5.0 (iPhone; CPU iPhone OS 13_2_3 like Mac OS X) AppleWebKit/605.1.15 (KHTML, like Gecko) Version/13.0.3 Mobile/15E148 Safari/604.1"
159.65.5.161 - - [16/Jun/2026:04:15:32 +0000] "GET /wp-login.php?redirect_to=https%3A%2F%2Fwww.arsmedica.bialystok.pl%2Fwp-admin%2Findex.php&reauth=1 HTTP/1.1" 200 2932 "https://www.arsmedica.bialystok.pl/wp-login.php" "Mozilla/5.0 (X11; Linux x86_64) AppleWebKit/537.36 (KHTML, like Gecko) Chrome/122.0.6261.57 Safari/537.36"
159.65.5.161 - - [16/Jun/2026:04:15:34 +0000] "POST /wp-login.php HTTP/1.1" 200 3102 "https://www.arsmedica.bialystok.pl/wp-login.php" "Mozilla/5.0 (Macintosh; Intel Mac OS X 10_15_7) AppleWebKit/537.36 (KHTML, like Gecko) Chrome/118.0.5993.88 Safari/537.36"
159.65.5.161 - - [16/Jun/2026:04:15:35 +0000] "GET /wp-admin/index.php HTTP/1.1" 302 5 "https://www.arsmedica.bialystok.pl/wp-login.php" "Mozilla/5.0 (Macintosh; Intel Mac OS X 10_15_7) AppleWebKit/537.36 (KHTML, like Gecko) Chrome/118.0.5993.88 Safari/537.36"
159.65.5.161 - - [16/Jun/2026:04:15:36 +0000] "GET /wp-login.php?redirect_to=https%3A%2F%2Fwww.arsmedica.bialystok.pl%2Fwp-admin%2Findex.php&reauth=1 HTTP/1.1" 200 2932 "https://www.arsmedica.bialystok.pl/wp-login.php" "Mozilla/5.0 (Macintosh; Intel Mac OS X 10_15_7) AppleWebKit/537.36 (KHTML, like Gecko) Chrome/118.0.5993.88 Safari/537.36"
159.65.5.161 - - [16/Jun/2026:04:15:37 +0000] "POST /wp-login.php HTTP/1.1" 200 3094 "https://www.arsmedica.bialystok.pl/wp-login.php" "Mozilla/5.0 (Macintosh; Intel Mac OS X 10_15_7) AppleWebKit/537.36 (KHTML, like Gecko) Chrome/120.0.6099.130 Safari/537.36"
159.65.5.161 - - [16/Jun/2026:04:15:38 +0000] "GET /wp-admin/index.php HTTP/1.1" 302 5 "https://www.arsmedica.bialystok.pl/wp-login.php" "Mozilla/5.0 (Macintosh; Intel Mac OS X 10_15_7) AppleWebKit/537.36 (KHTML, like Gecko) Chrome/120.0.6099.130 Safari/537.36"
159.65.5.161 - - [16/Jun/2026:04:15:39 +0000] "GET /wp-login.php?redirect_to=https%3A%2F%2Fwww.arsmedica.bialystok.pl%2Fwp-admin%2Findex.php&reauth=1 HTTP/1.1" 200 2932 "https://www.arsmedica.bialystok.pl/wp-login.php" "Mozilla/5.0 (Macintosh; Intel Mac OS X 10_15_7) AppleWebKit/537.36 (KHTML, like Gecko) Chrome/120.0.6099.130 Safari/537.36"
159.65.5.161 - - [16/Jun/2026:04:15:41 +0000] "POST /wp-login.php HTTP/1.1" 200 3098 "https://www.arsmedica.bialystok.pl/wp-login.php" "Mozilla/5.0 (X11; Linux x86_64) AppleWebKit/537.36 (KHTML, like Gecko) Chrome/119.0.6045.159 Safari/537.36"
159.65.5.161 - - [16/Jun/2026:04:15:42 +0000] "GET /wp-admin/index.php HTTP/1.1" 302 5 "https://www.arsmedica.bialystok.pl/wp-login.php" "Mozilla/5.0 (X11; Linux x86_64) AppleWebKit/537.36 (KHTML, like Gecko) Chrome/119.0.6045.159 Safari/537.36"
159.65.5.161 - - [16/Jun/2026:04:15:42 +0000] "GET /wp-login.php?redirect_to=https%3A%2F%2Fwww.arsmedica.bialystok.pl%2Fwp-admin%2Findex.php&reauth=1 HTTP/1.1" 200 2932 "https://www.arsmedica.bialystok.pl/wp-login.php" "Mozilla/5.0 (X11; Linux x86_64) AppleWebKit/537.36 (KHTML, like Gecko) Chrome/119.0.6045.159 Safari/537.36"
159.65.5.161 - - [16/Jun/2026:04:15:44 +0000] "POST /wp-login.php HTTP/1.1" 200 3099 "https://www.arsmedica.bialystok.pl/wp-login.php" "Mozilla/5.0 (Windows NT 10.0; Win64; x64) Gecko/20100101 Firefox/122.0"
159.65.5.161 - - [16/Jun/2026:04:15:45 +0000] "GET /wp-admin/index.php HTTP/1.1" 302 5 "https://www.arsmedica.bialystok.pl/wp-login.php" "Mozilla/5.0 (Windows NT 10.0; Win64; x64) Gecko/20100101 Firefox/122.0"
159.65.5.161 - - [16/Jun/2026:04:15:46 +0000] "GET /wp-login.php?redirect_to=https%3A%2F%2Fwww.arsmedica.bialystok.pl%2Fwp-admin%2Findex.php&reauth=1 HTTP/1.1" 200 2932 "https://www.arsmedica.bialystok.pl/wp-login.php" "Mozilla/5.0 (Windows NT 10.0; Win64; x64) Gecko/20100101 Firefox/122.0"
114.119.158.204 - - [16/Jun/2026:04:15:46 +0000] "GET /strefa-klienta/gg:50294269 HTTP/1.1" 301 178 "http://aquacity.com.pl/strefa-klienta/gg:45206574" "Mozilla/5.0 (Linux; Android 7.0;) AppleWebKit/537.36 (HTML, like Gecko) Mobile Safari/537.36 (compatible; PetalBot;+https://webmaster.petalsearch.com/site/petalbot)"
159.65.5.161 - - [16/Jun/2026:04:15:47 +0000] "POST /wp-login.php HTTP/1.1" 200 3101 "https://www.arsmedica.bialystok.pl/wp-login.php" "Mozilla/5.0 (Windows NT 10.0; Win64; x64) Gecko/20100101 Firefox/120.0.1"
159.65.5.161 - - [16/Jun/2026:04:15:48 +0000] "GET /wp-admin/index.php HTTP/1.1" 302 5 "https://www.arsmedica.bialystok.pl/wp-login.php" "Mozilla/5.0 (Windows NT 10.0; Win64; x64) Gecko/20100101 Firefox/120.0.1"
159.65.5.161 - - [16/Jun/2026:04:15:49 +0000] "GET /wp-login.php?redirect_to=https%3A%2F%2Fwww.arsmedica.bialystok.pl%2Fwp-admin%2Findex.php&reauth=1 HTTP/1.1" 200 2932 "https://www.arsmedica.bialystok.pl/wp-login.php" "Mozilla/5.0 (Windows NT 10.0; Win64; x64) Gecko/20100101 Firefox/120.0.1"
159.65.5.161 - - [16/Jun/2026:04:15:51 +0000] "POST /wp-login.php HTTP/1.1" 200 3097 "https://www.arsmedica.bialystok.pl/wp-login.php" "Mozilla/5.0 (Macintosh; Intel Mac OS X 10_15_7) AppleWebKit/537.36 (KHTML, like Gecko) Chrome/121.0.6167.85 Safari/537.36"
159.65.5.161 - - [16/Jun/2026:04:15:51 +0000] "GET /wp-admin/index.php HTTP/1.1" 302 5 "https://www.arsmedica.bialystok.pl/wp-login.php" "Mozilla/5.0 (Macintosh; Intel Mac OS X 10_15_7) AppleWebKit/537.36 (KHTML, like Gecko) Chrome/121.0.6167.85 Safari/537.36"
159.65.5.161 - - [16/Jun/2026:04:15:52 +0000] "GET /wp-login.php?redirect_to=https%3A%2F%2Fwww.arsmedica.bialystok.pl%2Fwp-admin%2Findex.php&reauth=1 HTTP/1.1" 200 2932 "https://www.arsmedica.bialystok.pl/wp-login.php" "Mozilla/5.0 (Macintosh; Intel Mac OS X 10_15_7) AppleWebKit/537.36 (KHTML, like Gecko) Chrome/121.0.6167.85 Safari/537.36"
37.59.204.147 - - [16/Jun/2026:04:15:53 +0000] "GET /shopbrand90848?kg=0000090388 HTTP/1.1" 301 5 "-" "Mozilla/5.0 (compatible; AhrefsBot/7.0; +http://ahrefs.com/robot/)"
159.65.5.161 - - [16/Jun/2026:04:15:54 +0000] "POST /wp-login.php HTTP/1.1" 200 3095 "https://www.arsmedica.bialystok.pl/wp-login.php" "Mozilla/5.0 (X11; Linux x86_64) Gecko/20100101 Firefox/120.0.1"
159.65.5.161 - - [16/Jun/2026:04:15:54 +0000] "GET /wp-admin/index.php HTTP/1.1" 302 5 "https://www.arsmedica.bialystok.pl/wp-login.php" "Mozilla/5.0 (X11; Linux x86_64) Gecko/20100101 Firefox/120.0.1"
159.65.5.161 - - [16/Jun/2026:04:15:55 +0000] "GET /wp-login.php?redirect_to=https%3A%2F%2Fwww.arsmedica.bialystok.pl%2Fwp-admin%2Findex.php&reauth=1 HTTP/1.1" 200 2932 "https://www.arsmedica.bialystok.pl/wp-login.php" "Mozilla/5.0 (X11; Linux x86_64) Gecko/20100101 Firefox/120.0.1"
51.38.187.112 - - [16/Jun/2026:04:15:56 +0000] "GET /lv-bet-casino-a-review-of-promotions-and-gaming-excellence/ HTTP/1.1" 200 23886 "-" "Mozilla/5.0 (Windows NT 10.0; Win64; x64) AppleWebKit/537.36 (KHTML, like Gecko) Chrome/139.0.0.0 Safari/537.36"
159.65.5.161 - - [16/Jun/2026:04:15:57 +0000] "POST /wp-login.php HTTP/1.1" 200 3106 "https://www.arsmedica.bialystok.pl/wp-login.php" "Mozilla/5.0 (Windows NT 10.0; Win64; x64) Gecko/20100101 Firefox/119.0.1"
159.65.5.161 - - [16/Jun/2026:04:15:58 +0000] "GET /wp-admin/index.php HTTP/1.1" 302 5 "https://www.arsmedica.bialystok.pl/wp-login.php" "Mozilla/5.0 (Windows NT 10.0; Win64; x64) Gecko/20100101 Firefox/119.0.1"
159.65.5.161 - - [16/Jun/2026:04:15:58 +0000] "GET /wp-login.php?redirect_to=https%3A%2F%2Fwww.arsmedica.bialystok.pl%2Fwp-admin%2Findex.php&reauth=1 HTTP/1.1" 200 2932 "https://www.arsmedica.bialystok.pl/wp-login.php" "Mozilla/5.0 (Windows NT 10.0; Win64; x64) Gecko/20100101 Firefox/119.0.1"
51.77.211.229 - - [16/Jun/2026:04:15:59 +0000] "GET /jak-zorganizowac-event-artystyczny-dla-dzieci-praktyczny-przewodnik/ HTTP/1.1" 200 27693 "-" "Mozilla/5.0 (Windows NT 10.0; Win64; x64) AppleWebKit/537.36 (KHTML, like Gecko) Chrome/139.0.0.0 Safari/537.36"
159.65.5.161 - - [16/Jun/2026:04:16:00 +0000] "POST /wp-login.php HTTP/1.1" 200 3099 "https://www.arsmedica.bialystok.pl/wp-login.php" "Mozilla/5.0 (Macintosh; Intel Mac OS X 10.15) Gecko/20100101 Firefox/122.0"
159.65.5.161 - - [16/Jun/2026:04:16:01 +0000] "GET /wp-admin/index.php HTTP/1.1" 302 5 "https://www.arsmedica.bialystok.pl/wp-login.php" "Mozilla/5.0 (Macintosh; Intel Mac OS X 10.15) Gecko/20100101 Firefox/122.0"
159.65.5.161 - - [16/Jun/2026:04:16:02 +0000] "GET /wp-login.php?redirect_to=https%3A%2F%2Fwww.arsmedica.bialystok.pl%2Fwp-admin%2Findex.php&reauth=1 HTTP/1.1" 200 2932 "https://www.arsmedica.bialystok.pl/wp-login.php" "Mozilla/5.0 (Macintosh; Intel Mac OS X 10.15) Gecko/20100101 Firefox/122.0"
159.65.5.161 - - [16/Jun/2026:04:16:03 +0000] "POST /wp-login.php HTTP/1.1" 200 3097 "https://www.arsmedica.bialystok.pl/wp-login.php" "Mozilla/5.0 (Windows NT 10.0; Win64; x64) Gecko/20100101 Firefox/118.0.2"
159.65.5.161 - - [16/Jun/2026:04:16:04 +0000] "GET /wp-admin/index.php HTTP/1.1" 302 5 "https://www.arsmedica.bialystok.pl/wp-login.php" "Mozilla/5.0 (Windows NT 10.0; Win64; x64) Gecko/20100101 Firefox/118.0.2"
159.65.5.161 - - [16/Jun/2026:04:16:05 +0000] "GET /wp-login.php?redirect_to=https%3A%2F%2Fwww.arsmedica.bialystok.pl%2Fwp-admin%2Findex.php&reauth=1 HTTP/1.1" 200 2932 "https://www.arsmedica.bialystok.pl/wp-login.php" "Mozilla/5.0 (Windows NT 10.0; Win64; x64) Gecko/20100101 Firefox/118.0.2"
159.65.5.161 - - [16/Jun/2026:04:16:06 +0000] "POST /wp-login.php HTTP/1.1" 200 3094 "https://www.arsmedica.bialystok.pl/wp-login.php" "Mozilla/5.0 (Windows NT 10.0; Win64; x64) Gecko/20100101 Firefox/118.0.2"
159.65.5.161 - - [16/Jun/2026:04:16:07 +0000] "GET /wp-admin/index.php HTTP/1.1" 302 5 "https://www.arsmedica.bialystok.pl/wp-login.php" "Mozilla/5.0 (Windows NT 10.0; Win64; x64) Gecko/20100101 Firefox/118.0.2"
159.65.5.161 - - [16/Jun/2026:04:16:08 +0000] "GET /wp-login.php?redirect_to=https%3A%2F%2Fwww.arsmedica.bialystok.pl%2Fwp-admin%2Findex.php&reauth=1 HTTP/1.1" 200 2932 "https://www.arsmedica.bialystok.pl/wp-login.php" "Mozilla/5.0 (Windows NT 10.0; Win64; x64) Gecko/20100101 Firefox/118.0.2"
159.65.5.161 - - [16/Jun/2026:04:16:09 +0000] "POST /wp-login.php HTTP/1.1" 200 3104 "https://www.arsmedica.bialystok.pl/wp-login.php" "Mozilla/5.0 (Macintosh; Intel Mac OS X 13_6_2) AppleWebKit/537.36 (KHTML, like Gecko) Chrome/121.0.6167.85 Safari/537.36"
159.65.5.161 - - [16/Jun/2026:04:16:10 +0000] "GET /wp-admin/index.php HTTP/1.1" 302 5 "https://www.arsmedica.bialystok.pl/wp-login.php" "Mozilla/5.0 (Macintosh; Intel Mac OS X 13_6_2) AppleWebKit/537.36 (KHTML, like Gecko) Chrome/121.0.6167.85 Safari/537.36"
159.65.5.161 - - [16/Jun/2026:04:16:11 +0000] "GET /wp-login.php?redirect_to=https%3A%2F%2Fwww.arsmedica.bialystok.pl%2Fwp-admin%2Findex.php&reauth=1 HTTP/1.1" 200 2932 "https://www.arsmedica.bialystok.pl/wp-login.php" "Mozilla/5.0 (Macintosh; Intel Mac OS X 13_6_2) AppleWebKit/537.36 (KHTML, like Gecko) Chrome/121.0.6167.85 Safari/537.36"
159.65.5.161 - - [16/Jun/2026:04:16:13 +0000] "POST /wp-login.php HTTP/1.1" 200 3094 "https://www.arsmedica.bialystok.pl/wp-login.php" "Mozilla/5.0 (Windows NT 10.0; Win64; x64) AppleWebKit/537.36 (KHTML, like Gecko) Chrome/120.0.6099.130 Safari/537.36"
159.65.5.161 - - [16/Jun/2026:04:16:14 +0000] "GET /wp-admin/index.php HTTP/1.1" 302 5 "https://www.arsmedica.bialystok.pl/wp-login.php" "Mozilla/5.0 (Windows NT 10.0; Win64; x64) AppleWebKit/537.36 (KHTML, like Gecko) Chrome/120.0.6099.130 Safari/537.36"
159.65.5.161 - - [16/Jun/2026:04:16:14 +0000] "GET /wp-login.php?redirect_to=https%3A%2F%2Fwww.arsmedica.bialystok.pl%2Fwp-admin%2Findex.php&reauth=1 HTTP/1.1" 200 2932 "https://www.arsmedica.bialystok.pl/wp-login.php" "Mozilla/5.0 (Windows NT 10.0; Win64; x64) AppleWebKit/537.36 (KHTML, like Gecko) Chrome/120.0.6099.130 Safari/537.36"
159.65.5.161 - - [16/Jun/2026:04:16:16 +0000] "POST /wp-login.php HTTP/1.1" 200 3098 "https://www.arsmedica.bialystok.pl/wp-login.php" "Mozilla/5.0 (Windows NT 10.0; Win64; x64) AppleWebKit/537.36 (KHTML, like Gecko) Chrome/120.0.6099.130 Safari/537.36"
104.243.196.39 - - [16/Jun/2026:04:16:17 +0000] "GET /2025/10/01/percentuali-vincite-slot-machine/ HTTP/1.1" 200 13979 "-" "Mozilla/5.0 (Linux; Android 8.0; Pixel 2 Build/OPD3.170816.012) AppleWebKit/537.36 (KHTML, like Gecko) Chrome/44.0.6902.1669 Mobile Safari/537.36"
159.65.5.161 - - [16/Jun/2026:04:16:17 +0000] "GET /wp-admin/index.php HTTP/1.1" 302 5 "https://www.arsmedica.bialystok.pl/wp-login.php" "Mozilla/5.0 (Windows NT 10.0; Win64; x64) AppleWebKit/537.36 (KHTML, like Gecko) Chrome/120.0.6099.130 Safari/537.36"
159.65.5.161 - - [16/Jun/2026:04:16:18 +0000] "GET /wp-login.php?redirect_to=https%3A%2F%2Fwww.arsmedica.bialystok.pl%2Fwp-admin%2Findex.php&reauth=1 HTTP/1.1" 200 2932 "https://www.arsmedica.bialystok.pl/wp-login.php" "Mozilla/5.0 (Windows NT 10.0; Win64; x64) AppleWebKit/537.36 (KHTML, like Gecko) Chrome/120.0.6099.130 Safari/537.36"
173.239.240.6 - - [16/Jun/2026:04:16:18 +0000] "POST /wp-login.php HTTP/1.1" 200 10952 "-" "Mozilla/5.0"
159.65.5.161 - - [16/Jun/2026:04:16:19 +0000] "POST /wp-login.php HTTP/1.1" 200 3095 "https://www.arsmedica.bialystok.pl/wp-login.php" "Mozilla/5.0 (Macintosh; Intel Mac OS X 10.15) Gecko/20100101 Firefox/120.0.1"
159.65.5.161 - - [16/Jun/2026:04:16:20 +0000] "GET /wp-admin/index.php HTTP/1.1" 302 5 "https://www.arsmedica.bialystok.pl/wp-login.php" "Mozilla/5.0 (Macintosh; Intel Mac OS X 10.15) Gecko/20100101 Firefox/120.0.1"
159.65.5.161 - - [16/Jun/2026:04:16:21 +0000] "GET /wp-login.php?redirect_to=https%3A%2F%2Fwww.arsmedica.bialystok.pl%2Fwp-admin%2Findex.php&reauth=1 HTTP/1.1" 200 2932 "https://www.arsmedica.bialystok.pl/wp-login.php" "Mozilla/5.0 (Macintosh; Intel Mac OS X 10.15) Gecko/20100101 Firefox/120.0.1"
159.65.5.161 - - [16/Jun/2026:04:16:22 +0000] "POST /wp-login.php HTTP/1.1" 200 3101 "https://www.arsmedica.bialystok.pl/wp-login.php" "Mozilla/5.0 (X11; Linux x86_64) Gecko/20100101 Firefox/121.0"
173.239.240.23 - - [16/Jun/2026:04:16:22 +0000] "POST /wp-login.php HTTP/1.1" 200 9864 "-" "Mozilla/5.0"
159.65.5.161 - - [16/Jun/2026:04:16:23 +0000] "GET /wp-admin/index.php HTTP/1.1" 302 5 "https://www.arsmedica.bialystok.pl/wp-login.php" "Mozilla/5.0 (X11; Linux x86_64) Gecko/20100101 Firefox/121.0"
159.65.5.161 - - [16/Jun/2026:04:16:23 +0000] "GET /wp-login.php?redirect_to=https%3A%2F%2Fwww.arsmedica.bialystok.pl%2Fwp-admin%2Findex.php&reauth=1 HTTP/1.1" 200 2932 "https://www.arsmedica.bialystok.pl/wp-login.php" "Mozilla/5.0 (X11; Linux x86_64) Gecko/20100101 Firefox/121.0"
159.65.5.161 - - [16/Jun/2026:04:16:25 +0000] "POST /wp-login.php HTTP/1.1" 200 3106 "https://www.arsmedica.bialystok.pl/wp-login.php" "Mozilla/5.0 (X11; Linux x86_64) Gecko/20100101 Firefox/122.0"
159.65.5.161 - - [16/Jun/2026:04:16:26 +0000] "GET /wp-admin/index.php HTTP/1.1" 302 5 "https://www.arsmedica.bialystok.pl/wp-login.php" "Mozilla/5.0 (X11; Linux x86_64) Gecko/20100101 Firefox/122.0"
89.34.96.151 - - [16/Jun/2026:04:16:26 +0000] "\x16\x03\x01\x00\xF1\x01\x00\x00\xED\x03\x03!{\xE5\xAB\xAC\xE3qb<4iQ\x89\x86\xC0\xD8\x8D\x90%x\xC3\x08\xCC]\x05{/,\x09\x094\x98 \x13\xFE`T\xD1\x8C&\xA8X\xAD;?E\xC8\x95\xC3?0\xD3\xD5\xBAGc'kw\x11\x8A39B\x9E\x00,\x13\x02\x13\x01\xC0,\xC0+\xC00\xC0/\x00\x9F\x00\x9E\xC0$\xC0#\xC0(\xC0'\xC0" 400 166 "-" "-"
89.34.96.151 - - [16/Jun/2026:04:16:26 +0000] "GET / HTTP/1.1" 404 133 "-" "Mozilla/5.0"
159.65.5.161 - - [16/Jun/2026:04:16:27 +0000] "GET /wp-login.php?redirect_to=https%3A%2F%2Fwww.arsmedica.bialystok.pl%2Fwp-admin%2Findex.php&reauth=1 HTTP/1.1" 200 2932 "https://www.arsmedica.bialystok.pl/wp-login.php" "Mozilla/5.0 (X11; Linux x86_64) Gecko/20100101 Firefox/122.0"
159.65.5.161 - - [16/Jun/2026:04:16:28 +0000] "POST /wp-login.php HTTP/1.1" 200 3096 "https://www.arsmedica.bialystok.pl/wp-login.php" "Mozilla/5.0 (Windows NT 10.0; Win64; x64) Gecko/20100101 Firefox/118.0.2"
159.65.5.161 - - [16/Jun/2026:04:16:29 +0000] "GET /wp-admin/index.php HTTP/1.1" 302 5 "https://www.arsmedica.bialystok.pl/wp-login.php" "Mozilla/5.0 (Windows NT 10.0; Win64; x64) Gecko/20100101 Firefox/118.0.2"
159.65.5.161 - - [16/Jun/2026:04:16:30 +0000] "GET /wp-login.php?redirect_to=https%3A%2F%2Fwww.arsmedica.bialystok.pl%2Fwp-admin%2Findex.php&reauth=1 HTTP/1.1" 200 2932 "https://www.arsmedica.bialystok.pl/wp-login.php" "Mozilla/5.0 (Windows NT 10.0; Win64; x64) Gecko/20100101 Firefox/118.0.2"
159.65.5.161 - - [16/Jun/2026:04:16:31 +0000] "POST /wp-login.php HTTP/1.1" 200 3100 "https://www.arsmedica.bialystok.pl/wp-login.php" "Mozilla/5.0 (X11; Linux x86_64) Gecko/20100101 Firefox/122.0"
159.65.5.161 - - [16/Jun/2026:04:16:32 +0000] "GET /wp-admin/index.php HTTP/1.1" 302 5 "https://www.arsmedica.bialystok.pl/wp-login.php" "Mozilla/5.0 (X11; Linux x86_64) Gecko/20100101 Firefox/122.0"
159.65.5.161 - - [16/Jun/2026:04:16:33 +0000] "GET /wp-login.php?redirect_to=https%3A%2F%2Fwww.arsmedica.bialystok.pl%2Fwp-admin%2Findex.php&reauth=1 HTTP/1.1" 200 2932 "https://www.arsmedica.bialystok.pl/wp-login.php" "Mozilla/5.0 (X11; Linux x86_64) Gecko/20100101 Firefox/122.0"
159.65.5.161 - - [16/Jun/2026:04:16:35 +0000] "POST /wp-login.php HTTP/1.1" 200 3096 "https://www.arsmedica.bialystok.pl/wp-login.php" "Mozilla/5.0 (Macintosh; Intel Mac OS X 13_6_2) AppleWebKit/537.36 (KHTML, like Gecko) Chrome/120.0.6099.130 Safari/537.36"
159.65.5.161 - - [16/Jun/2026:04:16:35 +0000] "GET /wp-admin/index.php HTTP/1.1" 302 5 "https://www.arsmedica.bialystok.pl/wp-login.php" "Mozilla/5.0 (Macintosh; Intel Mac OS X 13_6_2) AppleWebKit/537.36 (KHTML, like Gecko) Chrome/120.0.6099.130 Safari/537.36"
159.65.5.161 - - [16/Jun/2026:04:16:36 +0000] "GET /wp-login.php?redirect_to=https%3A%2F%2Fwww.arsmedica.bialystok.pl%2Fwp-admin%2Findex.php&reauth=1 HTTP/1.1" 200 2932 "https://www.arsmedica.bialystok.pl/wp-login.php" "Mozilla/5.0 (Macintosh; Intel Mac OS X 13_6_2) AppleWebKit/537.36 (KHTML, like Gecko) Chrome/120.0.6099.130 Safari/537.36"
159.65.5.161 - - [16/Jun/2026:04:16:38 +0000] "POST /wp-login.php HTTP/1.1" 200 3098 "https://www.arsmedica.bialystok.pl/wp-login.php" "Mozilla/5.0 (X11; Linux x86_64) AppleWebKit/537.36 (KHTML, like Gecko) Chrome/120.0.6099.130 Safari/537.36"
159.65.5.161 - - [16/Jun/2026:04:16:39 +0000] "GET /wp-admin/index.php HTTP/1.1" 302 5 "https://www.arsmedica.bialystok.pl/wp-login.php" "Mozilla/5.0 (X11; Linux x86_64) AppleWebKit/537.36 (KHTML, like Gecko) Chrome/120.0.6099.130 Safari/537.36"
159.65.5.161 - - [16/Jun/2026:04:16:39 +0000] "GET /wp-login.php?redirect_to=https%3A%2F%2Fwww.arsmedica.bialystok.pl%2Fwp-admin%2Findex.php&reauth=1 HTTP/1.1" 200 2932 "https://www.arsmedica.bialystok.pl/wp-login.php" "Mozilla/5.0 (X11; Linux x86_64) AppleWebKit/537.36 (KHTML, like Gecko) Chrome/120.0.6099.130 Safari/537.36"
159.65.5.161 - - [16/Jun/2026:04:16:40 +0000] "POST /wp-login.php HTTP/1.1" 200 3099 "https://www.arsmedica.bialystok.pl/wp-login.php" "Mozilla/5.0 (X11; Linux x86_64) AppleWebKit/537.36 (KHTML, like Gecko) Chrome/121.0.6167.85 Safari/537.36"
159.65.5.161 - - [16/Jun/2026:04:16:41 +0000] "GET /wp-admin/index.php HTTP/1.1" 302 5 "https://www.arsmedica.bialystok.pl/wp-login.php" "Mozilla/5.0 (X11; Linux x86_64) AppleWebKit/537.36 (KHTML, like Gecko) Chrome/121.0.6167.85 Safari/537.36"
159.65.5.161 - - [16/Jun/2026:04:16:42 +0000] "GET /wp-login.php?redirect_to=https%3A%2F%2Fwww.arsmedica.bialystok.pl%2Fwp-admin%2Findex.php&reauth=1 HTTP/1.1" 200 2932 "https://www.arsmedica.bialystok.pl/wp-login.php" "Mozilla/5.0 (X11; Linux x86_64) AppleWebKit/537.36 (KHTML, like Gecko) Chrome/121.0.6167.85 Safari/537.36"
159.65.5.161 - - [16/Jun/2026:04:16:44 +0000] "POST /wp-login.php HTTP/1.1" 200 3098 "https://www.arsmedica.bialystok.pl/wp-login.php" "Mozilla/5.0 (Windows NT 10.0; Win64; x64) AppleWebKit/537.36 (KHTML, like Gecko) Chrome/118.0.5993.88 Safari/537.36"
159.65.5.161 - - [16/Jun/2026:04:16:45 +0000] "GET /wp-admin/index.php HTTP/1.1" 302 5 "https://www.arsmedica.bialystok.pl/wp-login.php" "Mozilla/5.0 (Windows NT 10.0; Win64; x64) AppleWebKit/537.36 (KHTML, like Gecko) Chrome/118.0.5993.88 Safari/537.36"
159.65.5.161 - - [16/Jun/2026:04:16:46 +0000] "GET /wp-login.php?redirect_to=https%3A%2F%2Fwww.arsmedica.bialystok.pl%2Fwp-admin%2Findex.php&reauth=1 HTTP/1.1" 200 2932 "https://www.arsmedica.bialystok.pl/wp-login.php" "Mozilla/5.0 (Windows NT 10.0; Win64; x64) AppleWebKit/537.36 (KHTML, like Gecko) Chrome/118.0.5993.88 Safari/537.36"
159.65.5.161 - - [16/Jun/2026:04:16:47 +0000] "POST /wp-login.php HTTP/1.1" 200 3103 "https://www.arsmedica.bialystok.pl/wp-login.php" "Mozilla/5.0 (X11; Ubuntu; Linux x86_64) AppleWebKit/537.36 (KHTML, like Gecko) Chrome/119.0.6045.159 Safari/537.36"
159.65.5.161 - - [16/Jun/2026:04:16:48 +0000] "GET /wp-admin/index.php HTTP/1.1" 302 5 "https://www.arsmedica.bialystok.pl/wp-login.php" "Mozilla/5.0 (X11; Ubuntu; Linux x86_64) AppleWebKit/537.36 (KHTML, like Gecko) Chrome/119.0.6045.159 Safari/537.36"
159.65.5.161 - - [16/Jun/2026:04:16:49 +0000] "GET /wp-login.php?redirect_to=https%3A%2F%2Fwww.arsmedica.bialystok.pl%2Fwp-admin%2Findex.php&reauth=1 HTTP/1.1" 200 2932 "https://www.arsmedica.bialystok.pl/wp-login.php" "Mozilla/5.0 (X11; Ubuntu; Linux x86_64) AppleWebKit/537.36 (KHTML, like Gecko) Chrome/119.0.6045.159 Safari/537.36"
159.65.5.161 - - [16/Jun/2026:04:16:50 +0000] "POST /wp-login.php HTTP/1.1" 200 3096 "https://www.arsmedica.bialystok.pl/wp-login.php" "Mozilla/5.0 (X11; Linux x86_64) Gecko/20100101 Firefox/118.0.2"
159.65.5.161 - - [16/Jun/2026:04:16:51 +0000] "GET /wp-admin/index.php HTTP/1.1" 302 5 "https://www.arsmedica.bialystok.pl/wp-login.php" "Mozilla/5.0 (X11; Linux x86_64) Gecko/20100101 Firefox/118.0.2"
159.65.5.161 - - [16/Jun/2026:04:16:52 +0000] "GET /wp-login.php?redirect_to=https%3A%2F%2Fwww.arsmedica.bialystok.pl%2Fwp-admin%2Findex.php&reauth=1 HTTP/1.1" 200 2932 "https://www.arsmedica.bialystok.pl/wp-login.php" "Mozilla/5.0 (X11; Linux x86_64) Gecko/20100101 Firefox/118.0.2"
159.65.5.161 - - [16/Jun/2026:04:16:53 +0000] "POST /wp-login.php HTTP/1.1" 200 3098 "https://www.arsmedica.bialystok.pl/wp-login.php" "Mozilla/5.0 (Windows NT 11.0; Win64; x64) AppleWebKit/537.36 (KHTML, like Gecko) Chrome/121.0.6167.85 Safari/537.36"
159.65.5.161 - - [16/Jun/2026:04:16:54 +0000] "GET /wp-admin/index.php HTTP/1.1" 302 5 "https://www.arsmedica.bialystok.pl/wp-login.php" "Mozilla/5.0 (Windows NT 11.0; Win64; x64) AppleWebKit/537.36 (KHTML, like Gecko) Chrome/121.0.6167.85 Safari/537.36"
159.65.5.161 - - [16/Jun/2026:04:16:54 +0000] "GET /wp-login.php?redirect_to=https%3A%2F%2Fwww.arsmedica.bialystok.pl%2Fwp-admin%2Findex.php&reauth=1 HTTP/1.1" 200 2932 "https://www.arsmedica.bialystok.pl/wp-login.php" "Mozilla/5.0 (Windows NT 11.0; Win64; x64) AppleWebKit/537.36 (KHTML, like Gecko) Chrome/121.0.6167.85 Safari/537.36"
159.65.5.161 - - [16/Jun/2026:04:16:56 +0000] "POST /wp-login.php HTTP/1.1" 200 3099 "https://www.arsmedica.bialystok.pl/wp-login.php" "Mozilla/5.0 (Windows NT 11.0; Win64; x64) AppleWebKit/537.36 (KHTML, like Gecko) Chrome/119.0.6045.159 Safari/537.36"
159.65.5.161 - - [16/Jun/2026:04:16:57 +0000] "GET /wp-admin/index.php HTTP/1.1" 302 5 "https://www.arsmedica.bialystok.pl/wp-login.php" "Mozilla/5.0 (Windows NT 11.0; Win64; x64) AppleWebKit/537.36 (KHTML, like Gecko) Chrome/119.0.6045.159 Safari/537.36"
159.65.5.161 - - [16/Jun/2026:04:16:57 +0000] "GET /wp-login.php?redirect_to=https%3A%2F%2Fwww.arsmedica.bialystok.pl%2Fwp-admin%2Findex.php&reauth=1 HTTP/1.1" 200 2932 "https://www.arsmedica.bialystok.pl/wp-login.php" "Mozilla/5.0 (Windows NT 11.0; Win64; x64) AppleWebKit/537.36 (KHTML, like Gecko) Chrome/119.0.6045.159 Safari/537.36"
172.69.155.67 - - [16/Jun/2026:04:16:59 +0000] "GET / HTTP/1.1" 301 178 "-" "Mozilla/5.0 (Windows NT 10.0; Win64; x64) AppleWebKit/537.36 (KHTML, like Gecko) Chrome/111.0.0.0 Safari/537.36"
159.65.5.161 - - [16/Jun/2026:04:16:59 +0000] "POST /wp-login.php HTTP/1.1" 200 3094 "https://www.arsmedica.bialystok.pl/wp-login.php" "Mozilla/5.0 (Windows NT 10.0; Win64; x64) Gecko/20100101 Firefox/122.0"
159.65.5.161 - - [16/Jun/2026:04:17:00 +0000] "GET /wp-admin/index.php HTTP/1.1" 302 5 "https://www.arsmedica.bialystok.pl/wp-login.php" "Mozilla/5.0 (Windows NT 10.0; Win64; x64) Gecko/20100101 Firefox/122.0"
159.65.5.161 - - [16/Jun/2026:04:17:01 +0000] "GET /wp-login.php?redirect_to=https%3A%2F%2Fwww.arsmedica.bialystok.pl%2Fwp-admin%2Findex.php&reauth=1 HTTP/1.1" 200 2932 "https://www.arsmedica.bialystok.pl/wp-login.php" "Mozilla/5.0 (Windows NT 10.0; Win64; x64) Gecko/20100101 Firefox/122.0"
159.65.5.161 - - [16/Jun/2026:04:17:03 +0000] "POST /wp-login.php HTTP/1.1" 200 3096 "https://www.arsmedica.bialystok.pl/wp-login.php" "Mozilla/5.0 (X11; Linux x86_64) AppleWebKit/537.36 (KHTML, like Gecko) Chrome/120.0.6099.130 Safari/537.36"
159.65.5.161 - - [16/Jun/2026:04:17:04 +0000] "GET /wp-admin/index.php HTTP/1.1" 302 5 "https://www.arsmedica.bialystok.pl/wp-login.php" "Mozilla/5.0 (X11; Linux x86_64) AppleWebKit/537.36 (KHTML, like Gecko) Chrome/120.0.6099.130 Safari/537.36"
159.65.5.161 - - [16/Jun/2026:04:17:05 +0000] "GET /wp-login.php?redirect_to=https%3A%2F%2Fwww.arsmedica.bialystok.pl%2Fwp-admin%2Findex.php&reauth=1 HTTP/1.1" 200 2932 "https://www.arsmedica.bialystok.pl/wp-login.php" "Mozilla/5.0 (X11; Linux x86_64) AppleWebKit/537.36 (KHTML, like Gecko) Chrome/120.0.6099.130 Safari/537.36"
159.65.5.161 - - [16/Jun/2026:04:17:06 +0000] "POST /wp-login.php HTTP/1.1" 200 3097 "https://www.arsmedica.bialystok.pl/wp-login.php" "Mozilla/5.0 (X11; Linux x86_64) Gecko/20100101 Firefox/122.0"
159.65.5.161 - - [16/Jun/2026:04:17:07 +0000] "GET /wp-admin/index.php HTTP/1.1" 302 5 "https://www.arsmedica.bialystok.pl/wp-login.php" "Mozilla/5.0 (X11; Linux x86_64) Gecko/20100101 Firefox/122.0"
159.65.5.161 - - [16/Jun/2026:04:17:08 +0000] "GET /wp-login.php?redirect_to=https%3A%2F%2Fwww.arsmedica.bialystok.pl%2Fwp-admin%2Findex.php&reauth=1 HTTP/1.1" 200 2932 "https://www.arsmedica.bialystok.pl/wp-login.php" "Mozilla/5.0 (X11; Linux x86_64) Gecko/20100101 Firefox/122.0"
159.65.5.161 - - [16/Jun/2026:04:17:09 +0000] "POST /wp-login.php HTTP/1.1" 200 3098 "https://www.arsmedica.bialystok.pl/wp-login.php" "Mozilla/5.0 (Windows NT 10.0; Win64; x64) Gecko/20100101 Firefox/118.0.2"
159.65.5.161 - - [16/Jun/2026:04:17:10 +0000] "GET /wp-admin/index.php HTTP/1.1" 302 5 "https://www.arsmedica.bialystok.pl/wp-login.php" "Mozilla/5.0 (Windows NT 10.0; Win64; x64) Gecko/20100101 Firefox/118.0.2"
159.65.5.161 - - [16/Jun/2026:04:17:11 +0000] "GET /wp-login.php?redirect_to=https%3A%2F%2Fwww.arsmedica.bialystok.pl%2Fwp-admin%2Findex.php&reauth=1 HTTP/1.1" 200 2932 "https://www.arsmedica.bialystok.pl/wp-login.php" "Mozilla/5.0 (Windows NT 10.0; Win64; x64) Gecko/20100101 Firefox/118.0.2"
91.146.102.43 - - [16/Jun/2026:04:17:12 +0000] "GET /wp-login.php HTTP/1.1" 200 3165 "-" "Mozilla/5.0 (Windows NT 10.0; Win64; x64; rv:133.0) Gecko/20100101 Firefox/133.0"
159.65.5.161 - - [16/Jun/2026:04:17:12 +0000] "POST /wp-login.php HTTP/1.1" 200 3100 "https://www.arsmedica.bialystok.pl/wp-login.php" "Mozilla/5.0 (Windows NT 10.0; Win64; x64) Gecko/20100101 Firefox/122.0"
91.146.102.43 - - [16/Jun/2026:04:17:13 +0000] "POST /wp-login.php HTTP/1.1" 200 3295 "https://ideapv.pl/wp-login.php" "Mozilla/5.0 (Windows NT 10.0; Win64; x64; rv:133.0) Gecko/20100101 Firefox/133.0"
159.65.5.161 - - [16/Jun/2026:04:17:13 +0000] "GET /wp-admin/index.php HTTP/1.1" 302 5 "https://www.arsmedica.bialystok.pl/wp-login.php" "Mozilla/5.0 (Windows NT 10.0; Win64; x64) Gecko/20100101 Firefox/122.0"
159.65.5.161 - - [16/Jun/2026:04:17:14 +0000] "GET /wp-login.php?redirect_to=https%3A%2F%2Fwww.arsmedica.bialystok.pl%2Fwp-admin%2Findex.php&reauth=1 HTTP/1.1" 200 2932 "https://www.arsmedica.bialystok.pl/wp-login.php" "Mozilla/5.0 (Windows NT 10.0; Win64; x64) Gecko/20100101 Firefox/122.0"
159.65.5.161 - - [16/Jun/2026:04:17:15 +0000] "POST /wp-login.php HTTP/1.1" 200 3097 "https://www.arsmedica.bialystok.pl/wp-login.php" "Mozilla/5.0 (Windows NT 10.0; Win64; x64) Gecko/20100101 Firefox/122.0"
159.65.5.161 - - [16/Jun/2026:04:17:16 +0000] "GET /wp-admin/index.php HTTP/1.1" 302 5 "https://www.arsmedica.bialystok.pl/wp-login.php" "Mozilla/5.0 (Windows NT 10.0; Win64; x64) Gecko/20100101 Firefox/122.0"
159.65.5.161 - - [16/Jun/2026:04:17:17 +0000] "GET /wp-login.php?redirect_to=https%3A%2F%2Fwww.arsmedica.bialystok.pl%2Fwp-admin%2Findex.php&reauth=1 HTTP/1.1" 200 2932 "https://www.arsmedica.bialystok.pl/wp-login.php" "Mozilla/5.0 (Windows NT 10.0; Win64; x64) Gecko/20100101 Firefox/122.0"
159.65.5.161 - - [16/Jun/2026:04:17:18 +0000] "POST /wp-login.php HTTP/1.1" 200 3094 "https://www.arsmedica.bialystok.pl/wp-login.php" "Mozilla/5.0 (X11; Ubuntu; Linux x86_64) AppleWebKit/537.36 (KHTML, like Gecko) Chrome/122.0.6261.57 Safari/537.36"
159.65.5.161 - - [16/Jun/2026:04:17:19 +0000] "GET /wp-admin/index.php HTTP/1.1" 302 5 "https://www.arsmedica.bialystok.pl/wp-login.php" "Mozilla/5.0 (X11; Ubuntu; Linux x86_64) AppleWebKit/537.36 (KHTML, like Gecko) Chrome/122.0.6261.57 Safari/537.36"
159.65.5.161 - - [16/Jun/2026:04:17:20 +0000] "GET /wp-login.php?redirect_to=https%3A%2F%2Fwww.arsmedica.bialystok.pl%2Fwp-admin%2Findex.php&reauth=1 HTTP/1.1" 200 2932 "https://www.arsmedica.bialystok.pl/wp-login.php" "Mozilla/5.0 (X11; Ubuntu; Linux x86_64) AppleWebKit/537.36 (KHTML, like Gecko) Chrome/122.0.6261.57 Safari/537.36"
159.65.5.161 - - [16/Jun/2026:04:17:22 +0000] "POST /wp-login.php HTTP/1.1" 200 3102 "https://www.arsmedica.bialystok.pl/wp-login.php" "Mozilla/5.0 (Windows NT 10.0; Win64; x64) Gecko/20100101 Firefox/122.0"
159.65.5.161 - - [16/Jun/2026:04:17:22 +0000] "GET /wp-admin/index.php HTTP/1.1" 302 5 "https://www.arsmedica.bialystok.pl/wp-login.php" "Mozilla/5.0 (Windows NT 10.0; Win64; x64) Gecko/20100101 Firefox/122.0"
159.65.5.161 - - [16/Jun/2026:04:17:23 +0000] "GET /wp-login.php?redirect_to=https%3A%2F%2Fwww.arsmedica.bialystok.pl%2Fwp-admin%2Findex.php&reauth=1 HTTP/1.1" 200 2932 "https://www.arsmedica.bialystok.pl/wp-login.php" "Mozilla/5.0 (Windows NT 10.0; Win64; x64) Gecko/20100101 Firefox/122.0"
159.65.5.161 - - [16/Jun/2026:04:17:25 +0000] "POST /wp-login.php HTTP/1.1" 200 3096 "https://www.arsmedica.bialystok.pl/wp-login.php" "Mozilla/5.0 (X11; Linux x86_64) Gecko/20100101 Firefox/119.0.1"
159.65.5.161 - - [16/Jun/2026:04:17:26 +0000] "GET /wp-admin/index.php HTTP/1.1" 302 5 "https://www.arsmedica.bialystok.pl/wp-login.php" "Mozilla/5.0 (X11; Linux x86_64) Gecko/20100101 Firefox/119.0.1"
159.65.5.161 - - [16/Jun/2026:04:17:27 +0000] "GET /wp-login.php?redirect_to=https%3A%2F%2Fwww.arsmedica.bialystok.pl%2Fwp-admin%2Findex.php&reauth=1 HTTP/1.1" 200 2932 "https://www.arsmedica.bialystok.pl/wp-login.php" "Mozilla/5.0 (X11; Linux x86_64) Gecko/20100101 Firefox/119.0.1"
159.65.5.161 - - [16/Jun/2026:04:17:28 +0000] "POST /wp-login.php HTTP/1.1" 200 3100 "https://www.arsmedica.bialystok.pl/wp-login.php" "Mozilla/5.0 (Macintosh; Intel Mac OS X 10.15) Gecko/20100101 Firefox/120.0.1"
159.65.5.161 - - [16/Jun/2026:04:17:29 +0000] "GET /wp-admin/index.php HTTP/1.1" 302 5 "https://www.arsmedica.bialystok.pl/wp-login.php" "Mozilla/5.0 (Macintosh; Intel Mac OS X 10.15) Gecko/20100101 Firefox/120.0.1"
159.65.5.161 - - [16/Jun/2026:04:17:30 +0000] "GET /wp-login.php?redirect_to=https%3A%2F%2Fwww.arsmedica.bialystok.pl%2Fwp-admin%2Findex.php&reauth=1 HTTP/1.1" 200 2932 "https://www.arsmedica.bialystok.pl/wp-login.php" "Mozilla/5.0 (Macintosh; Intel Mac OS X 10.15) Gecko/20100101 Firefox/120.0.1"
159.65.5.161 - - [16/Jun/2026:04:17:32 +0000] "POST /wp-login.php HTTP/1.1" 200 3095 "https://www.arsmedica.bialystok.pl/wp-login.php" "Mozilla/5.0 (Macintosh; Intel Mac OS X 10.15) Gecko/20100101 Firefox/119.0.1"
159.65.5.161 - - [16/Jun/2026:04:17:33 +0000] "GET /wp-admin/index.php HTTP/1.1" 302 5 "https://www.arsmedica.bialystok.pl/wp-login.php" "Mozilla/5.0 (Macintosh; Intel Mac OS X 10.15) Gecko/20100101 Firefox/119.0.1"
159.65.5.161 - - [16/Jun/2026:04:17:33 +0000] "GET /wp-login.php?redirect_to=https%3A%2F%2Fwww.arsmedica.bialystok.pl%2Fwp-admin%2Findex.php&reauth=1 HTTP/1.1" 200 2932 "https://www.arsmedica.bialystok.pl/wp-login.php" "Mozilla/5.0 (Macintosh; Intel Mac OS X 10.15) Gecko/20100101 Firefox/119.0.1"
159.65.5.161 - - [16/Jun/2026:04:17:35 +0000] "POST /wp-login.php HTTP/1.1" 200 3098 "https://www.arsmedica.bialystok.pl/wp-login.php" "Mozilla/5.0 (Macintosh; Intel Mac OS X 10_15_7) AppleWebKit/537.36 (KHTML, like Gecko) Chrome/121.0.6167.85 Safari/537.36"
159.65.5.161 - - [16/Jun/2026:04:17:36 +0000] "GET /wp-admin/index.php HTTP/1.1" 302 5 "https://www.arsmedica.bialystok.pl/wp-login.php" "Mozilla/5.0 (Macintosh; Intel Mac OS X 10_15_7) AppleWebKit/537.36 (KHTML, like Gecko) Chrome/121.0.6167.85 Safari/537.36"
159.65.5.161 - - [16/Jun/2026:04:17:37 +0000] "GET /wp-login.php?redirect_to=https%3A%2F%2Fwww.arsmedica.bialystok.pl%2Fwp-admin%2Findex.php&reauth=1 HTTP/1.1" 200 2932 "https://www.arsmedica.bialystok.pl/wp-login.php" "Mozilla/5.0 (Macintosh; Intel Mac OS X 10_15_7) AppleWebKit/537.36 (KHTML, like Gecko) Chrome/121.0.6167.85 Safari/537.36"
199.244.88.228 - - [16/Jun/2026:04:17:37 +0000] "GET / HTTP/1.1" 301 178 "-" "Mozilla/5.0 (X11; Linux x86_64) AppleWebKit/537.36 (KHTML, like Gecko) Chrome/105.0.0.0 Safari/537.36"
159.65.5.161 - - [16/Jun/2026:04:17:38 +0000] "POST /wp-login.php HTTP/1.1" 200 3097 "https://www.arsmedica.bialystok.pl/wp-login.php" "Mozilla/5.0 (X11; Linux x86_64) Gecko/20100101 Firefox/120.0.1"
159.65.5.161 - - [16/Jun/2026:04:17:39 +0000] "GET /wp-admin/index.php HTTP/1.1" 302 5 "https://www.arsmedica.bialystok.pl/wp-login.php" "Mozilla/5.0 (X11; Linux x86_64) Gecko/20100101 Firefox/120.0.1"
159.65.5.161 - - [16/Jun/2026:04:17:40 +0000] "GET /wp-login.php?redirect_to=https%3A%2F%2Fwww.arsmedica.bialystok.pl%2Fwp-admin%2Findex.php&reauth=1 HTTP/1.1" 200 2932 "https://www.arsmedica.bialystok.pl/wp-login.php" "Mozilla/5.0 (X11; Linux x86_64) Gecko/20100101 Firefox/120.0.1"
136.119.129.236 - - [16/Jun/2026:04:17:41 +0000] "HEAD /2025/10/01/casin%C3%B3-di-venezia HTTP/1.1" 301 0 "-" "Mozilla/5.0 AppleWebKit/537.36 (KHTML, like Gecko); compatible; ShapBot/0.1.0"
136.119.129.236 - - [16/Jun/2026:04:17:41 +0000] "HEAD /2025/10/01/casin%C3%B3-di-venezia HTTP/1.1" 301 0 "-" "Mozilla/5.0 AppleWebKit/537.36 (KHTML, like Gecko); compatible; ShapBot/0.1.0"
192.185.4.147 - - [16/Jun/2026:04:17:41 +0000] "GET /wp-login.php HTTP/1.1" 200 3165 "-" "Mozilla/5.0 (Windows NT 10.0; Win64; x64) AppleWebKit/537.36 (KHTML, like Gecko) Chrome/120.0.0.0 Safari/537.36"
136.119.129.236 - - [16/Jun/2026:04:17:41 +0000] "HEAD /2025/10/01/casin%C3%B3-di-venezia/ HTTP/1.1" 200 0 "-" "Mozilla/5.0 AppleWebKit/537.36 (KHTML, like Gecko); compatible; ShapBot/0.1.0"
159.65.5.161 - - [16/Jun/2026:04:17:42 +0000] "POST /wp-login.php HTTP/1.1" 200 3095 "https://www.arsmedica.bialystok.pl/wp-login.php" "Mozilla/5.0 (Macintosh; Intel Mac OS X 10.15) Gecko/20100101 Firefox/119.0.1"
136.119.129.236 - - [16/Jun/2026:04:17:42 +0000] "GET /2025/10/01/casin%C3%B3-di-venezia HTTP/1.1" 301 5 "-" "Mozilla/5.0 AppleWebKit/537.36 (KHTML, like Gecko); compatible; ShapBot/0.1.0"
192.185.4.147 - - [16/Jun/2026:04:17:42 +0000] "POST /wp-login.php HTTP/1.1" 200 3295 "https://ideapv.pl/wp-login.php" "Mozilla/5.0 (Windows NT 10.0; Win64; x64) AppleWebKit/537.36 (KHTML, like Gecko) Chrome/120.0.0.0 Safari/537.36"
136.119.129.236 - - [16/Jun/2026:04:17:43 +0000] "GET /2025/10/01/casin%C3%B3-di-venezia/ HTTP/1.1" 200 12431 "-" "Mozilla/5.0 AppleWebKit/537.36 (KHTML, like Gecko); compatible; ShapBot/0.1.0"
159.65.5.161 - - [16/Jun/2026:04:17:43 +0000] "GET /wp-admin/index.php HTTP/1.1" 302 5 "https://www.arsmedica.bialystok.pl/wp-login.php" "Mozilla/5.0 (Macintosh; Intel Mac OS X 10.15) Gecko/20100101 Firefox/119.0.1"
159.65.5.161 - - [16/Jun/2026:04:17:43 +0000] "GET /wp-login.php?redirect_to=https%3A%2F%2Fwww.arsmedica.bialystok.pl%2Fwp-admin%2Findex.php&reauth=1 HTTP/1.1" 200 2932 "https://www.arsmedica.bialystok.pl/wp-login.php" "Mozilla/5.0 (Macintosh; Intel Mac OS X 10.15) Gecko/20100101 Firefox/119.0.1"
159.65.5.161 - - [16/Jun/2026:04:17:45 +0000] "POST /wp-login.php HTTP/1.1" 200 3097 "https://www.arsmedica.bialystok.pl/wp-login.php" "Mozilla/5.0 (X11; Linux x86_64) Gecko/20100101 Firefox/120.0.1"
159.65.5.161 - - [16/Jun/2026:04:17:46 +0000] "GET /wp-admin/index.php HTTP/1.1" 302 5 "https://www.arsmedica.bialystok.pl/wp-login.php" "Mozilla/5.0 (X11; Linux x86_64) Gecko/20100101 Firefox/120.0.1"
83.168.90.16 - - [16/Jun/2026:04:17:46 +0000] "HEAD /?x995=u3j5 HTTP/1.1" 500 0 "-" "Go-http-client/1.1"
83.168.90.16 - - [16/Jun/2026:04:17:46 +0000] "HEAD / HTTP/1.1" 500 0 "-" "Go-http-client/1.1"
159.65.5.161 - - [16/Jun/2026:04:17:47 +0000] "GET /wp-login.php?redirect_to=https%3A%2F%2Fwww.arsmedica.bialystok.pl%2Fwp-admin%2Findex.php&reauth=1 HTTP/1.1" 200 2932 "https://www.arsmedica.bialystok.pl/wp-login.php" "Mozilla/5.0 (X11; Linux x86_64) Gecko/20100101 Firefox/120.0.1"
159.65.5.161 - - [16/Jun/2026:04:17:48 +0000] "POST /wp-login.php HTTP/1.1" 200 3097 "https://www.arsmedica.bialystok.pl/wp-login.php" "Mozilla/5.0 (Windows NT 11.0; Win64; x64) AppleWebKit/537.36 (KHTML, like Gecko) Chrome/122.0.6261.57 Safari/537.36"
159.65.5.161 - - [16/Jun/2026:04:17:49 +0000] "GET /wp-admin/index.php HTTP/1.1" 302 5 "https://www.arsmedica.bialystok.pl/wp-login.php" "Mozilla/5.0 (Windows NT 11.0; Win64; x64) AppleWebKit/537.36 (KHTML, like Gecko) Chrome/122.0.6261.57 Safari/537.36"
159.65.5.161 - - [16/Jun/2026:04:17:49 +0000] "GET /wp-login.php?redirect_to=https%3A%2F%2Fwww.arsmedica.bialystok.pl%2Fwp-admin%2Findex.php&reauth=1 HTTP/1.1" 200 2932 "https://www.arsmedica.bialystok.pl/wp-login.php" "Mozilla/5.0 (Windows NT 11.0; Win64; x64) AppleWebKit/537.36 (KHTML, like Gecko) Chrome/122.0.6261.57 Safari/537.36"
43.173.178.101 - - [16/Jun/2026:04:17:50 +0000] "GET / HTTP/1.1" 301 178 "-" "Mozilla/5.0 (Windows NT 10.0; Win64; x64) AppleWebKit/537.36 (KHTML, like Gecko) Chrome/103.0.0.0 Safari/537.36"
159.65.5.161 - - [16/Jun/2026:04:17:51 +0000] "POST /wp-login.php HTTP/1.1" 302 5 "https://www.arsmedica.bialystok.pl/wp-login.php" "Mozilla/5.0 (Windows NT 10.0; Win64; x64) Gecko/20100101 Firefox/121.0"
159.65.5.161 - - [16/Jun/2026:04:17:52 +0000] "GET /wp-login.php?redirect_to=https%3A%2F%2Fwww.arsmedica.bialystok.pl%2Fwp-admin%2F&action=confirm_admin_email&wp_lang=pl_PL HTTP/1.1" 200 1587 "https://www.arsmedica.bialystok.pl/wp-login.php" "Mozilla/5.0 (Windows NT 10.0; Win64; x64) Gecko/20100101 Firefox/121.0"
159.65.5.161 - - [16/Jun/2026:04:17:55 +0000] "GET /wp-admin/index.php HTTP/1.1" 200 38572 "https://www.arsmedica.bialystok.pl/wp-login.php" "Mozilla/5.0 (Windows NT 10.0; Win64; x64) Gecko/20100101 Firefox/121.0"
159.65.5.161 - - [16/Jun/2026:04:17:56 +0000] "GET /wp-admin/profile.php HTTP/1.1" 200 31286 "https://www.arsmedica.bialystok.pl/wp-login.php" "Mozilla/5.0 (Windows NT 10.0; Win64; x64) Gecko/20100101 Firefox/121.0"
173.239.240.20 - - [16/Jun/2026:04:17:56 +0000] "POST /wp-login.php HTTP/1.1" 200 9483 "-" "Mozilla/5.0"
173.239.240.16 - - [16/Jun/2026:04:17:57 +0000] "POST /wp-login.php HTTP/1.1" 200 9507 "-" "Mozilla/5.0"
159.65.5.161 - - [16/Jun/2026:04:17:57 +0000] "GET /wp-admin/plugin-install.php?tab=upload HTTP/1.1" 200 22228 "-" "Mozilla/5.0 (X11; Linux x86_64) AppleWebKit/537.36 (KHTML, like Gecko) Chrome/118.0.5993.88 Safari/537.36"
159.65.5.161 - - [16/Jun/2026:04:18:02 +0000] "POST /wp-admin/update.php?action=upload-plugin HTTP/1.1" 200 18436 "-" "Mozilla/5.0 (Macintosh; Intel Mac OS X 10.15) Gecko/20100101 Firefox/119.0.1"
159.65.5.161 - - [16/Jun/2026:04:18:03 +0000] "GET /wp-content/plugins/uxsigsc/index.php HTTP/1.1" 403 133 "-" "Mozilla/5.0 (X11; Linux x86_64) Gecko/20100101 Firefox/122.0"
184.107.244.93 - - [16/Jun/2026:04:18:05 +0000] "GET /wp-login.php HTTP/1.1" 200 2922 "-" "Mozilla/5.0 (X11; Ubuntu; Linux x86_64; rv:133.0) Gecko/20100101 Firefox/133.0"
184.107.244.93 - - [16/Jun/2026:04:18:05 +0000] "POST /wp-login.php HTTP/1.1" 200 3109 "https://www.arsmedica.bialystok.pl/wp-login.php" "Mozilla/5.0 (X11; Ubuntu; Linux x86_64; rv:133.0) Gecko/20100101 Firefox/133.0"
