172.71.124.89 - - [16/Jun/2026:13:11:07 +0000] "GET /category/bezpieczenstwo-stron-internetowych/page/2 HTTP/1.1" 301 5 "https://3arrow.pl/category/bezpieczenstwo-stron-internetowych/page/2" "Mozilla/5.0 (Linux; Android 7.0;) AppleWebKit/537.36 (HTML, like Gecko) Mobile Safari/537.36 (compatible; PetalBot;+https://webmaster.petalsearch.com/site/petalbot)"
172.70.80.45 - - [16/Jun/2026:13:11:08 +0000] "GET /wp-login.php HTTP/1.1" 200 3239 "-" "Mozilla/5.0 (Macintosh; Intel Mac OS X 10_15_7) AppleWebKit/537.36 (KHTML, like Gecko) Chrome/133.0.0.0 Safari/537.36"
162.158.88.100 - - [16/Jun/2026:13:11:08 +0000] "GET /category/bezpieczenstwo-stron-internetowych/page/2/ HTTP/1.1" 200 19436 "https://3arrow.pl/category/bezpieczenstwo-stron-internetowych/page/2" "Mozilla/5.0 (Linux; Android 7.0;) AppleWebKit/537.36 (HTML, like Gecko) Mobile Safari/537.36 (compatible; PetalBot;+https://webmaster.petalsearch.com/site/petalbot)"
172.70.50.78 - - [16/Jun/2026:13:11:09 +0000] "POST /wp-login.php HTTP/1.1" 200 3367 "https://3arrow.pl/wp-login.php" "Mozilla/5.0 (Macintosh; Intel Mac OS X 10_15_7) AppleWebKit/537.36 (KHTML, like Gecko) Chrome/133.0.0.0 Safari/537.36"
172.69.70.72 - - [16/Jun/2026:13:11:19 +0000] "GET /item584310344?kg=0582496037 HTTP/1.1" 404 17071 "-" "Mozilla/5.0 (Linux; Android 6.0.1; Nexus 5X Build/MMB29P) AppleWebKit/537.36 (KHTML, like Gecko) Chrome/149.0.7827.114 Mobile Safari/537.36 (compatible; Googlebot/2.1; +http://www.google.com/bot.html)"
172.69.222.113 - - [16/Jun/2026:13:11:20 +0000] "GET /projektowanie-stron-internetowych-szczecin-pewnosc-sukcesu-online/ HTTP/1.1" 200 27215 "-" "Mozilla/5.0 (compatible; Barkrowler/0.9; +https://babbar.tech/crawler)"
104.22.24.61 - - [16/Jun/2026:13:11:26 +0000] "GET /item624782264?kg=0622842269 HTTP/1.1" 404 17071 "-" "Mozilla/5.0 (Linux; Android 6.0.1; Nexus 5X Build/MMB29P) AppleWebKit/537.36 (KHTML, like Gecko) Chrome/149.0.7827.114 Mobile Safari/537.36 (compatible; Googlebot/2.1; +http://www.google.com/bot.html)"
104.23.229.23 - - [16/Jun/2026:13:11:36 +0000] "GET /projektowanie-stron-internetowych-studia-odkryj-przyszlosc-kariery/ HTTP/1.1" 200 25010 "-" "Mozilla/5.0 (compatible; Barkrowler/0.9; +https://babbar.tech/crawler)"
172.71.232.103 - - [16/Jun/2026:13:11:51 +0000] "GET /projektowanie-stron-internetowych-studia-pelne-mozliwosci-rozwoju/ HTTP/1.1" 200 26321 "-" "Mozilla/5.0 (compatible; Barkrowler/0.9; +https://babbar.tech/crawler)"
172.71.119.53 - - [16/Jun/2026:13:12:07 +0000] "GET /projektowanie-stron-internetowych-kalisz-zapewnia-sukces-firmom/ HTTP/1.1" 200 25426 "-" "Mozilla/5.0 (compatible; Barkrowler/0.9; +https://babbar.tech/crawler)"
141.101.95.46 - - [16/Jun/2026:13:12:22 +0000] "GET /projektowanie-stron-internetowych-chomikuj-skutecznie-i-bezplatnie/ HTTP/1.1" 200 25207 "-" "Mozilla/5.0 (compatible; Barkrowler/0.9; +https://babbar.tech/crawler)"
104.23.245.101 - - [16/Jun/2026:13:12:26 +0000] "GET /item940678432?kg=0937757393 HTTP/1.1" 404 17071 "-" "Mozilla/5.0 (Linux; Android 6.0.1; Nexus 5X Build/MMB29P) AppleWebKit/537.36 (KHTML, like Gecko) Chrome/149.0.7827.114 Mobile Safari/537.36 (compatible; Googlebot/2.1; +http://www.google.com/bot.html)"
31.3.241.131 - - [16/Jun/2026:13:12:28 +0000] "GET /wp-login.php HTTP/1.1" 200 3239 "-" "Mozilla/5.0 (X11; Linux i686) AppleWebKit/537.36 (KHTML, like Gecko) Chrome/133.0.0.0 Safari/537.36"
31.3.241.131 - - [16/Jun/2026:13:12:29 +0000] "POST /wp-login.php HTTP/1.1" 200 3367 "https://drogeriarozana.pl/wp-login.php" "Mozilla/5.0 (X11; Linux i686) AppleWebKit/537.36 (KHTML, like Gecko) Chrome/133.0.0.0 Safari/537.36"
172.71.124.89 - - [16/Jun/2026:13:12:30 +0000] "GET /call-to-action-potezne-narzedzie-zwiekszajace-konwersje HTTP/1.1" 301 5 "https://3arrow.pl/semantyka-co-to-wyjasnia-jasno-i-przystepnie" "Mozilla/5.0 (Linux; Android 7.0;) AppleWebKit/537.36 (HTML, like Gecko) Mobile Safari/537.36 (compatible; PetalBot;+https://webmaster.petalsearch.com/site/petalbot)"
104.23.175.46 - - [16/Jun/2026:13:12:32 +0000] "GET /call-to-action-potezne-narzedzie-zwiekszajace-konwersje/ HTTP/1.1" 200 26127 "https://3arrow.pl/semantyka-co-to-wyjasnia-jasno-i-przystepnie" "Mozilla/5.0 (Linux; Android 7.0;) AppleWebKit/537.36 (HTML, like Gecko) Mobile Safari/537.36 (compatible; PetalBot;+https://webmaster.petalsearch.com/site/petalbot)"
162.158.216.80 - - [16/Jun/2026:13:12:36 +0000] "GET /ui-designer-najlepszy-wybor-dla-kreatywnych-zawodow/ HTTP/1.1" 200 25356 "-" "Mozilla/5.0 (compatible; AhrefsBot/7.0; +http://ahrefs.com/robot/)"
104.23.229.23 - - [16/Jun/2026:13:12:38 +0000] "GET /projektowanie-stron-internetowych-legnica-gwarancja-sukcesu-firmy/ HTTP/1.1" 200 25613 "-" "Mozilla/5.0 (compatible; Barkrowler/0.9; +https://babbar.tech/crawler)"
172.71.126.191 - - [16/Jun/2026:13:12:54 +0000] "GET /projektowanie-stron-internetowych-suwalki-skuteczne-i-profesjonalne/ HTTP/1.1" 200 26315 "-" "Mozilla/5.0 (compatible; Barkrowler/0.9; +https://babbar.tech/crawler)"
104.23.213.80 - - [16/Jun/2026:13:12:59 +0000] "GET /?sitemap231_xml HTTP/1.1" 200 25712 "-" "meta-externalagent/1.1 (+https://developers.facebook.com/docs/sharing/webmasters/crawler)"
141.101.95.46 - - [16/Jun/2026:13:13:11 +0000] "GET /projektowanie-stron-internetowych-rybnik-zwieksza-twoj-sukces-online/ HTTP/1.1" 200 25459 "-" "Mozilla/5.0 (compatible; Barkrowler/0.9; +https://babbar.tech/crawler)"
104.23.245.101 - - [16/Jun/2026:13:13:19 +0000] "GET /item921030120?kg=0918170101 HTTP/1.1" 404 17071 "-" "Mozilla/5.0 (Linux; Android 6.0.1; Nexus 5X Build/MMB29P) AppleWebKit/537.36 (KHTML, like Gecko) Chrome/149.0.7827.114 Mobile Safari/537.36 (compatible; Googlebot/2.1; +http://www.google.com/bot.html)"
172.69.70.72 - - [16/Jun/2026:13:13:20 +0000] "GET /item506314860?kg=0504742775 HTTP/1.1" 404 17071 "-" "Mozilla/5.0 (Linux; Android 6.0.1; Nexus 5X Build/MMB29P) AppleWebKit/537.36 (KHTML, like Gecko) Chrome/149.0.7827.114 Mobile Safari/537.36 (compatible; Googlebot/2.1; +http://www.google.com/bot.html)"
104.23.229.23 - - [16/Jun/2026:13:13:26 +0000] "GET /projektowanie-stron-poznan-zapewnia-nowoczesny-sukces-firm/ HTTP/1.1" 200 27712 "-" "Mozilla/5.0 (compatible; Barkrowler/0.9; +https://babbar.tech/crawler)"
172.71.131.82 - - [16/Jun/2026:13:13:42 +0000] "GET /projektowanie-i-pozycjonowanie-stron-internetowych-na-wyzszym-poziomie/ HTTP/1.1" 200 25717 "-" "Mozilla/5.0 (compatible; Barkrowler/0.9; +https://babbar.tech/crawler)"
162.158.108.104 - - [16/Jun/2026:13:13:54 +0000] "GET /budowanie-strony-internetowej-samodzielnie-to-latwy-proces/ HTTP/1.1" 200 26486 "https://3arrow.pl/znaczenie-ux-w-projektowaniu-stron-dla-lepszych-doswiadczen/" "Mozilla/5.0 (Linux; Android 7.0;) AppleWebKit/537.36 (HTML, like Gecko) Mobile Safari/537.36 (compatible; PetalBot;+https://webmaster.petalsearch.com/site/petalbot)"
172.71.232.103 - - [16/Jun/2026:13:13:59 +0000] "GET /projektowanie-i-pozycjonowanie-stron-internetowych-gwarantuje-sukces/ HTTP/1.1" 200 26295 "-" "Mozilla/5.0 (compatible; Barkrowler/0.9; +https://babbar.tech/crawler)"
172.70.91.211 - - [16/Jun/2026:13:14:14 +0000] "GET /projektowanie-stron-poznan-gwarancja-sukcesu-online/ HTTP/1.1" 200 24635 "-" "Mozilla/5.0 (compatible; AhrefsBot/7.0; +http://ahrefs.com/robot/)"
172.71.119.53 - - [16/Jun/2026:13:14:15 +0000] "GET /dopasowanie-kolorow-zapewnia-efektowna-harmonie-wizualna/ HTTP/1.1" 200 29301 "-" "Mozilla/5.0 (compatible; Barkrowler/0.9; +https://babbar.tech/crawler)"
104.22.1.160 - - [16/Jun/2026:13:14:19 +0000] "GET /item1049953900?kg=1046693495 HTTP/1.1" 404 17071 "-" "Mozilla/5.0 (Linux; Android 6.0.1; Nexus 5X Build/MMB29P) AppleWebKit/537.36 (KHTML, like Gecko) Chrome/149.0.7827.114 Mobile Safari/537.36 (compatible; Googlebot/2.1; +http://www.google.com/bot.html)"
104.23.245.101 - - [16/Jun/2026:13:14:25 +0000] "GET /item166223612?kg=0165707711 HTTP/1.1" 404 17071 "-" "Mozilla/5.0 (Linux; Android 6.0.1; Nexus 5X Build/MMB29P) AppleWebKit/537.36 (KHTML, like Gecko) Chrome/149.0.7827.114 Mobile Safari/537.36 (compatible; Googlebot/2.1; +http://www.google.com/bot.html)"
141.101.95.46 - - [16/Jun/2026:13:14:30 +0000] "GET /technologie-front-end-klucz-do-nowoczesnych-aplikacji-webowych/ HTTP/1.1" 200 25855 "-" "Mozilla/5.0 (compatible; Barkrowler/0.9; +https://babbar.tech/crawler)"
172.70.50.54 - - [16/Jun/2026:13:14:44 +0000] "GET /wp-login.php HTTP/1.1" 200 3239 "-" "Mozilla/5.0 (X11; Linux x86_64) AppleWebKit/537.36 (KHTML, like Gecko) Chrome/133.0.0.0 Safari/537.36"
172.70.50.54 - - [16/Jun/2026:13:14:45 +0000] "POST /wp-login.php HTTP/1.1" 200 3367 "https://www.fejkielgallery.pl/wp-login.php" "Mozilla/5.0 (X11; Linux x86_64) AppleWebKit/537.36 (KHTML, like Gecko) Chrome/133.0.0.0 Safari/537.36"
104.23.225.67 - - [16/Jun/2026:13:14:46 +0000] "GET /przyczyny-bledow-platformy-i-ich-wplyw-na-wydajnosc/ HTTP/1.1" 200 25456 "-" "Mozilla/5.0 (compatible; Barkrowler/0.9; +https://babbar.tech/crawler)"
172.71.131.82 - - [16/Jun/2026:13:15:01 +0000] "GET /wymiary-zdjec-gwarancja-perfekcyjnego-dopasowania/ HTTP/1.1" 200 26936 "-" "Mozilla/5.0 (compatible; Barkrowler/0.9; +https://babbar.tech/crawler)"
172.71.127.17 - - [16/Jun/2026:13:15:09 +0000] "GET / HTTP/1.1" 301 5 "-" "Hello from Palo Alto Networks, find out more about our scans in https://docs-cortex.paloaltonetworks.com/r/1/Cortex-Xpanse/Scanning-activity"
104.23.225.67 - - [16/Jun/2026:13:15:17 +0000] "GET /zagrozenia-bezpieczenstwa-webowego-klucz-do-ochrony-danych/ HTTP/1.1" 200 25782 "-" "Mozilla/5.0 (compatible; Barkrowler/0.9; +https://babbar.tech/crawler)"
172.69.166.24 - - [16/Jun/2026:13:15:18 +0000] "GET /automatyzacja-testow-webowych-zwieksza-efektywnosc-i-jakosc HTTP/1.1" 301 5 "https://3arrow.pl/author/admin/page/45" "Mozilla/5.0 (Linux; Android 7.0;) AppleWebKit/537.36 (HTML, like Gecko) Mobile Safari/537.36 (compatible; PetalBot;+https://webmaster.petalsearch.com/site/petalbot)"
172.69.176.83 - - [16/Jun/2026:13:15:19 +0000] "GET /automatyzacja-testow-webowych-zwieksza-efektywnosc-i-jakosc/ HTTP/1.1" 200 25569 "https://3arrow.pl/author/admin/page/45" "Mozilla/5.0 (Linux; Android 7.0;) AppleWebKit/537.36 (HTML, like Gecko) Mobile Safari/537.36 (compatible; PetalBot;+https://webmaster.petalsearch.com/site/petalbot)"
172.69.70.73 - - [16/Jun/2026:13:15:19 +0000] "GET /item679063224?kg=0676954653 HTTP/1.1" 404 17071 "-" "Mozilla/5.0 (Linux; Android 6.0.1; Nexus 5X Build/MMB29P) AppleWebKit/537.36 (KHTML, like Gecko) Chrome/149.0.7827.114 Mobile Safari/537.36 (compatible; Googlebot/2.1; +http://www.google.com/bot.html)"
104.23.245.101 - - [16/Jun/2026:13:15:26 +0000] "GET /item25275068?kg=0025196895 HTTP/1.1" 404 17071 "-" "Mozilla/5.0 (Linux; Android 6.0.1; Nexus 5X Build/MMB29P) AppleWebKit/537.36 (KHTML, like Gecko) Chrome/149.0.7827.114 Mobile Safari/537.36 (compatible; Googlebot/2.1; +http://www.google.com/bot.html)"
104.23.229.23 - - [16/Jun/2026:13:15:33 +0000] "GET /tani-hosting-najlepszy-wybor-dla-oszczednych-uzytkownikow/ HTTP/1.1" 200 25397 "-" "Mozilla/5.0 (compatible; Barkrowler/0.9; +https://babbar.tech/crawler)"
172.71.232.103 - - [16/Jun/2026:13:15:48 +0000] "GET /kompleksowe-testy-aplikacji-webowych-dla-lepszej-jakosci/ HTTP/1.1" 200 27462 "-" "Mozilla/5.0 (compatible; Barkrowler/0.9; +https://babbar.tech/crawler)"
114.119.143.103 - - [16/Jun/2026:13:15:50 +0000] "GET /wp-content/plugins/config.php?pllu-kup-bitcoin-za-nisk%C3%84%C2%85-op%C4%B9%C2%82at%C3%84%C2%99-kart%C3%84%C2%85-kredytow%C3%84 HTTP/1.1" 403 133 "https://www.mosirlipno.com.pl/index.php?option=com_zoom&Itemid=57&catid=6&PageNo=1" "Mozilla/5.0 (Linux; Android 7.0;) AppleWebKit/537.36 (HTML, like Gecko) Mobile Safari/537.36 (compatible; PetalBot;+https://webmaster.petalsearch.com/site/petalbot)"
172.69.222.113 - - [16/Jun/2026:13:16:04 +0000] "GET /korzystanie-z-api-w-web-development-przynosi-wiele-korzysci/ HTTP/1.1" 200 25764 "-" "Mozilla/5.0 (compatible; Barkrowler/0.9; +https://babbar.tech/crawler)"
172.70.86.179 - - [16/Jun/2026:13:16:17 +0000] "GET /category/optymalizacja-seo/ HTTP/1.1" 200 20236 "-" "Mozilla/5.0 (compatible; AhrefsBot/7.0; +http://ahrefs.com/robot/)"
172.71.30.205 - - [16/Jun/2026:13:16:19 +0000] "GET /256321569923 HTTP/1.1" 404 17071 "-" "Mozilla/5.0 (Linux; Android 6.0.1; Nexus 5X Build/MMB29P) AppleWebKit/537.36 (KHTML, like Gecko) Chrome/149.0.7827.114 Mobile Safari/537.36 (compatible; Googlebot/2.1; +http://www.google.com/bot.html)"
172.71.134.99 - - [16/Jun/2026:13:16:19 +0000] "GET /badania-ux-gwarancja-skutecznego-projektowania-doswiadczen/ HTTP/1.1" 200 25614 "-" "Mozilla/5.0 (compatible; Barkrowler/0.9; +https://babbar.tech/crawler)"
172.71.30.143 - - [16/Jun/2026:13:16:26 +0000] "GET /item264196360?kg=0263376197 HTTP/1.1" 404 17071 "-" "Mozilla/5.0 (Linux; Android 6.0.1; Nexus 5X Build/MMB29P) AppleWebKit/537.36 (KHTML, like Gecko) Chrome/149.0.7827.114 Mobile Safari/537.36 (compatible; Googlebot/2.1; +http://www.google.com/bot.html)"
172.71.131.81 - - [16/Jun/2026:13:16:35 +0000] "GET /uzycie-css-grid-w-projektowaniu-stron-poprawia-responsywnosc/ HTTP/1.1" 200 25232 "-" "Mozilla/5.0 (compatible; Barkrowler/0.9; +https://babbar.tech/crawler)"
104.23.175.47 - - [16/Jun/2026:13:16:41 +0000] "GET / HTTP/1.1" 200 25709 "http://3arrow.pl" "Mozilla/5.0 (iPhone; CPU iPhone OS 13_2_3 like Mac OS X) AppleWebKit/605.1.15 (KHTML, like Gecko) Version/13.0.3 Mobile/15E148 Safari/604.1"
172.70.188.20 - - [16/Jun/2026:13:16:42 +0000] "GET /automatyzacja-procesow-webowych-zmienia-sposob-dzialania-firm/ HTTP/1.1" 200 25842 "https://3arrow.pl/category/integracje-z-zewnetrznymi-serwisami/" "Mozilla/5.0 (Linux; Android 7.0;) AppleWebKit/537.36 (HTML, like Gecko) Mobile Safari/537.36 (compatible; PetalBot;+https://webmaster.petalsearch.com/site/petalbot)"
104.23.225.67 - - [16/Jun/2026:13:16:50 +0000] "GET /jak-stworzyc-profesjonalna-strone-z-sukcesem-juz-dzis/ HTTP/1.1" 200 27830 "-" "Mozilla/5.0 (compatible; Barkrowler/0.9; +https://babbar.tech/crawler)"
172.71.126.191 - - [16/Jun/2026:13:17:06 +0000] "GET /jak-uzywac-narzedzi-do-debugowania-skutecznie-i-latwo/ HTTP/1.1" 200 27704 "-" "Mozilla/5.0 (compatible; Barkrowler/0.9; +https://babbar.tech/crawler)"
104.23.245.100 - - [16/Jun/2026:13:17:19 +0000] "GET /item383290578?kg=0382100556 HTTP/1.1" 404 17071 "-" "Mozilla/5.0 (Linux; Android 6.0.1; Nexus 5X Build/MMB29P) AppleWebKit/537.36 (KHTML, like Gecko) Chrome/149.0.7827.114 Mobile Safari/537.36 (compatible; Googlebot/2.1; +http://www.google.com/bot.html)"
172.71.232.102 - - [16/Jun/2026:13:17:21 +0000] "GET /najlepsze-praktyki-ux-ui-dla-efektywnego-projektowania/ HTTP/1.1" 200 25660 "-" "Mozilla/5.0 (compatible; Barkrowler/0.9; +https://babbar.tech/crawler)"
104.23.225.67 - - [16/Jun/2026:13:17:37 +0000] "GET /debugowanie-funkcjonalnosci-stron-dla-lepszej-wydajnosci/ HTTP/1.1" 200 25414 "-" "Mozilla/5.0 (compatible; Barkrowler/0.9; +https://babbar.tech/crawler)"
172.68.19.3 - - [16/Jun/2026:13:17:49 +0000] "GET /wp-login.php HTTP/1.1" 200 3239 "-" "Mozilla/5.0 (X11; Ubuntu; Linux x86_64) AppleWebKit/537.36 (KHTML, like Gecko) Chrome/133.0.0.0 Safari/537.36"
172.68.19.18 - - [16/Jun/2026:13:17:51 +0000] "POST /wp-login.php HTTP/1.1" 200 3367 "https://fejkielgallery.pl/wp-login.php" "Mozilla/5.0 (X11; Ubuntu; Linux x86_64) AppleWebKit/537.36 (KHTML, like Gecko) Chrome/133.0.0.0 Safari/537.36"
104.23.225.67 - - [16/Jun/2026:13:17:52 +0000] "GET /debugowanie-aplikacji-mobilnych-klucz-do-sukcesu-programisty/ HTTP/1.1" 200 25327 "-" "Mozilla/5.0 (compatible; Barkrowler/0.9; +https://babbar.tech/crawler)"
162.158.216.80 - - [16/Jun/2026:13:17:53 +0000] "GET /tani-hosting-najlepszy-wybor-dla-oszczednych-uzytkownikow/ HTTP/1.1" 200 25397 "-" "Mozilla/5.0 (compatible; AhrefsBot/7.0; +http://ahrefs.com/robot/)"
104.23.175.47 - - [16/Jun/2026:13:18:06 +0000] "GET /author/admin/page/62/ HTTP/1.1" 200 20886 "https://3arrow.pl/author/admin/page/45/" "Mozilla/5.0 (Linux; Android 7.0;) AppleWebKit/537.36 (HTML, like Gecko) Mobile Safari/537.36 (compatible; PetalBot;+https://webmaster.petalsearch.com/site/petalbot)"
172.69.222.112 - - [16/Jun/2026:13:18:08 +0000] "GET /naprawa-bledow-krytycznych-poprawia-wydajnosc-systemu/ HTTP/1.1" 200 25591 "-" "Mozilla/5.0 (compatible; Barkrowler/0.9; +https://babbar.tech/crawler)"
104.22.24.60 - - [16/Jun/2026:13:18:19 +0000] "GET /item1011008384?kg=1007868929 HTTP/1.1" 404 17071 "-" "Mozilla/5.0 (Linux; Android 6.0.1; Nexus 5X Build/MMB29P) AppleWebKit/537.36 (KHTML, like Gecko) Chrome/149.0.7827.114 Mobile Safari/537.36 (compatible; Googlebot/2.1; +http://www.google.com/bot.html)"
172.68.151.104 - - [16/Jun/2026:13:18:23 +0000] "GET /pozycjonowanie-stron-wroclaw-gwarantuje-widoczne-sukcesy/ HTTP/1.1" 200 25923 "-" "Mozilla/5.0 (compatible; Barkrowler/0.9; +https://babbar.tech/crawler)"
172.71.232.102 - - [16/Jun/2026:13:18:39 +0000] "GET /agencja-strony-internetowe-gwarantuje-profesjonalizm-i-sukces/ HTTP/1.1" 200 24320 "-" "Mozilla/5.0 (compatible; Barkrowler/0.9; +https://babbar.tech/crawler)"
172.71.126.191 - - [16/Jun/2026:13:18:55 +0000] "GET /tworzenie-grafik-ai-nowoczesna-szansa-dla-tworcow/ HTTP/1.1" 200 26197 "-" "Mozilla/5.0 (compatible; Barkrowler/0.9; +https://babbar.tech/crawler)"
172.64.192.80 - - [16/Jun/2026:13:19:04 +0000] "GET /category/ux-ui-dla-stron-www/ HTTP/1.1" 200 20318 "-" "Mozilla/5.0 (compatible; AhrefsBot/7.0; +http://ahrefs.com/robot/)"
172.71.232.102 - - [16/Jun/2026:13:19:10 +0000] "GET /tworzenie-aplikacji-spa-innowacyjne-podejscie-do-ux/ HTTP/1.1" 200 27281 "-" "Mozilla/5.0 (compatible; Barkrowler/0.9; +https://babbar.tech/crawler)"
172.69.70.73 - - [16/Jun/2026:13:19:19 +0000] "GET /item675885406?kg=0673786706 HTTP/1.1" 404 17071 "-" "Mozilla/5.0 (Linux; Android 6.0.1; Nexus 5X Build/MMB29P) AppleWebKit/537.36 (KHTML, like Gecko) Chrome/149.0.7827.114 Mobile Safari/537.36 (compatible; Googlebot/2.1; +http://www.google.com/bot.html)"
162.158.193.107 - - [16/Jun/2026:13:19:20 +0000] "GET /r%C3%A9sultats-keno-d-aujourd-hui/ HTTP/1.1" 404 17077 "-" "Mozilla/5.0 (Macintosh; Intel Mac OS X 10_13_6) AppleWebKit/537.36 (KHTML, like Gecko) Chrome/98.0.4758.80 Safari/537.36"
213.171.208.62 - - [16/Jun/2026:13:19:25 +0000] "GET /wp-login.php HTTP/1.1" 200 3239 "-" "Mozilla/5.0 (Macintosh; Intel Mac OS X 14_7_4) AppleWebKit/537.36 (KHTML, like Gecko) Chrome/133.0.0.0 Safari/537.36"
172.69.70.73 - - [16/Jun/2026:13:19:26 +0000] "GET /item588922998?kg=0587094366 HTTP/1.1" 404 17071 "-" "Mozilla/5.0 (Linux; Android 6.0.1; Nexus 5X Build/MMB29P) AppleWebKit/537.36 (KHTML, like Gecko) Chrome/149.0.7827.114 Mobile Safari/537.36 (compatible; Googlebot/2.1; +http://www.google.com/bot.html)"
172.71.232.102 - - [16/Jun/2026:13:19:26 +0000] "GET /tworzenie-stron-wordpress-cennik-przystepne-ceny-i-pakiety/ HTTP/1.1" 200 25857 "-" "Mozilla/5.0 (compatible; Barkrowler/0.9; +https://babbar.tech/crawler)"
213.171.208.62 - - [16/Jun/2026:13:19:26 +0000] "POST /wp-login.php HTTP/1.1" 200 3367 "https://drogeriarozana.pl/wp-login.php" "Mozilla/5.0 (Macintosh; Intel Mac OS X 14_7_4) AppleWebKit/537.36 (KHTML, like Gecko) Chrome/133.0.0.0 Safari/537.36"
172.71.124.88 - - [16/Jun/2026:13:19:31 +0000] "GET /author/admin/page/58/ HTTP/1.1" 200 20692 "https://3arrow.pl/author/admin/page/59" "Mozilla/5.0 (Linux; Android 7.0;) AppleWebKit/537.36 (HTML, like Gecko) Mobile Safari/537.36 (compatible; PetalBot;+https://webmaster.petalsearch.com/site/petalbot)"
172.71.119.54 - - [16/Jun/2026:13:19:41 +0000] "GET /headless-cms-przynosi-elastycznosc-i-bezpieczenstwo-tresci/ HTTP/1.1" 200 25457 "-" "Mozilla/5.0 (compatible; Barkrowler/0.9; +https://babbar.tech/crawler)"
172.71.232.102 - - [16/Jun/2026:13:19:57 +0000] "GET /hosting-wordpress-zapewnia-szybkie-i-bezpieczne-dzialanie-strony/ HTTP/1.1" 200 26828 "-" "Mozilla/5.0 (compatible; Barkrowler/0.9; +https://babbar.tech/crawler)"
104.23.229.23 - - [16/Jun/2026:13:20:12 +0000] "GET /zasady-projektowania-z-mysla-o-dostepnosci-dla-wszystkich/ HTTP/1.1" 200 25822 "-" "Mozilla/5.0 (compatible; Barkrowler/0.9; +https://babbar.tech/crawler)"
104.23.245.101 - - [16/Jun/2026:13:20:19 +0000] "GET /item241326120?kg=0240576981 HTTP/1.1" 404 17071 "-" "Mozilla/5.0 (Linux; Android 6.0.1; Nexus 5X Build/MMB29P) AppleWebKit/537.36 (KHTML, like Gecko) Chrome/149.0.7827.114 Mobile Safari/537.36 (compatible; Googlebot/2.1; +http://www.google.com/bot.html)"
104.23.229.23 - - [16/Jun/2026:13:20:28 +0000] "GET /strony-internetowe-wroclaw-nowoczesne-rozwiazania-dla-firm/ HTTP/1.1" 200 25167 "-" "Mozilla/5.0 (compatible; Barkrowler/0.9; +https://babbar.tech/crawler)"
104.23.225.66 - - [16/Jun/2026:13:20:43 +0000] "GET /strony-do-przesylania-plikow-odkryj-najlepsze-opcje/ HTTP/1.1" 200 26260 "-" "Mozilla/5.0 (compatible; Barkrowler/0.9; +https://babbar.tech/crawler)"
172.68.229.212 - - [16/Jun/2026:13:20:49 +0000] "GET /core-web-vitals-poprawiaja-seo-i-doswiadczenie-uzytkownika/ HTTP/1.1" 200 25100 "-" "Mozilla/5.0 (compatible; AhrefsBot/7.0; +http://ahrefs.com/robot/)"
162.158.88.100 - - [16/Jun/2026:13:20:53 +0000] "GET /author/admin/page/57 HTTP/1.1" 301 5 "https://3arrow.pl/author/admin/page/58" "Mozilla/5.0 (Linux; Android 7.0;) AppleWebKit/537.36 (HTML, like Gecko) Mobile Safari/537.36 (compatible; PetalBot;+https://webmaster.petalsearch.com/site/petalbot)"
104.23.175.47 - - [16/Jun/2026:13:20:54 +0000] "GET /author/admin/page/57/ HTTP/1.1" 200 20788 "https://3arrow.pl/author/admin/page/58" "Mozilla/5.0 (Linux; Android 7.0;) AppleWebKit/537.36 (HTML, like Gecko) Mobile Safari/537.36 (compatible; PetalBot;+https://webmaster.petalsearch.com/site/petalbot)"
172.71.131.81 - - [16/Jun/2026:13:20:59 +0000] "GET /nowosci-w-html5-kluczowe-zmiany-ktore-musisz-poznac/ HTTP/1.1" 200 26817 "-" "Mozilla/5.0 (compatible; Barkrowler/0.9; +https://babbar.tech/crawler)"
172.71.126.190 - - [16/Jun/2026:13:21:14 +0000] "GET /systemy-zarzadzania-trescia-klucz-do-efektywnego-zarzadzania/ HTTP/1.1" 200 26358 "-" "Mozilla/5.0 (compatible; Barkrowler/0.9; +https://babbar.tech/crawler)"
114.119.143.114 - - [16/Jun/2026:13:21:16 +0000] "GET /wp-content/plugins/config.php?pllu-korelacja-trend%C3%83%C2%B3w-Google-Bitcoin HTTP/1.1" 403 133 "http://www.nimis.eu/index.php?option=com_zoom&Itemid=30&catid=167&PageNo=1" "Mozilla/5.0 (Linux; Android 7.0;) AppleWebKit/537.36 (HTML, like Gecko) Mobile Safari/537.36 (compatible; PetalBot;+https://webmaster.petalsearch.com/site/petalbot)"
172.70.248.126 - - [16/Jun/2026:13:21:16 +0000] "GET /wp-login.php HTTP/1.1" 200 3239 "-" "Mozilla/5.0 (X11; Fedora; Linux x86_64) AppleWebKit/537.36 (KHTML, like Gecko) Chrome/133.0.0.0 Safari/537.36"
172.70.248.196 - - [16/Jun/2026:13:21:18 +0000] "POST /wp-login.php HTTP/1.1" 200 3367 "https://www.fejkielgallery.pl/wp-login.php" "Mozilla/5.0 (X11; Fedora; Linux x86_64) AppleWebKit/537.36 (KHTML, like Gecko) Chrome/133.0.0.0 Safari/537.36"
172.69.70.72 - - [16/Jun/2026:13:21:19 +0000] "GET /item341129698?kg=0340070612 HTTP/1.1" 404 17071 "-" "Mozilla/5.0 (Linux; Android 6.0.1; Nexus 5X Build/MMB29P) AppleWebKit/537.36 (KHTML, like Gecko) Chrome/149.0.7827.114 Mobile Safari/537.36 (compatible; Googlebot/2.1; +http://www.google.com/bot.html)"
104.22.56.140 - - [16/Jun/2026:13:21:20 +0000] "GET /item763808798?kg=0761437042 HTTP/1.1" 404 17071 "-" "Mozilla/5.0 (Linux; Android 6.0.1; Nexus 5X Build/MMB29P) AppleWebKit/537.36 (KHTML, like Gecko) Chrome/149.0.7827.114 Mobile Safari/537.36 (compatible; Googlebot/2.1; +http://www.google.com/bot.html)"
172.69.222.113 - - [16/Jun/2026:13:21:30 +0000] "GET /seo-7-skutecznych-metod-zwiekszania-widocznosci-strony/ HTTP/1.1" 200 26114 "-" "Mozilla/5.0 (compatible; Barkrowler/0.9; +https://babbar.tech/crawler)"
104.23.225.66 - - [16/Jun/2026:13:21:45 +0000] "GET /audyt-seo-przynosi-realne-korzysci-dla-twojej-strony/ HTTP/1.1" 200 26306 "-" "Mozilla/5.0 (compatible; Barkrowler/0.9; +https://babbar.tech/crawler)"
172.68.151.104 - - [16/Jun/2026:13:22:01 +0000] "GET /audyty-stron-internetowych-poprawiaja-efektywnosc-witryn/ HTTP/1.1" 200 25396 "-" "Mozilla/5.0 (compatible; Barkrowler/0.9; +https://babbar.tech/crawler)"
172.68.229.212 - - [16/Jun/2026:13:22:15 +0000] "GET /projektowanie-stron-internetowych-koszalin-dla-twojej-firmy/feed/ HTTP/1.1" 200 951 "-" "Mozilla/5.0 (compatible; AhrefsBot/7.0; +http://ahrefs.com/robot/)"
172.69.222.113 - - [16/Jun/2026:13:22:17 +0000] "GET /ile-kosztuje-hosting-strony-poznaj-atrakcyjne-ceny-teraz/ HTTP/1.1" 200 25001 "-" "Mozilla/5.0 (compatible; Barkrowler/0.9; +https://babbar.tech/crawler)"
172.69.166.25 - - [16/Jun/2026:13:22:17 +0000] "GET /author/admin/page/47/ HTTP/1.1" 200 20761 "https://3arrow.pl/author/admin/page/46" "Mozilla/5.0 (Linux; Android 7.0;) AppleWebKit/537.36 (HTML, like Gecko) Mobile Safari/537.36 (compatible; PetalBot;+https://webmaster.petalsearch.com/site/petalbot)"
172.69.70.72 - - [16/Jun/2026:13:22:19 +0000] "GET /item279006110?kg=0278139954 HTTP/1.1" 404 17071 "-" "Mozilla/5.0 (Linux; Android 6.0.1; Nexus 5X Build/MMB29P) AppleWebKit/537.36 (KHTML, like Gecko) Chrome/149.0.7827.114 Mobile Safari/537.36 (compatible; Googlebot/2.1; +http://www.google.com/bot.html)"
104.23.229.22 - - [16/Jun/2026:13:22:32 +0000] "GET /projektowanie-stron-rzeszow-najlepsze-dla-twojego-biznesu/ HTTP/1.1" 200 27368 "-" "Mozilla/5.0 (compatible; Barkrowler/0.9; +https://babbar.tech/crawler)"
141.101.95.47 - - [16/Jun/2026:13:22:48 +0000] "GET /projektowanie-stron-walbrzych-zwieksza-lokalny-sukces-firm/ HTTP/1.1" 200 27601 "-" "Mozilla/5.0 (compatible; Barkrowler/0.9; +https://babbar.tech/crawler)"
172.71.119.54 - - [16/Jun/2026:13:23:03 +0000] "GET /projektowanie-stron-www-sosnowiec-oferuje-wyjatkowe-korzysci/ HTTP/1.1" 200 25982 "-" "Mozilla/5.0 (compatible; Barkrowler/0.9; +https://babbar.tech/crawler)"
172.71.126.190 - - [16/Jun/2026:13:23:19 +0000] "GET /projektowanie-stron-siedlce-zwieksz-swoja-widocznosc-online/ HTTP/1.1" 200 24184 "-" "Mozilla/5.0 (compatible; Barkrowler/0.9; +https://babbar.tech/crawler)"
104.22.56.141 - - [16/Jun/2026:13:23:19 +0000] "GET /item512319900?kg=0510729167 HTTP/1.1" 404 17071 "-" "Mozilla/5.0 (Linux; Android 6.0.1; Nexus 5X Build/MMB29P) AppleWebKit/537.36 (KHTML, like Gecko) Chrome/149.0.7827.114 Mobile Safari/537.36 (compatible; Googlebot/2.1; +http://www.google.com/bot.html)"
172.71.232.103 - - [16/Jun/2026:13:23:34 +0000] "GET /projektowanie-stron-mobilnych-zapewnia-doskonale-doswiadczenia-uzytkownika/ HTTP/1.1" 200 24513 "-" "Mozilla/5.0 (compatible; Barkrowler/0.9; +https://babbar.tech/crawler)"
104.22.66.15 - - [16/Jun/2026:13:23:41 +0000] "GET /author/admin/page/39 HTTP/1.1" 301 5 "https://3arrow.pl/author/admin/page/38" "Mozilla/5.0 (Linux; Android 7.0;) AppleWebKit/537.36 (HTML, like Gecko) Mobile Safari/537.36 (compatible; PetalBot;+https://webmaster.petalsearch.com/site/petalbot)"
104.22.66.15 - - [16/Jun/2026:13:23:42 +0000] "GET /author/admin/page/39/ HTTP/1.1" 200 20735 "https://3arrow.pl/author/admin/page/38" "Mozilla/5.0 (Linux; Android 7.0;) AppleWebKit/537.36 (HTML, like Gecko) Mobile Safari/537.36 (compatible; PetalBot;+https://webmaster.petalsearch.com/site/petalbot)"
104.23.225.66 - - [16/Jun/2026:13:23:50 +0000] "GET /projektowanie-stron-internetowych-pkd-gwarantuje-sukces-biznesu/ HTTP/1.1" 200 25084 "-" "Mozilla/5.0 (compatible; Barkrowler/0.9; +https://babbar.tech/crawler)"
104.22.56.141 - - [16/Jun/2026:13:23:58 +0000] "GET /item611901108?kg=0610001115 HTTP/1.1" 404 17071 "-" "Mozilla/5.0 (Linux; Android 6.0.1; Nexus 5X Build/MMB29P) AppleWebKit/537.36 (KHTML, like Gecko) Chrome/149.0.7827.114 Mobile Safari/537.36 (compatible; Googlebot/2.1; +http://www.google.com/bot.html)"
141.101.95.46 - - [16/Jun/2026:13:24:05 +0000] "GET /projektowanie-stron-internetowych-czestochowa-dla-twojego-biznesu/ HTTP/1.1" 200 23995 "-" "Mozilla/5.0 (compatible; Barkrowler/0.9; +https://babbar.tech/crawler)"
172.69.224.80 - - [16/Jun/2026:13:24:10 +0000] "GET /projektowanie-stron-internetowych-studia-pelne-mozliwosci-rozwoju/ HTTP/1.1" 200 26321 "-" "Mozilla/5.0 (compatible; AhrefsBot/7.0; +http://ahrefs.com/robot/)"
104.22.56.141 - - [16/Jun/2026:13:24:19 +0000] "GET /item474893328?kg=0473418825 HTTP/1.1" 404 17071 "-" "Mozilla/5.0 (Linux; Android 6.0.1; Nexus 5X Build/MMB29P) AppleWebKit/537.36 (KHTML, like Gecko) Chrome/149.0.7827.114 Mobile Safari/537.36 (compatible; Googlebot/2.1; +http://www.google.com/bot.html)"
172.71.131.82 - - [16/Jun/2026:13:24:21 +0000] "GET /projektowanie-stron-internetowych-slupsk-gwarantuje-sukces-firmy/ HTTP/1.1" 200 25857 "-" "Mozilla/5.0 (compatible; Barkrowler/0.9; +https://babbar.tech/crawler)"
172.69.70.73 - - [16/Jun/2026:13:24:26 +0000] "GET /item758574168?kg=0756218669 HTTP/1.1" 404 17071 "-" "Mozilla/5.0 (Linux; Android 6.0.1; Nexus 5X Build/MMB29P) AppleWebKit/537.36 (KHTML, like Gecko) Chrome/149.0.7827.114 Mobile Safari/537.36 (compatible; Googlebot/2.1; +http://www.google.com/bot.html)"
104.23.225.66 - - [16/Jun/2026:13:24:36 +0000] "GET /projektowanie-stron-internetowych-olesnica-gwarancja-sukcesu-firmy/ HTTP/1.1" 200 26226 "-" "Mozilla/5.0 (compatible; Barkrowler/0.9; +https://babbar.tech/crawler)"
172.68.151.104 - - [16/Jun/2026:13:24:52 +0000] "GET /projektowanie-stron-internetowych-legionowo-gwarancja-sukcesu-firmy/ HTTP/1.1" 200 25442 "-" "Mozilla/5.0 (compatible; Barkrowler/0.9; +https://babbar.tech/crawler)"
172.69.166.25 - - [16/Jun/2026:13:25:05 +0000] "GET /author/admin/page/33/ HTTP/1.1" 200 20971 "https://3arrow.pl/author/admin/page/34" "Mozilla/5.0 (Linux; Android 7.0;) AppleWebKit/537.36 (HTML, like Gecko) Mobile Safari/537.36 (compatible; PetalBot;+https://webmaster.petalsearch.com/site/petalbot)"
172.71.131.82 - - [16/Jun/2026:13:25:08 +0000] "GET /projektowanie-graficzne-stron-internetowych-zapewnia-sukces-wizualny/ HTTP/1.1" 200 25887 "-" "Mozilla/5.0 (compatible; Barkrowler/0.9; +https://babbar.tech/crawler)"
104.22.56.141 - - [16/Jun/2026:13:25:18 +0000] "GET /item218532252?kg=0217853903 HTTP/1.1" 404 17071 "-" "Mozilla/5.0 (Linux; Android 6.0.1; Nexus 5X Build/MMB29P) AppleWebKit/537.36 (KHTML, like Gecko) Chrome/149.0.7827.114 Mobile Safari/537.36 (compatible; Googlebot/2.1; +http://www.google.com/bot.html)"
104.22.56.141 - - [16/Jun/2026:13:25:19 +0000] "GET /item960531792?kg=0957549097 HTTP/1.1" 404 17071 "-" "Mozilla/5.0 (Linux; Android 6.0.1; Nexus 5X Build/MMB29P) AppleWebKit/537.36 (KHTML, like Gecko) Chrome/149.0.7827.114 Mobile Safari/537.36 (compatible; Googlebot/2.1; +http://www.google.com/bot.html)"
172.68.151.104 - - [16/Jun/2026:13:25:23 +0000] "GET /projektowanie-dostepnych-stron-zwieksza-uzytkowanie-i-satysfakcje/ HTTP/1.1" 200 25790 "-" "Mozilla/5.0 (compatible; Barkrowler/0.9; +https://babbar.tech/crawler)"
141.101.95.47 - - [16/Jun/2026:13:25:39 +0000] "GET /figma-co-to-nowoczesne-i-intuicyjne-narzedzie-projektowe/ HTTP/1.1" 200 25911 "-" "Mozilla/5.0 (compatible; Barkrowler/0.9; +https://babbar.tech/crawler)"
172.71.119.53 - - [16/Jun/2026:13:25:54 +0000] "GET /5-kurs-tworzenia-stron-internetowych-wordpress-gwarantuje-sukces/ HTTP/1.1" 200 26142 "-" "Mozilla/5.0 (compatible; Barkrowler/0.9; +https://babbar.tech/crawler)"
141.101.69.110 - - [16/Jun/2026:13:26:10 +0000] "GET /darmowy-kurs-tworzenia-stron-internetowych-szybki-start-nauki/ HTTP/1.1" 200 24726 "-" "Mozilla/5.0 (compatible; Barkrowler/0.9; +https://babbar.tech/crawler)"
172.71.178.149 - - [16/Jun/2026:13:26:15 +0000] "GET /wp-login.php HTTP/1.1" 200 3239 "-" "Mozilla/5.0 (Macintosh; Intel Mac OS X 10_15_7) AppleWebKit/605.1.15 (KHTML, like Gecko) Version/18.3 Safari/605.1.15"
172.71.178.21 - - [16/Jun/2026:13:26:16 +0000] "POST /wp-login.php HTTP/1.1" 200 3367 "https://fejkielgallery.pl/wp-login.php" "Mozilla/5.0 (Macintosh; Intel Mac OS X 10_15_7) AppleWebKit/605.1.15 (KHTML, like Gecko) Version/18.3 Safari/605.1.15"
172.68.229.212 - - [16/Jun/2026:13:26:17 +0000] "GET /przyklady-udanych-projektow-w-roznych-branzach-sukcesu/feed/ HTTP/1.1" 200 941 "-" "Mozilla/5.0 (compatible; AhrefsBot/7.0; +http://ahrefs.com/robot/)"
104.22.56.141 - - [16/Jun/2026:13:26:19 +0000] "GET /item552206944?kg=0550492337 HTTP/1.1" 404 17071 "-" "Mozilla/5.0 (Linux; Android 6.0.1; Nexus 5X Build/MMB29P) AppleWebKit/537.36 (KHTML, like Gecko) Chrome/149.0.7827.114 Mobile Safari/537.36 (compatible; Googlebot/2.1; +http://www.google.com/bot.html)"
104.23.168.112 - - [16/Jun/2026:13:26:24 +0000] "GET /alfa.php HTTP/1.1" 404 194 "-" "Mozilla/5.0 (Windows NT 10.0; Win64; x64) AppleWebKit/537.36 (KHTML, like Gecko) Chrome/120.0.0.0 Safari/537.36"
104.23.168.9 - - [16/Jun/2026:13:26:25 +0000] "GET /lock360.php HTTP/1.1" 404 194 "-" "Mozilla/5.0 (Windows NT 10.0; Win64; x64) AppleWebKit/537.36 (KHTML, like Gecko) Chrome/120.0.0.0 Safari/537.36"
104.23.168.112 - - [16/Jun/2026:13:26:25 +0000] "GET /flower.php HTTP/1.1" 404 194 "-" "Mozilla/5.0 (Windows NT 10.0; Win64; x64) AppleWebKit/537.36 (KHTML, like Gecko) Chrome/120.0.0.0 Safari/537.36"
172.68.151.104 - - [16/Jun/2026:13:26:25 +0000] "GET /10-powodow-dla-ktorych-ux-design-zmienia-doswiadczenia-uzytkownika/ HTTP/1.1" 200 25868 "-" "Mozilla/5.0 (compatible; Barkrowler/0.9; +https://babbar.tech/crawler)"
104.23.168.9 - - [16/Jun/2026:13:26:25 +0000] "GET /13.php HTTP/1.1" 404 194 "-" "Mozilla/5.0 (Windows NT 10.0; Win64; x64) AppleWebKit/537.36 (KHTML, like Gecko) Chrome/120.0.0.0 Safari/537.36"
104.23.168.112 - - [16/Jun/2026:13:26:26 +0000] "GET /cc.php HTTP/1.1" 404 194 "-" "Mozilla/5.0 (Windows NT 10.0; Win64; x64) AppleWebKit/537.36 (KHTML, like Gecko) Chrome/120.0.0.0 Safari/537.36"
104.23.168.9 - - [16/Jun/2026:13:26:26 +0000] "GET /gecko-new.php HTTP/1.1" 404 194 "-" "Mozilla/5.0 (Windows NT 10.0; Win64; x64) AppleWebKit/537.36 (KHTML, like Gecko) Chrome/120.0.0.0 Safari/537.36"
104.23.168.112 - - [16/Jun/2026:13:26:26 +0000] "GET /wp-content.php.php HTTP/1.1" 404 194 "-" "Mozilla/5.0 (Windows NT 10.0; Win64; x64) AppleWebKit/537.36 (KHTML, like Gecko) Chrome/120.0.0.0 Safari/537.36"
104.23.168.9 - - [16/Jun/2026:13:26:26 +0000] "GET /link.php HTTP/1.1" 404 194 "-" "Mozilla/5.0 (Windows NT 10.0; Win64; x64) AppleWebKit/537.36 (KHTML, like Gecko) Chrome/120.0.0.0 Safari/537.36"
104.23.168.112 - - [16/Jun/2026:13:26:26 +0000] "GET /wp-fmfile.php HTTP/1.1" 404 194 "-" "Mozilla/5.0 (Windows NT 10.0; Win64; x64) AppleWebKit/537.36 (KHTML, like Gecko) Chrome/120.0.0.0 Safari/537.36"
104.23.168.9 - - [16/Jun/2026:13:26:26 +0000] "GET /wi.php HTTP/1.1" 404 194 "-" "Mozilla/5.0 (Windows NT 10.0; Win64; x64) AppleWebKit/537.36 (KHTML, like Gecko) Chrome/120.0.0.0 Safari/537.36"
104.23.168.112 - - [16/Jun/2026:13:26:26 +0000] "GET /function.php HTTP/1.1" 404 194 "-" "Mozilla/5.0 (Windows NT 10.0; Win64; x64) AppleWebKit/537.36 (KHTML, like Gecko) Chrome/120.0.0.0 Safari/537.36"
104.23.168.9 - - [16/Jun/2026:13:26:26 +0000] "GET /autoload_classmap.php HTTP/1.1" 404 194 "-" "Mozilla/5.0 (Windows NT 10.0; Win64; x64) AppleWebKit/537.36 (KHTML, like Gecko) Chrome/120.0.0.0 Safari/537.36"
104.23.168.112 - - [16/Jun/2026:13:26:27 +0000] "GET /wp-includes/about.php HTTP/1.1" 403 193 "-" "Mozilla/5.0 (Windows NT 10.0; Win64; x64) AppleWebKit/537.36 (KHTML, like Gecko) Chrome/120.0.0.0 Safari/537.36"
104.23.168.9 - - [16/Jun/2026:13:26:27 +0000] "GET /.well-known/classwithtostring.php HTTP/1.1" 404 194 "-" "Mozilla/5.0 (Windows NT 10.0; Win64; x64) AppleWebKit/537.36 (KHTML, like Gecko) Chrome/120.0.0.0 Safari/537.36"
104.23.168.112 - - [16/Jun/2026:13:26:27 +0000] "GET /wp-content/ HTTP/1.1" 403 193 "-" "Mozilla/5.0 (Windows NT 10.0; Win64; x64) AppleWebKit/537.36 (KHTML, like Gecko) Chrome/120.0.0.0 Safari/537.36"
104.23.168.9 - - [16/Jun/2026:13:26:27 +0000] "GET /input.php HTTP/1.1" 404 194 "-" "Mozilla/5.0 (Windows NT 10.0; Win64; x64) AppleWebKit/537.36 (KHTML, like Gecko) Chrome/120.0.0.0 Safari/537.36"
104.23.168.112 - - [16/Jun/2026:13:26:27 +0000] "GET /wp-content/plugins/dummyyummy/wp-signup.php HTTP/1.1" 403 193 "-" "Mozilla/5.0 (Windows NT 10.0; Win64; x64) AppleWebKit/537.36 (KHTML, like Gecko) Chrome/120.0.0.0 Safari/537.36"
104.23.168.9 - - [16/Jun/2026:13:26:28 +0000] "GET /01.php HTTP/1.1" 404 194 "-" "Mozilla/5.0 (Windows NT 10.0; Win64; x64) AppleWebKit/537.36 (KHTML, like Gecko) Chrome/120.0.0.0 Safari/537.36"
104.23.168.112 - - [16/Jun/2026:13:26:28 +0000] "GET /lv.php HTTP/1.1" 404 194 "-" "Mozilla/5.0 (Windows NT 10.0; Win64; x64) AppleWebKit/537.36 (KHTML, like Gecko) Chrome/120.0.0.0 Safari/537.36"
172.69.166.25 - - [16/Jun/2026:13:26:28 +0000] "GET /author/admin/page/32 HTTP/1.1" 301 5 "https://3arrow.pl/author/admin/page/33" "Mozilla/5.0 (Linux; Android 7.0;) AppleWebKit/537.36 (HTML, like Gecko) Mobile Safari/537.36 (compatible; PetalBot;+https://webmaster.petalsearch.com/site/petalbot)"
104.23.168.9 - - [16/Jun/2026:13:26:28 +0000] "GET /new.php HTTP/1.1" 404 194 "-" "Mozilla/5.0 (Windows NT 10.0; Win64; x64) AppleWebKit/537.36 (KHTML, like Gecko) Chrome/120.0.0.0 Safari/537.36"
104.23.168.112 - - [16/Jun/2026:13:26:28 +0000] "GET /NewFile.php HTTP/1.1" 404 194 "-" "Mozilla/5.0 (Windows NT 10.0; Win64; x64) AppleWebKit/537.36 (KHTML, like Gecko) Chrome/120.0.0.0 Safari/537.36"
104.23.168.9 - - [16/Jun/2026:13:26:28 +0000] "GET /.well-known/gecko-litespeed.php HTTP/1.1" 404 194 "-" "Mozilla/5.0 (Windows NT 10.0; Win64; x64) AppleWebKit/537.36 (KHTML, like Gecko) Chrome/120.0.0.0 Safari/537.36"
104.23.168.112 - - [16/Jun/2026:13:26:28 +0000] "GET /xx.php HTTP/1.1" 404 194 "-" "Mozilla/5.0 (Windows NT 10.0; Win64; x64) AppleWebKit/537.36 (KHTML, like Gecko) Chrome/120.0.0.0 Safari/537.36"
104.23.168.9 - - [16/Jun/2026:13:26:28 +0000] "GET /plugins.php HTTP/1.1" 404 194 "-" "Mozilla/5.0 (Windows NT 10.0; Win64; x64) AppleWebKit/537.36 (KHTML, like Gecko) Chrome/120.0.0.0 Safari/537.36"
104.23.168.112 - - [16/Jun/2026:13:26:28 +0000] "GET /xxx.php HTTP/1.1" 404 194 "-" "Mozilla/5.0 (Windows NT 10.0; Win64; x64) AppleWebKit/537.36 (KHTML, like Gecko) Chrome/120.0.0.0 Safari/537.36"
104.23.168.9 - - [16/Jun/2026:13:26:28 +0000] "GET /css.php HTTP/1.1" 404 194 "-" "Mozilla/5.0 (Windows NT 10.0; Win64; x64) AppleWebKit/537.36 (KHTML, like Gecko) Chrome/120.0.0.0 Safari/537.36"
104.23.168.112 - - [16/Jun/2026:13:26:28 +0000] "GET /wp-includes/customize/chosen.php HTTP/1.1" 403 193 "-" "Mozilla/5.0 (Windows NT 10.0; Win64; x64) AppleWebKit/537.36 (KHTML, like Gecko) Chrome/120.0.0.0 Safari/537.36"
172.71.124.89 - - [16/Jun/2026:13:26:29 +0000] "GET /author/admin/page/32/ HTTP/1.1" 200 20838 "https://3arrow.pl/author/admin/page/33" "Mozilla/5.0 (Linux; Android 7.0;) AppleWebKit/537.36 (HTML, like Gecko) Mobile Safari/537.36 (compatible; PetalBot;+https://webmaster.petalsearch.com/site/petalbot)"
104.23.168.9 - - [16/Jun/2026:13:26:29 +0000] "GET /chosen HTTP/1.1" 404 17077 "-" "Mozilla/5.0 (Windows NT 10.0; Win64; x64) AppleWebKit/537.36 (KHTML, like Gecko) Chrome/120.0.0.0 Safari/537.36"
104.23.168.112 - - [16/Jun/2026:13:26:29 +0000] "GET /buy.php HTTP/1.1" 404 194 "-" "Mozilla/5.0 (Windows NT 10.0; Win64; x64) AppleWebKit/537.36 (KHTML, like Gecko) Chrome/120.0.0.0 Safari/537.36"
104.23.168.112 - - [16/Jun/2026:13:26:30 +0000] "GET /02.php HTTP/1.1" 404 194 "-" "Mozilla/5.0 (Windows NT 10.0; Win64; x64) AppleWebKit/537.36 (KHTML, like Gecko) Chrome/120.0.0.0 Safari/537.36"
104.23.168.112 - - [16/Jun/2026:13:26:30 +0000] "GET /x.php HTTP/1.1" 404 194 "-" "Mozilla/5.0 (Windows NT 10.0; Win64; x64) AppleWebKit/537.36 (KHTML, like Gecko) Chrome/120.0.0.0 Safari/537.36"
104.23.168.112 - - [16/Jun/2026:13:26:30 +0000] "GET /php8.php HTTP/1.1" 404 194 "-" "Mozilla/5.0 (Windows NT 10.0; Win64; x64) AppleWebKit/537.36 (KHTML, like Gecko) Chrome/120.0.0.0 Safari/537.36"
172.71.102.59 - - [16/Jun/2026:13:26:30 +0000] "GET /fix.php HTTP/1.1" 404 194 "-" "Mozilla/5.0 (Windows NT 10.0; Win64; x64) AppleWebKit/537.36 (KHTML, like Gecko) Chrome/120.0.0.0 Safari/537.36"
172.71.103.234 - - [16/Jun/2026:13:26:30 +0000] "GET /headers.php HTTP/1.1" 404 194 "-" "Mozilla/5.0 (Windows NT 10.0; Win64; x64) AppleWebKit/537.36 (KHTML, like Gecko) Chrome/120.0.0.0 Safari/537.36"
172.71.102.59 - - [16/Jun/2026:13:26:30 +0000] "GET /xpw.php HTTP/1.1" 404 194 "-" "Mozilla/5.0 (Windows NT 10.0; Win64; x64) AppleWebKit/537.36 (KHTML, like Gecko) Chrome/120.0.0.0 Safari/537.36"
172.71.103.234 - - [16/Jun/2026:13:26:30 +0000] "GET /array.php HTTP/1.1" 404 194 "-" "Mozilla/5.0 (Windows NT 10.0; Win64; x64) AppleWebKit/537.36 (KHTML, like Gecko) Chrome/120.0.0.0 Safari/537.36"
172.71.102.59 - - [16/Jun/2026:13:26:31 +0000] "GET /wp-cron.php HTTP/1.1" 200 31 "-" "Mozilla/5.0 (Windows NT 10.0; Win64; x64) AppleWebKit/537.36 (KHTML, like Gecko) Chrome/120.0.0.0 Safari/537.36"
172.71.103.234 - - [16/Jun/2026:13:26:31 +0000] "GET /cong.php HTTP/1.1" 404 194 "-" "Mozilla/5.0 (Windows NT 10.0; Win64; x64) AppleWebKit/537.36 (KHTML, like Gecko) Chrome/120.0.0.0 Safari/537.36"
172.71.102.59 - - [16/Jun/2026:13:26:31 +0000] "GET /ee.php HTTP/1.1" 404 194 "-" "Mozilla/5.0 (Windows NT 10.0; Win64; x64) AppleWebKit/537.36 (KHTML, like Gecko) Chrome/120.0.0.0 Safari/537.36"
172.71.103.234 - - [16/Jun/2026:13:26:31 +0000] "GET /wp-conflg.php HTTP/1.1" 404 194 "-" "Mozilla/5.0 (Windows NT 10.0; Win64; x64) AppleWebKit/537.36 (KHTML, like Gecko) Chrome/120.0.0.0 Safari/537.36"
172.71.102.59 - - [16/Jun/2026:13:26:31 +0000] "GET /wp-content/plugins/xt/ HTTP/1.1" 404 17675 "-" "Mozilla/5.0 (Windows NT 10.0; Win64; x64) AppleWebKit/537.36 (KHTML, like Gecko) Chrome/120.0.0.0 Safari/537.36"
172.71.103.234 - - [16/Jun/2026:13:26:32 +0000] "GET /wp-includes/autoload_classmap.php HTTP/1.1" 403 193 "-" "Mozilla/5.0 (Windows NT 10.0; Win64; x64) AppleWebKit/537.36 (KHTML, like Gecko) Chrome/120.0.0.0 Safari/537.36"
172.71.102.59 - - [16/Jun/2026:13:26:32 +0000] "GET /wp-admin/js/autoload_classmap.php HTTP/1.1" 404 194 "-" "Mozilla/5.0 (Windows NT 10.0; Win64; x64) AppleWebKit/537.36 (KHTML, like Gecko) Chrome/120.0.0.0 Safari/537.36"
172.71.103.234 - - [16/Jun/2026:13:26:32 +0000] "GET /wp-includes/Text/autoload_classmap.php HTTP/1.1" 403 193 "-" "Mozilla/5.0 (Windows NT 10.0; Win64; x64) AppleWebKit/537.36 (KHTML, like Gecko) Chrome/120.0.0.0 Safari/537.36"
172.71.102.59 - - [16/Jun/2026:13:26:32 +0000] "GET /manager.php HTTP/1.1" 404 194 "-" "Mozilla/5.0 (Windows NT 10.0; Win64; x64) AppleWebKit/537.36 (KHTML, like Gecko) Chrome/120.0.0.0 Safari/537.36"
172.71.103.234 - - [16/Jun/2026:13:26:32 +0000] "GET /wp-links.php HTTP/1.1" 404 194 "-" "Mozilla/5.0 (Windows NT 10.0; Win64; x64) AppleWebKit/537.36 (KHTML, like Gecko) Chrome/120.0.0.0 Safari/537.36"
104.23.168.112 - - [16/Jun/2026:13:26:32 +0000] "GET /fi2.php HTTP/1.1" 404 194 "-" "Mozilla/5.0 (Windows NT 10.0; Win64; x64) AppleWebKit/537.36 (KHTML, like Gecko) Chrome/120.0.0.0 Safari/537.36"
104.23.168.112 - - [16/Jun/2026:13:26:32 +0000] "GET /a.php HTTP/1.1" 404 194 "-" "Mozilla/5.0 (Windows NT 10.0; Win64; x64) AppleWebKit/537.36 (KHTML, like Gecko) Chrome/120.0.0.0 Safari/537.36"
104.23.168.112 - - [16/Jun/2026:13:26:32 +0000] "GET /alfanew.php HTTP/1.1" 404 194 "-" "Mozilla/5.0 (Windows NT 10.0; Win64; x64) AppleWebKit/537.36 (KHTML, like Gecko) Chrome/120.0.0.0 Safari/537.36"
104.23.168.112 - - [16/Jun/2026:13:26:32 +0000] "GET /text.php HTTP/1.1" 404 194 "-" "Mozilla/5.0 (Windows NT 10.0; Win64; x64) AppleWebKit/537.36 (KHTML, like Gecko) Chrome/120.0.0.0 Safari/537.36"
104.23.168.112 - - [16/Jun/2026:13:26:33 +0000] "GET /f.php HTTP/1.1" 404 194 "-" "Mozilla/5.0 (Windows NT 10.0; Win64; x64) AppleWebKit/537.36 (KHTML, like Gecko) Chrome/120.0.0.0 Safari/537.36"
172.71.102.59 - - [16/Jun/2026:13:26:33 +0000] "GET /wp-admin/css/colors/blue/admin.php HTTP/1.1" 404 194 "-" "Mozilla/5.0 (Windows NT 10.0; Win64; x64) AppleWebKit/537.36 (KHTML, like Gecko) Chrome/120.0.0.0 Safari/537.36"
172.64.200.121 - - [16/Jun/2026:13:26:33 +0000] "GET / HTTP/1.1" 200 25712 "-" "WordPress/6.8.3; https://3arrow.pl"
172.71.103.234 - - [16/Jun/2026:13:26:33 +0000] "GET /index.php HTTP/1.1" 200 25712 "-" "Mozilla/5.0 (Windows NT 10.0; Win64; x64) AppleWebKit/537.36 (KHTML, like Gecko) Chrome/120.0.0.0 Safari/537.36"
172.71.102.59 - - [16/Jun/2026:13:26:33 +0000] "GET /log.php HTTP/1.1" 404 194 "-" "Mozilla/5.0 (Windows NT 10.0; Win64; x64) AppleWebKit/537.36 (KHTML, like Gecko) Chrome/120.0.0.0 Safari/537.36"
104.23.168.112 - - [16/Jun/2026:13:26:33 +0000] "GET /hehe.php HTTP/1.1" 404 194 "-" "Mozilla/5.0 (Windows NT 10.0; Win64; x64) AppleWebKit/537.36 (KHTML, like Gecko) Chrome/120.0.0.0 Safari/537.36"
104.23.168.112 - - [16/Jun/2026:13:26:34 +0000] "GET /options.php HTTP/1.1" 404 194 "-" "Mozilla/5.0 (Windows NT 10.0; Win64; x64) AppleWebKit/537.36 (KHTML, like Gecko) Chrome/120.0.0.0 Safari/537.36"
104.23.168.112 - - [16/Jun/2026:13:26:34 +0000] "GET /wp-content/plugins/xt HTTP/1.1" 404 17675 "-" "Mozilla/5.0 (Windows NT 10.0; Win64; x64) AppleWebKit/537.36 (KHTML, like Gecko) Chrome/120.0.0.0 Safari/537.36"
104.23.168.112 - - [16/Jun/2026:13:26:34 +0000] "GET /wp-admin/js/index.php HTTP/1.1" 404 194 "-" "Mozilla/5.0 (Windows NT 10.0; Win64; x64) AppleWebKit/537.36 (KHTML, like Gecko) Chrome/120.0.0.0 Safari/537.36"
104.23.168.112 - - [16/Jun/2026:13:26:34 +0000] "GET /jquery.php HTTP/1.1" 404 194 "-" "Mozilla/5.0 (Windows NT 10.0; Win64; x64) AppleWebKit/537.36 (KHTML, like Gecko) Chrome/120.0.0.0 Safari/537.36"
162.159.98.61 - - [16/Jun/2026:13:26:35 +0000] "GET /projektowanie-stron-internetowych-radom-gwarancja-sukcesu-firmy HTTP/1.1" 301 5 "-" "Mozilla/5.0 (Windows NT 10.0; Win64; x64) AppleWebKit/537.36 (KHTML, like Gecko) Chrome/122.0.0.0 Safari/537.36 Edg/122.0.0.0"
104.23.168.112 - - [16/Jun/2026:13:26:35 +0000] "GET /.well-known/admin.php HTTP/1.1" 404 194 "-" "Mozilla/5.0 (Windows NT 10.0; Win64; x64) AppleWebKit/537.36 (KHTML, like Gecko) Chrome/120.0.0.0 Safari/537.36"
172.71.103.234 - - [16/Jun/2026:13:26:35 +0000] "GET /radio.php HTTP/1.1" 404 194 "-" "Mozilla/5.0 (Windows NT 10.0; Win64; x64) AppleWebKit/537.36 (KHTML, like Gecko) Chrome/120.0.0.0 Safari/537.36"
172.71.102.59 - - [16/Jun/2026:13:26:35 +0000] "GET /v.php HTTP/1.1" 404 194 "-" "Mozilla/5.0 (Windows NT 10.0; Win64; x64) AppleWebKit/537.36 (KHTML, like Gecko) Chrome/120.0.0.0 Safari/537.36"
172.71.103.234 - - [16/Jun/2026:13:26:35 +0000] "GET /main.php HTTP/1.1" 404 194 "-" "Mozilla/5.0 (Windows NT 10.0; Win64; x64) AppleWebKit/537.36 (KHTML, like Gecko) Chrome/120.0.0.0 Safari/537.36"
104.23.168.112 - - [16/Jun/2026:13:26:35 +0000] "GET /.well-known/file.php HTTP/1.1" 404 194 "-" "Mozilla/5.0 (Windows NT 10.0; Win64; x64) AppleWebKit/537.36 (KHTML, like Gecko) Chrome/120.0.0.0 Safari/537.36"
104.23.168.112 - - [16/Jun/2026:13:26:35 +0000] "GET /.well-known/pki-validation/index.php HTTP/1.1" 404 194 "-" "Mozilla/5.0 (Windows NT 10.0; Win64; x64) AppleWebKit/537.36 (KHTML, like Gecko) Chrome/120.0.0.0 Safari/537.36"
104.23.168.112 - - [16/Jun/2026:13:26:35 +0000] "GET /.well-known/acme-challenge/about.php HTTP/1.1" 404 194 "-" "Mozilla/5.0 (Windows NT 10.0; Win64; x64) AppleWebKit/537.36 (KHTML, like Gecko) Chrome/120.0.0.0 Safari/537.36"
104.23.168.112 - - [16/Jun/2026:13:26:35 +0000] "GET /wp-content/file.php HTTP/1.1" 403 193 "-" "Mozilla/5.0 (Windows NT 10.0; Win64; x64) AppleWebKit/537.36 (KHTML, like Gecko) Chrome/120.0.0.0 Safari/537.36"
104.23.168.112 - - [16/Jun/2026:13:26:36 +0000] "GET /wp-signup.php HTTP/1.1" 302 5 "-" "Mozilla/5.0 (Windows NT 10.0; Win64; x64) AppleWebKit/537.36 (KHTML, like Gecko) Chrome/120.0.0.0 Safari/537.36"
162.159.98.218 - - [16/Jun/2026:13:26:36 +0000] "GET /projektowanie-stron-internetowych-radom-gwarancja-sukcesu-firmy/ HTTP/1.1" 200 26961 "-" "Mozilla/5.0 (Windows NT 10.0; Win64; x64) AppleWebKit/537.36 (KHTML, like Gecko) Chrome/122.0.0.0 Safari/537.36 Edg/122.0.0.0"
104.23.168.112 - - [16/Jun/2026:13:26:36 +0000] "GET /wp-includes/css/index.php HTTP/1.1" 403 193 "-" "Mozilla/5.0 (Windows NT 10.0; Win64; x64) AppleWebKit/537.36 (KHTML, like Gecko) Chrome/120.0.0.0 Safari/537.36"
104.23.168.112 - - [16/Jun/2026:13:26:36 +0000] "GET /ge.php HTTP/1.1" 404 194 "-" "Mozilla/5.0 (Windows NT 10.0; Win64; x64) AppleWebKit/537.36 (KHTML, like Gecko) Chrome/120.0.0.0 Safari/537.36"
104.23.168.112 - - [16/Jun/2026:13:26:36 +0000] "GET /public/makeasmtp.php HTTP/1.1" 404 194 "-" "Mozilla/5.0 (Windows NT 10.0; Win64; x64) AppleWebKit/537.36 (KHTML, like Gecko) Chrome/120.0.0.0 Safari/537.36"
172.71.102.59 - - [16/Jun/2026:13:26:36 +0000] "GET /wp-includes/customize/index.php HTTP/1.1" 403 193 "-" "Mozilla/5.0 (Windows NT 10.0; Win64; x64) AppleWebKit/537.36 (KHTML, like Gecko) Chrome/120.0.0.0 Safari/537.36"
172.71.103.234 - - [16/Jun/2026:13:26:36 +0000] "GET /mar.php HTTP/1.1" 404 194 "-" "Mozilla/5.0 (Windows NT 10.0; Win64; x64) AppleWebKit/537.36 (KHTML, like Gecko) Chrome/120.0.0.0 Safari/537.36"
172.71.102.59 - - [16/Jun/2026:13:26:36 +0000] "GET /system.php HTTP/1.1" 404 194 "-" "Mozilla/5.0 (Windows NT 10.0; Win64; x64) AppleWebKit/537.36 (KHTML, like Gecko) Chrome/120.0.0.0 Safari/537.36"
172.71.103.234 - - [16/Jun/2026:13:26:37 +0000] "GET /mah.php HTTP/1.1" 404 194 "-" "Mozilla/5.0 (Windows NT 10.0; Win64; x64) AppleWebKit/537.36 (KHTML, like Gecko) Chrome/120.0.0.0 Safari/537.36"
104.23.168.112 - - [16/Jun/2026:13:26:37 +0000] "GET /wp-admin/css/colors/blue/ HTTP/1.1" 403 193 "-" "Mozilla/5.0 (Windows NT 10.0; Win64; x64) AppleWebKit/537.36 (KHTML, like Gecko) Chrome/120.0.0.0 Safari/537.36"
104.23.168.112 - - [16/Jun/2026:13:26:37 +0000] "GET /doc.php HTTP/1.1" 404 194 "-" "Mozilla/5.0 (Windows NT 10.0; Win64; x64) AppleWebKit/537.36 (KHTML, like Gecko) Chrome/120.0.0.0 Safari/537.36"
104.23.168.112 - - [16/Jun/2026:13:26:37 +0000] "GET /backup.php HTTP/1.1" 404 194 "-" "Mozilla/5.0 (Windows NT 10.0; Win64; x64) AppleWebKit/537.36 (KHTML, like Gecko) Chrome/120.0.0.0 Safari/537.36"
104.23.168.112 - - [16/Jun/2026:13:26:37 +0000] "GET /default.php HTTP/1.1" 404 194 "-" "Mozilla/5.0 (Windows NT 10.0; Win64; x64) AppleWebKit/537.36 (KHTML, like Gecko) Chrome/120.0.0.0 Safari/537.36"
