57.141.0.25 - - [17/Jun/2026:00:16:27 +0000] "GET /post_tag-sitemap.xml?fileloc=/var/www/mojerosliny-sklep.pl/wp-includes/rewrite.php&path=/var/www/mojerosliny-sklep.pl/wp-includes HTTP/1.1" 200 33909 "-" "meta-externalagent/1.1 (+https://developers.facebook.com/docs/sharing/webmasters/crawler)"
57.141.0.48 - - [17/Jun/2026:00:16:27 +0000] "GET /post_tag-sitemap.xml?fileloc=/var/www/mojerosliny-sklep.pl/wp-includes/class-wp-xmlrpc-server.php&path=/var/www/mojerosliny-sklep.pl/wp-includes HTTP/1.1" 200 256634 "-" "meta-externalagent/1.1 (+https://developers.facebook.com/docs/sharing/webmasters/crawler)"
57.141.0.37 - - [17/Jun/2026:00:16:27 +0000] "GET /post_tag-sitemap.xml?fileloc=/var/www/mojerosliny-sklep.pl/wp-includes/class-wp-feed-cache.php&path=/var/www/mojerosliny-sklep.pl/wp-includes HTTP/1.1" 200 13587 "-" "meta-externalagent/1.1 (+https://developers.facebook.com/docs/sharing/webmasters/crawler)"
57.141.0.37 - - [17/Jun/2026:00:16:28 +0000] "GET /post_tag-sitemap.xml?fileloc=/var/www/mojerosliny-sklep.pl/wp-includes/class-wp-user-request.php&path=/var/www/mojerosliny-sklep.pl/wp-includes HTTP/1.1" 200 15001 "-" "meta-externalagent/1.1 (+https://developers.facebook.com/docs/sharing/webmasters/crawler)"
57.141.0.24 - - [17/Jun/2026:00:16:28 +0000] "GET /post_tag-sitemap.xml?fileloc=/var/www/mojerosliny-sklep.pl/wp-includes/class-wp-http-ixr-client.php&path=/var/www/mojerosliny-sklep.pl/wp-includes HTTP/1.1" 200 16615 "-" "meta-externalagent/1.1 (+https://developers.facebook.com/docs/sharing/webmasters/crawler)"
57.141.0.6 - - [17/Jun/2026:00:16:28 +0000] "GET /post_tag-sitemap.xml?fileloc=/var/www/mojerosliny-sklep.pl/wp-includes/class.wp-dependencies.php&path=/var/www/mojerosliny-sklep.pl/wp-includes HTTP/1.1" 200 12983 "-" "meta-externalagent/1.1 (+https://developers.facebook.com/docs/sharing/webmasters/crawler)"
57.141.0.1 - - [17/Jun/2026:00:16:29 +0000] "GET /post_tag-sitemap.xml?fileloc=/var/www/mojerosliny-sklep.pl/wp-includes/class-wpdb.php&path=/var/www/mojerosliny-sklep.pl/wp-includes HTTP/1.1" 200 141380 "-" "meta-externalagent/1.1 (+https://developers.facebook.com/docs/sharing/webmasters/crawler)"
57.141.0.5 - - [17/Jun/2026:00:16:29 +0000] "GET /post_tag-sitemap.xml?fileloc=/var/www/mojerosliny-sklep.pl/wp-includes/spl-autoload-compat.php&path=/var/www/mojerosliny-sklep.pl/wp-includes HTTP/1.1" 200 13039 "-" "meta-externalagent/1.1 (+https://developers.facebook.com/docs/sharing/webmasters/crawler)"
57.141.0.26 - - [17/Jun/2026:00:16:30 +0000] "GET /post_tag-sitemap.xml?fileloc=/var/www/mojerosliny-sklep.pl/wp-includes/class-wp-block-template.php&path=/var/www/mojerosliny-sklep.pl/wp-includes HTTP/1.1" 200 14655 "-" "meta-externalagent/1.1 (+https://developers.facebook.com/docs/sharing/webmasters/crawler)"
57.141.0.34 - - [17/Jun/2026:00:16:30 +0000] "GET /post_tag-sitemap.xml?fileloc=/var/www/mojerosliny-sklep.pl/wp-includes/class-wp-ajax-response.php&path=/var/www/mojerosliny-sklep.pl/wp-includes HTTP/1.1" 200 18759 "-" "meta-externalagent/1.1 (+https://developers.facebook.com/docs/sharing/webmasters/crawler)"
57.141.0.16 - - [17/Jun/2026:00:16:30 +0000] "GET /post_tag-sitemap.xml?fileloc=/var/www/mojerosliny-sklep.pl/wp-includes/class.wp-styles.php&path=/var/www/mojerosliny-sklep.pl/wp-includes HTTP/1.1" 200 12942 "-" "meta-externalagent/1.1 (+https://developers.facebook.com/docs/sharing/webmasters/crawler)"
57.141.0.49 - - [17/Jun/2026:00:16:30 +0000] "GET /post_tag-sitemap.xml?fileloc=/var/www/mojerosliny-sklep.pl/wp-includes/class-wp-styles.php&path=/var/www/mojerosliny-sklep.pl/wp-includes HTTP/1.1" 200 24798 "-" "meta-externalagent/1.1 (+https://developers.facebook.com/docs/sharing/webmasters/crawler)"
57.141.0.22 - - [17/Jun/2026:00:16:30 +0000] "GET /post_tag-sitemap.xml?path=/var/www/mojerosliny-sklep.pl/wp-includes/customize HTTP/1.1" 200 74178 "-" "meta-externalagent/1.1 (+https://developers.facebook.com/docs/sharing/webmasters/crawler)"
57.141.0.19 - - [17/Jun/2026:00:16:32 +0000] "GET /post_tag-sitemap.xml?fileloc=/var/www/mojerosliny-sklep.pl/wp-includes/class-wp-block-templates-registry.php&path=/var/www/mojerosliny-sklep.pl/wp-includes HTTP/1.1" 200 20383 "-" "meta-externalagent/1.1 (+https://developers.facebook.com/docs/sharing/webmasters/crawler)"
57.141.0.55 - - [17/Jun/2026:00:16:32 +0000] "GET /post_tag-sitemap.xml?fileloc=/var/www/mojerosliny-sklep.pl/wp-includes/class-feed.php&path=/var/www/mojerosliny-sklep.pl/wp-includes HTTP/1.1" 200 13178 "-" "meta-externalagent/1.1 (+https://developers.facebook.com/docs/sharing/webmasters/crawler)"
57.141.0.3 - - [17/Jun/2026:00:16:32 +0000] "GET /post_tag-sitemap.xml?fileloc=/var/www/mojerosliny-sklep.pl/wp-includes/comment.php&path=/var/www/mojerosliny-sklep.pl/wp-includes HTTP/1.1" 200 156488 "-" "meta-externalagent/1.1 (+https://developers.facebook.com/docs/sharing/webmasters/crawler)"
57.141.0.5 - - [17/Jun/2026:00:16:32 +0000] "GET /post_tag-sitemap.xml?fileloc=/var/www/mojerosliny-sklep.pl/wp-includes/default-filters.php&path=/var/www/mojerosliny-sklep.pl/wp-includes HTTP/1.1" 200 59050 "-" "meta-externalagent/1.1 (+https://developers.facebook.com/docs/sharing/webmasters/crawler)"
57.141.0.18 - - [17/Jun/2026:00:16:33 +0000] "GET /post_tag-sitemap.xml?fileloc=/var/www/mojerosliny-sklep.pl/wp-includes/date.php&path=/var/www/mojerosliny-sklep.pl/wp-includes HTTP/1.1" 200 12993 "-" "meta-externalagent/1.1 (+https://developers.facebook.com/docs/sharing/webmasters/crawler)"
57.141.0.24 - - [17/Jun/2026:00:16:33 +0000] "GET /post_tag-sitemap.xml?fileloc=/var/www/mojerosliny-sklep.pl/wp-includes/sitemaps.php&path=/var/www/mojerosliny-sklep.pl/wp-includes HTTP/1.1" 200 15949 "-" "meta-externalagent/1.1 (+https://developers.facebook.com/docs/sharing/webmasters/crawler)"
57.141.0.25 - - [17/Jun/2026:00:16:34 +0000] "GET /post_tag-sitemap.xml?fileloc=/var/www/mojerosliny-sklep.pl/wp-includes/class-wp-theme-json.php&path=/var/www/mojerosliny-sklep.pl/wp-includes HTTP/1.1" 200 197303 "-" "meta-externalagent/1.1 (+https://developers.facebook.com/docs/sharing/webmasters/crawler)"
57.141.0.46 - - [17/Jun/2026:00:16:34 +0000] "GET /post_tag-sitemap.xml?fileloc=/var/www/mojerosliny-sklep.pl/wp-includes/class-wp-object-cache.php&path=/var/www/mojerosliny-sklep.pl/wp-includes HTTP/1.1" 200 31050 "-" "meta-externalagent/1.1 (+https://developers.facebook.com/docs/sharing/webmasters/crawler)"
57.141.0.33 - - [17/Jun/2026:00:16:34 +0000] "GET /post_tag-sitemap.xml?fileloc=/var/www/mojerosliny-sklep.pl/wp-includes/speculative-loading.php&path=/var/www/mojerosliny-sklep.pl/wp-includes HTTP/1.1" 200 22279 "-" "meta-externalagent/1.1 (+https://developers.facebook.com/docs/sharing/webmasters/crawler)"
57.141.0.50 - - [17/Jun/2026:00:16:34 +0000] "GET /post_tag-sitemap.xml?fileloc=/var/www/mojerosliny-sklep.pl/wp-includes/capabilities.php&path=/var/www/mojerosliny-sklep.pl/wp-includes HTTP/1.1" 200 59933 "-" "meta-externalagent/1.1 (+https://developers.facebook.com/docs/sharing/webmasters/crawler)"
66.249.66.3 - - [17/Jun/2026:00:16:35 +0000] "GET /?fileloc=/var/www/arsmedica.bialystok.pl/wp-includes/ms-load.php&path=/var/www/arsmedica.bialystok.pl/wp-includes HTTP/1.1" 200 8827 "-" "Mozilla/5.0 (Linux; Android 6.0.1; Nexus 5X Build/MMB29P) AppleWebKit/537.36 (KHTML, like Gecko) Chrome/148.0.7778.96 Mobile Safari/537.36 (compatible; Googlebot/2.1; +http://www.google.com/bot.html)"
57.141.0.48 - - [17/Jun/2026:00:16:35 +0000] "GET /post_tag-sitemap.xml?fileloc=/var/www/mojerosliny-sklep.pl/wp-includes/class-wp-http.php&path=/var/www/mojerosliny-sklep.pl/wp-includes HTTP/1.1" 200 57942 "-" "meta-externalagent/1.1 (+https://developers.facebook.com/docs/sharing/webmasters/crawler)"
57.141.0.48 - - [17/Jun/2026:00:16:35 +0000] "GET /post_tag-sitemap.xml?fileloc=/var/www/mojerosliny-sklep.pl/wp-includes/ms-functions.php&path=/var/www/mojerosliny-sklep.pl/wp-includes HTTP/1.1" 200 112028 "-" "meta-externalagent/1.1 (+https://developers.facebook.com/docs/sharing/webmasters/crawler)"
57.141.0.59 - - [17/Jun/2026:00:16:35 +0000] "GET /post_tag-sitemap.xml?fileloc=/var/www/mojerosliny-sklep.pl/wp-includes/class-wp-url-pattern-prefixer.php&path=/var/www/mojerosliny-sklep.pl/wp-includes HTTP/1.1" 200 17660 "-" "meta-externalagent/1.1 (+https://developers.facebook.com/docs/sharing/webmasters/crawler)"
57.141.0.20 - - [17/Jun/2026:00:16:35 +0000] "GET /post_tag-sitemap.xml?fileloc=/var/www/mojerosliny-sklep.pl/wp-includes/class-wp-widget-factory.php&path=/var/www/mojerosliny-sklep.pl/wp-includes HTTP/1.1" 200 16039 "-" "meta-externalagent/1.1 (+https://developers.facebook.com/docs/sharing/webmasters/crawler)"
57.141.0.58 - - [17/Jun/2026:00:16:36 +0000] "GET /post_tag-sitemap.xml?fileloc=/var/www/mojerosliny-sklep.pl/wp-includes/theme-templates.php&path=/var/www/mojerosliny-sklep.pl/wp-includes HTTP/1.1" 200 19359 "-" "meta-externalagent/1.1 (+https://developers.facebook.com/docs/sharing/webmasters/crawler)"
57.141.0.23 - - [17/Jun/2026:00:16:37 +0000] "GET /post_tag-sitemap.xml?fileloc=/var/www/mojerosliny-sklep.pl/wp-includes/class-wp-post-type.php&path=/var/www/mojerosliny-sklep.pl/wp-includes HTTP/1.1" 200 47042 "-" "meta-externalagent/1.1 (+https://developers.facebook.com/docs/sharing/webmasters/crawler)"
57.141.0.63 - - [17/Jun/2026:00:16:37 +0000] "GET /post_tag-sitemap.xml?fileloc=/var/www/mojerosliny-sklep.pl/wp-includes/post.php&path=/var/www/mojerosliny-sklep.pl/wp-includes HTTP/1.1" 200 336682 "-" "meta-externalagent/1.1 (+https://developers.facebook.com/docs/sharing/webmasters/crawler)"
57.141.0.3 - - [17/Jun/2026:00:16:37 +0000] "GET /post_tag-sitemap.xml?fileloc=/var/www/mojerosliny-sklep.pl/wp-includes/default-constants.php&path=/var/www/mojerosliny-sklep.pl/wp-includes HTTP/1.1" 200 25566 "-" "meta-externalagent/1.1 (+https://developers.facebook.com/docs/sharing/webmasters/crawler)"
57.141.0.49 - - [17/Jun/2026:00:16:37 +0000] "GET /post_tag-sitemap.xml?fileloc=/var/www/mojerosliny-sklep.pl/wp-includes/class-wp-block-bindings-registry.php&path=/var/www/mojerosliny-sklep.pl/wp-includes HTTP/1.1" 200 21535 "-" "meta-externalagent/1.1 (+https://developers.facebook.com/docs/sharing/webmasters/crawler)"
57.141.0.48 - - [17/Jun/2026:00:16:38 +0000] "GET /post_tag-sitemap.xml?path=/var/www/mojerosliny-sklep.pl/wp-includes/Requests HTTP/1.1" 200 15855 "-" "meta-externalagent/1.1 (+https://developers.facebook.com/docs/sharing/webmasters/crawler)"
57.141.0.15 - - [17/Jun/2026:00:16:38 +0000] "GET /post_tag-sitemap.xml?fileloc=/var/www/mojerosliny-sklep.pl/wp-includes/widgets.php&path=/var/www/mojerosliny-sklep.pl/wp-includes HTTP/1.1" 200 90160 "-" "meta-externalagent/1.1 (+https://developers.facebook.com/docs/sharing/webmasters/crawler)"
57.141.0.44 - - [17/Jun/2026:00:16:38 +0000] "GET /post_tag-sitemap.xml?fileloc=/var/www/mojerosliny-sklep.pl/wp-includes/style-engine.php&path=/var/www/mojerosliny-sklep.pl/wp-includes HTTP/1.1" 200 20806 "-" "meta-externalagent/1.1 (+https://developers.facebook.com/docs/sharing/webmasters/crawler)"
51.195.244.61 - - [17/Jun/2026:00:16:38 +0000] "GET /11427-2/ HTTP/1.1" 200 28037 "-" "Mozilla/5.0 (compatible; AhrefsBot/7.0; +http://ahrefs.com/robot/)"
57.141.0.22 - - [17/Jun/2026:00:16:39 +0000] "GET /post_tag-sitemap.xml?fileloc=/var/www/serwis-apple-lublin.pl/wp-admin/options-permalink.php&path=/var/www/serwis-apple-lublin.pl/wp-admin HTTP/1.1" 200 40244 "-" "meta-externalagent/1.1 (+https://developers.facebook.com/docs/sharing/webmasters/crawler)"
57.141.0.19 - - [17/Jun/2026:00:16:39 +0000] "GET /post_tag-sitemap.xml?fileloc=/var/www/mojerosliny-sklep.pl/wp-includes/class-simplepie.php&path=/var/www/mojerosliny-sklep.pl/wp-includes HTTP/1.1" 200 13057 "-" "meta-externalagent/1.1 (+https://developers.facebook.com/docs/sharing/webmasters/crawler)"
57.141.0.46 - - [17/Jun/2026:00:16:39 +0000] "GET /post_tag-sitemap.xml?fileloc=/var/www/mojerosliny-sklep.pl/wp-includes/class-wp-block-parser.php&path=/var/www/mojerosliny-sklep.pl/wp-includes HTTP/1.1" 200 24799 "-" "meta-externalagent/1.1 (+https://developers.facebook.com/docs/sharing/webmasters/crawler)"
57.141.0.16 - - [17/Jun/2026:00:16:40 +0000] "GET /post_tag-sitemap.xml?path=/var/www/arsmedica.bialystok.pl/wp-includes/SimplePie/src/Decode/HTML HTTP/1.1" 200 14951 "-" "meta-externalagent/1.1 (+https://developers.facebook.com/docs/sharing/webmasters/crawler)"
57.141.0.68 - - [17/Jun/2026:00:16:40 +0000] "GET /post_tag-sitemap.xml?fileloc=/var/www/mojerosliny-sklep.pl/wp-includes/class-wp-date-query.php&path=/var/www/mojerosliny-sklep.pl/wp-includes HTTP/1.1" 200 53280 "-" "meta-externalagent/1.1 (+https://developers.facebook.com/docs/sharing/webmasters/crawler)"
57.141.0.63 - - [17/Jun/2026:00:16:40 +0000] "GET /post_tag-sitemap.xml?fileloc=/var/www/mojerosliny-sklep.pl/wp-includes/class-wp-block-type.php&path=/var/www/mojerosliny-sklep.pl/wp-includes HTTP/1.1" 200 30416 "-" "meta-externalagent/1.1 (+https://developers.facebook.com/docs/sharing/webmasters/crawler)"
57.141.0.15 - - [17/Jun/2026:00:16:41 +0000] "GET /post_tag-sitemap.xml?fileloc=/var/www/mojerosliny-sklep.pl/wp-includes/shortcodes.php&path=/var/www/mojerosliny-sklep.pl/wp-includes HTTP/1.1" 200 38241 "-" "meta-externalagent/1.1 (+https://developers.facebook.com/docs/sharing/webmasters/crawler)"
57.141.0.49 - - [17/Jun/2026:00:16:41 +0000] "GET /post_tag-sitemap.xml?fileloc=/var/www/mojerosliny-sklep.pl/wp-includes/nav-menu.php&path=/var/www/mojerosliny-sklep.pl/wp-includes HTTP/1.1" 200 61809 "-" "meta-externalagent/1.1 (+https://developers.facebook.com/docs/sharing/webmasters/crawler)"
57.141.0.15 - - [17/Jun/2026:00:16:41 +0000] "GET /post_tag-sitemap.xml?fileloc=/var/www/mojerosliny-sklep.pl/wp-includes/https-detection.php&path=/var/www/mojerosliny-sklep.pl/wp-includes HTTP/1.1" 200 18849 "-" "meta-externalagent/1.1 (+https://developers.facebook.com/docs/sharing/webmasters/crawler)"
57.141.0.47 - - [17/Jun/2026:00:16:41 +0000] "GET /post_tag-sitemap.xml?path=/var/www/mojerosliny-sklep.pl/wp-includes/l10n HTTP/1.1" 200 21196 "-" "meta-externalagent/1.1 (+https://developers.facebook.com/docs/sharing/webmasters/crawler)"
57.141.0.11 - - [17/Jun/2026:00:16:42 +0000] "GET /post_tag-sitemap.xml?fileloc=/var/www/mojerosliny-sklep.pl/wp-includes/class-wp-block-styles-registry.php&path=/var/www/mojerosliny-sklep.pl/wp-includes HTTP/1.1" 200 19206 "-" "meta-externalagent/1.1 (+https://developers.facebook.com/docs/sharing/webmasters/crawler)"
57.141.0.68 - - [17/Jun/2026:00:16:42 +0000] "GET /post_tag-sitemap.xml?fileloc=/var/www/mojerosliny-sklep.pl/wp-includes/pluggable-deprecated.php&path=/var/www/mojerosliny-sklep.pl/wp-includes HTTP/1.1" 200 19471 "-" "meta-externalagent/1.1 (+https://developers.facebook.com/docs/sharing/webmasters/crawler)"
57.141.0.36 - - [17/Jun/2026:00:16:43 +0000] "GET /post_tag-sitemap.xml?fileloc=/var/www/mojerosliny-sklep.pl/wp-includes/registration-functions.php&path=/var/www/mojerosliny-sklep.pl/wp-includes HTTP/1.1" 200 12801 "-" "meta-externalagent/1.1 (+https://developers.facebook.com/docs/sharing/webmasters/crawler)"
57.141.0.55 - - [17/Jun/2026:00:16:43 +0000] "GET /post_tag-sitemap.xml?fileloc=/var/www/mojerosliny-sklep.pl/wp-includes/class-walker-nav-menu.php&path=/var/www/mojerosliny-sklep.pl/wp-includes HTTP/1.1" 200 25833 "-" "meta-externalagent/1.1 (+https://developers.facebook.com/docs/sharing/webmasters/crawler)"
57.141.0.2 - - [17/Jun/2026:00:16:43 +0000] "GET /post_tag-sitemap.xml?fileloc=/var/www/mojerosliny-sklep.pl/wp-includes/feed-rss2-comments.php&path=/var/www/mojerosliny-sklep.pl/wp-includes HTTP/1.1" 200 17551 "-" "meta-externalagent/1.1 (+https://developers.facebook.com/docs/sharing/webmasters/crawler)"
52.238.213.109 - - [17/Jun/2026:00:16:43 +0000] "GET /wp-content/plugins/hellopress/wp_filemanager.php HTTP/1.1" 301 178 "-" "-"
57.141.0.61 - - [17/Jun/2026:00:16:44 +0000] "GET /post_tag-sitemap.xml?path=/var/www/mojerosliny-sklep.pl/wp-includes/IXR HTTP/1.1" 200 28995 "-" "meta-externalagent/1.1 (+https://developers.facebook.com/docs/sharing/webmasters/crawler)"
57.141.0.55 - - [17/Jun/2026:00:16:44 +0000] "GET /post_tag-sitemap.xml?fileloc=/var/www/mojerosliny-sklep.pl/wp-includes/class-wp-fatal-error-handler.php&path=/var/www/mojerosliny-sklep.pl/wp-includes HTTP/1.1" 200 21241 "-" "meta-externalagent/1.1 (+https://developers.facebook.com/docs/sharing/webmasters/crawler)"
18.130.168.120 - - [17/Jun/2026:00:16:44 +0000] "GET / HTTP/1.1" 301 178 "-" "Mozilla/5.0 (Windows NT 10.0; Win64; x64) AppleWebKit/537.36 (KHTML, like Gecko) Chrome/79.0 Safari/537.36"
18.130.168.120 - - [17/Jun/2026:00:16:44 +0000] "" 400 0 "-" "-"
57.141.0.6 - - [17/Jun/2026:00:16:45 +0000] "GET /post_tag-sitemap.xml?fileloc=/var/www/mojerosliny-sklep.pl/wp-includes/class-wp-http-requests-hooks.php&path=/var/www/mojerosliny-sklep.pl/wp-includes HTTP/1.1" 200 14651 "-" "meta-externalagent/1.1 (+https://developers.facebook.com/docs/sharing/webmasters/crawler)"
57.141.0.6 - - [17/Jun/2026:00:16:45 +0000] "GET /post_tag-sitemap.xml?fileloc=/var/www/serwis-apple-lublin.pl/wp-admin/contribute.php&path=/var/www/serwis-apple-lublin.pl/wp-admin HTTP/1.1" 200 20319 "-" "meta-externalagent/1.1 (+https://developers.facebook.com/docs/sharing/webmasters/crawler)"
57.141.0.30 - - [17/Jun/2026:00:16:45 +0000] "GET /post_tag-sitemap.xml?fileloc=/var/www/mojerosliny-sklep.pl/wp-includes/media.php&path=/var/www/mojerosliny-sklep.pl/wp-includes HTTP/1.1" 200 260705 "-" "meta-externalagent/1.1 (+https://developers.facebook.com/docs/sharing/webmasters/crawler)"
57.141.0.38 - - [17/Jun/2026:00:16:45 +0000] "GET /post_tag-sitemap.xml?fileloc=/var/www/mojerosliny-sklep.pl/wp-includes/class-walker-comment.php&path=/var/www/mojerosliny-sklep.pl/wp-includes HTTP/1.1" 200 29208 "-" "meta-externalagent/1.1 (+https://developers.facebook.com/docs/sharing/webmasters/crawler)"
57.141.0.20 - - [17/Jun/2026:00:16:46 +0000] "GET /post_tag-sitemap.xml?path=/var/www/mojerosliny-sklep.pl/wp-includes/sitemaps HTTP/1.1" 200 24314 "-" "meta-externalagent/1.1 (+https://developers.facebook.com/docs/sharing/webmasters/crawler)"
57.141.0.57 - - [17/Jun/2026:00:16:46 +0000] "GET /post_tag-sitemap.xml?fileloc=/var/www/just-fit-studio-formy.pl/wp-includes/class-wp-exception.php&path=/var/www/just-fit-studio-formy.pl/wp-includes HTTP/1.1" 200 12836 "-" "meta-externalagent/1.1 (+https://developers.facebook.com/docs/sharing/webmasters/crawler)"
57.141.0.57 - - [17/Jun/2026:00:16:46 +0000] "GET /post_tag-sitemap.xml?path=/var/www/serwis-apple-lublin.pl/wp-content/uploads HTTP/1.1" 200 28090 "-" "meta-externalagent/1.1 (+https://developers.facebook.com/docs/sharing/webmasters/crawler)"
18.130.168.120 - - [17/Jun/2026:00:16:47 +0000] "GET / HTTP/1.1" 200 44211 "-" "Mozilla/5.0 (Windows NT 10.0; Win64; x64) AppleWebKit/537.36 (KHTML, like Gecko) Chrome/79.0 Safari/537.36"
57.141.0.68 - - [17/Jun/2026:00:16:47 +0000] "GET /post_tag-sitemap.xml?fileloc=/var/www/mojerosliny-sklep.pl/wp-includes/post-thumbnail-template.php&path=/var/www/mojerosliny-sklep.pl/wp-includes HTTP/1.1" 200 23855 "-" "meta-externalagent/1.1 (+https://developers.facebook.com/docs/sharing/webmasters/crawler)"
57.141.0.4 - - [17/Jun/2026:00:16:47 +0000] "GET /post_tag-sitemap.xml?fileloc=/var/www/mojerosliny-sklep.pl/wp-includes/class-wp-http-response.php&path=/var/www/mojerosliny-sklep.pl/wp-includes HTTP/1.1" 200 15597 "-" "meta-externalagent/1.1 (+https://developers.facebook.com/docs/sharing/webmasters/crawler)"
52.238.213.109 - - [17/Jun/2026:00:16:47 +0000] "GET /wp-content/plugins/hellopress/wp_filemanager.php HTTP/1.1" 403 162 "-" "-"
57.141.0.68 - - [17/Jun/2026:00:16:47 +0000] "GET /post_tag-sitemap.xml?fileloc=/var/www/mojerosliny-sklep.pl/wp-includes/class-wp-block-type-registry.php&path=/var/www/mojerosliny-sklep.pl/wp-includes HTTP/1.1" 200 17785 "-" "meta-externalagent/1.1 (+https://developers.facebook.com/docs/sharing/webmasters/crawler)"
52.238.213.109 - - [17/Jun/2026:00:16:47 +0000] "GET /this_is_a_new_hello_world.php HTTP/1.1" 301 178 "-" "-"
57.141.0.56 - - [17/Jun/2026:00:16:48 +0000] "GET /post_tag-sitemap.xml?fileloc=/var/www/serwis-apple-lublin.pl/wp-content/.htaccess&path=/var/www/serwis-apple-lublin.pl/wp-content HTTP/1.1" 200 12771 "-" "meta-externalagent/1.1 (+https://developers.facebook.com/docs/sharing/webmasters/crawler)"
57.141.0.65 - - [17/Jun/2026:00:16:48 +0000] "GET /post_tag-sitemap.xml?fileloc=/var/www/mojerosliny-sklep.pl/wp-includes/category.php&path=/var/www/mojerosliny-sklep.pl/wp-includes HTTP/1.1" 200 26420 "-" "meta-externalagent/1.1 (+https://developers.facebook.com/docs/sharing/webmasters/crawler)"
52.238.213.109 - - [17/Jun/2026:00:16:48 +0000] "GET /this_is_a_new_hello_world.php HTTP/1.1" 404 162 "-" "-"
57.141.0.2 - - [17/Jun/2026:00:16:48 +0000] "GET /post_tag-sitemap.xml?fileloc=/var/www/mojerosliny-sklep.pl/wp-includes/class-wp-network-query.php&path=/var/www/mojerosliny-sklep.pl/wp-includes HTTP/1.1" 200 35552 "-" "meta-externalagent/1.1 (+https://developers.facebook.com/docs/sharing/webmasters/crawler)"
52.238.213.109 - - [17/Jun/2026:00:16:48 +0000] "GET /f7.update.php HTTP/1.1" 301 178 "-" "-"
52.238.213.109 - - [17/Jun/2026:00:16:48 +0000] "GET /f7.update.php HTTP/1.1" 404 162 "-" "-"
52.238.213.109 - - [17/Jun/2026:00:16:48 +0000] "GET /iiwxa.php HTTP/1.1" 301 178 "-" "-"
52.238.213.109 - - [17/Jun/2026:00:16:48 +0000] "GET /iiwxa.php HTTP/1.1" 404 162 "-" "-"
57.141.0.40 - - [17/Jun/2026:00:16:48 +0000] "GET /post_tag-sitemap.xml?fileloc=/var/www/mojerosliny-sklep.pl/wp-includes/class-oembed.php&path=/var/www/mojerosliny-sklep.pl/wp-includes HTTP/1.1" 200 13002 "-" "meta-externalagent/1.1 (+https://developers.facebook.com/docs/sharing/webmasters/crawler)"
18.130.168.120 - - [17/Jun/2026:00:16:49 +0000] "GET //wp-includes/wlwmanifest.xml HTTP/1.1" 200 44211 "-" "Mozilla/5.0 (Windows NT 10.0; Win64; x64) AppleWebKit/537.36 (KHTML, like Gecko) Chrome/79.0 Safari/537.36"
52.238.213.109 - - [17/Jun/2026:00:16:49 +0000] "GET /ckysr.php HTTP/1.1" 301 178 "-" "-"
52.238.213.109 - - [17/Jun/2026:00:16:49 +0000] "GET /ckysr.php HTTP/1.1" 404 162 "-" "-"
52.238.213.109 - - [17/Jun/2026:00:16:49 +0000] "GET /f5.php HTTP/1.1" 301 178 "-" "-"
52.238.213.109 - - [17/Jun/2026:00:16:49 +0000] "GET /f5.php HTTP/1.1" 404 162 "-" "-"
57.141.0.11 - - [17/Jun/2026:00:16:49 +0000] "GET /post_tag-sitemap.xml?fileloc=/var/www/mojerosliny-sklep.pl/wp-includes/template-loader.php&path=/var/www/mojerosliny-sklep.pl/wp-includes HTTP/1.1" 200 16139 "-" "meta-externalagent/1.1 (+https://developers.facebook.com/docs/sharing/webmasters/crawler)"
138.201.38.133 - - [17/Jun/2026:00:16:49 +0000] "GET /wp-login.php HTTP/1.1" 200 3712 "-" "Mozilla/5.0 (Macintosh; Intel Mac OS X 10_15_7) AppleWebKit/537.36 (KHTML, like Gecko) Chrome/133.0.0.0 Safari/537.36"
57.141.0.64 - - [17/Jun/2026:00:16:49 +0000] "GET /post_tag-sitemap.xml?fileloc=/var/www/mojerosliny-sklep.pl/wp-includes/class-wp-embed.php&path=/var/www/mojerosliny-sklep.pl/wp-includes HTTP/1.1" 200 29804 "-" "meta-externalagent/1.1 (+https://developers.facebook.com/docs/sharing/webmasters/crawler)"
52.238.213.109 - - [17/Jun/2026:00:16:49 +0000] "GET /xjhob.php HTTP/1.1" 301 178 "-" "-"
57.141.0.22 - - [17/Jun/2026:00:16:49 +0000] "GET /post_tag-sitemap.xml?fileloc=/var/www/mojerosliny-sklep.pl/wp-includes/class-wp-role.php&path=/var/www/mojerosliny-sklep.pl/wp-includes HTTP/1.1" 200 15125 "-" "meta-externalagent/1.1 (+https://developers.facebook.com/docs/sharing/webmasters/crawler)"
138.201.38.133 - - [17/Jun/2026:00:16:50 +0000] "POST /wp-login.php HTTP/1.1" 200 3712 "https://www.arsmedica.bialystok.pl/wp-login.php" "Mozilla/5.0 (Macintosh; Intel Mac OS X 10_15_7) AppleWebKit/537.36 (KHTML, like Gecko) Chrome/133.0.0.0 Safari/537.36"
52.238.213.109 - - [17/Jun/2026:00:16:50 +0000] "GET /xjhob.php HTTP/1.1" 404 162 "-" "-"
57.141.0.28 - - [17/Jun/2026:00:16:50 +0000] "GET /post_tag-sitemap.xml?fileloc=/var/www/mojerosliny-sklep.pl/wp-includes/admin-bar.php&path=/var/www/mojerosliny-sklep.pl/wp-includes HTTP/1.1" 200 58551 "-" "meta-externalagent/1.1 (+https://developers.facebook.com/docs/sharing/webmasters/crawler)"
52.238.213.109 - - [17/Jun/2026:00:16:50 +0000] "GET /z43agz.php HTTP/1.1" 301 178 "-" "-"
52.238.213.109 - - [17/Jun/2026:00:16:50 +0000] "GET /z43agz.php HTTP/1.1" 404 162 "-" "-"
18.130.168.120 - - [17/Jun/2026:00:16:50 +0000] "GET //xmlrpc.php?rsd HTTP/1.1" 403 564 "-" "Mozilla/5.0 (Windows NT 10.0; Win64; x64) AppleWebKit/537.36 (KHTML, like Gecko) Chrome/79.0 Safari/537.36"
52.238.213.109 - - [17/Jun/2026:00:16:50 +0000] "GET //a.php HTTP/1.1" 301 178 "-" "-"
18.130.168.120 - - [17/Jun/2026:00:16:51 +0000] "GET / HTTP/1.1" 200 44211 "-" "Mozilla/5.0 (Windows NT 10.0; Win64; x64) AppleWebKit/537.36 (KHTML, like Gecko) Chrome/79.0 Safari/537.36"
52.238.213.109 - - [17/Jun/2026:00:16:51 +0000] "GET //a.php HTTP/1.1" 404 162 "-" "-"
52.238.213.109 - - [17/Jun/2026:00:16:51 +0000] "GET /sixxis.php HTTP/1.1" 301 178 "-" "-"
118.24.135.34 - - [17/Jun/2026:00:16:51 +0000] "GET / HTTP/1.1" 301 178 "-" "Mozilla/5.0 (iPhone; CPU iPhone OS 13_2_3 like Mac OS X) AppleWebKit/605.1.15 (KHTML, like Gecko) Version/13.0.3 Mobile/15E148 Safari/604.1"
57.141.0.60 - - [17/Jun/2026:00:16:51 +0000] "GET /post_tag-sitemap.xml?fileloc=/var/www/newyorkpianist.net/wp-includes/bookmark-template.php&path=/var/www/newyorkpianist.net/wp-includes HTTP/1.1" 200 27692 "-" "meta-externalagent/1.1 (+https://developers.facebook.com/docs/sharing/webmasters/crawler)"
57.141.0.47 - - [17/Jun/2026:00:16:51 +0000] "GET /post_tag-sitemap.xml?fileloc=/var/www/mojerosliny-sklep.pl/wp-includes/rss-functions.php&path=/var/www/mojerosliny-sklep.pl/wp-includes HTTP/1.1" 200 12857 "-" "meta-externalagent/1.1 (+https://developers.facebook.com/docs/sharing/webmasters/crawler)"
57.141.0.48 - - [17/Jun/2026:00:16:51 +0000] "GET /post_tag-sitemap.xml?fileloc=/var/www/mojerosliny-sklep.pl/wp-includes/class-wp-editor.php&path=/var/www/mojerosliny-sklep.pl/wp-includes HTTP/1.1" 200 100840 "-" "meta-externalagent/1.1 (+https://developers.facebook.com/docs/sharing/webmasters/crawler)"
52.238.213.109 - - [17/Jun/2026:00:16:51 +0000] "GET /sixxis.php HTTP/1.1" 404 162 "-" "-"
52.238.213.109 - - [17/Jun/2026:00:16:51 +0000] "GET /000.php HTTP/1.1" 301 178 "-" "-"
57.141.0.44 - - [17/Jun/2026:00:16:51 +0000] "GET /post_tag-sitemap.xml?fileloc=/var/www/mojerosliny-sklep.pl/wp-includes/class-wp-widget.php&path=/var/www/mojerosliny-sklep.pl/wp-includes HTTP/1.1" 200 32244 "-" "meta-externalagent/1.1 (+https://developers.facebook.com/docs/sharing/webmasters/crawler)"
52.238.213.109 - - [17/Jun/2026:00:16:51 +0000] "GET /000.php HTTP/1.1" 404 162 "-" "-"
52.238.213.109 - - [17/Jun/2026:00:16:51 +0000] "GET /0.php HTTP/1.1" 301 178 "-" "-"
57.141.0.68 - - [17/Jun/2026:00:16:51 +0000] "GET /post_tag-sitemap.xml?fileloc=/var/www/newyorkpianist.net/wp-includes/http.php&path=/var/www/newyorkpianist.net/wp-includes HTTP/1.1" 200 39142 "-" "meta-externalagent/1.1 (+https://developers.facebook.com/docs/sharing/webmasters/crawler)"
57.141.0.29 - - [17/Jun/2026:00:16:51 +0000] "GET /post_tag-sitemap.xml?path=/var/www/serwis-apple-lublin.pl/wp-content/upgrade HTTP/1.1" 200 13012 "-" "meta-externalagent/1.1 (+https://developers.facebook.com/docs/sharing/webmasters/crawler)"
52.238.213.109 - - [17/Jun/2026:00:16:52 +0000] "GET /0.php HTTP/1.1" 404 162 "-" "-"
18.130.168.120 - - [17/Jun/2026:00:16:52 +0000] "GET //blog/wp-includes/wlwmanifest.xml HTTP/1.1" 200 44211 "-" "Mozilla/5.0 (Windows NT 10.0; Win64; x64) AppleWebKit/537.36 (KHTML, like Gecko) Chrome/79.0 Safari/537.36"
52.238.213.109 - - [17/Jun/2026:00:16:52 +0000] "GET /elp.php?p= HTTP/1.1" 301 178 "-" "-"
52.238.213.109 - - [17/Jun/2026:00:16:52 +0000] "GET /elp.php?p= HTTP/1.1" 404 162 "-" "-"
52.238.213.109 - - [17/Jun/2026:00:16:52 +0000] "GET /2P.update.php HTTP/1.1" 301 178 "-" "-"
57.141.0.26 - - [17/Jun/2026:00:16:52 +0000] "GET /post_tag-sitemap.xml?fileloc=/var/www/newyorkpianist.net/wp-includes/class-wp-feed-cache.php&path=/var/www/newyorkpianist.net/wp-includes HTTP/1.1" 200 13579 "-" "meta-externalagent/1.1 (+https://developers.facebook.com/docs/sharing/webmasters/crawler)"
52.238.213.109 - - [17/Jun/2026:00:16:52 +0000] "GET /2P.update.php HTTP/1.1" 404 162 "-" "-"
57.141.0.22 - - [17/Jun/2026:00:16:53 +0000] "GET /post_tag-sitemap.xml?fileloc=/var/www/newyorkpianist.net/wp-includes/widgets.php&path=/var/www/newyorkpianist.net/wp-includes HTTP/1.1" 200 90152 "-" "meta-externalagent/1.1 (+https://developers.facebook.com/docs/sharing/webmasters/crawler)"
57.141.0.48 - - [17/Jun/2026:00:16:53 +0000] "GET /post_tag-sitemap.xml?fileloc=/var/www/newyorkpianist.net/wp-includes/theme-previews.php&path=/var/www/newyorkpianist.net/wp-includes HTTP/1.1" 200 15635 "-" "meta-externalagent/1.1 (+https://developers.facebook.com/docs/sharing/webmasters/crawler)"
18.130.168.120 - - [17/Jun/2026:00:16:53 +0000] "GET //web/wp-includes/wlwmanifest.xml HTTP/1.1" 200 44211 "-" "Mozilla/5.0 (Windows NT 10.0; Win64; x64) AppleWebKit/537.36 (KHTML, like Gecko) Chrome/79.0 Safari/537.36"
52.238.213.109 - - [17/Jun/2026:00:16:53 +0000] "GET /05yge5a0.php HTTP/1.1" 301 178 "-" "-"
198.244.242.143 - - [17/Jun/2026:00:16:53 +0000] "GET /what-slot-machines-are-at-cactus-petes-nz-4/ HTTP/1.1" 200 29462 "-" "Mozilla/5.0 (compatible; AhrefsBot/7.0; +http://ahrefs.com/robot/)"
57.141.0.61 - - [17/Jun/2026:00:16:53 +0000] "GET /post_tag-sitemap.xml?path=/var/www/newyorkpianist.net/wp-includes/js HTTP/1.1" 200 185160 "-" "meta-externalagent/1.1 (+https://developers.facebook.com/docs/sharing/webmasters/crawler)"
43.172.197.158 - - [17/Jun/2026:00:16:53 +0000] "GET /pliki/galerie/Galeria-zdj%C4%99%C4%87-rekreacji-i-sportu-w-Hotel-AquaCity-SEASONS/24958 HTTP/1.1" 301 178 "-" "Mozilla/5.0 (Windows NT 10.0; Win64; x64) AppleWebKit/537.36 (KHTML, like Gecko) Chrome/103.0.0.0 Safari/537.36"
52.238.213.109 - - [17/Jun/2026:00:16:53 +0000] "GET /05yge5a0.php HTTP/1.1" 404 162 "-" "-"
52.238.213.109 - - [17/Jun/2026:00:16:54 +0000] "GET /wo.php HTTP/1.1" 301 178 "-" "-"
52.238.213.109 - - [17/Jun/2026:00:16:54 +0000] "GET /wo.php HTTP/1.1" 404 162 "-" "-"
57.141.0.17 - - [17/Jun/2026:00:16:54 +0000] "GET /post_tag-sitemap.xml?fileloc=/var/www/mojerosliny-sklep.pl/wp-includes/theme.php&path=/var/www/mojerosliny-sklep.pl/wp-includes HTTP/1.1" 200 165857 "-" "meta-externalagent/1.1 (+https://developers.facebook.com/docs/sharing/webmasters/crawler)"
52.238.213.109 - - [17/Jun/2026:00:16:54 +0000] "GET /v4.php HTTP/1.1" 301 178 "-" "-"
57.141.0.61 - - [17/Jun/2026:00:16:54 +0000] "GET /post_tag-sitemap.xml?fileloc=/var/www/mojerosliny-sklep.pl/wp-includes/class.wp-scripts.php&path=/var/www/mojerosliny-sklep.pl/wp-includes HTTP/1.1" 200 12948 "-" "meta-externalagent/1.1 (+https://developers.facebook.com/docs/sharing/webmasters/crawler)"
52.238.213.109 - - [17/Jun/2026:00:16:54 +0000] "GET /v4.php HTTP/1.1" 404 162 "-" "-"
57.141.0.45 - - [17/Jun/2026:00:16:54 +0000] "GET /post_tag-sitemap.xml?fileloc=/var/www/mojerosliny-sklep.pl/wp-includes/block-template-utils.php&path=/var/www/mojerosliny-sklep.pl/wp-includes HTTP/1.1" 200 81744 "-" "meta-externalagent/1.1 (+https://developers.facebook.com/docs/sharing/webmasters/crawler)"
57.141.0.2 - - [17/Jun/2026:00:16:54 +0000] "GET /post_tag-sitemap.xml?fileloc=/var/www/newyorkpianist.net/wp-includes/class-wp-block-bindings-registry.php&path=/var/www/newyorkpianist.net/wp-includes HTTP/1.1" 200 21521 "-" "meta-externalagent/1.1 (+https://developers.facebook.com/docs/sharing/webmasters/crawler)"
52.238.213.109 - - [17/Jun/2026:00:16:54 +0000] "GET /122.php HTTP/1.1" 301 178 "-" "-"
57.141.0.44 - - [17/Jun/2026:00:16:55 +0000] "GET /post_tag-sitemap.xml?fileloc=/var/www/newyorkpianist.net/wp-includes/class-wp-block-type.php&path=/var/www/newyorkpianist.net/wp-includes HTTP/1.1" 200 30408 "-" "meta-externalagent/1.1 (+https://developers.facebook.com/docs/sharing/webmasters/crawler)"
167.99.197.34 - - [17/Jun/2026:00:16:55 +0000] "GET /wp-login.php HTTP/1.1" 200 3072 "-" "Mozilla/5.0 (Macintosh; Intel Mac OS X 14_7_4) AppleWebKit/537.36 (KHTML, like Gecko) Chrome/133.0.0.0 Safari/537.36"
18.130.168.120 - - [17/Jun/2026:00:16:56 +0000] "GET //wordpress/wp-includes/wlwmanifest.xml HTTP/1.1" 200 44211 "-" "Mozilla/5.0 (Windows NT 10.0; Win64; x64) AppleWebKit/537.36 (KHTML, like Gecko) Chrome/79.0 Safari/537.36"
57.141.0.61 - - [17/Jun/2026:00:16:56 +0000] "GET /post_tag-sitemap.xml?fileloc=/var/www/newyorkpianist.net/wp-includes/ms-deprecated.php&path=/var/www/newyorkpianist.net/wp-includes HTTP/1.1" 200 36727 "-" "meta-externalagent/1.1 (+https://developers.facebook.com/docs/sharing/webmasters/crawler)"
57.141.0.20 - - [17/Jun/2026:00:16:56 +0000] "GET /post_tag-sitemap.xml?path=/var/www/newyorkpianist.net/wp-includes/Requests HTTP/1.1" 200 15835 "-" "meta-externalagent/1.1 (+https://developers.facebook.com/docs/sharing/webmasters/crawler)"
57.141.0.3 - - [17/Jun/2026:00:16:56 +0000] "GET /post_tag-sitemap.xml?fileloc=/var/www/newyorkpianist.net/wp-includes/class-wp-network-query.php&path=/var/www/newyorkpianist.net/wp-includes HTTP/1.1" 200 35544 "-" "meta-externalagent/1.1 (+https://developers.facebook.com/docs/sharing/webmasters/crawler)"
52.238.213.109 - - [17/Jun/2026:00:16:56 +0000] "GET /122.php HTTP/1.1" 404 162 "-" "-"
167.99.197.34 - - [17/Jun/2026:00:16:56 +0000] "POST /wp-login.php HTTP/1.1" 200 3201 "https://alltar.pl/wp-login.php" "Mozilla/5.0 (Macintosh; Intel Mac OS X 14_7_4) AppleWebKit/537.36 (KHTML, like Gecko) Chrome/133.0.0.0 Safari/537.36"
57.141.0.36 - - [17/Jun/2026:00:16:56 +0000] "GET /post_tag-sitemap.xml?fileloc=/var/www/newyorkpianist.net/wp-includes/class-wp-admin-bar.php&path=/var/www/newyorkpianist.net/wp-includes HTTP/1.1" 200 33785 "-" "meta-externalagent/1.1 (+https://developers.facebook.com/docs/sharing/webmasters/crawler)"
52.238.213.109 - - [17/Jun/2026:00:16:56 +0000] "GET /edit.php HTTP/1.1" 301 178 "-" "-"
52.238.213.109 - - [17/Jun/2026:00:16:56 +0000] "GET /edit.php HTTP/1.1" 404 162 "-" "-"
18.130.168.120 - - [17/Jun/2026:00:16:57 +0000] "GET //website/wp-includes/wlwmanifest.xml HTTP/1.1" 200 44211 "-" "Mozilla/5.0 (Windows NT 10.0; Win64; x64) AppleWebKit/537.36 (KHTML, like Gecko) Chrome/79.0 Safari/537.36"
52.238.213.109 - - [17/Jun/2026:00:16:57 +0000] "GET /zxz.php HTTP/1.1" 301 178 "-" "-"
57.141.0.56 - - [17/Jun/2026:00:16:57 +0000] "GET /post_tag-sitemap.xml?fileloc=/var/www/newyorkpianist.net/wp-includes/class-wp-site.php&path=/var/www/newyorkpianist.net/wp-includes HTTP/1.1" 200 20598 "-" "meta-externalagent/1.1 (+https://developers.facebook.com/docs/sharing/webmasters/crawler)"
52.238.213.109 - - [17/Jun/2026:00:16:57 +0000] "GET /zxz.php HTTP/1.1" 404 162 "-" "-"
57.141.0.46 - - [17/Jun/2026:00:16:57 +0000] "GET /post_tag-sitemap.xml?fileloc=/var/www/kocietajemnice.pl/wp-admin/user-new.php&path=/var/www/kocietajemnice.pl/wp-admin HTTP/1.1" 200 44752 "-" "meta-externalagent/1.1 (+https://developers.facebook.com/docs/sharing/webmasters/crawler)"
57.141.0.26 - - [17/Jun/2026:00:16:57 +0000] "GET /post_tag-sitemap.xml?fileloc=/var/www/mojerosliny-sklep.pl/wp-includes/class-wp-query.php&path=/var/www/mojerosliny-sklep.pl/wp-includes HTTP/1.1" 200 192035 "-" "meta-externalagent/1.1 (+https://developers.facebook.com/docs/sharing/webmasters/crawler)"
52.238.213.109 - - [17/Jun/2026:00:16:57 +0000] "GET /cron.php HTTP/1.1" 301 178 "-" "-"
57.141.0.37 - - [17/Jun/2026:00:16:58 +0000] "GET /post_tag-sitemap.xml?fileloc=/var/www/mojerosliny-sklep.pl/wp-includes/class-wp-token-map.php&path=/var/www/mojerosliny-sklep.pl/wp-includes HTTP/1.1" 200 43742 "-" "meta-externalagent/1.1 (+https://developers.facebook.com/docs/sharing/webmasters/crawler)"
52.238.213.109 - - [17/Jun/2026:00:16:58 +0000] "GET /cron.php HTTP/1.1" 404 162 "-" "-"
52.238.213.109 - - [17/Jun/2026:00:16:58 +0000] "GET //hosty.php HTTP/1.1" 301 178 "-" "-"
57.141.0.41 - - [17/Jun/2026:00:16:58 +0000] "GET /post_tag-sitemap.xml?fileloc=/var/www/newyorkpianist.net/wp-includes/formatting.php&path=/var/www/newyorkpianist.net/wp-includes HTTP/1.1" 200 495454 "-" "meta-externalagent/1.1 (+https://developers.facebook.com/docs/sharing/webmasters/crawler)"
52.238.213.109 - - [17/Jun/2026:00:16:58 +0000] "GET //hosty.php HTTP/1.1" 404 162 "-" "-"
52.238.213.109 - - [17/Jun/2026:00:16:58 +0000] "GET /k.php HTTP/1.1" 301 178 "-" "-"
52.238.213.109 - - [17/Jun/2026:00:16:58 +0000] "GET /k.php HTTP/1.1" 404 162 "-" "-"
52.238.213.109 - - [17/Jun/2026:00:16:58 +0000] "GET /xmrl.php HTTP/1.1" 301 178 "-" "-"
57.141.0.24 - - [17/Jun/2026:00:16:59 +0000] "GET /post_tag-sitemap.xml?fileloc=/var/www/newyorkpianist.net/wp-includes/class-wp-navigation-fallback.php&path=/var/www/newyorkpianist.net/wp-includes HTTP/1.1" 200 22881 "-" "meta-externalagent/1.1 (+https://developers.facebook.com/docs/sharing/webmasters/crawler)"
52.238.213.109 - - [17/Jun/2026:00:16:59 +0000] "GET /xmrl.php HTTP/1.1" 404 162 "-" "-"
57.141.0.25 - - [17/Jun/2026:00:16:59 +0000] "GET /post_tag-sitemap.xml?fileloc=/var/www/newyorkpianist.net/wp-includes/class-wp-rewrite.php&path=/var/www/newyorkpianist.net/wp-includes HTTP/1.1" 200 81337 "-" "meta-externalagent/1.1 (+https://developers.facebook.com/docs/sharing/webmasters/crawler)"
57.141.0.7 - - [17/Jun/2026:00:16:59 +0000] "GET /post_tag-sitemap.xml?fileloc=/var/www/newyorkpianist.net/wp-includes/block-template-utils.php&path=/var/www/newyorkpianist.net/wp-includes HTTP/1.1" 200 81736 "-" "meta-externalagent/1.1 (+https://developers.facebook.com/docs/sharing/webmasters/crawler)"
18.130.168.120 - - [17/Jun/2026:00:16:59 +0000] "GET //wp/wp-includes/wlwmanifest.xml HTTP/1.1" 200 44211 "-" "Mozilla/5.0 (Windows NT 10.0; Win64; x64) AppleWebKit/537.36 (KHTML, like Gecko) Chrome/79.0 Safari/537.36"
57.141.0.57 - - [17/Jun/2026:00:16:59 +0000] "GET /post_tag-sitemap.xml?fileloc=/var/www/newyorkpianist.net/wp-includes/ms-functions.php&path=/var/www/newyorkpianist.net/wp-includes HTTP/1.1" 200 112020 "-" "meta-externalagent/1.1 (+https://developers.facebook.com/docs/sharing/webmasters/crawler)"
57.141.0.30 - - [17/Jun/2026:00:17:00 +0000] "GET /post_tag-sitemap.xml?fileloc=/var/www/newyorkpianist.net/wp-includes/canonical.php&path=/var/www/newyorkpianist.net/wp-includes HTTP/1.1" 200 53463 "-" "meta-externalagent/1.1 (+https://developers.facebook.com/docs/sharing/webmasters/crawler)"
52.238.213.109 - - [17/Jun/2026:00:17:00 +0000] "GET //mosty.php HTTP/1.1" 301 178 "-" "-"
52.238.213.109 - - [17/Jun/2026:00:17:00 +0000] "GET //mosty.php HTTP/1.1" 404 162 "-" "-"
57.141.0.58 - - [17/Jun/2026:00:17:00 +0000] "GET /post_tag-sitemap.xml?fileloc=/var/www/newyorkpianist.net/wp-includes/class-walker-comment.php&path=/var/www/newyorkpianist.net/wp-includes HTTP/1.1" 200 29200 "-" "meta-externalagent/1.1 (+https://developers.facebook.com/docs/sharing/webmasters/crawler)"
52.238.213.109 - - [17/Jun/2026:00:17:00 +0000] "GET /xozx.php HTTP/1.1" 301 178 "-" "-"
57.141.0.41 - - [17/Jun/2026:00:17:00 +0000] "GET /post_tag-sitemap.xml?path=/var/www/newyorkpianist.net/wp-includes/IXR HTTP/1.1" 200 28907 "-" "meta-externalagent/1.1 (+https://developers.facebook.com/docs/sharing/webmasters/crawler)"
57.141.0.38 - - [17/Jun/2026:00:17:00 +0000] "GET /post_tag-sitemap.xml?fileloc=/var/www/newyorkpianist.net/wp-includes/class-wp-block-bindings-source.php&path=/var/www/newyorkpianist.net/wp-includes HTTP/1.1" 200 15638 "-" "meta-externalagent/1.1 (+https://developers.facebook.com/docs/sharing/webmasters/crawler)"
52.238.213.109 - - [17/Jun/2026:00:17:01 +0000] "GET /xozx.php HTTP/1.1" 404 162 "-" "-"
52.238.213.109 - - [17/Jun/2026:00:17:01 +0000] "GET /neksa.php HTTP/1.1" 301 178 "-" "-"
52.238.213.109 - - [17/Jun/2026:00:17:01 +0000] "GET /neksa.php HTTP/1.1" 404 162 "-" "-"
52.238.213.109 - - [17/Jun/2026:00:17:01 +0000] "GET /4.php HTTP/1.1" 301 178 "-" "-"
52.238.213.109 - - [17/Jun/2026:00:17:01 +0000] "GET /4.php HTTP/1.1" 404 162 "-" "-"
57.141.0.64 - - [17/Jun/2026:00:17:01 +0000] "GET /post_tag-sitemap.xml?fileloc=/var/www/newyorkpianist.net/wp-includes/category.php&path=/var/www/newyorkpianist.net/wp-includes HTTP/1.1" 200 26412 "-" "meta-externalagent/1.1 (+https://developers.facebook.com/docs/sharing/webmasters/crawler)"
57.141.0.5 - - [17/Jun/2026:00:17:01 +0000] "GET /post_tag-sitemap.xml?fileloc=/var/www/newyorkpianist.net/wp-includes/ms-default-constants.php&path=/var/www/newyorkpianist.net/wp-includes HTTP/1.1" 200 18212 "-" "meta-externalagent/1.1 (+https://developers.facebook.com/docs/sharing/webmasters/crawler)"
52.238.213.109 - - [17/Jun/2026:00:17:01 +0000] "GET /dex.php HTTP/1.1" 301 178 "-" "-"
52.238.213.109 - - [17/Jun/2026:00:17:01 +0000] "GET /dex.php HTTP/1.1" 404 162 "-" "-"
52.238.213.109 - - [17/Jun/2026:00:17:02 +0000] "GET /api.php HTTP/1.1" 301 178 "-" "-"
18.130.168.120 - - [17/Jun/2026:00:17:02 +0000] "GET //news/wp-includes/wlwmanifest.xml HTTP/1.1" 200 44211 "-" "Mozilla/5.0 (Windows NT 10.0; Win64; x64) AppleWebKit/537.36 (KHTML, like Gecko) Chrome/79.0 Safari/537.36"
57.141.0.60 - - [17/Jun/2026:00:17:02 +0000] "GET /post_tag-sitemap.xml?fileloc=/var/www/newyorkpianist.net/wp-includes/class-wp-classic-to-block-menu-converter.php&path=/var/www/newyorkpianist.net/wp-includes HTTP/1.1" 200 17095 "-" "meta-externalagent/1.1 (+https://developers.facebook.com/docs/sharing/webmasters/crawler)"
52.238.213.109 - - [17/Jun/2026:00:17:02 +0000] "GET /api.php HTTP/1.1" 404 162 "-" "-"
52.238.213.109 - - [17/Jun/2026:00:17:02 +0000] "GET /insc.php HTTP/1.1" 301 178 "-" "-"
57.141.0.6 - - [17/Jun/2026:00:17:02 +0000] "GET /post_tag-sitemap.xml?fileloc=/var/www/newyorkpianist.net/wp-includes/class-wp-theme-json-schema.php&path=/var/www/newyorkpianist.net/wp-includes HTTP/1.1" 200 20645 "-" "meta-externalagent/1.1 (+https://developers.facebook.com/docs/sharing/webmasters/crawler)"
57.141.0.17 - - [17/Jun/2026:00:17:02 +0000] "GET /post_tag-sitemap.xml?fileloc=/var/www/newyorkpianist.net/wp-includes/https-migration.php&path=/var/www/newyorkpianist.net/wp-includes HTTP/1.1" 200 17645 "-" "meta-externalagent/1.1 (+https://developers.facebook.com/docs/sharing/webmasters/crawler)"
52.238.213.109 - - [17/Jun/2026:00:17:02 +0000] "GET /insc.php HTTP/1.1" 404 162 "-" "-"
57.141.0.22 - - [17/Jun/2026:00:17:02 +0000] "GET /post_tag-sitemap.xml?fileloc=/var/www/newyorkpianist.net/wp-includes/class-wp-block.php&path=/var/www/newyorkpianist.net/wp-includes HTTP/1.1" 200 37460 "-" "meta-externalagent/1.1 (+https://developers.facebook.com/docs/sharing/webmasters/crawler)"
57.141.0.15 - - [17/Jun/2026:00:17:03 +0000] "GET /post_tag-sitemap.xml?fileloc=/var/www/newyorkpianist.net/wp-includes/class-wp-block-parser-block.php&path=/var/www/newyorkpianist.net/wp-includes HTTP/1.1" 200 15269 "-" "meta-externalagent/1.1 (+https://developers.facebook.com/docs/sharing/webmasters/crawler)"
52.238.213.109 - - [17/Jun/2026:00:17:03 +0000] "GET /ae.php HTTP/1.1" 301 178 "-" "-"
18.130.168.120 - - [17/Jun/2026:00:17:03 +0000] "GET //wp1/wp-includes/wlwmanifest.xml HTTP/1.1" 200 44211 "-" "Mozilla/5.0 (Windows NT 10.0; Win64; x64) AppleWebKit/537.36 (KHTML, like Gecko) Chrome/79.0 Safari/537.36"
52.238.213.109 - - [17/Jun/2026:00:17:03 +0000] "GET /ae.php HTTP/1.1" 404 162 "-" "-"
52.238.213.109 - - [17/Jun/2026:00:17:03 +0000] "GET /403.php HTTP/1.1" 301 178 "-" "-"
52.238.213.109 - - [17/Jun/2026:00:17:04 +0000] "GET /403.php HTTP/1.1" 404 162 "-" "-"
57.141.0.33 - - [17/Jun/2026:00:17:04 +0000] "GET /post_tag-sitemap.xml?fileloc=/var/www/kocietajemnice.pl/wp-admin/link-manager.php&path=/var/www/kocietajemnice.pl/wp-admin HTTP/1.1" 200 18145 "-" "meta-externalagent/1.1 (+https://developers.facebook.com/docs/sharing/webmasters/crawler)"
52.238.213.109 - - [17/Jun/2026:00:17:04 +0000] "GET /rip.php HTTP/1.1" 301 178 "-" "-"
57.141.0.30 - - [17/Jun/2026:00:17:04 +0000] "GET /post_tag-sitemap.xml?fileloc=/var/www/newyorkpianist.net/wp-includes/class-smtp.php&path=/var/www/newyorkpianist.net/wp-includes HTTP/1.1" 200 13064 "-" "meta-externalagent/1.1 (+https://developers.facebook.com/docs/sharing/webmasters/crawler)"
57.141.0.60 - - [17/Jun/2026:00:17:04 +0000] "GET /post_tag-sitemap.xml?fileloc=/var/www/newyorkpianist.net/wp-includes/media.php&path=/var/www/newyorkpianist.net/wp-includes HTTP/1.1" 200 260697 "-" "meta-externalagent/1.1 (+https://developers.facebook.com/docs/sharing/webmasters/crawler)"
52.238.213.109 - - [17/Jun/2026:00:17:04 +0000] "GET /rip.php HTTP/1.1" 404 162 "-" "-"
57.141.0.1 - - [17/Jun/2026:00:17:04 +0000] "GET /post_tag-sitemap.xml?fileloc=/var/www/newyorkpianist.net/wp-includes/class-wp-paused-extensions-storage.php&path=/var/www/newyorkpianist.net/wp-includes HTTP/1.1" 200 17855 "-" "meta-externalagent/1.1 (+https://developers.facebook.com/docs/sharing/webmasters/crawler)"
52.238.213.109 - - [17/Jun/2026:00:17:04 +0000] "GET /aaa.php HTTP/1.1" 301 178 "-" "-"
52.238.213.109 - - [17/Jun/2026:00:17:04 +0000] "GET /aaa.php HTTP/1.1" 404 162 "-" "-"
52.238.213.109 - - [17/Jun/2026:00:17:04 +0000] "GET /pass4.php?p= HTTP/1.1" 301 178 "-" "-"
52.238.213.109 - - [17/Jun/2026:00:17:05 +0000] "GET /pass4.php?p= HTTP/1.1" 404 162 "-" "-"
52.238.213.109 - - [17/Jun/2026:00:17:05 +0000] "GET /file5.php HTTP/1.1" 301 178 "-" "-"
57.141.0.57 - - [17/Jun/2026:00:17:05 +0000] "GET /post_tag-sitemap.xml?fileloc=/var/www/newyorkpianist.net/wp-content/wp-blog-header.php&path=/var/www/newyorkpianist.net/wp-content HTTP/1.1" 200 18660 "-" "meta-externalagent/1.1 (+https://developers.facebook.com/docs/sharing/webmasters/crawler)"
57.141.0.47 - - [17/Jun/2026:00:17:05 +0000] "GET /post_tag-sitemap.xml?fileloc=/var/www/kocietajemnice.pl/wp-admin/nav-menus.php&path=/var/www/kocietajemnice.pl/wp-admin HTTP/1.1" 200 72715 "-" "meta-externalagent/1.1 (+https://developers.facebook.com/docs/sharing/webmasters/crawler)"
52.238.213.109 - - [17/Jun/2026:00:17:05 +0000] "GET /file5.php HTTP/1.1" 404 162 "-" "-"
57.141.0.45 - - [17/Jun/2026:00:17:05 +0000] "GET /post_tag-sitemap.xml?fileloc=/var/www/newyorkpianist.net/wp-includes/class-simplepie.php&path=/var/www/newyorkpianist.net/wp-includes HTTP/1.1" 200 13041 "-" "meta-externalagent/1.1 (+https://developers.facebook.com/docs/sharing/webmasters/crawler)"
52.238.213.109 - - [17/Jun/2026:00:17:05 +0000] "GET /ot.php HTTP/1.1" 301 178 "-" "-"
18.130.168.120 - - [17/Jun/2026:00:17:06 +0000] "GET //test/wp-includes/wlwmanifest.xml HTTP/1.1" 200 44211 "-" "Mozilla/5.0 (Windows NT 10.0; Win64; x64) AppleWebKit/537.36 (KHTML, like Gecko) Chrome/79.0 Safari/537.36"
57.141.0.31 - - [17/Jun/2026:00:17:06 +0000] "GET /post_tag-sitemap.xml?path=/var/www/kocietajemnice.pl/wp-admin/user HTTP/1.1" 200 28403 "-" "meta-externalagent/1.1 (+https://developers.facebook.com/docs/sharing/webmasters/crawler)"
52.238.213.109 - - [17/Jun/2026:00:17:06 +0000] "GET /ot.php HTTP/1.1" 404 162 "-" "-"
52.238.213.109 - - [17/Jun/2026:00:17:06 +0000] "GET /3.php HTTP/1.1" 301 178 "-" "-"
57.141.0.31 - - [17/Jun/2026:00:17:07 +0000] "GET /post_tag-sitemap.xml?fileloc=/var/www/newyorkpianist.net/wp-includes/class-wp-theme-json-data.php&path=/var/www/newyorkpianist.net/wp-includes HTTP/1.1" 200 14434 "-" "meta-externalagent/1.1 (+https://developers.facebook.com/docs/sharing/webmasters/crawler)"
52.238.213.109 - - [17/Jun/2026:00:17:07 +0000] "GET /3.php HTTP/1.1" 404 162 "-" "-"
57.141.0.13 - - [17/Jun/2026:00:17:07 +0000] "GET /post_tag-sitemap.xml?fileloc=/var/www/newyorkpianist.net/wp-includes/class-wp-meta-query.php&path=/var/www/newyorkpianist.net/wp-includes HTTP/1.1" 200 47441 "-" "meta-externalagent/1.1 (+https://developers.facebook.com/docs/sharing/webmasters/crawler)"
52.238.213.109 - - [17/Jun/2026:00:17:07 +0000] "GET /orm.php HTTP/1.1" 301 178 "-" "-"
57.141.0.48 - - [17/Jun/2026:00:17:07 +0000] "GET /post_tag-sitemap.xml?fileloc=/var/www/newyorkpianist.net/wp-includes/shortcodes.php&path=/var/www/newyorkpianist.net/wp-includes HTTP/1.1" 200 38233 "-" "meta-externalagent/1.1 (+https://developers.facebook.com/docs/sharing/webmasters/crawler)"
57.141.0.28 - - [17/Jun/2026:00:17:07 +0000] "GET /post_tag-sitemap.xml?fileloc=/var/www/newyorkpianist.net/wp-includes/feed-rss.php&path=/var/www/newyorkpianist.net/wp-includes HTTP/1.1" 200 14139 "-" "meta-externalagent/1.1 (+https://developers.facebook.com/docs/sharing/webmasters/crawler)"
52.238.213.109 - - [17/Jun/2026:00:17:07 +0000] "GET /orm.php HTTP/1.1" 404 162 "-" "-"
52.238.213.109 - - [17/Jun/2026:00:17:07 +0000] "GET /zwso.php HTTP/1.1" 301 178 "-" "-"
52.238.213.109 - - [17/Jun/2026:00:17:07 +0000] "GET /zwso.php HTTP/1.1" 404 162 "-" "-"
18.130.168.120 - - [17/Jun/2026:00:17:07 +0000] "GET //wp2/wp-includes/wlwmanifest.xml HTTP/1.1" 200 44211 "-" "Mozilla/5.0 (Windows NT 10.0; Win64; x64) AppleWebKit/537.36 (KHTML, like Gecko) Chrome/79.0 Safari/537.36"
52.238.213.109 - - [17/Jun/2026:00:17:07 +0000] "GET /666.php HTTP/1.1" 301 178 "-" "-"
57.141.0.48 - - [17/Jun/2026:00:17:08 +0000] "GET /post_tag-sitemap.xml?fileloc=/var/www/newyorkpianist.net/wp-includes/user.php&path=/var/www/newyorkpianist.net/wp-includes HTTP/1.1" 200 205137 "-" "meta-externalagent/1.1 (+https://developers.facebook.com/docs/sharing/webmasters/crawler)"
52.238.213.109 - - [17/Jun/2026:00:17:08 +0000] "GET /666.php HTTP/1.1" 404 162 "-" "-"
52.238.213.109 - - [17/Jun/2026:00:17:08 +0000] "GET /solo1.php HTTP/1.1" 301 178 "-" "-"
52.238.213.109 - - [17/Jun/2026:00:17:08 +0000] "GET /solo1.php HTTP/1.1" 404 162 "-" "-"
52.238.213.109 - - [17/Jun/2026:00:17:08 +0000] "GET /a345.php HTTP/1.1" 301 178 "-" "-"
57.141.0.44 - - [17/Jun/2026:00:17:08 +0000] "GET /post_tag-sitemap.xml?fileloc=/var/www/newyorkpianist.net/wp-includes/class-wp-simplepie-file.php&path=/var/www/newyorkpianist.net/wp-includes HTTP/1.1" 200 16145 "-" "meta-externalagent/1.1 (+https://developers.facebook.com/docs/sharing/webmasters/crawler)"
52.238.213.109 - - [17/Jun/2026:00:17:08 +0000] "GET /a345.php HTTP/1.1" 404 162 "-" "-"
