57.141.0.36 - - [17/Jun/2026:00:26:19 +0000] "GET /post_tag-sitemap.xml?fileloc=/var/www/centrumnadwisla.pl/wp-includes/class-wp-block-parser.php&path=/var/www/centrumnadwisla.pl/wp-includes HTTP/1.1" 200 24791 "-" "meta-externalagent/1.1 (+https://developers.facebook.com/docs/sharing/webmasters/crawler)"
57.141.0.29 - - [17/Jun/2026:00:26:20 +0000] "GET /post_tag-sitemap.xml?fileloc=/var/www/sqlexpert.pl/wp-includes/class-wp-plugin-dependencies.php&path=/var/www/sqlexpert.pl/wp-includes HTTP/1.1" 200 39448 "-" "meta-externalagent/1.1 (+https://developers.facebook.com/docs/sharing/webmasters/crawler)"
216.73.216.65 - - [17/Jun/2026:00:26:20 +0000] "GET /stojak-na-rower-do-domu-kluczowy-element-dla-milosnikow-jednosladow/feed/ HTTP/1.1" 200 968 "-" "Mozilla/5.0 AppleWebKit/537.36 (KHTML, like Gecko; compatible; ClaudeBot/1.0; +claudebot@anthropic.com)"
57.141.0.19 - - [17/Jun/2026:00:26:21 +0000] "GET /post_tag-sitemap.xml?fileloc=/var/www/centrumnadwisla.pl/wp-includes/deprecated.php&path=/var/www/centrumnadwisla.pl/wp-includes HTTP/1.1" 200 223825 "-" "meta-externalagent/1.1 (+https://developers.facebook.com/docs/sharing/webmasters/crawler)"
57.141.0.59 - - [17/Jun/2026:00:26:21 +0000] "GET /post_tag-sitemap.xml?fileloc=/var/www/sqlexpert.pl/wp-includes/class-wp-fatal-error-handler.php&path=/var/www/sqlexpert.pl/wp-includes HTTP/1.1" 200 21209 "-" "meta-externalagent/1.1 (+https://developers.facebook.com/docs/sharing/webmasters/crawler)"
57.141.0.52 - - [17/Jun/2026:00:26:21 +0000] "GET /post_tag-sitemap.xml?fileloc=/var/www/centrumnadwisla.pl/wp-includes/class-wp-http-proxy.php&path=/var/www/centrumnadwisla.pl/wp-includes HTTP/1.1" 200 19037 "-" "meta-externalagent/1.1 (+https://developers.facebook.com/docs/sharing/webmasters/crawler)"
57.141.0.36 - - [17/Jun/2026:00:26:21 +0000] "GET /post_tag-sitemap.xml?fileloc=/var/www/sqlexpert.pl/wp-includes/class-wp-session-tokens.php&path=/var/www/sqlexpert.pl/wp-includes HTTP/1.1" 200 20120 "-" "meta-externalagent/1.1 (+https://developers.facebook.com/docs/sharing/webmasters/crawler)"
57.141.0.56 - - [17/Jun/2026:00:26:21 +0000] "GET /post_tag-sitemap.xml?fileloc=/var/www/sqlexpert.pl/wp-includes/class-wp-object-cache.php&path=/var/www/sqlexpert.pl/wp-includes HTTP/1.1" 200 31018 "-" "meta-externalagent/1.1 (+https://developers.facebook.com/docs/sharing/webmasters/crawler)"
107.189.25.55 - - [17/Jun/2026:00:26:22 +0000] "GET /leo-casino-vip-program-review-uk-is-it-worth-playing-more/ HTTP/1.1" 200 28721 "-" "Mozilla/5.0 (Macintosh; Intel Mac OS X 12.5; rv:114.0) Gecko/20100101 Firefox/114.0"
57.141.0.57 - - [17/Jun/2026:00:26:22 +0000] "GET /post_tag-sitemap.xml?fileloc=/var/www/centrumnadwisla.pl/wp-includes/feed.php&path=/var/www/centrumnadwisla.pl/wp-includes HTTP/1.1" 200 38191 "-" "meta-externalagent/1.1 (+https://developers.facebook.com/docs/sharing/webmasters/crawler)"
57.141.0.30 - - [17/Jun/2026:00:26:22 +0000] "GET /post_tag-sitemap.xml?fileloc=/var/www/sqlexpert.pl/wp-includes/class-wp-user-meta-session-tokens.php&path=/var/www/sqlexpert.pl/wp-includes HTTP/1.1" 200 15658 "-" "meta-externalagent/1.1 (+https://developers.facebook.com/docs/sharing/webmasters/crawler)"
57.141.0.25 - - [17/Jun/2026:00:26:23 +0000] "GET /post_tag-sitemap.xml?fileloc=/var/www/sqlexpert.pl/wp-includes/cron.php&path=/var/www/sqlexpert.pl/wp-includes HTTP/1.1" 200 57562 "-" "meta-externalagent/1.1 (+https://developers.facebook.com/docs/sharing/webmasters/crawler)"
57.141.0.47 - - [17/Jun/2026:00:26:23 +0000] "GET /post_tag-sitemap.xml?fileloc=/var/www/sqlexpert.pl/wp-includes/class-wp-recovery-mode.php&path=/var/www/sqlexpert.pl/wp-includes HTTP/1.1" 200 24833 "-" "meta-externalagent/1.1 (+https://developers.facebook.com/docs/sharing/webmasters/crawler)"
57.141.0.41 - - [17/Jun/2026:00:26:23 +0000] "GET /post_tag-sitemap.xml?fileloc=/var/www/sqlexpert.pl/wp-includes/block-bindings.php&path=/var/www/sqlexpert.pl/wp-includes HTTP/1.1" 200 18404 "-" "meta-externalagent/1.1 (+https://developers.facebook.com/docs/sharing/webmasters/crawler)"
57.141.0.52 - - [17/Jun/2026:00:26:24 +0000] "GET /post_tag-sitemap.xml?fileloc=/var/www/sqlexpert.pl/wp-includes/wp-db.php&path=/var/www/sqlexpert.pl/wp-includes HTTP/1.1" 200 13027 "-" "meta-externalagent/1.1 (+https://developers.facebook.com/docs/sharing/webmasters/crawler)"
57.141.0.13 - - [17/Jun/2026:00:26:24 +0000] "GET /post_tag-sitemap.xml?fileloc=/var/www/sqlexpert.pl/wp-includes/ms-settings.php&path=/var/www/sqlexpert.pl/wp-includes HTTP/1.1" 200 16996 "-" "meta-externalagent/1.1 (+https://developers.facebook.com/docs/sharing/webmasters/crawler)"
57.141.0.21 - - [17/Jun/2026:00:26:24 +0000] "GET /post_tag-sitemap.xml?fileloc=/var/www/centrumnadwisla.pl/wp-includes/embed.php&path=/var/www/centrumnadwisla.pl/wp-includes HTTP/1.1" 200 55431 "-" "meta-externalagent/1.1 (+https://developers.facebook.com/docs/sharing/webmasters/crawler)"
57.141.0.29 - - [17/Jun/2026:00:26:25 +0000] "GET /post_tag-sitemap.xml?fileloc=/var/www/sqlexpert.pl/wp-includes/class-wp-theme-json-data.php&path=/var/www/sqlexpert.pl/wp-includes HTTP/1.1" 200 14410 "-" "meta-externalagent/1.1 (+https://developers.facebook.com/docs/sharing/webmasters/crawler)"
57.141.0.13 - - [17/Jun/2026:00:26:25 +0000] "GET /post_tag-sitemap.xml?fileloc=/var/www/sqlexpert.pl/wp-includes/class-oembed.php&path=/var/www/sqlexpert.pl/wp-includes HTTP/1.1" 200 12970 "-" "meta-externalagent/1.1 (+https://developers.facebook.com/docs/sharing/webmasters/crawler)"
57.141.0.49 - - [17/Jun/2026:00:26:25 +0000] "GET /post_tag-sitemap.xml?fileloc=/var/www/sqlexpert.pl/wp-includes/bookmark.php&path=/var/www/sqlexpert.pl/wp-includes HTTP/1.1" 200 30385 "-" "meta-externalagent/1.1 (+https://developers.facebook.com/docs/sharing/webmasters/crawler)"
57.141.0.44 - - [17/Jun/2026:00:26:26 +0000] "GET /post_tag-sitemap.xml?fileloc=/var/www/sqlexpert.pl/wp-includes/embed.php&path=/var/www/sqlexpert.pl/wp-includes HTTP/1.1" 200 55407 "-" "meta-externalagent/1.1 (+https://developers.facebook.com/docs/sharing/webmasters/crawler)"
57.141.0.10 - - [17/Jun/2026:00:26:26 +0000] "GET /post_tag-sitemap.xml?fileloc=/var/www/sqlexpert.pl/wp-includes/class-wp-customize-section.php&path=/var/www/sqlexpert.pl/wp-includes HTTP/1.1" 200 24760 "-" "meta-externalagent/1.1 (+https://developers.facebook.com/docs/sharing/webmasters/crawler)"
57.141.0.58 - - [17/Jun/2026:00:26:26 +0000] "GET /post_tag-sitemap.xml?fileloc=/var/www/serwishydrauliczny.pl/wp-admin/plugins.php&path=/var/www/serwishydrauliczny.pl/wp-admin HTTP/1.1" 200 49416 "-" "meta-externalagent/1.1 (+https://developers.facebook.com/docs/sharing/webmasters/crawler)"
57.141.0.52 - - [17/Jun/2026:00:26:26 +0000] "GET /post_tag-sitemap.xml?fileloc=/var/www/centrumnadwisla.pl/wp-includes/author-template.php&path=/var/www/centrumnadwisla.pl/wp-includes HTTP/1.1" 200 33678 "-" "meta-externalagent/1.1 (+https://developers.facebook.com/docs/sharing/webmasters/crawler)"
57.141.0.49 - - [17/Jun/2026:00:26:26 +0000] "GET /post_tag-sitemap.xml?fileloc=/var/www/sqlexpert.pl/wp-includes/media.php&path=/var/www/sqlexpert.pl/wp-includes HTTP/1.1" 200 260673 "-" "meta-externalagent/1.1 (+https://developers.facebook.com/docs/sharing/webmasters/crawler)"
57.141.0.24 - - [17/Jun/2026:00:26:27 +0000] "GET /post_tag-sitemap.xml?fileloc=/var/www/centrumnadwisla.pl/wp-includes/template.php&path=/var/www/centrumnadwisla.pl/wp-includes HTTP/1.1" 200 38186 "-" "meta-externalagent/1.1 (+https://developers.facebook.com/docs/sharing/webmasters/crawler)"
57.141.0.58 - - [17/Jun/2026:00:26:28 +0000] "GET /post_tag-sitemap.xml?fileloc=/var/www/sqlexpert.pl/wp-includes/http.php&path=/var/www/sqlexpert.pl/wp-includes HTTP/1.1" 200 39118 "-" "meta-externalagent/1.1 (+https://developers.facebook.com/docs/sharing/webmasters/crawler)"
57.141.0.12 - - [17/Jun/2026:00:26:28 +0000] "GET /post_tag-sitemap.xml?path=/var/www/sqlexpert.pl/wp-includes/rest-api HTTP/1.1" 200 22002 "-" "meta-externalagent/1.1 (+https://developers.facebook.com/docs/sharing/webmasters/crawler)"
57.141.0.64 - - [17/Jun/2026:00:26:28 +0000] "GET /post_tag-sitemap.xml?fileloc=/var/www/sqlexpert.pl/wp-includes/class-wp-locale.php&path=/var/www/sqlexpert.pl/wp-includes HTTP/1.1" 200 31724 "-" "meta-externalagent/1.1 (+https://developers.facebook.com/docs/sharing/webmasters/crawler)"
57.141.0.38 - - [17/Jun/2026:00:26:28 +0000] "GET /post_tag-sitemap.xml?fileloc=/var/www/sqlexpert.pl/wp-includes/rss.php&path=/var/www/sqlexpert.pl/wp-includes HTTP/1.1" 200 38335 "-" "meta-externalagent/1.1 (+https://developers.facebook.com/docs/sharing/webmasters/crawler)"
57.141.0.15 - - [17/Jun/2026:00:26:29 +0000] "GET /post_tag-sitemap.xml?fileloc=/var/www/centrumnadwisla.pl/wp-includes/class-wp-widget.php&path=/var/www/centrumnadwisla.pl/wp-includes HTTP/1.1" 200 32236 "-" "meta-externalagent/1.1 (+https://developers.facebook.com/docs/sharing/webmasters/crawler)"
57.141.0.63 - - [17/Jun/2026:00:26:29 +0000] "GET /post_tag-sitemap.xml?path=/var/www/centrumnadwisla.pl/wp-includes/sodium_compat HTTP/1.1" 200 23737 "-" "meta-externalagent/1.1 (+https://developers.facebook.com/docs/sharing/webmasters/crawler)"
57.141.0.37 - - [17/Jun/2026:00:26:29 +0000] "GET /post_tag-sitemap.xml?fileloc=/var/www/sqlexpert.pl/wp-includes/ms-deprecated.php&path=/var/www/sqlexpert.pl/wp-includes HTTP/1.1" 200 36703 "-" "meta-externalagent/1.1 (+https://developers.facebook.com/docs/sharing/webmasters/crawler)"
52.167.144.166 - - [17/Jun/2026:00:26:30 +0000] "GET /product/4459301.htm HTTP/1.1" 404 11785 "-" "Mozilla/5.0 AppleWebKit/537.36 (KHTML, like Gecko; compatible; bingbot/2.0; +http://www.bing.com/bingbot.htm) Chrome/116.0.1938.76 Safari/537.36"
217.113.194.131 - - [17/Jun/2026:00:26:30 +0000] "GET /author/admin/page/69/ HTTP/1.1" 200 14361 "-" "Mozilla/5.0 (compatible; Barkrowler/0.9; +https://babbar.tech/crawler)"
57.141.0.40 - - [17/Jun/2026:00:26:30 +0000] "GET /post_tag-sitemap.xml?fileloc=/var/www/sqlexpert.pl/wp-includes/block-editor.php&path=/var/www/sqlexpert.pl/wp-includes HTTP/1.1" 200 45583 "-" "meta-externalagent/1.1 (+https://developers.facebook.com/docs/sharing/webmasters/crawler)"
57.141.0.19 - - [17/Jun/2026:00:26:30 +0000] "GET /post_tag-sitemap.xml?fileloc=/var/www/sqlexpert.pl/wp-includes/admin-bar.php&path=/var/www/sqlexpert.pl/wp-includes HTTP/1.1" 200 58519 "-" "meta-externalagent/1.1 (+https://developers.facebook.com/docs/sharing/webmasters/crawler)"
57.141.0.26 - - [17/Jun/2026:00:26:30 +0000] "GET /post_tag-sitemap.xml?fileloc=/var/www/sqlexpert.pl/wp-includes/feed-rss2-comments.php&path=/var/www/sqlexpert.pl/wp-includes HTTP/1.1" 200 17519 "-" "meta-externalagent/1.1 (+https://developers.facebook.com/docs/sharing/webmasters/crawler)"
57.141.0.65 - - [17/Jun/2026:00:26:31 +0000] "GET /post_tag-sitemap.xml?fileloc=/var/www/sqlexpert.pl/wp-includes/class-walker-category-dropdown.php&path=/var/www/sqlexpert.pl/wp-includes HTTP/1.1" 200 15333 "-" "meta-externalagent/1.1 (+https://developers.facebook.com/docs/sharing/webmasters/crawler)"
57.141.0.56 - - [17/Jun/2026:00:26:31 +0000] "GET /post_tag-sitemap.xml?fileloc=/var/www/sqlexpert.pl/wp-includes/cache-compat.php&path=/var/www/sqlexpert.pl/wp-includes HTTP/1.1" 200 18759 "-" "meta-externalagent/1.1 (+https://developers.facebook.com/docs/sharing/webmasters/crawler)"
57.141.0.58 - - [17/Jun/2026:00:26:32 +0000] "GET /post_tag-sitemap.xml?path=/var/www/sqlexpert.pl/wp-includes/blocks HTTP/1.1" 200 259887 "-" "meta-externalagent/1.1 (+https://developers.facebook.com/docs/sharing/webmasters/crawler)"
57.141.0.12 - - [17/Jun/2026:00:26:32 +0000] "GET /post_tag-sitemap.xml?fileloc=/var/www/sqlexpert.pl/wp-includes/class-wp-network.php&path=/var/www/sqlexpert.pl/wp-includes HTTP/1.1" 200 25834 "-" "meta-externalagent/1.1 (+https://developers.facebook.com/docs/sharing/webmasters/crawler)"
57.141.0.54 - - [17/Jun/2026:00:26:32 +0000] "GET /post_tag-sitemap.xml?fileloc=/var/www/sqlexpert.pl/wp-includes/post-thumbnail-template.php&path=/var/www/sqlexpert.pl/wp-includes HTTP/1.1" 200 23823 "-" "meta-externalagent/1.1 (+https://developers.facebook.com/docs/sharing/webmasters/crawler)"
57.141.0.24 - - [17/Jun/2026:00:26:32 +0000] "GET /post_tag-sitemap.xml?fileloc=/var/www/sqlexpert.pl/wp-includes/https-detection.php&path=/var/www/sqlexpert.pl/wp-includes HTTP/1.1" 200 18817 "-" "meta-externalagent/1.1 (+https://developers.facebook.com/docs/sharing/webmasters/crawler)"
57.141.0.55 - - [17/Jun/2026:00:26:33 +0000] "GET /post_tag-sitemap.xml?fileloc=/var/www/centrumnadwisla.pl/wp-includes/class-wp-block-parser-frame.php&path=/var/www/centrumnadwisla.pl/wp-includes HTTP/1.1" 200 14600 "-" "meta-externalagent/1.1 (+https://developers.facebook.com/docs/sharing/webmasters/crawler)"
57.141.0.55 - - [17/Jun/2026:00:26:33 +0000] "GET /post_tag-sitemap.xml?fileloc=/var/www/centrumnadwisla.pl/wp-includes/ms-settings.php&path=/var/www/centrumnadwisla.pl/wp-includes HTTP/1.1" 200 17020 "-" "meta-externalagent/1.1 (+https://developers.facebook.com/docs/sharing/webmasters/crawler)"
57.141.0.56 - - [17/Jun/2026:00:26:33 +0000] "GET /post_tag-sitemap.xml?fileloc=/var/www/centrumnadwisla.pl/wp-includes/class-wp-token-map.php&path=/var/www/centrumnadwisla.pl/wp-includes HTTP/1.1" 200 43734 "-" "meta-externalagent/1.1 (+https://developers.facebook.com/docs/sharing/webmasters/crawler)"
216.73.216.65 - - [17/Jun/2026:00:26:34 +0000] "GET /ozdoby-wielkanocne-przed-wejsciem-do-domu-tworz-radosny-klimat/ HTTP/1.1" 200 36441 "-" "Mozilla/5.0 AppleWebKit/537.36 (KHTML, like Gecko; compatible; ClaudeBot/1.0; +claudebot@anthropic.com)"
57.141.0.68 - - [17/Jun/2026:00:26:34 +0000] "GET /post_tag-sitemap.xml?fileloc=/var/www/sqlexpert.pl/wp-includes/class-wp-widget.php&path=/var/www/sqlexpert.pl/wp-includes HTTP/1.1" 200 32212 "-" "meta-externalagent/1.1 (+https://developers.facebook.com/docs/sharing/webmasters/crawler)"
57.141.0.48 - - [17/Jun/2026:00:26:34 +0000] "GET /post_tag-sitemap.xml?path=/var/www/sqlexpert.pl/wp-includes/ID3 HTTP/1.1" 200 41106 "-" "meta-externalagent/1.1 (+https://developers.facebook.com/docs/sharing/webmasters/crawler)"
57.141.0.5 - - [17/Jun/2026:00:26:34 +0000] "GET /post_tag-sitemap.xml?fileloc=/var/www/sqlexpert.pl/wp-includes/ms-load.php&path=/var/www/sqlexpert.pl/wp-includes HTTP/1.1" 200 34247 "-" "meta-externalagent/1.1 (+https://developers.facebook.com/docs/sharing/webmasters/crawler)"
57.141.0.48 - - [17/Jun/2026:00:26:35 +0000] "GET /post_tag-sitemap.xml?fileloc=/var/www/sqlexpert.pl/wp-includes/registration-functions.php&path=/var/www/sqlexpert.pl/wp-includes HTTP/1.1" 200 12769 "-" "meta-externalagent/1.1 (+https://developers.facebook.com/docs/sharing/webmasters/crawler)"
57.141.0.2 - - [17/Jun/2026:00:26:36 +0000] "GET /post_tag-sitemap.xml?fileloc=/var/www/sqlexpert.pl/wp-includes/class.wp-scripts.php&path=/var/www/sqlexpert.pl/wp-includes HTTP/1.1" 200 12916 "-" "meta-externalagent/1.1 (+https://developers.facebook.com/docs/sharing/webmasters/crawler)"
57.141.0.23 - - [17/Jun/2026:00:26:36 +0000] "GET /post_tag-sitemap.xml?fileloc=/var/www/downtownwriters.com/wp-includes/user.php&path=/var/www/downtownwriters.com/wp-includes HTTP/1.1" 200 205141 "-" "meta-externalagent/1.1 (+https://developers.facebook.com/docs/sharing/webmasters/crawler)"
57.141.0.38 - - [17/Jun/2026:00:26:36 +0000] "GET /post_tag-sitemap.xml?fileloc=/var/www/sqlexpert.pl/wp-includes/author-template.php&path=/var/www/sqlexpert.pl/wp-includes HTTP/1.1" 200 33654 "-" "meta-externalagent/1.1 (+https://developers.facebook.com/docs/sharing/webmasters/crawler)"
20.197.178.106 - - [17/Jun/2026:00:26:36 +0000] "GET /wp-content/plugins/hellopress/wp_filemanager.php HTTP/1.1" 301 178 "-" "-"
57.141.0.1 - - [17/Jun/2026:00:26:36 +0000] "GET /post_tag-sitemap.xml?path=/var/www/sqlexpert.pl/wp-includes/style-engine HTTP/1.1" 200 21271 "-" "meta-externalagent/1.1 (+https://developers.facebook.com/docs/sharing/webmasters/crawler)"
57.141.0.5 - - [17/Jun/2026:00:26:37 +0000] "GET /post_tag-sitemap.xml?fileloc=/var/www/sqlexpert.pl/wp-includes/feed-atom-comments.php&path=/var/www/sqlexpert.pl/wp-includes HTTP/1.1" 200 19521 "-" "meta-externalagent/1.1 (+https://developers.facebook.com/docs/sharing/webmasters/crawler)"
57.141.0.37 - - [17/Jun/2026:00:26:37 +0000] "GET /post_tag-sitemap.xml?fileloc=/var/www/sqlexpert.pl/wp-includes/class-wp-block-templates-registry.php&path=/var/www/sqlexpert.pl/wp-includes HTTP/1.1" 200 20351 "-" "meta-externalagent/1.1 (+https://developers.facebook.com/docs/sharing/webmasters/crawler)"
57.141.0.11 - - [17/Jun/2026:00:26:37 +0000] "GET /post_tag-sitemap.xml?fileloc=/var/www/sqlexpert.pl/wp-includes/class.wp-dependencies.php&path=/var/www/sqlexpert.pl/wp-includes HTTP/1.1" 200 12951 "-" "meta-externalagent/1.1 (+https://developers.facebook.com/docs/sharing/webmasters/crawler)"
57.141.0.68 - - [17/Jun/2026:00:26:37 +0000] "GET /post_tag-sitemap.xml?fileloc=/var/www/sqlexpert.pl/wp-includes/class-smtp.php&path=/var/www/sqlexpert.pl/wp-includes HTTP/1.1" 200 13034 "-" "meta-externalagent/1.1 (+https://developers.facebook.com/docs/sharing/webmasters/crawler)"
20.197.178.106 - - [17/Jun/2026:00:26:37 +0000] "GET /this_is_a_new_hello_world.php HTTP/1.1" 301 178 "-" "-"
57.141.0.30 - - [17/Jun/2026:00:26:37 +0000] "GET /post_tag-sitemap.xml?fileloc=/var/www/sqlexpert.pl/wp-includes/class-walker-nav-menu.php&path=/var/www/sqlexpert.pl/wp-includes HTTP/1.1" 200 25801 "-" "meta-externalagent/1.1 (+https://developers.facebook.com/docs/sharing/webmasters/crawler)"
57.141.0.15 - - [17/Jun/2026:00:26:38 +0000] "GET /post_tag-sitemap.xml?fileloc=/var/www/centrumnadwisla.pl/wp-includes/ms-load.php&path=/var/www/centrumnadwisla.pl/wp-includes HTTP/1.1" 200 34271 "-" "meta-externalagent/1.1 (+https://developers.facebook.com/docs/sharing/webmasters/crawler)"
20.197.178.106 - - [17/Jun/2026:00:26:38 +0000] "GET /jj.php HTTP/1.1" 301 178 "-" "-"
20.197.178.106 - - [17/Jun/2026:00:26:38 +0000] "GET /click.php HTTP/1.1" 301 178 "-" "-"
20.197.178.106 - - [17/Jun/2026:00:26:39 +0000] "GET /222.php HTTP/1.1" 301 178 "-" "-"
57.141.0.61 - - [17/Jun/2026:00:26:39 +0000] "GET /post_tag-sitemap.xml?fileloc=/var/www/sqlexpert.pl/wp-includes/class-wp-embed.php&path=/var/www/sqlexpert.pl/wp-includes HTTP/1.1" 200 29772 "-" "meta-externalagent/1.1 (+https://developers.facebook.com/docs/sharing/webmasters/crawler)"
57.141.0.34 - - [17/Jun/2026:00:26:39 +0000] "GET /post_tag-sitemap.xml?fileloc=/var/www/sqlexpert.pl/wp-includes/block-template-utils.php&path=/var/www/sqlexpert.pl/wp-includes HTTP/1.1" 200 81712 "-" "meta-externalagent/1.1 (+https://developers.facebook.com/docs/sharing/webmasters/crawler)"
57.141.0.60 - - [17/Jun/2026:00:26:39 +0000] "GET /post_tag-sitemap.xml?fileloc=/var/www/sqlexpert.pl/wp-includes/class-wp-feed-cache-transient.php&path=/var/www/sqlexpert.pl/wp-includes HTTP/1.1" 200 15823 "-" "meta-externalagent/1.1 (+https://developers.facebook.com/docs/sharing/webmasters/crawler)"
57.141.0.4 - - [17/Jun/2026:00:26:39 +0000] "GET /post_tag-sitemap.xml?fileloc=/var/www/sqlexpert.pl/wp-includes/class-wp-http-cookie.php&path=/var/www/sqlexpert.pl/wp-includes HTTP/1.1" 200 20624 "-" "meta-externalagent/1.1 (+https://developers.facebook.com/docs/sharing/webmasters/crawler)"
20.197.178.106 - - [17/Jun/2026:00:26:39 +0000] "GET /z60.php HTTP/1.1" 301 178 "-" "-"
20.197.178.106 - - [17/Jun/2026:00:26:40 +0000] "GET /xml.php HTTP/1.1" 301 178 "-" "-"
57.141.0.64 - - [17/Jun/2026:00:26:40 +0000] "GET /post_tag-sitemap.xml?fileloc=/var/www/centrumnadwisla.pl/wp-includes/class-wp-meta-query.php&path=/var/www/centrumnadwisla.pl/wp-includes HTTP/1.1" 200 47441 "-" "meta-externalagent/1.1 (+https://developers.facebook.com/docs/sharing/webmasters/crawler)"
20.197.178.106 - - [17/Jun/2026:00:26:40 +0000] "GET /acp.php HTTP/1.1" 301 178 "-" "-"
57.141.0.55 - - [17/Jun/2026:00:26:41 +0000] "GET /post_tag-sitemap.xml?fileloc=/var/www/sqlexpert.pl/wp-includes/class-wp-http-streams.php&path=/var/www/sqlexpert.pl/wp-includes HTTP/1.1" 200 32073 "-" "meta-externalagent/1.1 (+https://developers.facebook.com/docs/sharing/webmasters/crawler)"
57.141.0.22 - - [17/Jun/2026:00:26:41 +0000] "GET /post_tag-sitemap.xml?path=/var/www/sqlexpert.pl/wp-includes/assets HTTP/1.1" 200 26006 "-" "meta-externalagent/1.1 (+https://developers.facebook.com/docs/sharing/webmasters/crawler)"
57.141.0.10 - - [17/Jun/2026:00:26:41 +0000] "GET /post_tag-sitemap.xml?fileloc=/var/www/sqlexpert.pl/wp-includes/class-wp-rewrite.php&path=/var/www/sqlexpert.pl/wp-includes HTTP/1.1" 200 81313 "-" "meta-externalagent/1.1 (+https://developers.facebook.com/docs/sharing/webmasters/crawler)"
57.141.0.44 - - [17/Jun/2026:00:26:41 +0000] "GET /post_tag-sitemap.xml?fileloc=/var/www/sqlexpert.pl/wp-includes/class-wp-block-list.php&path=/var/www/sqlexpert.pl/wp-includes HTTP/1.1" 200 17362 "-" "meta-externalagent/1.1 (+https://developers.facebook.com/docs/sharing/webmasters/crawler)"
20.197.178.106 - - [17/Jun/2026:00:26:41 +0000] "GET /wp-home.php HTTP/1.1" 301 178 "-" "-"
20.197.178.106 - - [17/Jun/2026:00:26:41 +0000] "GET /t.php HTTP/1.1" 301 178 "-" "-"
20.197.178.106 - - [17/Jun/2026:00:26:42 +0000] "GET /BDKR28WP.php HTTP/1.1" 301 178 "-" "-"
138.201.38.133 - - [17/Jun/2026:00:26:42 +0000] "GET /wp-login.php HTTP/1.1" 200 3166 "-" "Mozilla/5.0 (Macintosh; Intel Mac OS X 11_7_10) AppleWebKit/537.36 (KHTML, like Gecko) Chrome/133.0.0.0 Safari/537.36"
57.141.0.49 - - [17/Jun/2026:00:26:42 +0000] "GET /post_tag-sitemap.xml?fileloc=/var/www/sqlexpert.pl/wp-includes/class-wp-comment.php&path=/var/www/sqlexpert.pl/wp-includes HTTP/1.1" 200 22968 "-" "meta-externalagent/1.1 (+https://developers.facebook.com/docs/sharing/webmasters/crawler)"
57.141.0.58 - - [17/Jun/2026:00:26:42 +0000] "GET /post_tag-sitemap.xml?fileloc=/var/www/sqlexpert.pl/wp-includes/class-wp-block-pattern-categories-registry.php&path=/var/www/sqlexpert.pl/wp-includes HTTP/1.1" 200 18054 "-" "meta-externalagent/1.1 (+https://developers.facebook.com/docs/sharing/webmasters/crawler)"
57.141.0.26 - - [17/Jun/2026:00:26:42 +0000] "GET /post_tag-sitemap.xml?fileloc=/var/www/sqlexpert.pl/wp-includes/ms-site.php&path=/var/www/sqlexpert.pl/wp-includes HTTP/1.1" 200 57366 "-" "meta-externalagent/1.1 (+https://developers.facebook.com/docs/sharing/webmasters/crawler)"
20.197.178.106 - - [17/Jun/2026:00:26:42 +0000] "GET /41.php HTTP/1.1" 301 178 "-" "-"
138.201.38.133 - - [17/Jun/2026:00:26:43 +0000] "POST /wp-login.php HTTP/1.1" 200 3296 "https://ideapv.pl/wp-login.php" "Mozilla/5.0 (Macintosh; Intel Mac OS X 11_7_10) AppleWebKit/537.36 (KHTML, like Gecko) Chrome/133.0.0.0 Safari/537.36"
57.141.0.1 - - [17/Jun/2026:00:26:43 +0000] "GET /post_tag-sitemap.xml?fileloc=/var/www/sqlexpert.pl/wp-includes/default-filters.php&path=/var/www/sqlexpert.pl/wp-includes HTTP/1.1" 200 59018 "-" "meta-externalagent/1.1 (+https://developers.facebook.com/docs/sharing/webmasters/crawler)"
57.141.0.12 - - [17/Jun/2026:00:26:43 +0000] "GET /post_tag-sitemap.xml?fileloc=/var/www/sqlexpert.pl/wp-includes/class-walker-comment.php&path=/var/www/sqlexpert.pl/wp-includes HTTP/1.1" 200 29176 "-" "meta-externalagent/1.1 (+https://developers.facebook.com/docs/sharing/webmasters/crawler)"
20.197.178.106 - - [17/Jun/2026:00:26:43 +0000] "GET /crgio.php HTTP/1.1" 301 178 "-" "-"
20.197.178.106 - - [17/Jun/2026:00:26:43 +0000] "GET /gm.php HTTP/1.1" 301 178 "-" "-"
57.141.0.44 - - [17/Jun/2026:00:26:43 +0000] "GET /post_tag-sitemap.xml?fileloc=/var/www/sqlexpert.pl/wp-includes/class-wp-customize-nav-menus.php&path=/var/www/sqlexpert.pl/wp-includes HTTP/1.1" 200 81282 "-" "meta-externalagent/1.1 (+https://developers.facebook.com/docs/sharing/webmasters/crawler)"
20.197.178.106 - - [17/Jun/2026:00:26:44 +0000] "GET /pn.php HTTP/1.1" 301 178 "-" "-"
57.141.0.36 - - [17/Jun/2026:00:26:44 +0000] "GET /post_tag-sitemap.xml?fileloc=/var/www/sqlexpert.pl/wp-includes/class-wp-site-query.php&path=/var/www/sqlexpert.pl/wp-includes HTTP/1.1" 200 49421 "-" "meta-externalagent/1.1 (+https://developers.facebook.com/docs/sharing/webmasters/crawler)"
57.141.0.68 - - [17/Jun/2026:00:26:44 +0000] "GET /post_tag-sitemap.xml?fileloc=/var/www/sqlexpert.pl/wp-includes/atomlib.php&path=/var/www/sqlexpert.pl/wp-includes HTTP/1.1" 200 26117 "-" "meta-externalagent/1.1 (+https://developers.facebook.com/docs/sharing/webmasters/crawler)"
57.141.0.5 - - [17/Jun/2026:00:26:44 +0000] "GET /post_tag-sitemap.xml?fileloc=/var/www/sqlexpert.pl/wp-includes/functions.wp-styles.php&path=/var/www/sqlexpert.pl/wp-includes HTTP/1.1" 200 21708 "-" "meta-externalagent/1.1 (+https://developers.facebook.com/docs/sharing/webmasters/crawler)"
57.141.0.13 - - [17/Jun/2026:00:26:44 +0000] "GET /post_tag-sitemap.xml?fileloc=/var/www/sqlexpert.pl/wp-includes/category.php&path=/var/www/sqlexpert.pl/wp-includes HTTP/1.1" 200 26388 "-" "meta-externalagent/1.1 (+https://developers.facebook.com/docs/sharing/webmasters/crawler)"
57.141.0.2 - - [17/Jun/2026:00:26:45 +0000] "GET /post_tag-sitemap.xml?fileloc=/var/www/sqlexpert.pl/wp-includes/class-wp-oembed.php&path=/var/www/sqlexpert.pl/wp-includes HTTP/1.1" 200 47039 "-" "meta-externalagent/1.1 (+https://developers.facebook.com/docs/sharing/webmasters/crawler)"
20.197.178.106 - - [17/Jun/2026:00:26:45 +0000] "GET /gecko.php HTTP/1.1" 301 178 "-" "-"
57.141.0.2 - - [17/Jun/2026:00:26:45 +0000] "GET /post_tag-sitemap.xml?fileloc=/var/www/sqlexpert.pl/wp-includes/ms-default-constants.php&path=/var/www/sqlexpert.pl/wp-includes HTTP/1.1" 200 18188 "-" "meta-externalagent/1.1 (+https://developers.facebook.com/docs/sharing/webmasters/crawler)"
57.141.0.31 - - [17/Jun/2026:00:26:45 +0000] "GET /post_tag-sitemap.xml?fileloc=/var/www/sqlexpert.pl/wp-includes/sitemaps.php&path=/var/www/sqlexpert.pl/wp-includes HTTP/1.1" 200 15917 "-" "meta-externalagent/1.1 (+https://developers.facebook.com/docs/sharing/webmasters/crawler)"
20.197.178.106 - - [17/Jun/2026:00:26:45 +0000] "GET /gg.php HTTP/1.1" 301 178 "-" "-"
57.141.0.59 - - [17/Jun/2026:00:26:45 +0000] "GET /post_tag-sitemap.xml?path=/var/www/sqlexpert.pl/wp-includes/theme-compat HTTP/1.1" 200 27080 "-" "meta-externalagent/1.1 (+https://developers.facebook.com/docs/sharing/webmasters/crawler)"
157.55.39.52 - - [17/Jun/2026:00:26:46 +0000] "GET /wp-sitemap.xml HTTP/1.1" 200 257 "-" "Mozilla/5.0 AppleWebKit/537.36 (KHTML, like Gecko; compatible; bingbot/2.0; +http://www.bing.com/bingbot.htm) Chrome/116.0.1938.76 Safari/537.36"
194.63.239.143 - - [17/Jun/2026:00:26:46 +0000] "GET /wp-login.php HTTP/1.1" 200 3712 "-" "Mozilla/5.0 (X11; Linux x86_64; rv:133.0) Gecko/20100101 Firefox/133.0"
217.113.194.125 - - [17/Jun/2026:00:26:46 +0000] "GET /author/admin/page/32/ HTTP/1.1" 200 14339 "-" "Mozilla/5.0 (compatible; Barkrowler/0.9; +https://babbar.tech/crawler)"
20.197.178.106 - - [17/Jun/2026:00:26:46 +0000] "GET /co.php HTTP/1.1" 301 178 "-" "-"
194.63.239.143 - - [17/Jun/2026:00:26:46 +0000] "POST /wp-login.php HTTP/1.1" 200 3712 "https://www.arsmedica.bialystok.pl/wp-login.php" "Mozilla/5.0 (X11; Linux x86_64; rv:133.0) Gecko/20100101 Firefox/133.0"
20.197.178.106 - - [17/Jun/2026:00:26:46 +0000] "GET /bolt.php HTTP/1.1" 301 178 "-" "-"
57.141.0.54 - - [17/Jun/2026:00:26:47 +0000] "GET /post_tag-sitemap.xml?fileloc=/var/www/sqlexpert.pl/wp-includes/class-wp-block-template.php&path=/var/www/sqlexpert.pl/wp-includes HTTP/1.1" 200 14623 "-" "meta-externalagent/1.1 (+https://developers.facebook.com/docs/sharing/webmasters/crawler)"
57.141.0.28 - - [17/Jun/2026:00:26:47 +0000] "GET /post_tag-sitemap.xml?fileloc=/var/www/centrumnadwisla.pl/wp-includes/class-wp-oembed.php&path=/var/www/centrumnadwisla.pl/wp-includes HTTP/1.1" 200 47063 "-" "meta-externalagent/1.1 (+https://developers.facebook.com/docs/sharing/webmasters/crawler)"
57.141.0.36 - - [17/Jun/2026:00:26:47 +0000] "GET /post_tag-sitemap.xml?fileloc=/var/www/sqlexpert.pl/wp-includes/class-wp-dependency.php&path=/var/www/sqlexpert.pl/wp-includes HTTP/1.1" 200 15203 "-" "meta-externalagent/1.1 (+https://developers.facebook.com/docs/sharing/webmasters/crawler)"
57.141.0.20 - - [17/Jun/2026:00:26:47 +0000] "GET /post_tag-sitemap.xml?fileloc=/var/www/sqlexpert.pl/wp-includes/class-wp-oembed-controller.php&path=/var/www/sqlexpert.pl/wp-includes HTTP/1.1" 200 20650 "-" "meta-externalagent/1.1 (+https://developers.facebook.com/docs/sharing/webmasters/crawler)"
20.197.178.106 - - [17/Jun/2026:00:26:47 +0000] "GET /fvvff.php HTTP/1.1" 301 178 "-" "-"
57.141.0.5 - - [17/Jun/2026:00:26:47 +0000] "GET /post_tag-sitemap.xml?fileloc=/var/www/sqlexpert.pl/wp-includes/class-wp-duotone.php&path=/var/www/sqlexpert.pl/wp-includes HTTP/1.1" 200 56987 "-" "meta-externalagent/1.1 (+https://developers.facebook.com/docs/sharing/webmasters/crawler)"
20.197.178.106 - - [17/Jun/2026:00:26:48 +0000] "GET /info2.php HTTP/1.1" 301 178 "-" "-"
57.141.0.1 - - [17/Jun/2026:00:26:48 +0000] "GET /post_tag-sitemap.xml?fileloc=/var/www/sqlexpert.pl/wp-includes/global-styles-and-settings.php&path=/var/www/sqlexpert.pl/wp-includes HTTP/1.1" 200 35675 "-" "meta-externalagent/1.1 (+https://developers.facebook.com/docs/sharing/webmasters/crawler)"
57.141.0.58 - - [17/Jun/2026:00:26:48 +0000] "GET /post_tag-sitemap.xml?fileloc=/var/www/sqlexpert.pl/wp-includes/class-wp-feed-cache.php&path=/var/www/sqlexpert.pl/wp-includes HTTP/1.1" 200 13555 "-" "meta-externalagent/1.1 (+https://developers.facebook.com/docs/sharing/webmasters/crawler)"
20.197.178.106 - - [17/Jun/2026:00:26:48 +0000] "GET /x.php HTTP/1.1" 301 178 "-" "-"
57.141.0.29 - - [17/Jun/2026:00:26:48 +0000] "GET /post_tag-sitemap.xml?fileloc=/var/www/sqlexpert.pl/wp-includes/class-wp-list-util.php&path=/var/www/sqlexpert.pl/wp-includes HTTP/1.1" 200 20423 "-" "meta-externalagent/1.1 (+https://developers.facebook.com/docs/sharing/webmasters/crawler)"
20.197.178.106 - - [17/Jun/2026:00:26:49 +0000] "GET /wp-ac.php HTTP/1.1" 301 178 "-" "-"
57.141.0.47 - - [17/Jun/2026:00:26:49 +0000] "GET /post_tag-sitemap.xml?fileloc=/var/www/downtownwriters.com/wp-includes/class-wp-taxonomy.php&path=/var/www/downtownwriters.com/wp-includes HTTP/1.1" 200 33772 "-" "meta-externalagent/1.1 (+https://developers.facebook.com/docs/sharing/webmasters/crawler)"
57.141.0.54 - - [17/Jun/2026:00:26:49 +0000] "GET /post_tag-sitemap.xml?fileloc=/var/www/sqlexpert.pl/wp-includes/kses.php&path=/var/www/sqlexpert.pl/wp-includes HTTP/1.1" 200 100206 "-" "meta-externalagent/1.1 (+https://developers.facebook.com/docs/sharing/webmasters/crawler)"
20.197.178.106 - - [17/Jun/2026:00:26:50 +0000] "GET /consultantx/wp-config.php HTTP/1.1" 301 178 "-" "-"
57.141.0.44 - - [17/Jun/2026:00:26:50 +0000] "GET /post_tag-sitemap.xml?fileloc=/var/www/sqlexpert.pl/wp-includes/class-wp-theme-json-resolver.php&path=/var/www/sqlexpert.pl/wp-includes HTTP/1.1" 200 51352 "-" "meta-externalagent/1.1 (+https://developers.facebook.com/docs/sharing/webmasters/crawler)"
57.141.0.7 - - [17/Jun/2026:00:26:50 +0000] "GET /post_tag-sitemap.xml?fileloc=/var/www/sqlexpert.pl/wp-includes/class-wp-speculation-rules.php&path=/var/www/sqlexpert.pl/wp-includes HTTP/1.1" 200 21012 "-" "meta-externalagent/1.1 (+https://developers.facebook.com/docs/sharing/webmasters/crawler)"
57.141.0.29 - - [17/Jun/2026:00:26:50 +0000] "GET /post_tag-sitemap.xml?fileloc=/var/www/sqlexpert.pl/wp-includes/class-wp-block.php&path=/var/www/sqlexpert.pl/wp-includes HTTP/1.1" 200 37436 "-" "meta-externalagent/1.1 (+https://developers.facebook.com/docs/sharing/webmasters/crawler)"
57.141.0.38 - - [17/Jun/2026:00:26:50 +0000] "GET /post_tag-sitemap.xml?fileloc=/var/www/sqlexpert.pl/wp-includes/class-wp-recovery-mode-key-service.php&path=/var/www/sqlexpert.pl/wp-includes HTTP/1.1" 200 17673 "-" "meta-externalagent/1.1 (+https://developers.facebook.com/docs/sharing/webmasters/crawler)"
20.197.178.106 - - [17/Jun/2026:00:26:50 +0000] "GET /chosen.php HTTP/1.1" 301 178 "-" "-"
20.197.178.106 - - [17/Jun/2026:00:26:51 +0000] "GET /mg.php HTTP/1.1" 301 178 "-" "-"
20.197.178.106 - - [17/Jun/2026:00:26:51 +0000] "GET /domains.php HTTP/1.1" 301 178 "-" "-"
57.141.0.30 - - [17/Jun/2026:00:26:52 +0000] "GET /post_tag-sitemap.xml?fileloc=/var/www/sqlexpert.pl/wp-includes/style-engine.php&path=/var/www/sqlexpert.pl/wp-includes HTTP/1.1" 200 20774 "-" "meta-externalagent/1.1 (+https://developers.facebook.com/docs/sharing/webmasters/crawler)"
57.141.0.64 - - [17/Jun/2026:00:26:52 +0000] "GET /post_tag-sitemap.xml?fileloc=/var/www/sqlexpert.pl/wp-includes/pluggable-deprecated.php&path=/var/www/sqlexpert.pl/wp-includes HTTP/1.1" 200 19439 "-" "meta-externalagent/1.1 (+https://developers.facebook.com/docs/sharing/webmasters/crawler)"
57.141.0.18 - - [17/Jun/2026:00:26:52 +0000] "GET /post_tag-sitemap.xml?fileloc=/var/www/sqlexpert.pl/wp-includes/functions.wp-scripts.php&path=/var/www/sqlexpert.pl/wp-includes HTTP/1.1" 200 28273 "-" "meta-externalagent/1.1 (+https://developers.facebook.com/docs/sharing/webmasters/crawler)"
57.141.0.15 - - [17/Jun/2026:00:26:52 +0000] "GET /post_tag-sitemap.xml?fileloc=/var/www/sqlexpert.pl/wp-includes/media-template.php&path=/var/www/sqlexpert.pl/wp-includes HTTP/1.1" 200 98380 "-" "meta-externalagent/1.1 (+https://developers.facebook.com/docs/sharing/webmasters/crawler)"
20.197.178.106 - - [17/Jun/2026:00:26:52 +0000] "GET /abc.php HTTP/1.1" 301 178 "-" "-"
20.197.178.106 - - [17/Jun/2026:00:26:52 +0000] "GET /2026w.php HTTP/1.1" 301 178 "-" "-"
57.141.0.12 - - [17/Jun/2026:00:26:53 +0000] "GET /post_tag-sitemap.xml?fileloc=/var/www/sqlexpert.pl/wp-includes/taxonomy.php&path=/var/www/sqlexpert.pl/wp-includes HTTP/1.1" 200 202461 "-" "meta-externalagent/1.1 (+https://developers.facebook.com/docs/sharing/webmasters/crawler)"
57.141.0.23 - - [17/Jun/2026:00:26:53 +0000] "GET /post_tag-sitemap.xml?fileloc=/var/www/downtownwriters.com/wp-includes/post.php&path=/var/www/downtownwriters.com/wp-includes HTTP/1.1" 200 336678 "-" "meta-externalagent/1.1 (+https://developers.facebook.com/docs/sharing/webmasters/crawler)"
20.197.178.106 - - [17/Jun/2026:00:26:53 +0000] "GET /epinyins.php HTTP/1.1" 301 178 "-" "-"
57.141.0.31 - - [17/Jun/2026:00:26:53 +0000] "GET /post_tag-sitemap.xml?fileloc=/var/www/centrumnadwisla.pl/wp-includes/class-wpdb.php&path=/var/www/centrumnadwisla.pl/wp-includes HTTP/1.1" 200 141372 "-" "meta-externalagent/1.1 (+https://developers.facebook.com/docs/sharing/webmasters/crawler)"
20.197.178.106 - - [17/Jun/2026:00:26:53 +0000] "GET /app.php HTTP/1.1" 301 178 "-" "-"
57.141.0.61 - - [17/Jun/2026:00:26:54 +0000] "GET /post_tag-sitemap.xml?fileloc=/var/www/downtownwriters.com/wp-includes/class-http.php&path=/var/www/downtownwriters.com/wp-includes HTTP/1.1" 200 12962 "-" "meta-externalagent/1.1 (+https://developers.facebook.com/docs/sharing/webmasters/crawler)"
57.141.0.47 - - [17/Jun/2026:00:26:54 +0000] "GET /post_tag-sitemap.xml?fileloc=/var/www/sqlexpert.pl/wp-includes/class-wp-dependencies.php&path=/var/www/sqlexpert.pl/wp-includes HTTP/1.1" 200 28203 "-" "meta-externalagent/1.1 (+https://developers.facebook.com/docs/sharing/webmasters/crawler)"
20.197.178.106 - - [17/Jun/2026:00:26:54 +0000] "GET /jp.php HTTP/1.1" 301 178 "-" "-"
57.141.0.33 - - [17/Jun/2026:00:26:54 +0000] "GET /post_tag-sitemap.xml?fileloc=/var/www/sqlexpert.pl/wp-includes/registration.php&path=/var/www/sqlexpert.pl/wp-includes HTTP/1.1" 200 12759 "-" "meta-externalagent/1.1 (+https://developers.facebook.com/docs/sharing/webmasters/crawler)"
57.141.0.64 - - [17/Jun/2026:00:26:55 +0000] "GET /post_tag-sitemap.xml?path=/var/www/sqlexpert.pl/wp-includes/sodium_compat HTTP/1.1" 200 23507 "-" "meta-externalagent/1.1 (+https://developers.facebook.com/docs/sharing/webmasters/crawler)"
20.197.178.106 - - [17/Jun/2026:00:26:55 +0000] "GET /jga.php HTTP/1.1" 301 178 "-" "-"
57.141.0.59 - - [17/Jun/2026:00:26:55 +0000] "GET /post_tag-sitemap.xml?path=/var/www/sqlexpert.pl/wp-includes/widgets HTTP/1.1" 200 45145 "-" "meta-externalagent/1.1 (+https://developers.facebook.com/docs/sharing/webmasters/crawler)"
57.141.0.20 - - [17/Jun/2026:00:26:55 +0000] "GET /post_tag-sitemap.xml?fileloc=/var/www/sqlexpert.pl/wp-includes/class-phpmailer.php&path=/var/www/sqlexpert.pl/wp-includes HTTP/1.1" 200 13276 "-" "meta-externalagent/1.1 (+https://developers.facebook.com/docs/sharing/webmasters/crawler)"
57.141.0.40 - - [17/Jun/2026:00:26:55 +0000] "GET /post_tag-sitemap.xml?fileloc=/var/www/sqlexpert.pl/wp-includes/class-wp-user-query.php&path=/var/www/sqlexpert.pl/wp-includes HTTP/1.1" 200 62484 "-" "meta-externalagent/1.1 (+https://developers.facebook.com/docs/sharing/webmasters/crawler)"
20.197.178.106 - - [17/Jun/2026:00:26:55 +0000] "GET /wp-access.php HTTP/1.1" 301 178 "-" "-"
20.197.178.106 - - [17/Jun/2026:00:26:56 +0000] "GET /file5.php HTTP/1.1" 301 178 "-" "-"
57.141.0.7 - - [17/Jun/2026:00:26:56 +0000] "GET /post_tag-sitemap.xml?fileloc=/var/www/sqlexpert.pl/wp-includes/rest-api.php&path=/var/www/sqlexpert.pl/wp-includes HTTP/1.1" 200 122895 "-" "meta-externalagent/1.1 (+https://developers.facebook.com/docs/sharing/webmasters/crawler)"
20.197.178.106 - - [17/Jun/2026:00:26:56 +0000] "GET /aaf.php HTTP/1.1" 301 178 "-" "-"
57.141.0.57 - - [17/Jun/2026:00:26:56 +0000] "GET /post_tag-sitemap.xml?fileloc=/var/www/sqlexpert.pl/wp-includes/ms-blogs.php&path=/var/www/sqlexpert.pl/wp-includes HTTP/1.1" 200 40757 "-" "meta-externalagent/1.1 (+https://developers.facebook.com/docs/sharing/webmasters/crawler)"
57.141.0.31 - - [17/Jun/2026:00:26:56 +0000] "GET /post_tag-sitemap.xml?fileloc=/var/www/sqlexpert.pl/wp-includes/nav-menu.php&path=/var/www/sqlexpert.pl/wp-includes HTTP/1.1" 200 61777 "-" "meta-externalagent/1.1 (+https://developers.facebook.com/docs/sharing/webmasters/crawler)"
20.197.178.106 - - [17/Jun/2026:00:26:56 +0000] "GET /inputs.php HTTP/1.1" 301 178 "-" "-"
57.141.0.59 - - [17/Jun/2026:00:26:57 +0000] "GET /post_tag-sitemap.xml?fileloc=/var/www/sqlexpert.pl/wp-includes/class-wp-xmlrpc-server.php&path=/var/www/sqlexpert.pl/wp-includes HTTP/1.1" 200 256602 "-" "meta-externalagent/1.1 (+https://developers.facebook.com/docs/sharing/webmasters/crawler)"
57.141.0.60 - - [17/Jun/2026:00:26:57 +0000] "GET /post_tag-sitemap.xml?fileloc=/var/www/sqlexpert.pl/wp-includes/class-wp-simplepie-file.php&path=/var/www/sqlexpert.pl/wp-includes HTTP/1.1" 200 16121 "-" "meta-externalagent/1.1 (+https://developers.facebook.com/docs/sharing/webmasters/crawler)"
20.197.178.106 - - [17/Jun/2026:00:26:57 +0000] "GET /tool.php HTTP/1.1" 301 178 "-" "-"
57.141.0.6 - - [17/Jun/2026:00:26:57 +0000] "GET /post_tag-sitemap.xml?fileloc=/var/www/sqlexpert.pl/wp-includes/class-wp-site.php&path=/var/www/sqlexpert.pl/wp-includes HTTP/1.1" 200 20574 "-" "meta-externalagent/1.1 (+https://developers.facebook.com/docs/sharing/webmasters/crawler)"
20.197.178.106 - - [17/Jun/2026:00:26:58 +0000] "GET /file.php HTTP/1.1" 301 178 "-" "-"
57.141.0.49 - - [17/Jun/2026:00:26:58 +0000] "GET /post_tag-sitemap.xml?fileloc=/var/www/sqlexpert.pl/wp-includes/l10n.php&path=/var/www/sqlexpert.pl/wp-includes HTTP/1.1" 200 85851 "-" "meta-externalagent/1.1 (+https://developers.facebook.com/docs/sharing/webmasters/crawler)"
57.141.0.63 - - [17/Jun/2026:00:26:58 +0000] "GET /post_tag-sitemap.xml?fileloc=/var/www/sqlexpert.pl/wp-includes/class-wp-widget-factory.php&path=/var/www/sqlexpert.pl/wp-includes HTTP/1.1" 200 16007 "-" "meta-externalagent/1.1 (+https://developers.facebook.com/docs/sharing/webmasters/crawler)"
57.141.0.21 - - [17/Jun/2026:00:26:58 +0000] "GET /post_tag-sitemap.xml?fileloc=/var/www/sqlexpert.pl/wp-includes/script-loader.php&path=/var/www/sqlexpert.pl/wp-includes HTTP/1.1" 200 174644 "-" "meta-externalagent/1.1 (+https://developers.facebook.com/docs/sharing/webmasters/crawler)"
20.197.178.106 - - [17/Jun/2026:00:26:58 +0000] "GET /classwithtostring.php HTTP/1.1" 301 178 "-" "-"
57.141.0.7 - - [17/Jun/2026:00:26:59 +0000] "GET /post_tag-sitemap.xml?fileloc=/var/www/sqlexpert.pl/wp-includes/class-wp-error.php&path=/var/www/sqlexpert.pl/wp-includes HTTP/1.1" 200 20262 "-" "meta-externalagent/1.1 (+https://developers.facebook.com/docs/sharing/webmasters/crawler)"
20.197.178.106 - - [17/Jun/2026:00:26:59 +0000] "GET /ms-edit.php HTTP/1.1" 301 178 "-" "-"
57.141.0.52 - - [17/Jun/2026:00:26:59 +0000] "GET /post_tag-sitemap.xml?fileloc=/var/www/sqlexpert.pl/wp-includes/class-wp-phpmailer.php&path=/var/www/sqlexpert.pl/wp-includes HTTP/1.1" 200 16998 "-" "meta-externalagent/1.1 (+https://developers.facebook.com/docs/sharing/webmasters/crawler)"
57.141.0.29 - - [17/Jun/2026:00:26:59 +0000] "GET /post_tag-sitemap.xml?path=/var/www/sqlexpert.pl/wp-includes/certificates HTTP/1.1" 200 14559 "-" "meta-externalagent/1.1 (+https://developers.facebook.com/docs/sharing/webmasters/crawler)"
20.197.178.106 - - [17/Jun/2026:00:26:59 +0000] "GET /lib.php HTTP/1.1" 301 178 "-" "-"
57.141.0.25 - - [17/Jun/2026:00:27:00 +0000] "GET /post_tag-sitemap.xml?fileloc=/var/www/sqlexpert.pl/wp-includes/class-wp-post-type.php&path=/var/www/sqlexpert.pl/wp-includes HTTP/1.1" 200 47010 "-" "meta-externalagent/1.1 (+https://developers.facebook.com/docs/sharing/webmasters/crawler)"
20.197.178.106 - - [17/Jun/2026:00:27:00 +0000] "GET /about.php HTTP/1.1" 301 178 "-" "-"
57.141.0.46 - - [17/Jun/2026:00:27:00 +0000] "GET /post_tag-sitemap.xml?fileloc=/var/www/sqlexpert.pl/wp-includes/class-wp-image-editor-gd.php&path=/var/www/sqlexpert.pl/wp-includes HTTP/1.1" 200 34571 "-" "meta-externalagent/1.1 (+https://developers.facebook.com/docs/sharing/webmasters/crawler)"
57.141.0.34 - - [17/Jun/2026:00:27:00 +0000] "GET /post_tag-sitemap.xml?fileloc=/var/www/sqlexpert.pl/wp-includes/class-wp-styles.php&path=/var/www/sqlexpert.pl/wp-includes HTTP/1.1" 200 24766 "-" "meta-externalagent/1.1 (+https://developers.facebook.com/docs/sharing/webmasters/crawler)"
20.197.178.106 - - [17/Jun/2026:00:27:00 +0000] "GET /wp-blog.php HTTP/1.1" 301 178 "-" "-"
20.197.178.106 - - [17/Jun/2026:00:27:01 +0000] "GET /mh.php HTTP/1.1" 301 178 "-" "-"
57.141.0.1 - - [17/Jun/2026:00:27:01 +0000] "GET /post_tag-sitemap.xml?fileloc=/var/www/sqlexpert.pl/wp-includes/class-wp-customize-manager.php&path=/var/www/sqlexpert.pl/wp-includes HTTP/1.1" 200 242427 "-" "meta-externalagent/1.1 (+https://developers.facebook.com/docs/sharing/webmasters/crawler)"
57.141.0.57 - - [17/Jun/2026:00:27:01 +0000] "GET /post_tag-sitemap.xml?fileloc=/var/www/sqlexpert.pl/wp-includes/fonts.php&path=/var/www/sqlexpert.pl/wp-includes HTTP/1.1" 200 23075 "-" "meta-externalagent/1.1 (+https://developers.facebook.com/docs/sharing/webmasters/crawler)"
194.163.139.224 - - [17/Jun/2026:00:27:01 +0000] "GET /wp-login.php HTTP/1.1" 200 3676 "-" "Mozilla/5.0 (Macintosh; Intel Mac OS X 14_7_4) AppleWebKit/537.36 (KHTML, like Gecko) Chrome/133.0.0.0 Safari/537.36"
57.141.0.46 - - [17/Jun/2026:00:27:01 +0000] "GET /post_tag-sitemap.xml?fileloc=/var/www/downtownwriters.com/wp-includes/.htaccess&path=/var/www/downtownwriters.com/wp-includes HTTP/1.1" 200 12756 "-" "meta-externalagent/1.1 (+https://developers.facebook.com/docs/sharing/webmasters/crawler)"
20.197.178.106 - - [17/Jun/2026:00:27:01 +0000] "GET /155.php HTTP/1.1" 301 178 "-" "-"
57.141.0.17 - - [17/Jun/2026:00:27:02 +0000] "GET /post_tag-sitemap.xml?fileloc=/var/www/sqlexpert.pl/wp-includes/rss-functions.php&path=/var/www/sqlexpert.pl/wp-includes HTTP/1.1" 200 12825 "-" "meta-externalagent/1.1 (+https://developers.facebook.com/docs/sharing/webmasters/crawler)"
20.197.178.106 - - [17/Jun/2026:00:27:02 +0000] "GET /gifclass.php HTTP/1.1" 301 178 "-" "-"
57.141.0.20 - - [17/Jun/2026:00:27:02 +0000] "GET /post_tag-sitemap.xml?fileloc=/var/www/sqlexpert.pl/wp-includes/post.php&path=/var/www/sqlexpert.pl/wp-includes HTTP/1.1" 200 336650 "-" "meta-externalagent/1.1 (+https://developers.facebook.com/docs/sharing/webmasters/crawler)"
217.113.194.248 - - [17/Jun/2026:00:27:02 +0000] "GET /author/admin/page/45/ HTTP/1.1" 200 14355 "-" "Mozilla/5.0 (compatible; Barkrowler/0.9; +https://babbar.tech/crawler)"
20.197.178.106 - - [17/Jun/2026:00:27:02 +0000] "GET /amp.php HTTP/1.1" 301 178 "-" "-"
57.141.0.38 - - [17/Jun/2026:00:27:03 +0000] "GET /post_tag-sitemap.xml?fileloc=/var/www/sqlexpert.pl/wp-includes/class-wp-user.php&path=/var/www/sqlexpert.pl/wp-includes HTTP/1.1" 200 37234 "-" "meta-externalagent/1.1 (+https://developers.facebook.com/docs/sharing/webmasters/crawler)"
20.197.178.106 - - [17/Jun/2026:00:27:03 +0000] "GET /edit.php HTTP/1.1" 301 178 "-" "-"
194.163.139.224 - - [17/Jun/2026:00:27:03 +0000] "POST /wp-login.php HTTP/1.1" 200 3801 "https://www.meetingart.pl/wp-login.php" "Mozilla/5.0 (Macintosh; Intel Mac OS X 14_7_4) AppleWebKit/537.36 (KHTML, like Gecko) Chrome/133.0.0.0 Safari/537.36"
57.141.0.6 - - [17/Jun/2026:00:27:03 +0000] "GET /post_tag-sitemap.xml?fileloc=/var/www/sqlexpert.pl/wp-includes/class-wp-paused-extensions-storage.php&path=/var/www/sqlexpert.pl/wp-includes HTTP/1.1" 200 17831 "-" "meta-externalagent/1.1 (+https://developers.facebook.com/docs/sharing/webmasters/crawler)"
57.141.0.25 - - [17/Jun/2026:00:27:03 +0000] "GET /post_tag-sitemap.xml?fileloc=/var/www/sqlexpert.pl/wp-includes/class-wp-simplepie-sanitize-kses.php&path=/var/www/sqlexpert.pl/wp-includes HTTP/1.1" 200 14593 "-" "meta-externalagent/1.1 (+https://developers.facebook.com/docs/sharing/webmasters/crawler)"
57.141.0.52 - - [17/Jun/2026:00:27:03 +0000] "GET /post_tag-sitemap.xml?path=/var/www/sqlexpert.pl/wp-includes/block-bindings HTTP/1.1" 200 16169 "-" "meta-externalagent/1.1 (+https://developers.facebook.com/docs/sharing/webmasters/crawler)"
20.197.178.106 - - [17/Jun/2026:00:27:03 +0000] "GET /hoeig.php HTTP/1.1" 301 178 "-" "-"
57.141.0.1 - - [17/Jun/2026:00:27:03 +0000] "GET /post_tag-sitemap.xml?fileloc=/var/www/sqlexpert.pl/wp-includes/theme.php&path=/var/www/sqlexpert.pl/wp-includes HTTP/1.1" 200 165825 "-" "meta-externalagent/1.1 (+https://developers.facebook.com/docs/sharing/webmasters/crawler)"
20.197.178.106 - - [17/Jun/2026:00:27:04 +0000] "GET /ioxi-o.php HTTP/1.1" 301 178 "-" "-"
20.197.178.106 - - [17/Jun/2026:00:27:04 +0000] "GET /public/vx.php HTTP/1.1" 301 178 "-" "-"
57.141.0.33 - - [17/Jun/2026:00:27:04 +0000] "GET /post_tag-sitemap.xml?fileloc=/var/www/sqlexpert.pl/wp-includes/class-wp-walker.php&path=/var/www/sqlexpert.pl/wp-includes HTTP/1.1" 200 26218 "-" "meta-externalagent/1.1 (+https://developers.facebook.com/docs/sharing/webmasters/crawler)"
57.141.0.3 - - [17/Jun/2026:00:27:05 +0000] "GET /post_tag-sitemap.xml?fileloc=/var/www/sqlexpert.pl/wp-includes/spl-autoload-compat.php&path=/var/www/sqlexpert.pl/wp-includes HTTP/1.1" 200 13007 "-" "meta-externalagent/1.1 (+https://developers.facebook.com/docs/sharing/webmasters/crawler)"
57.141.0.63 - - [17/Jun/2026:00:27:05 +0000] "GET /post_tag-sitemap.xml?fileloc=/var/www/sqlexpert.pl/wp-includes/class-wp-http-requests-hooks.php&path=/var/www/sqlexpert.pl/wp-includes HTTP/1.1" 200 14619 "-" "meta-externalagent/1.1 (+https://developers.facebook.com/docs/sharing/webmasters/crawler)"
20.197.178.106 - - [17/Jun/2026:00:27:05 +0000] "GET /motu.php HTTP/1.1" 301 178 "-" "-"
57.141.0.31 - - [17/Jun/2026:00:27:05 +0000] "GET /post_tag-sitemap.xml?fileloc=/var/www/sqlexpert.pl/wp-includes/ms-functions.php&path=/var/www/sqlexpert.pl/wp-includes HTTP/1.1" 200 111996 "-" "meta-externalagent/1.1 (+https://developers.facebook.com/docs/sharing/webmasters/crawler)"
20.197.178.106 - - [17/Jun/2026:00:27:05 +0000] "GET /wp-p2r3q9c8k4.php HTTP/1.1" 301 178 "-" "-"
57.141.0.37 - - [17/Jun/2026:00:27:05 +0000] "GET /post_tag-sitemap.xml?fileloc=/var/www/sqlexpert.pl/wp-includes/ms-default-filters.php&path=/var/www/sqlexpert.pl/wp-includes HTTP/1.1" 200 20754 "-" "meta-externalagent/1.1 (+https://developers.facebook.com/docs/sharing/webmasters/crawler)"
20.197.178.106 - - [17/Jun/2026:00:27:06 +0000] "GET /fs.php HTTP/1.1" 301 178 "-" "-"
57.141.0.63 - - [17/Jun/2026:00:27:06 +0000] "GET /post_tag-sitemap.xml?fileloc=/var/www/sqlexpert.pl/wp-includes/class-wp-application-passwords.php&path=/var/www/sqlexpert.pl/wp-includes HTTP/1.1" 200 30393 "-" "meta-externalagent/1.1 (+https://developers.facebook.com/docs/sharing/webmasters/crawler)"
57.141.0.10 - - [17/Jun/2026:00:27:06 +0000] "GET /post_tag-sitemap.xml?fileloc=/var/www/downtownwriters.com/wp-includes/class-wp-customize-panel.php&path=/var/www/downtownwriters.com/wp-includes HTTP/1.1" 200 24247 "-" "meta-externalagent/1.1 (+https://developers.facebook.com/docs/sharing/webmasters/crawler)"
57.141.0.15 - - [17/Jun/2026:00:27:06 +0000] "GET /post_tag-sitemap.xml?fileloc=/var/www/sqlexpert.pl/wp-includes/pluggable.php&path=/var/www/sqlexpert.pl/wp-includes HTTP/1.1" 200 146495 "-" "meta-externalagent/1.1 (+https://developers.facebook.com/docs/sharing/webmasters/crawler)"
20.197.178.106 - - [17/Jun/2026:00:27:06 +0000] "GET /dass.php HTTP/1.1" 301 178 "-" "-"
216.244.66.250 - - [17/Jun/2026:00:27:06 +0000] "GET /robots.txt HTTP/1.1" 301 178 "-" "Mozilla/5.0 (compatible; DotBot/1.2; +https://opensiteexplorer.org/dotbot; help@moz.com)"
43.133.253.253 - - [17/Jun/2026:00:27:06 +0000] "GET / HTTP/1.1" 301 178 "-" "Mozilla/5.0 (iPhone; CPU iPhone OS 13_2_3 like Mac OS X) AppleWebKit/605.1.15 (KHTML, like Gecko) Version/13.0.3 Mobile/15E148 Safari/604.1"
57.141.0.47 - - [17/Jun/2026:00:27:06 +0000] "GET /post_tag-sitemap.xml?fileloc=/var/www/sqlexpert.pl/wp-includes/class-snoopy.php&path=/var/www/sqlexpert.pl/wp-includes HTTP/1.1" 200 55535 "-" "meta-externalagent/1.1 (+https://developers.facebook.com/docs/sharing/webmasters/crawler)"
20.197.178.106 - - [17/Jun/2026:00:27:07 +0000] "GET /lala.php HTTP/1.1" 301 178 "-" "-"
57.141.0.20 - - [17/Jun/2026:00:27:07 +0000] "GET /post_tag-sitemap.xml?fileloc=/var/www/sqlexpert.pl/wp-includes/class-pop3.php&path=/var/www/sqlexpert.pl/wp-includes HTTP/1.1" 200 35889 "-" "meta-externalagent/1.1 (+https://developers.facebook.com/docs/sharing/webmasters/crawler)"
216.244.66.250 - - [17/Jun/2026:00:27:07 +0000] "GET /robots.txt HTTP/1.1" 200 44211 "-" "Mozilla/5.0 (compatible; DotBot/1.2; +https://opensiteexplorer.org/dotbot; help@moz.com)"
