57.141.0.10 - - [17/Jun/2026:00:27:48 +0000] "GET /post_tag-sitemap.xml?fileloc=/var/www/downtownwriters.com/wp-includes/class-walker-page.php&path=/var/www/downtownwriters.com/wp-includes HTTP/1.1" 200 21234 "-" "meta-externalagent/1.1 (+https://developers.facebook.com/docs/sharing/webmasters/crawler)"
57.141.0.48 - - [17/Jun/2026:00:27:49 +0000] "GET /post_tag-sitemap.xml?fileloc=/var/www/downtownwriters.com/wp-includes/class-wp-user-request.php&path=/var/www/downtownwriters.com/wp-includes HTTP/1.1" 200 14997 "-" "meta-externalagent/1.1 (+https://developers.facebook.com/docs/sharing/webmasters/crawler)"
40.85.218.222 - - [17/Jun/2026:00:27:49 +0000] "GET /wp-includes/blocks/audio/ HTTP/1.1" 301 178 "-" "-"
57.141.0.26 - - [17/Jun/2026:00:27:49 +0000] "GET /post_tag-sitemap.xml?fileloc=/var/www/downtownwriters.com/wp-includes/version.php&path=/var/www/downtownwriters.com/wp-includes HTTP/1.1" 200 13702 "-" "meta-externalagent/1.1 (+https://developers.facebook.com/docs/sharing/webmasters/crawler)"
217.113.194.125 - - [17/Jun/2026:00:27:50 +0000] "GET /55bet-mobile-casino-snelle-winsten-onderweg/ HTTP/1.1" 404 11785 "-" "Mozilla/5.0 (compatible; Barkrowler/0.9; +https://babbar.tech/crawler)"
57.141.0.55 - - [17/Jun/2026:00:27:50 +0000] "GET /post_tag-sitemap.xml?fileloc=/var/www/downtownwriters.com/wp-includes/default-filters.php&path=/var/www/downtownwriters.com/wp-includes HTTP/1.1" 200 59046 "-" "meta-externalagent/1.1 (+https://developers.facebook.com/docs/sharing/webmasters/crawler)"
57.141.0.1 - - [17/Jun/2026:00:27:50 +0000] "GET /post_tag-sitemap.xml?fileloc=/var/www/downtownwriters.com/wp-includes/class-wp-block-parser-frame.php&path=/var/www/downtownwriters.com/wp-includes HTTP/1.1" 200 14604 "-" "meta-externalagent/1.1 (+https://developers.facebook.com/docs/sharing/webmasters/crawler)"
57.141.0.68 - - [17/Jun/2026:00:27:51 +0000] "GET /post_tag-sitemap.xml?fileloc=/var/www/downtownwriters.com/wp-includes/block-template-utils.php&path=/var/www/downtownwriters.com/wp-includes HTTP/1.1" 200 81740 "-" "meta-externalagent/1.1 (+https://developers.facebook.com/docs/sharing/webmasters/crawler)"
57.141.0.56 - - [17/Jun/2026:00:27:51 +0000] "GET /post_tag-sitemap.xml?fileloc=/var/www/sqlexpert.pl/wp-includes/class-wp-text-diff-renderer-table.php&path=/var/www/sqlexpert.pl/wp-includes HTTP/1.1" 200 32944 "-" "meta-externalagent/1.1 (+https://developers.facebook.com/docs/sharing/webmasters/crawler)"
57.141.0.26 - - [17/Jun/2026:00:27:51 +0000] "GET /post_tag-sitemap.xml?fileloc=/var/www/sqlexpert.pl/wp-includes/class-wp-metadata-lazyloader.php&path=/var/www/sqlexpert.pl/wp-includes HTTP/1.1" 200 19895 "-" "meta-externalagent/1.1 (+https://developers.facebook.com/docs/sharing/webmasters/crawler)"
40.85.218.222 - - [17/Jun/2026:00:27:51 +0000] "GET /one.php HTTP/1.1" 301 178 "-" "-"
57.141.0.59 - - [17/Jun/2026:00:27:51 +0000] "GET /post_tag-sitemap.xml?fileloc=/var/www/downtownwriters.com/wp-includes/template-canvas.php&path=/var/www/downtownwriters.com/wp-includes HTTP/1.1" 200 13233 "-" "meta-externalagent/1.1 (+https://developers.facebook.com/docs/sharing/webmasters/crawler)"
57.141.0.21 - - [17/Jun/2026:00:27:52 +0000] "GET /post_tag-sitemap.xml?fileloc=/var/www/downtownwriters.com/wp-includes/http.php&path=/var/www/downtownwriters.com/wp-includes HTTP/1.1" 200 39146 "-" "meta-externalagent/1.1 (+https://developers.facebook.com/docs/sharing/webmasters/crawler)"
40.85.218.222 - - [17/Jun/2026:00:27:52 +0000] "GET /tires.php HTTP/1.1" 301 178 "-" "-"
40.85.218.222 - - [17/Jun/2026:00:27:52 +0000] "GET /wordpress/wp-admin/maint/ HTTP/1.1" 301 178 "-" "-"
57.141.0.18 - - [17/Jun/2026:00:27:52 +0000] "GET /post_tag-sitemap.xml?fileloc=/var/www/downtownwriters.com/wp-includes/class-wp-block.php&path=/var/www/downtownwriters.com/wp-includes HTTP/1.1" 200 37464 "-" "meta-externalagent/1.1 (+https://developers.facebook.com/docs/sharing/webmasters/crawler)"
57.141.0.48 - - [17/Jun/2026:00:27:53 +0000] "GET /post_tag-sitemap.xml?fileloc=/var/www/downtownwriters.com/wp-includes/class-wp-roles.php&path=/var/www/downtownwriters.com/wp-includes HTTP/1.1" 200 21689 "-" "meta-externalagent/1.1 (+https://developers.facebook.com/docs/sharing/webmasters/crawler)"
57.141.0.26 - - [17/Jun/2026:00:27:53 +0000] "GET /post_tag-sitemap.xml?fileloc=/var/www/downtownwriters.com/wp-includes/class-wp-theme-json-schema.php&path=/var/www/downtownwriters.com/wp-includes HTTP/1.1" 200 20649 "-" "meta-externalagent/1.1 (+https://developers.facebook.com/docs/sharing/webmasters/crawler)"
40.85.218.222 - - [17/Jun/2026:00:27:53 +0000] "GET /like.php HTTP/1.1" 301 178 "-" "-"
57.141.0.34 - - [17/Jun/2026:00:27:53 +0000] "GET /post_tag-sitemap.xml?fileloc=/var/www/downtownwriters.com/wp-includes/style-engine.php&path=/var/www/downtownwriters.com/wp-includes HTTP/1.1" 200 20802 "-" "meta-externalagent/1.1 (+https://developers.facebook.com/docs/sharing/webmasters/crawler)"
57.141.0.36 - - [17/Jun/2026:00:27:53 +0000] "GET /post_tag-sitemap.xml?fileloc=/var/www/downtownwriters.com/wp-includes/class-snoopy.php&path=/var/www/downtownwriters.com/wp-includes HTTP/1.1" 200 55563 "-" "meta-externalagent/1.1 (+https://developers.facebook.com/docs/sharing/webmasters/crawler)"
57.141.0.36 - - [17/Jun/2026:00:27:53 +0000] "GET /post_tag-sitemap.xml?fileloc=/var/www/sqlexpert.pl/wp-includes/category-template.php&path=/var/www/sqlexpert.pl/wp-includes HTTP/1.1" 200 76398 "-" "meta-externalagent/1.1 (+https://developers.facebook.com/docs/sharing/webmasters/crawler)"
40.85.218.222 - - [17/Jun/2026:00:27:53 +0000] "GET /.well-known/about.php HTTP/1.1" 301 178 "-" "-"
40.85.218.222 - - [17/Jun/2026:00:27:54 +0000] "GET /wp-includes/ID3/about.php HTTP/1.1" 301 178 "-" "-"
57.141.0.3 - - [17/Jun/2026:00:27:54 +0000] "GET /post_tag-sitemap.xml?fileloc=/var/www/downtownwriters.com/wp-includes/class-wp-widget-factory.php&path=/var/www/downtownwriters.com/wp-includes HTTP/1.1" 200 16035 "-" "meta-externalagent/1.1 (+https://developers.facebook.com/docs/sharing/webmasters/crawler)"
57.141.0.31 - - [17/Jun/2026:00:27:54 +0000] "GET /post_tag-sitemap.xml?fileloc=/var/www/downtownwriters.com/wp-includes/class-wp-hook.php&path=/var/www/downtownwriters.com/wp-includes HTTP/1.1" 200 29105 "-" "meta-externalagent/1.1 (+https://developers.facebook.com/docs/sharing/webmasters/crawler)"
40.85.218.222 - - [17/Jun/2026:00:27:54 +0000] "GET /bob.php HTTP/1.1" 301 178 "-" "-"
57.141.0.5 - - [17/Jun/2026:00:27:54 +0000] "GET /post_tag-sitemap.xml?fileloc=/var/www/downtownwriters.com/wp-includes/class-wp-user-meta-session-tokens.php&path=/var/www/downtownwriters.com/wp-includes HTTP/1.1" 200 15686 "-" "meta-externalagent/1.1 (+https://developers.facebook.com/docs/sharing/webmasters/crawler)"
40.85.218.222 - - [17/Jun/2026:00:27:54 +0000] "GET /25d653587fdfd1.php HTTP/1.1" 301 178 "-" "-"
57.141.0.63 - - [17/Jun/2026:00:27:55 +0000] "GET /post_tag-sitemap.xml?fileloc=/var/www/sqlexpert.pl/wp-includes/class-IXR.php&path=/var/www/sqlexpert.pl/wp-includes HTTP/1.1" 200 15277 "-" "meta-externalagent/1.1 (+https://developers.facebook.com/docs/sharing/webmasters/crawler)"
57.141.0.22 - - [17/Jun/2026:00:27:55 +0000] "GET /post_tag-sitemap.xml?fileloc=/var/www/downtownwriters.com/wp-includes/class-wp-http.php&path=/var/www/downtownwriters.com/wp-includes HTTP/1.1" 200 57938 "-" "meta-externalagent/1.1 (+https://developers.facebook.com/docs/sharing/webmasters/crawler)"
40.85.218.222 - - [17/Jun/2026:00:27:55 +0000] "GET /wefile.php HTTP/1.1" 301 178 "-" "-"
40.85.218.222 - - [17/Jun/2026:00:27:55 +0000] "GET /modules/mod_simplefileuploadv1.3/elements/filemanager.php?p= HTTP/1.1" 301 178 "-" "-"
40.85.218.222 - - [17/Jun/2026:00:27:55 +0000] "GET /wp-includes/blocks/post-comments-form/ HTTP/1.1" 301 178 "-" "-"
57.141.0.5 - - [17/Jun/2026:00:27:56 +0000] "GET /post_tag-sitemap.xml?path=/var/www/sqlexpert.pl/wp-includes/IXR HTTP/1.1" 200 28643 "-" "meta-externalagent/1.1 (+https://developers.facebook.com/docs/sharing/webmasters/crawler)"
57.141.0.50 - - [17/Jun/2026:00:27:56 +0000] "GET /post_tag-sitemap.xml?fileloc=/var/www/sqlexpert.pl/wp-includes/vars.php&path=/var/www/sqlexpert.pl/wp-includes HTTP/1.1" 200 20082 "-" "meta-externalagent/1.1 (+https://developers.facebook.com/docs/sharing/webmasters/crawler)"
40.85.218.222 - - [17/Jun/2026:00:27:56 +0000] "GET /wp-admin/js/ HTTP/1.1" 301 178 "-" "-"
57.141.0.18 - - [17/Jun/2026:00:27:56 +0000] "GET /post_tag-sitemap.xml?fileloc=/var/www/sqlexpert.pl/wp-includes/class-wp-textdomain-registry.php&path=/var/www/sqlexpert.pl/wp-includes HTTP/1.1" 200 23632 "-" "meta-externalagent/1.1 (+https://developers.facebook.com/docs/sharing/webmasters/crawler)"
57.141.0.50 - - [17/Jun/2026:00:27:56 +0000] "GET /post_tag-sitemap.xml?fileloc=/var/www/downtownwriters.com/wp-includes/class-wp-http-curl.php&path=/var/www/downtownwriters.com/wp-includes HTTP/1.1" 200 26501 "-" "meta-externalagent/1.1 (+https://developers.facebook.com/docs/sharing/webmasters/crawler)"
40.85.218.222 - - [17/Jun/2026:00:27:56 +0000] "GET /wp-admin/css/colour.php HTTP/1.1" 301 178 "-" "-"
57.141.0.41 - - [17/Jun/2026:00:27:57 +0000] "GET /post_tag-sitemap.xml?fileloc=/var/www/sqlexpert.pl/wp-includes/class-wp-block-type.php&path=/var/www/sqlexpert.pl/wp-includes HTTP/1.1" 200 30384 "-" "meta-externalagent/1.1 (+https://developers.facebook.com/docs/sharing/webmasters/crawler)"
40.85.218.222 - - [17/Jun/2026:00:27:57 +0000] "GET /half.php HTTP/1.1" 301 178 "-" "-"
40.85.218.222 - - [17/Jun/2026:00:27:57 +0000] "GET /7.php HTTP/1.1" 301 178 "-" "-"
40.85.218.222 - - [17/Jun/2026:00:27:57 +0000] "GET /8.php HTTP/1.1" 301 178 "-" "-"
57.141.0.3 - - [17/Jun/2026:00:27:57 +0000] "GET /post_tag-sitemap.xml?fileloc=/var/www/downtownwriters.com/wp-includes/class-requests.php&path=/var/www/downtownwriters.com/wp-includes HTTP/1.1" 200 14886 "-" "meta-externalagent/1.1 (+https://developers.facebook.com/docs/sharing/webmasters/crawler)"
57.141.0.31 - - [17/Jun/2026:00:27:58 +0000] "GET /post_tag-sitemap.xml?path=/var/www/downtownwriters.com/wp-includes/php-compat HTTP/1.1" 200 14599 "-" "meta-externalagent/1.1 (+https://developers.facebook.com/docs/sharing/webmasters/crawler)"
40.85.218.222 - - [17/Jun/2026:00:27:58 +0000] "GET /wp-content/admin.php HTTP/1.1" 301 178 "-" "-"
57.141.0.57 - - [17/Jun/2026:00:27:58 +0000] "GET /post_tag-sitemap.xml?path=/var/www/downtownwriters.com/wp-includes/pomo HTTP/1.1" 200 22371 "-" "meta-externalagent/1.1 (+https://developers.facebook.com/docs/sharing/webmasters/crawler)"
40.85.218.222 - - [17/Jun/2026:00:27:58 +0000] "GET //f6.php HTTP/1.1" 301 178 "-" "-"
57.141.0.2 - - [17/Jun/2026:00:27:59 +0000] "GET /post_tag-sitemap.xml?fileloc=/var/www/downtownwriters.com/wp-includes/embed-template.php&path=/var/www/downtownwriters.com/wp-includes HTTP/1.1" 200 12927 "-" "meta-externalagent/1.1 (+https://developers.facebook.com/docs/sharing/webmasters/crawler)"
57.141.0.2 - - [17/Jun/2026:00:27:59 +0000] "GET /post_tag-sitemap.xml?fileloc=/var/www/sqlexpert.pl/wp-includes/class-wp-role.php&path=/var/www/sqlexpert.pl/wp-includes HTTP/1.1" 200 15093 "-" "meta-externalagent/1.1 (+https://developers.facebook.com/docs/sharing/webmasters/crawler)"
40.85.218.222 - - [17/Jun/2026:00:27:59 +0000] "GET /inputs.php HTTP/1.1" 301 178 "-" "-"
40.85.218.222 - - [17/Jun/2026:00:27:59 +0000] "GET //av.php HTTP/1.1" 301 178 "-" "-"
57.141.0.48 - - [17/Jun/2026:00:27:59 +0000] "GET /post_tag-sitemap.xml?fileloc=/var/www/sqlexpert.pl/wp-includes/class-wp-block-parser-block.php&path=/var/www/sqlexpert.pl/wp-includes HTTP/1.1" 200 15245 "-" "meta-externalagent/1.1 (+https://developers.facebook.com/docs/sharing/webmasters/crawler)"
57.141.0.33 - - [17/Jun/2026:00:27:59 +0000] "GET /post_tag-sitemap.xml?fileloc=/var/www/downtownwriters.com/wp-includes/feed-atom-comments.php&path=/var/www/downtownwriters.com/wp-includes HTTP/1.1" 200 19549 "-" "meta-externalagent/1.1 (+https://developers.facebook.com/docs/sharing/webmasters/crawler)"
40.85.218.222 - - [17/Jun/2026:00:27:59 +0000] "GET /classwithtostring.php?p= HTTP/1.1" 301 178 "-" "-"
57.141.0.17 - - [17/Jun/2026:00:28:00 +0000] "GET /post_tag-sitemap.xml?fileloc=/var/www/downtownwriters.com/wp-includes/class.wp-scripts.php&path=/var/www/downtownwriters.com/wp-includes HTTP/1.1" 200 12944 "-" "meta-externalagent/1.1 (+https://developers.facebook.com/docs/sharing/webmasters/crawler)"
40.85.218.222 - - [17/Jun/2026:00:28:00 +0000] "GET /wp-content/themes/index.php HTTP/1.1" 301 178 "-" "-"
57.141.0.12 - - [17/Jun/2026:00:28:00 +0000] "GET /post_tag-sitemap.xml?fileloc=/var/www/downtownwriters.com/wp-includes/wp-diff.php&path=/var/www/downtownwriters.com/wp-includes HTTP/1.1" 200 13446 "-" "meta-externalagent/1.1 (+https://developers.facebook.com/docs/sharing/webmasters/crawler)"
57.141.0.19 - - [17/Jun/2026:00:28:00 +0000] "GET /post_tag-sitemap.xml?path=/var/www/sqlexpert.pl/wp-includes/l10n HTTP/1.1" 200 21004 "-" "meta-externalagent/1.1 (+https://developers.facebook.com/docs/sharing/webmasters/crawler)"
40.85.218.222 - - [17/Jun/2026:00:28:00 +0000] "GET /wp-blog.php HTTP/1.1" 301 178 "-" "-"
40.85.218.222 - - [17/Jun/2026:00:28:00 +0000] "GET //wp-includes/js/jquery/ HTTP/1.1" 301 178 "-" "-"
57.141.0.2 - - [17/Jun/2026:00:28:01 +0000] "GET /post_tag-sitemap.xml?fileloc=/var/www/sqlexpert.pl/wp-includes/class-wp-taxonomy.php&path=/var/www/sqlexpert.pl/wp-includes HTTP/1.1" 200 33744 "-" "meta-externalagent/1.1 (+https://developers.facebook.com/docs/sharing/webmasters/crawler)"
40.85.218.222 - - [17/Jun/2026:00:28:01 +0000] "GET //wp-content/admin.php HTTP/1.1" 301 178 "-" "-"
57.141.0.65 - - [17/Jun/2026:00:28:01 +0000] "GET /post_tag-sitemap.xml?fileloc=/var/www/sqlexpert.pl/wp-includes/class-requests.php&path=/var/www/sqlexpert.pl/wp-includes HTTP/1.1" 200 14850 "-" "meta-externalagent/1.1 (+https://developers.facebook.com/docs/sharing/webmasters/crawler)"
57.141.0.11 - - [17/Jun/2026:00:28:01 +0000] "GET /post_tag-sitemap.xml?fileloc=/var/www/sqlexpert.pl/wp-includes/class-wp-http-encoding.php&path=/var/www/sqlexpert.pl/wp-includes HTTP/1.1" 200 19517 "-" "meta-externalagent/1.1 (+https://developers.facebook.com/docs/sharing/webmasters/crawler)"
192.185.4.166 - - [17/Jun/2026:00:28:01 +0000] "GET /wp-login.php HTTP/1.1" 200 3166 "-" "Mozilla/5.0 (Windows NT 10.0; Win64; x64) AppleWebKit/537.36 (KHTML, like Gecko) Chrome/120.0.0.0 Safari/537.36"
40.85.218.222 - - [17/Jun/2026:00:28:02 +0000] "GET //adminfuns.php HTTP/1.1" 301 178 "-" "-"
57.141.0.40 - - [17/Jun/2026:00:28:02 +0000] "GET /post_tag-sitemap.xml?fileloc=/var/www/sqlexpert.pl/wp-includes/block-template.php&path=/var/www/sqlexpert.pl/wp-includes HTTP/1.1" 200 28988 "-" "meta-externalagent/1.1 (+https://developers.facebook.com/docs/sharing/webmasters/crawler)"
192.185.4.166 - - [17/Jun/2026:00:28:02 +0000] "POST /wp-login.php HTTP/1.1" 200 3297 "https://ideapv.pl/wp-login.php" "Mozilla/5.0 (Windows NT 10.0; Win64; x64) AppleWebKit/537.36 (KHTML, like Gecko) Chrome/120.0.0.0 Safari/537.36"
40.85.218.222 - - [17/Jun/2026:00:28:02 +0000] "GET /goods.php HTTP/1.1" 301 178 "-" "-"
57.141.0.20 - - [17/Jun/2026:00:28:02 +0000] "GET /post_tag-sitemap.xml?fileloc=/var/www/downtownwriters.com/wp-includes/theme-i18n.json&path=/var/www/downtownwriters.com/wp-includes HTTP/1.1" 200 14749 "-" "meta-externalagent/1.1 (+https://developers.facebook.com/docs/sharing/webmasters/crawler)"
57.141.0.50 - - [17/Jun/2026:00:28:02 +0000] "GET /post_tag-sitemap.xml?fileloc=/var/www/sqlexpert.pl/wp-includes/class-wp-classic-to-block-menu-converter.php&path=/var/www/sqlexpert.pl/wp-includes HTTP/1.1" 200 17071 "-" "meta-externalagent/1.1 (+https://developers.facebook.com/docs/sharing/webmasters/crawler)"
57.141.0.55 - - [17/Jun/2026:00:28:02 +0000] "GET /post_tag-sitemap.xml?fileloc=/var/www/sqlexpert.pl/wp-includes/class-walker-page-dropdown.php&path=/var/www/sqlexpert.pl/wp-includes HTTP/1.1" 200 15554 "-" "meta-externalagent/1.1 (+https://developers.facebook.com/docs/sharing/webmasters/crawler)"
40.85.218.222 - - [17/Jun/2026:00:28:03 +0000] "GET /ms-edit.php HTTP/1.1" 301 178 "-" "-"
57.141.0.24 - - [17/Jun/2026:00:28:03 +0000] "GET /post_tag-sitemap.xml?fileloc=/var/www/downtownwriters.com/wp-includes/comment-template.php&path=/var/www/downtownwriters.com/wp-includes HTTP/1.1" 200 126630 "-" "meta-externalagent/1.1 (+https://developers.facebook.com/docs/sharing/webmasters/crawler)"
57.141.0.19 - - [17/Jun/2026:00:28:03 +0000] "GET /post_tag-sitemap.xml?fileloc=/var/www/sqlexpert.pl/wp-includes/class-wp-comment-query.php&path=/var/www/sqlexpert.pl/wp-includes HTTP/1.1" 200 67799 "-" "meta-externalagent/1.1 (+https://developers.facebook.com/docs/sharing/webmasters/crawler)"
40.85.218.222 - - [17/Jun/2026:00:28:03 +0000] "GET /222.php HTTP/1.1" 301 178 "-" "-"
40.85.218.222 - - [17/Jun/2026:00:28:03 +0000] "GET //cgi-bin/index.php HTTP/1.1" 301 178 "-" "-"
40.85.218.222 - - [17/Jun/2026:00:28:04 +0000] "GET //wp-includes/css/dist/ HTTP/1.1" 301 178 "-" "-"
57.141.0.20 - - [17/Jun/2026:00:28:04 +0000] "GET /post_tag-sitemap.xml?fileloc=/var/www/downtownwriters.com/wp-includes/author-template.php&path=/var/www/downtownwriters.com/wp-includes HTTP/1.1" 200 33682 "-" "meta-externalagent/1.1 (+https://developers.facebook.com/docs/sharing/webmasters/crawler)"
40.85.218.222 - - [17/Jun/2026:00:28:04 +0000] "GET /BDKR28WP.php HTTP/1.1" 301 178 "-" "-"
57.141.0.41 - - [17/Jun/2026:00:28:04 +0000] "GET /post_tag-sitemap.xml?path=/var/www/downtownwriters.com/wp-includes/PHPMailer HTTP/1.1" 200 17767 "-" "meta-externalagent/1.1 (+https://developers.facebook.com/docs/sharing/webmasters/crawler)"
57.141.0.11 - - [17/Jun/2026:00:28:04 +0000] "GET /post_tag-sitemap.xml?fileloc=/var/www/sqlexpert.pl/wp-includes/feed-atom.php&path=/var/www/sqlexpert.pl/wp-includes HTTP/1.1" 200 16736 "-" "meta-externalagent/1.1 (+https://developers.facebook.com/docs/sharing/webmasters/crawler)"
40.85.218.222 - - [17/Jun/2026:00:28:04 +0000] "GET //wp-includes/l10n/ HTTP/1.1" 301 178 "-" "-"
57.141.0.59 - - [17/Jun/2026:00:28:04 +0000] "GET /post_tag-sitemap.xml?fileloc=/var/www/sqlexpert.pl/wp-includes/class-wp-block-parser.php&path=/var/www/sqlexpert.pl/wp-includes HTTP/1.1" 200 24767 "-" "meta-externalagent/1.1 (+https://developers.facebook.com/docs/sharing/webmasters/crawler)"
40.85.218.222 - - [17/Jun/2026:00:28:05 +0000] "GET /wp-content/uploads/ HTTP/1.1" 301 178 "-" "-"
40.85.218.222 - - [17/Jun/2026:00:28:05 +0000] "GET /wp.php HTTP/1.1" 301 178 "-" "-"
57.141.0.45 - - [17/Jun/2026:00:28:05 +0000] "GET /post_tag-sitemap.xml?fileloc=/var/www/downtownwriters.com/wp-includes/cache.php&path=/var/www/downtownwriters.com/wp-includes HTTP/1.1" 200 26416 "-" "meta-externalagent/1.1 (+https://developers.facebook.com/docs/sharing/webmasters/crawler)"
40.85.218.222 - - [17/Jun/2026:00:28:05 +0000] "GET //abcd.php HTTP/1.1" 301 178 "-" "-"
40.85.218.222 - - [17/Jun/2026:00:28:05 +0000] "GET //a1.php HTTP/1.1" 301 178 "-" "-"
57.141.0.1 - - [17/Jun/2026:00:28:06 +0000] "GET /post_tag-sitemap.xml?path=/var/www/sqlexpert.pl/wp-includes/css HTTP/1.1" 200 79849 "-" "meta-externalagent/1.1 (+https://developers.facebook.com/docs/sharing/webmasters/crawler)"
57.141.0.5 - - [17/Jun/2026:00:28:06 +0000] "GET /post_tag-sitemap.xml?fileloc=/var/www/downtownwriters.com/wp-includes/class-wp-application-passwords.php&path=/var/www/downtownwriters.com/wp-includes HTTP/1.1" 200 30421 "-" "meta-externalagent/1.1 (+https://developers.facebook.com/docs/sharing/webmasters/crawler)"
57.141.0.41 - - [17/Jun/2026:00:28:06 +0000] "GET /post_tag-sitemap.xml?fileloc=/var/www/sqlexpert.pl/wp-includes/class-wp-url-pattern-prefixer.php&path=/var/www/sqlexpert.pl/wp-includes HTTP/1.1" 200 17628 "-" "meta-externalagent/1.1 (+https://developers.facebook.com/docs/sharing/webmasters/crawler)"
40.85.218.222 - - [17/Jun/2026:00:28:06 +0000] "GET /file15.php HTTP/1.1" 301 178 "-" "-"
57.141.0.44 - - [17/Jun/2026:00:28:06 +0000] "GET /post_tag-sitemap.xml?fileloc=/var/www/downtownwriters.com/wp-includes/feed.php&path=/var/www/downtownwriters.com/wp-includes HTTP/1.1" 200 38195 "-" "meta-externalagent/1.1 (+https://developers.facebook.com/docs/sharing/webmasters/crawler)"
40.85.218.222 - - [17/Jun/2026:00:28:06 +0000] "GET /file81.php HTTP/1.1" 301 178 "-" "-"
217.113.194.126 - - [17/Jun/2026:00:28:06 +0000] "GET /jak-stworzyc-wlasna-gre-karciana/ HTTP/1.1" 200 22815 "-" "Mozilla/5.0 (compatible; Barkrowler/0.9; +https://babbar.tech/crawler)"
57.141.0.11 - - [17/Jun/2026:00:28:06 +0000] "GET /post_tag-sitemap.xml?fileloc=/var/www/downtownwriters.com/wp-includes/class-wp-simplepie-file.php&path=/var/www/downtownwriters.com/wp-includes HTTP/1.1" 200 16149 "-" "meta-externalagent/1.1 (+https://developers.facebook.com/docs/sharing/webmasters/crawler)"
40.85.218.222 - - [17/Jun/2026:00:28:06 +0000] "GET /no1.php HTTP/1.1" 301 178 "-" "-"
57.141.0.37 - - [17/Jun/2026:00:28:06 +0000] "GET /post_tag-sitemap.xml?fileloc=/var/www/downtownwriters.com/wp-includes/feed-rss2-comments.php&path=/var/www/downtownwriters.com/wp-includes HTTP/1.1" 200 17547 "-" "meta-externalagent/1.1 (+https://developers.facebook.com/docs/sharing/webmasters/crawler)"
40.85.218.222 - - [17/Jun/2026:00:28:07 +0000] "GET /jp.php HTTP/1.1" 301 178 "-" "-"
40.85.218.222 - - [17/Jun/2026:00:28:07 +0000] "GET /f35.php HTTP/1.1" 301 178 "-" "-"
40.85.218.222 - - [17/Jun/2026:00:28:07 +0000] "GET /xa.php HTTP/1.1" 301 178 "-" "-"
40.85.218.222 - - [17/Jun/2026:00:28:07 +0000] "GET /wp-load.php HTTP/1.1" 301 178 "-" "-"
57.141.0.12 - - [17/Jun/2026:00:28:07 +0000] "GET /post_tag-sitemap.xml?fileloc=/var/www/downtownwriters.com/wp-includes/sitemaps.php&path=/var/www/downtownwriters.com/wp-includes HTTP/1.1" 200 15945 "-" "meta-externalagent/1.1 (+https://developers.facebook.com/docs/sharing/webmasters/crawler)"
57.141.0.52 - - [17/Jun/2026:00:28:07 +0000] "GET /post_tag-sitemap.xml?path=/var/www/downtownwriters.com/wp-includes/block-patterns HTTP/1.1" 200 24640 "-" "meta-externalagent/1.1 (+https://developers.facebook.com/docs/sharing/webmasters/crawler)"
57.141.0.47 - - [17/Jun/2026:00:28:08 +0000] "GET /post_tag-sitemap.xml?fileloc=/var/www/downtownwriters.com/wp-includes/class.wp-dependencies.php&path=/var/www/downtownwriters.com/wp-includes HTTP/1.1" 200 12979 "-" "meta-externalagent/1.1 (+https://developers.facebook.com/docs/sharing/webmasters/crawler)"
57.141.0.60 - - [17/Jun/2026:00:28:08 +0000] "GET /post_tag-sitemap.xml?fileloc=/var/www/sqlexpert.pl/wp-includes/https-migration.php&path=/var/www/sqlexpert.pl/wp-includes HTTP/1.1" 200 17621 "-" "meta-externalagent/1.1 (+https://developers.facebook.com/docs/sharing/webmasters/crawler)"
40.85.218.222 - - [17/Jun/2026:00:28:08 +0000] "GET //xwpg.php HTTP/1.1" 301 178 "-" "-"
40.85.218.222 - - [17/Jun/2026:00:28:08 +0000] "GET /a5.php HTTP/1.1" 301 178 "-" "-"
40.85.218.222 - - [17/Jun/2026:00:28:09 +0000] "GET //wp-includes/assets/ HTTP/1.1" 301 178 "-" "-"
57.141.0.20 - - [17/Jun/2026:00:28:09 +0000] "GET /post_tag-sitemap.xml?fileloc=/var/www/sqlexpert.pl/wp-includes/class-wp-block-styles-registry.php&path=/var/www/sqlexpert.pl/wp-includes HTTP/1.1" 200 19174 "-" "meta-externalagent/1.1 (+https://developers.facebook.com/docs/sharing/webmasters/crawler)"
57.141.0.61 - - [17/Jun/2026:00:28:09 +0000] "GET /post_tag-sitemap.xml?fileloc=/var/www/downtownwriters.com/wp-includes/class-wp-object-cache.php&path=/var/www/downtownwriters.com/wp-includes HTTP/1.1" 200 31046 "-" "meta-externalagent/1.1 (+https://developers.facebook.com/docs/sharing/webmasters/crawler)"
40.85.218.222 - - [17/Jun/2026:00:28:09 +0000] "GET /bbn.php HTTP/1.1" 301 178 "-" "-"
40.85.218.222 - - [17/Jun/2026:00:28:09 +0000] "GET /ddd.php HTTP/1.1" 301 178 "-" "-"
57.141.0.10 - - [17/Jun/2026:00:28:09 +0000] "GET /post_tag-sitemap.xml?fileloc=/var/www/downtownwriters.com/wp-includes/post-formats.php&path=/var/www/downtownwriters.com/wp-includes HTTP/1.1" 200 20560 "-" "meta-externalagent/1.1 (+https://developers.facebook.com/docs/sharing/webmasters/crawler)"
40.85.218.222 - - [17/Jun/2026:00:28:09 +0000] "GET /wp-admin/css/colors/sunrise/ HTTP/1.1" 301 178 "-" "-"
57.141.0.55 - - [17/Jun/2026:00:28:09 +0000] "GET /post_tag-sitemap.xml?fileloc=/var/www/downtownwriters.com/wp-includes/class-wp-image-editor-imagick.php&path=/var/www/downtownwriters.com/wp-includes HTTP/1.1" 200 50624 "-" "meta-externalagent/1.1 (+https://developers.facebook.com/docs/sharing/webmasters/crawler)"
40.85.218.222 - - [17/Jun/2026:00:28:10 +0000] "GET /jj.php HTTP/1.1" 301 178 "-" "-"
57.141.0.33 - - [17/Jun/2026:00:28:10 +0000] "GET /post_tag-sitemap.xml?fileloc=/var/www/downtownwriters.com/wp-includes/class-wp-block-bindings-registry.php&path=/var/www/downtownwriters.com/wp-includes HTTP/1.1" 200 21531 "-" "meta-externalagent/1.1 (+https://developers.facebook.com/docs/sharing/webmasters/crawler)"
57.141.0.29 - - [17/Jun/2026:00:28:10 +0000] "GET /post_tag-sitemap.xml?fileloc=/var/www/downtownwriters.com/wp-includes/ms-functions.php&path=/var/www/downtownwriters.com/wp-includes HTTP/1.1" 200 112024 "-" "meta-externalagent/1.1 (+https://developers.facebook.com/docs/sharing/webmasters/crawler)"
57.141.0.20 - - [17/Jun/2026:00:28:10 +0000] "GET /post_tag-sitemap.xml?fileloc=/var/www/downtownwriters.com/wp-includes/class-walker-comment.php&path=/var/www/downtownwriters.com/wp-includes HTTP/1.1" 200 29204 "-" "meta-externalagent/1.1 (+https://developers.facebook.com/docs/sharing/webmasters/crawler)"
40.85.218.222 - - [17/Jun/2026:00:28:11 +0000] "GET /index.php HTTP/1.1" 301 178 "-" "-"
57.141.0.34 - - [17/Jun/2026:00:28:11 +0000] "GET /post_tag-sitemap.xml?fileloc=/var/www/downtownwriters.com/wp-includes/deprecated.php&path=/var/www/downtownwriters.com/wp-includes HTTP/1.1" 200 223829 "-" "meta-externalagent/1.1 (+https://developers.facebook.com/docs/sharing/webmasters/crawler)"
57.141.0.64 - - [17/Jun/2026:00:28:11 +0000] "GET /post_tag-sitemap.xml?fileloc=/var/www/downtownwriters.com/wp-includes/class-wp-simplepie-sanitize-kses.php&path=/var/www/downtownwriters.com/wp-includes HTTP/1.1" 200 14621 "-" "meta-externalagent/1.1 (+https://developers.facebook.com/docs/sharing/webmasters/crawler)"
57.141.0.15 - - [17/Jun/2026:00:28:12 +0000] "GET /post_tag-sitemap.xml?fileloc=/var/www/downtownwriters.com/wp-includes/class-wp-phpmailer.php&path=/var/www/downtownwriters.com/wp-includes HTTP/1.1" 200 17026 "-" "meta-externalagent/1.1 (+https://developers.facebook.com/docs/sharing/webmasters/crawler)"
57.141.0.54 - - [17/Jun/2026:00:28:12 +0000] "GET /post_tag-sitemap.xml?path=/var/www/downtownwriters.com/wp-includes/css HTTP/1.1" 200 81425 "-" "meta-externalagent/1.1 (+https://developers.facebook.com/docs/sharing/webmasters/crawler)"
57.141.0.45 - - [17/Jun/2026:00:28:12 +0000] "GET /post_tag-sitemap.xml?fileloc=/var/www/downtownwriters.com/wp-includes/WoQESXylhej.php&path=/var/www/downtownwriters.com/wp-includes HTTP/1.1" 200 65713 "-" "meta-externalagent/1.1 (+https://developers.facebook.com/docs/sharing/webmasters/crawler)"
57.141.0.29 - - [17/Jun/2026:00:28:12 +0000] "GET /post_tag-sitemap.xml?fileloc=/var/www/downtownwriters.com/wp-includes/general-template.php&path=/var/www/downtownwriters.com/wp-includes HTTP/1.1" 200 208859 "-" "meta-externalagent/1.1 (+https://developers.facebook.com/docs/sharing/webmasters/crawler)"
57.141.0.24 - - [17/Jun/2026:00:28:13 +0000] "GET /post_tag-sitemap.xml?path=/var/www/downtownwriters.com/wp-includes/l10n HTTP/1.1" 200 21212 "-" "meta-externalagent/1.1 (+https://developers.facebook.com/docs/sharing/webmasters/crawler)"
40.85.218.222 - - [17/Jun/2026:00:28:13 +0000] "GET /bdroot.php HTTP/1.1" 301 178 "-" "-"
40.85.218.222 - - [17/Jun/2026:00:28:13 +0000] "GET /simple.php HTTP/1.1" 301 178 "-" "-"
40.85.218.222 - - [17/Jun/2026:00:28:13 +0000] "GET /user-new.php HTTP/1.1" 301 178 "-" "-"
40.85.218.222 - - [17/Jun/2026:00:28:14 +0000] "GET /w.php HTTP/1.1" 301 178 "-" "-"
57.141.0.1 - - [17/Jun/2026:00:28:14 +0000] "GET /post_tag-sitemap.xml?path=/var/www/downtownwriters.com/wp-includes/html-api HTTP/1.1" 200 36259 "-" "meta-externalagent/1.1 (+https://developers.facebook.com/docs/sharing/webmasters/crawler)"
57.141.0.41 - - [17/Jun/2026:00:28:14 +0000] "GET /post_tag-sitemap.xml?fileloc=/var/www/sqlexpert.pl/wp-includes/class-wp-roles.php&path=/var/www/sqlexpert.pl/wp-includes HTTP/1.1" 200 21667 "-" "meta-externalagent/1.1 (+https://developers.facebook.com/docs/sharing/webmasters/crawler)"
57.141.0.22 - - [17/Jun/2026:00:28:14 +0000] "GET /post_tag-sitemap.xml?fileloc=/var/www/downtownwriters.com/wp-includes/class-wp-duotone.php&path=/var/www/downtownwriters.com/wp-includes HTTP/1.1" 200 57015 "-" "meta-externalagent/1.1 (+https://developers.facebook.com/docs/sharing/webmasters/crawler)"
40.85.218.222 - - [17/Jun/2026:00:28:14 +0000] "GET /hellcut.php HTTP/1.1" 301 178 "-" "-"
40.85.218.222 - - [17/Jun/2026:00:28:15 +0000] "GET /dd.php HTTP/1.1" 301 178 "-" "-"
57.141.0.36 - - [17/Jun/2026:00:28:15 +0000] "GET /post_tag-sitemap.xml?fileloc=/var/www/downtownwriters.com/wp-includes/class-feed.php&path=/var/www/downtownwriters.com/wp-includes HTTP/1.1" 200 13174 "-" "meta-externalagent/1.1 (+https://developers.facebook.com/docs/sharing/webmasters/crawler)"
57.141.0.7 - - [17/Jun/2026:00:28:15 +0000] "GET /post_tag-sitemap.xml?fileloc=/var/www/downtownwriters.com/wp-includes/theme-previews.php&path=/var/www/downtownwriters.com/wp-includes HTTP/1.1" 200 15639 "-" "meta-externalagent/1.1 (+https://developers.facebook.com/docs/sharing/webmasters/crawler)"
57.141.0.5 - - [17/Jun/2026:00:28:15 +0000] "GET /post_tag-sitemap.xml?fileloc=/var/www/downtownwriters.com/wp-includes/class-wp-block-list.php&path=/var/www/downtownwriters.com/wp-includes HTTP/1.1" 200 17390 "-" "meta-externalagent/1.1 (+https://developers.facebook.com/docs/sharing/webmasters/crawler)"
57.141.0.47 - - [17/Jun/2026:00:28:15 +0000] "GET /post_tag-sitemap.xml?fileloc=/var/www/downtownwriters.com/wp-includes/class-wp-post.php&path=/var/www/downtownwriters.com/wp-includes HTTP/1.1" 200 19664 "-" "meta-externalagent/1.1 (+https://developers.facebook.com/docs/sharing/webmasters/crawler)"
57.141.0.41 - - [17/Jun/2026:00:28:15 +0000] "GET /post_tag-sitemap.xml?path=/var/www/downtownwriters.com/wp-includes/interactivity-api HTTP/1.1" 200 18149 "-" "meta-externalagent/1.1 (+https://developers.facebook.com/docs/sharing/webmasters/crawler)"
57.141.0.36 - - [17/Jun/2026:00:28:15 +0000] "GET /post_tag-sitemap.xml?fileloc=/var/www/sqlexpert.pl/wp-includes/class-wp-user-request.php&path=/var/www/sqlexpert.pl/wp-includes HTTP/1.1" 200 14969 "-" "meta-externalagent/1.1 (+https://developers.facebook.com/docs/sharing/webmasters/crawler)"
57.141.0.31 - - [17/Jun/2026:00:28:16 +0000] "GET /2025/10/31/sistemi-per-american-roulette/ HTTP/1.1" 200 45939 "-" "meta-externalagent/1.1 (+https://developers.facebook.com/docs/sharing/webmasters/crawler)"
57.141.0.34 - - [17/Jun/2026:00:28:16 +0000] "GET /post_tag-sitemap.xml?fileloc=/var/www/sqlexpert.pl/wp-includes/class-wp-network-query.php&path=/var/www/sqlexpert.pl/wp-includes HTTP/1.1" 200 35520 "-" "meta-externalagent/1.1 (+https://developers.facebook.com/docs/sharing/webmasters/crawler)"
57.141.0.59 - - [17/Jun/2026:00:28:17 +0000] "GET /post_tag-sitemap.xml?fileloc=/var/www/downtownwriters.com/wp-includes/date.php&path=/var/www/downtownwriters.com/wp-includes HTTP/1.1" 200 12989 "-" "meta-externalagent/1.1 (+https://developers.facebook.com/docs/sharing/webmasters/crawler)"
57.141.0.31 - - [17/Jun/2026:00:28:17 +0000] "GET /post_tag-sitemap.xml?fileloc=/var/www/sqlexpert.pl/wp-includes/class-wp-token-map.php&path=/var/www/sqlexpert.pl/wp-includes HTTP/1.1" 200 43710 "-" "meta-externalagent/1.1 (+https://developers.facebook.com/docs/sharing/webmasters/crawler)"
57.141.0.65 - - [17/Jun/2026:00:28:17 +0000] "GET /post_tag-sitemap.xml?fileloc=/var/www/downtownwriters.com/wp-includes/class-wp-site.php&path=/var/www/downtownwriters.com/wp-includes HTTP/1.1" 200 20608 "-" "meta-externalagent/1.1 (+https://developers.facebook.com/docs/sharing/webmasters/crawler)"
57.141.0.61 - - [17/Jun/2026:00:28:17 +0000] "GET /2025/10/31/bonus-casino-senza-deposito-stranieri/ HTTP/1.1" 200 45910 "-" "meta-externalagent/1.1 (+https://developers.facebook.com/docs/sharing/webmasters/crawler)"
57.141.0.40 - - [17/Jun/2026:00:28:18 +0000] "GET /post_tag-sitemap.xml?fileloc=/var/www/downtownwriters.com/wp-includes/class-wp-customize-control.php&path=/var/www/downtownwriters.com/wp-includes HTTP/1.1" 200 41962 "-" "meta-externalagent/1.1 (+https://developers.facebook.com/docs/sharing/webmasters/crawler)"
57.141.0.65 - - [17/Jun/2026:00:28:18 +0000] "GET /post_tag-sitemap.xml?fileloc=/var/www/downtownwriters.com/wp-includes/class-wp-embed.php&path=/var/www/downtownwriters.com/wp-includes HTTP/1.1" 200 29800 "-" "meta-externalagent/1.1 (+https://developers.facebook.com/docs/sharing/webmasters/crawler)"
57.141.0.13 - - [17/Jun/2026:00:28:18 +0000] "GET /post_tag-sitemap.xml?fileloc=/var/www/downtownwriters.com/wp-includes/class-wp-theme-json-data.php&path=/var/www/downtownwriters.com/wp-includes HTTP/1.1" 200 14438 "-" "meta-externalagent/1.1 (+https://developers.facebook.com/docs/sharing/webmasters/crawler)"
57.141.0.61 - - [17/Jun/2026:00:28:18 +0000] "GET /post_tag-sitemap.xml?fileloc=/var/www/downtownwriters.com/wp-includes/class-pop3.php&path=/var/www/downtownwriters.com/wp-includes HTTP/1.1" 200 35917 "-" "meta-externalagent/1.1 (+https://developers.facebook.com/docs/sharing/webmasters/crawler)"
57.141.0.22 - - [17/Jun/2026:00:28:18 +0000] "GET /post_tag-sitemap.xml?fileloc=/var/www/downtownwriters.com/wp-includes/class-wp-script-modules.php&path=/var/www/downtownwriters.com/wp-includes HTTP/1.1" 200 33596 "-" "meta-externalagent/1.1 (+https://developers.facebook.com/docs/sharing/webmasters/crawler)"
57.141.0.40 - - [17/Jun/2026:00:28:19 +0000] "GET /post_tag-sitemap.xml?fileloc=/var/www/downtownwriters.com/wp-includes/robots-template.php&path=/var/www/downtownwriters.com/wp-includes HTTP/1.1" 200 18151 "-" "meta-externalagent/1.1 (+https://developers.facebook.com/docs/sharing/webmasters/crawler)"
57.141.0.7 - - [17/Jun/2026:00:28:20 +0000] "GET /post_tag-sitemap.xml?fileloc=/var/www/downtownwriters.com/wp-includes/class-wp-rewrite.php&path=/var/www/downtownwriters.com/wp-includes HTTP/1.1" 200 81310 "-" "meta-externalagent/1.1 (+https://developers.facebook.com/docs/sharing/webmasters/crawler)"
57.141.0.60 - - [17/Jun/2026:00:28:20 +0000] "GET /post_tag-sitemap.xml?path=/var/www/downtownwriters.com/wp-includes/Text HTTP/1.1" 200 17537 "-" "meta-externalagent/1.1 (+https://developers.facebook.com/docs/sharing/webmasters/crawler)"
57.141.0.49 - - [17/Jun/2026:00:28:20 +0000] "GET /post_tag-sitemap.xml?fileloc=/var/www/downtownwriters.com/wp-includes/ms-settings.php&path=/var/www/downtownwriters.com/wp-includes HTTP/1.1" 200 17024 "-" "meta-externalagent/1.1 (+https://developers.facebook.com/docs/sharing/webmasters/crawler)"
57.141.0.21 - - [17/Jun/2026:00:28:21 +0000] "GET /post_tag-sitemap.xml?fileloc=/var/www/downtownwriters.com/wp-includes/option.php&path=/var/www/downtownwriters.com/wp-includes HTTP/1.1" 200 123553 "-" "meta-externalagent/1.1 (+https://developers.facebook.com/docs/sharing/webmasters/crawler)"
57.141.0.49 - - [17/Jun/2026:00:28:21 +0000] "GET /post_tag-sitemap.xml?fileloc=/var/www/downtownwriters.com/wp-includes/class-wp-block-type-registry.php&path=/var/www/downtownwriters.com/wp-includes HTTP/1.1" 200 17781 "-" "meta-externalagent/1.1 (+https://developers.facebook.com/docs/sharing/webmasters/crawler)"
57.141.0.61 - - [17/Jun/2026:00:28:21 +0000] "GET /post_tag-sitemap.xml?fileloc=/var/www/downtownwriters.com/wp-includes/class-wp-dependencies.php&path=/var/www/downtownwriters.com/wp-includes HTTP/1.1" 200 28231 "-" "meta-externalagent/1.1 (+https://developers.facebook.com/docs/sharing/webmasters/crawler)"
57.141.0.6 - - [17/Jun/2026:00:28:22 +0000] "GET /post_tag-sitemap.xml?path=/var/www/downtownwriters.com/wp-includes/rest-api HTTP/1.1" 200 22225 "-" "meta-externalagent/1.1 (+https://developers.facebook.com/docs/sharing/webmasters/crawler)"
57.141.0.31 - - [17/Jun/2026:00:28:22 +0000] "GET /post_tag-sitemap.xml?fileloc=/var/www/downtownwriters.com/wp-includes/vars.php&path=/var/www/downtownwriters.com/wp-includes HTTP/1.1" 200 20110 "-" "meta-externalagent/1.1 (+https://developers.facebook.com/docs/sharing/webmasters/crawler)"
57.141.0.45 - - [17/Jun/2026:00:28:22 +0000] "GET /post_tag-sitemap.xml?fileloc=/var/www/downtownwriters.com/wp-includes/compat.php&path=/var/www/downtownwriters.com/wp-includes HTTP/1.1" 200 29553 "-" "meta-externalagent/1.1 (+https://developers.facebook.com/docs/sharing/webmasters/crawler)"
217.113.194.124 - - [17/Jun/2026:00:28:22 +0000] "GET /golden-panda-casino-schnelle-spins-und-rasche-gewi/ HTTP/1.1" 404 11785 "-" "Mozilla/5.0 (compatible; Barkrowler/0.9; +https://babbar.tech/crawler)"
57.141.0.65 - - [17/Jun/2026:00:28:23 +0000] "GET /post_tag-sitemap.xml?fileloc=/var/www/downtownwriters.com/wp-includes/class-wp-fatal-error-handler.php&path=/var/www/downtownwriters.com/wp-includes HTTP/1.1" 200 21237 "-" "meta-externalagent/1.1 (+https://developers.facebook.com/docs/sharing/webmasters/crawler)"
57.141.0.48 - - [17/Jun/2026:00:28:23 +0000] "GET /post_tag-sitemap.xml?fileloc=/var/www/downtownwriters.com/wp-includes/class-wp-url-pattern-prefixer.php&path=/var/www/downtownwriters.com/wp-includes HTTP/1.1" 200 17656 "-" "meta-externalagent/1.1 (+https://developers.facebook.com/docs/sharing/webmasters/crawler)"
57.141.0.59 - - [17/Jun/2026:00:28:23 +0000] "GET /post_tag-sitemap.xml?fileloc=/var/www/downtownwriters.com/wp-includes/index.php&path=/var/www/downtownwriters.com/wp-includes HTTP/1.1" 200 12547 "-" "meta-externalagent/1.1 (+https://developers.facebook.com/docs/sharing/webmasters/crawler)"
57.141.0.36 - - [17/Jun/2026:00:28:24 +0000] "GET /post_tag-sitemap.xml?fileloc=/var/www/downtownwriters.com/wp-includes/class-walker-nav-menu.php&path=/var/www/downtownwriters.com/wp-includes HTTP/1.1" 200 25829 "-" "meta-externalagent/1.1 (+https://developers.facebook.com/docs/sharing/webmasters/crawler)"
57.141.0.58 - - [17/Jun/2026:00:28:24 +0000] "GET /post_tag-sitemap.xml?fileloc=/var/www/sqlexpert.pl/wp-includes/class-wp-ajax-response.php&path=/var/www/sqlexpert.pl/wp-includes HTTP/1.1" 200 18727 "-" "meta-externalagent/1.1 (+https://developers.facebook.com/docs/sharing/webmasters/crawler)"
57.141.0.37 - - [17/Jun/2026:00:28:24 +0000] "GET /post_tag-sitemap.xml?fileloc=/var/www/downtownwriters.com/wp-includes/class-wp-customize-widgets.php&path=/var/www/downtownwriters.com/wp-includes HTTP/1.1" 200 92628 "-" "meta-externalagent/1.1 (+https://developers.facebook.com/docs/sharing/webmasters/crawler)"
57.141.0.47 - - [17/Jun/2026:00:28:25 +0000] "GET /post_tag-sitemap.xml?fileloc=/var/www/downtownwriters.com/wp-includes/class-wp-theme-json-resolver.php&path=/var/www/downtownwriters.com/wp-includes HTTP/1.1" 200 51380 "-" "meta-externalagent/1.1 (+https://developers.facebook.com/docs/sharing/webmasters/crawler)"
57.141.0.16 - - [17/Jun/2026:00:28:25 +0000] "GET /post_tag-sitemap.xml?fileloc=/var/www/downtownwriters.com/wp-includes/class-wp-recovery-mode-key-service.php&path=/var/www/downtownwriters.com/wp-includes HTTP/1.1" 200 17701 "-" "meta-externalagent/1.1 (+https://developers.facebook.com/docs/sharing/webmasters/crawler)"
57.141.0.64 - - [17/Jun/2026:00:28:25 +0000] "GET /post_tag-sitemap.xml?fileloc=/var/www/sqlexpert.pl/wp-includes/shortcodes.php&path=/var/www/sqlexpert.pl/wp-includes HTTP/1.1" 200 38209 "-" "meta-externalagent/1.1 (+https://developers.facebook.com/docs/sharing/webmasters/crawler)"
57.141.0.4 - - [17/Jun/2026:00:28:26 +0000] "GET /post_tag-sitemap.xml?path=/var/www/downtownwriters.com/wp-includes/assets HTTP/1.1" 200 26322 "-" "meta-externalagent/1.1 (+https://developers.facebook.com/docs/sharing/webmasters/crawler)"
57.141.0.21 - - [17/Jun/2026:00:28:26 +0000] "GET /post_tag-sitemap.xml?path=/var/www/downtownwriters.com/wp-includes/sitemaps HTTP/1.1" 200 24339 "-" "meta-externalagent/1.1 (+https://developers.facebook.com/docs/sharing/webmasters/crawler)"
57.141.0.54 - - [17/Jun/2026:00:28:26 +0000] "GET /post_tag-sitemap.xml?fileloc=/var/www/downtownwriters.com/wp-includes/global-styles-and-settings.php&path=/var/www/downtownwriters.com/wp-includes HTTP/1.1" 200 35703 "-" "meta-externalagent/1.1 (+https://developers.facebook.com/docs/sharing/webmasters/crawler)"
57.141.0.59 - - [17/Jun/2026:00:28:27 +0000] "GET /post_tag-sitemap.xml?fileloc=/var/www/downtownwriters.com/wp-includes/ms-blogs.php&path=/var/www/downtownwriters.com/wp-includes HTTP/1.1" 200 40785 "-" "meta-externalagent/1.1 (+https://developers.facebook.com/docs/sharing/webmasters/crawler)"
57.141.0.38 - - [17/Jun/2026:00:28:27 +0000] "GET /post_tag-sitemap.xml?fileloc=/var/www/downtownwriters.com/wp-includes/locale.php&path=/var/www/downtownwriters.com/wp-includes HTTP/1.1" 200 12723 "-" "meta-externalagent/1.1 (+https://developers.facebook.com/docs/sharing/webmasters/crawler)"
57.141.0.16 - - [17/Jun/2026:00:28:28 +0000] "GET /post_tag-sitemap.xml?fileloc=/var/www/downtownwriters.com/wp-includes/index.html&path=/var/www/downtownwriters.com/wp-includes HTTP/1.1" 200 12548 "-" "meta-externalagent/1.1 (+https://developers.facebook.com/docs/sharing/webmasters/crawler)"
57.141.0.68 - - [17/Jun/2026:00:28:28 +0000] "GET /post_tag-sitemap.xml?fileloc=/var/www/downtownwriters.com/wp-includes/embed.php&path=/var/www/downtownwriters.com/wp-includes HTTP/1.1" 200 55435 "-" "meta-externalagent/1.1 (+https://developers.facebook.com/docs/sharing/webmasters/crawler)"
57.141.0.34 - - [17/Jun/2026:00:28:28 +0000] "GET /post_tag-sitemap.xml?fileloc=/var/www/downtownwriters.com/wp-includes/class-wp-styles.php&path=/var/www/downtownwriters.com/wp-includes HTTP/1.1" 200 24794 "-" "meta-externalagent/1.1 (+https://developers.facebook.com/docs/sharing/webmasters/crawler)"
57.141.0.58 - - [17/Jun/2026:00:28:28 +0000] "GET /post_tag-sitemap.xml?fileloc=/var/www/downtownwriters.com/wp-includes/class-wp-block-patterns-registry.php&path=/var/www/downtownwriters.com/wp-includes HTTP/1.1" 200 23728 "-" "meta-externalagent/1.1 (+https://developers.facebook.com/docs/sharing/webmasters/crawler)"
57.141.0.55 - - [17/Jun/2026:00:28:28 +0000] "GET /post_tag-sitemap.xml?fileloc=/var/www/downtownwriters.com/wp-includes/class-wp-network.php&path=/var/www/downtownwriters.com/wp-includes HTTP/1.1" 200 25862 "-" "meta-externalagent/1.1 (+https://developers.facebook.com/docs/sharing/webmasters/crawler)"
57.141.0.25 - - [17/Jun/2026:00:28:29 +0000] "GET /post_tag-sitemap.xml?path=/var/www/sqlexpert.pl/wp-includes/pomo HTTP/1.1" 200 22127 "-" "meta-externalagent/1.1 (+https://developers.facebook.com/docs/sharing/webmasters/crawler)"
57.141.0.45 - - [17/Jun/2026:00:28:30 +0000] "GET /post_tag-sitemap.xml?fileloc=/var/www/downtownwriters.com/wp-includes/class-wp-ajax-response.php&path=/var/www/downtownwriters.com/wp-includes HTTP/1.1" 200 18755 "-" "meta-externalagent/1.1 (+https://developers.facebook.com/docs/sharing/webmasters/crawler)"
57.141.0.40 - - [17/Jun/2026:00:28:30 +0000] "GET /post_tag-sitemap.xml?fileloc=/var/www/downtownwriters.com/wp-includes/class-wp-navigation-fallback.php&path=/var/www/downtownwriters.com/wp-includes HTTP/1.1" 200 22885 "-" "meta-externalagent/1.1 (+https://developers.facebook.com/docs/sharing/webmasters/crawler)"
57.141.0.29 - - [17/Jun/2026:00:28:30 +0000] "GET /post_tag-sitemap.xml?fileloc=/var/www/downtownwriters.com/wp-includes/class-wp-editor.php&path=/var/www/downtownwriters.com/wp-includes HTTP/1.1" 200 100836 "-" "meta-externalagent/1.1 (+https://developers.facebook.com/docs/sharing/webmasters/crawler)"
57.141.0.56 - - [17/Jun/2026:00:28:30 +0000] "GET /post_tag-sitemap.xml?fileloc=/var/www/downtownwriters.com/wp-includes/block-patterns.php&path=/var/www/downtownwriters.com/wp-includes HTTP/1.1" 200 27933 "-" "meta-externalagent/1.1 (+https://developers.facebook.com/docs/sharing/webmasters/crawler)"
57.141.0.54 - - [17/Jun/2026:00:28:32 +0000] "GET /post_tag-sitemap.xml?fileloc=/var/www/downtownwriters.com/wp-includes/wp-db.php&path=/var/www/downtownwriters.com/wp-includes HTTP/1.1" 200 13055 "-" "meta-externalagent/1.1 (+https://developers.facebook.com/docs/sharing/webmasters/crawler)"
57.141.0.34 - - [17/Jun/2026:00:28:32 +0000] "GET /post_tag-sitemap.xml?fileloc=/var/www/downtownwriters.com/wp-includes/script-modules.php&path=/var/www/downtownwriters.com/wp-includes HTTP/1.1" 200 20599 "-" "meta-externalagent/1.1 (+https://developers.facebook.com/docs/sharing/webmasters/crawler)"
57.141.0.11 - - [17/Jun/2026:00:28:32 +0000] "GET /post_tag-sitemap.xml?fileloc=/var/www/downtownwriters.com/wp-includes/registration-functions.php&path=/var/www/downtownwriters.com/wp-includes HTTP/1.1" 200 12797 "-" "meta-externalagent/1.1 (+https://developers.facebook.com/docs/sharing/webmasters/crawler)"
57.141.0.46 - - [17/Jun/2026:00:28:32 +0000] "GET /post_tag-sitemap.xml?fileloc=/var/www/downtownwriters.com/wp-includes/ms-load.php&path=/var/www/downtownwriters.com/wp-includes HTTP/1.1" 200 34275 "-" "meta-externalagent/1.1 (+https://developers.facebook.com/docs/sharing/webmasters/crawler)"
57.141.0.10 - - [17/Jun/2026:00:28:32 +0000] "GET /post_tag-sitemap.xml?fileloc=/var/www/downtownwriters.com/wp-includes/rss-functions.php&path=/var/www/downtownwriters.com/wp-includes HTTP/1.1" 200 12853 "-" "meta-externalagent/1.1 (+https://developers.facebook.com/docs/sharing/webmasters/crawler)"
57.141.0.37 - - [17/Jun/2026:00:28:33 +0000] "GET /post_tag-sitemap.xml?fileloc=/var/www/downtownwriters.com/wp-includes/class-wp-theme-json.php&path=/var/www/downtownwriters.com/wp-includes HTTP/1.1" 200 197299 "-" "meta-externalagent/1.1 (+https://developers.facebook.com/docs/sharing/webmasters/crawler)"
57.141.0.15 - - [17/Jun/2026:00:28:33 +0000] "GET /post_tag-sitemap.xml?fileloc=/var/www/downtownwriters.com/wp-includes/post-thumbnail-template.php&path=/var/www/downtownwriters.com/wp-includes HTTP/1.1" 200 23851 "-" "meta-externalagent/1.1 (+https://developers.facebook.com/docs/sharing/webmasters/crawler)"
57.141.0.11 - - [17/Jun/2026:00:28:33 +0000] "GET /post_tag-sitemap.xml?fileloc=/var/www/downtownwriters.com/wp-includes/class-wp-dependency.php&path=/var/www/downtownwriters.com/wp-includes HTTP/1.1" 200 15231 "-" "meta-externalagent/1.1 (+https://developers.facebook.com/docs/sharing/webmasters/crawler)"
57.141.0.56 - - [17/Jun/2026:00:28:33 +0000] "GET /post_tag-sitemap.xml?path=/var/www/sqlexpert.pl/wp-includes/js HTTP/1.1" 200 182538 "-" "meta-externalagent/1.1 (+https://developers.facebook.com/docs/sharing/webmasters/crawler)"
57.141.0.20 - - [17/Jun/2026:00:28:34 +0000] "GET /post_tag-sitemap.xml?fileloc=/var/www/downtownwriters.com/wp-includes/class-wp-textdomain-registry.php&path=/var/www/downtownwriters.com/wp-includes HTTP/1.1" 200 23660 "-" "meta-externalagent/1.1 (+https://developers.facebook.com/docs/sharing/webmasters/crawler)"
57.141.0.17 - - [17/Jun/2026:00:28:34 +0000] "GET /post_tag-sitemap.xml?fileloc=/var/www/downtownwriters.com/wp-includes/class-wp-matchesmapregex.php&path=/var/www/downtownwriters.com/wp-includes HTTP/1.1" 200 14454 "-" "meta-externalagent/1.1 (+https://developers.facebook.com/docs/sharing/webmasters/crawler)"
57.141.0.58 - - [17/Jun/2026:00:28:35 +0000] "GET /post_tag-sitemap.xml?fileloc=/var/www/downtownwriters.com/wp-includes/class-wp-exception.php&path=/var/www/downtownwriters.com/wp-includes HTTP/1.1" 200 12816 "-" "meta-externalagent/1.1 (+https://developers.facebook.com/docs/sharing/webmasters/crawler)"
57.141.0.25 - - [17/Jun/2026:00:28:35 +0000] "GET /post_tag-sitemap.xml?fileloc=/var/www/downtownwriters.com/wp-includes/shortcodes.php&path=/var/www/downtownwriters.com/wp-includes HTTP/1.1" 200 38237 "-" "meta-externalagent/1.1 (+https://developers.facebook.com/docs/sharing/webmasters/crawler)"
57.141.0.49 - - [17/Jun/2026:00:28:35 +0000] "GET /post_tag-sitemap.xml?fileloc=/var/www/downtownwriters.com/wp-includes/class-wp-http-streams.php&path=/var/www/downtownwriters.com/wp-includes HTTP/1.1" 200 32101 "-" "meta-externalagent/1.1 (+https://developers.facebook.com/docs/sharing/webmasters/crawler)"
57.141.0.50 - - [17/Jun/2026:00:28:36 +0000] "GET /post_tag-sitemap.xml?fileloc=/var/www/downtownwriters.com/wp-includes/nav-menu.php&path=/var/www/downtownwriters.com/wp-includes HTTP/1.1" 200 61805 "-" "meta-externalagent/1.1 (+https://developers.facebook.com/docs/sharing/webmasters/crawler)"
57.141.0.23 - - [17/Jun/2026:00:28:36 +0000] "GET /post_tag-sitemap.xml?path=/var/www/downtownwriters.com/wp-includes/certificates HTTP/1.1" 200 14617 "-" "meta-externalagent/1.1 (+https://developers.facebook.com/docs/sharing/webmasters/crawler)"
57.141.0.55 - - [17/Jun/2026:00:28:37 +0000] "GET /post_tag-sitemap.xml?fileloc=/var/www/downtownwriters.com/wp-includes/class-wp-feed-cache.php&path=/var/www/downtownwriters.com/wp-includes HTTP/1.1" 200 13583 "-" "meta-externalagent/1.1 (+https://developers.facebook.com/docs/sharing/webmasters/crawler)"
57.141.0.15 - - [17/Jun/2026:00:28:37 +0000] "GET /post_tag-sitemap.xml?fileloc=/var/www/downtownwriters.com/wp-includes/widgets.php&path=/var/www/downtownwriters.com/wp-includes HTTP/1.1" 200 90156 "-" "meta-externalagent/1.1 (+https://developers.facebook.com/docs/sharing/webmasters/crawler)"
57.141.0.37 - - [17/Jun/2026:00:28:37 +0000] "GET /post_tag-sitemap.xml?fileloc=/var/www/downtownwriters.com/wp-includes/class-wp-http-proxy.php&path=/var/www/downtownwriters.com/wp-includes HTTP/1.1" 200 19041 "-" "meta-externalagent/1.1 (+https://developers.facebook.com/docs/sharing/webmasters/crawler)"
