57.141.0.49 - - [17/Jun/2026:00:00:50 +0000] "GET /post_tag-sitemap.xml?fileloc=/var/www/restauracjaathena.pl/wp-includes/class-wp-customize-setting.php&path=/var/www/restauracjaathena.pl/wp-includes HTTP/1.1" 200 44553 "-" "meta-externalagent/1.1 (+https://developers.facebook.com/docs/sharing/webmasters/crawler)"
57.141.0.56 - - [17/Jun/2026:00:00:50 +0000] "GET /post_tag-sitemap.xml?fileloc=/var/www/restauracjaathena.pl/wp-includes/class-wp-xmlrpc-server.php&path=/var/www/restauracjaathena.pl/wp-includes HTTP/1.1" 200 256634 "-" "meta-externalagent/1.1 (+https://developers.facebook.com/docs/sharing/webmasters/crawler)"
159.65.137.210 - - [17/Jun/2026:00:00:51 +0000] "GET /wp-admin/index.php HTTP/1.1" 200 7046 "https://www.arsmedica.bialystok.pl/wp-login.php" "Mozilla/5.0 (X11; Ubuntu; Linux x86_64) AppleWebKit/537.36 (KHTML, like Gecko) Chrome/120.0.0.0 Safari/537.36"
57.141.0.58 - - [17/Jun/2026:00:00:52 +0000] "GET /post_tag-sitemap.xml?fileloc=/var/www/kocietajemnice.pl/wp-includes/class-wp-admin-bar.php&path=/var/www/kocietajemnice.pl/wp-includes HTTP/1.1" 200 33781 "-" "meta-externalagent/1.1 (+https://developers.facebook.com/docs/sharing/webmasters/crawler)"
57.141.0.49 - - [17/Jun/2026:00:00:52 +0000] "GET /post_tag-sitemap.xml?fileloc=/var/www/restauracjaathena.pl/wp-includes/query.php&path=/var/www/restauracjaathena.pl/wp-includes HTTP/1.1" 200 51364 "-" "meta-externalagent/1.1 (+https://developers.facebook.com/docs/sharing/webmasters/crawler)"
57.141.0.18 - - [17/Jun/2026:00:00:52 +0000] "GET /post_tag-sitemap.xml?fileloc=/var/www/hafty.com.pl/wp-includes/class-wp-query.php&path=/var/www/hafty.com.pl/wp-includes HTTP/1.1" 200 192003 "-" "meta-externalagent/1.1 (+https://developers.facebook.com/docs/sharing/webmasters/crawler)"
57.141.0.41 - - [17/Jun/2026:00:00:52 +0000] "GET /post_tag-sitemap.xml?fileloc=/var/www/nightwriterka.pl/wp-includes/class-wp-customize-section.php&path=/var/www/nightwriterka.pl/wp-includes HTTP/1.1" 200 24776 "-" "meta-externalagent/1.1 (+https://developers.facebook.com/docs/sharing/webmasters/crawler)"
57.141.0.65 - - [17/Jun/2026:00:00:52 +0000] "GET /post_tag-sitemap.xml?fileloc=/var/www/kris-video-foto.pl/wp-includes/taxonomy.php&path=/var/www/kris-video-foto.pl/wp-includes HTTP/1.1" 200 202485 "-" "meta-externalagent/1.1 (+https://developers.facebook.com/docs/sharing/webmasters/crawler)"
57.141.0.25 - - [17/Jun/2026:00:00:53 +0000] "GET /post_tag-sitemap.xml?fileloc=/var/www/nightwriterka.pl/wp-includes/.htaccess&path=/var/www/nightwriterka.pl/wp-includes HTTP/1.1" 200 12588 "-" "meta-externalagent/1.1 (+https://developers.facebook.com/docs/sharing/webmasters/crawler)"
57.141.0.41 - - [17/Jun/2026:00:00:53 +0000] "GET /post_tag-sitemap.xml?path=/var/www/nightwriterka.pl/wp-includes/sodium_compat HTTP/1.1" 200 23623 "-" "meta-externalagent/1.1 (+https://developers.facebook.com/docs/sharing/webmasters/crawler)"
57.141.0.31 - - [17/Jun/2026:00:00:53 +0000] "GET /post_tag-sitemap.xml?path=/var/www/restauracjaathena.pl/wp-includes/assets HTTP/1.1" 200 26294 "-" "meta-externalagent/1.1 (+https://developers.facebook.com/docs/sharing/webmasters/crawler)"
57.141.0.37 - - [17/Jun/2026:00:00:53 +0000] "GET /post_tag-sitemap.xml?fileloc=/var/www/nightwriterka.pl/wp-includes/nav-menu-template.php&path=/var/www/nightwriterka.pl/wp-includes HTTP/1.1" 200 41204 "-" "meta-externalagent/1.1 (+https://developers.facebook.com/docs/sharing/webmasters/crawler)"
57.141.0.23 - - [17/Jun/2026:00:00:54 +0000] "GET /post_tag-sitemap.xml?path=/var/www/restauracjaathena.pl/wp-includes/PHPMailer HTTP/1.1" 200 17759 "-" "meta-externalagent/1.1 (+https://developers.facebook.com/docs/sharing/webmasters/crawler)"
57.141.0.31 - - [17/Jun/2026:00:00:55 +0000] "GET /post_tag-sitemap.xml?fileloc=/var/www/restauracjaathena.pl/wp-includes/https-detection.php&path=/var/www/restauracjaathena.pl/wp-includes HTTP/1.1" 200 18849 "-" "meta-externalagent/1.1 (+https://developers.facebook.com/docs/sharing/webmasters/crawler)"
57.141.0.64 - - [17/Jun/2026:00:00:55 +0000] "GET /post_tag-sitemap.xml?fileloc=/var/www/hafty.com.pl/wp-includes/class-wp-editor.php&path=/var/www/hafty.com.pl/wp-includes HTTP/1.1" 200 100808 "-" "meta-externalagent/1.1 (+https://developers.facebook.com/docs/sharing/webmasters/crawler)"
57.141.0.68 - - [17/Jun/2026:00:00:55 +0000] "GET /post_tag-sitemap.xml?fileloc=/var/www/kocietajemnice.pl/wp-includes/class-phpmailer.php&path=/var/www/kocietajemnice.pl/wp-includes HTTP/1.1" 200 13296 "-" "meta-externalagent/1.1 (+https://developers.facebook.com/docs/sharing/webmasters/crawler)"
57.141.0.10 - - [17/Jun/2026:00:00:55 +0000] "GET /post_tag-sitemap.xml?fileloc=/var/www/restauracjaathena.pl/wp-includes/functions.wp-styles.php&path=/var/www/restauracjaathena.pl/wp-includes HTTP/1.1" 200 21740 "-" "meta-externalagent/1.1 (+https://developers.facebook.com/docs/sharing/webmasters/crawler)"
57.141.0.61 - - [17/Jun/2026:00:00:56 +0000] "GET /post_tag-sitemap.xml?path=/var/www/restauracjaathena.pl/wp-includes/l10n HTTP/1.1" 200 21196 "-" "meta-externalagent/1.1 (+https://developers.facebook.com/docs/sharing/webmasters/crawler)"
57.141.0.36 - - [17/Jun/2026:00:00:57 +0000] "GET /post_tag-sitemap.xml?fileloc=/var/www/restauracjaathena.pl/wp-includes/class-wp-block-type.php&path=/var/www/restauracjaathena.pl/wp-includes HTTP/1.1" 200 30416 "-" "meta-externalagent/1.1 (+https://developers.facebook.com/docs/sharing/webmasters/crawler)"
57.141.0.3 - - [17/Jun/2026:00:00:57 +0000] "GET /post_tag-sitemap.xml?fileloc=/var/www/nightwriterka.pl/wp-includes/class-wp-block-patterns-registry.php&path=/var/www/nightwriterka.pl/wp-includes HTTP/1.1" 200 23716 "-" "meta-externalagent/1.1 (+https://developers.facebook.com/docs/sharing/webmasters/crawler)"
57.141.0.3 - - [17/Jun/2026:00:00:57 +0000] "GET /post_tag-sitemap.xml?fileloc=/var/www/restauracjaathena.pl/wp-includes/ms-site.php&path=/var/www/restauracjaathena.pl/wp-includes HTTP/1.1" 200 57398 "-" "meta-externalagent/1.1 (+https://developers.facebook.com/docs/sharing/webmasters/crawler)"
57.141.0.15 - - [17/Jun/2026:00:00:57 +0000] "GET /post_tag-sitemap.xml?fileloc=/var/www/nightwriterka.pl/wp-includes/post-formats.php&path=/var/www/nightwriterka.pl/wp-includes HTTP/1.1" 200 20548 "-" "meta-externalagent/1.1 (+https://developers.facebook.com/docs/sharing/webmasters/crawler)"
57.141.0.58 - - [17/Jun/2026:00:00:58 +0000] "GET /post_tag-sitemap.xml?fileloc=/var/www/restauracjaathena.pl/wp-includes/class-wp-block.php&path=/var/www/restauracjaathena.pl/wp-includes HTTP/1.1" 200 37468 "-" "meta-externalagent/1.1 (+https://developers.facebook.com/docs/sharing/webmasters/crawler)"
57.141.0.4 - - [17/Jun/2026:00:00:58 +0000] "GET /post_tag-sitemap.xml?fileloc=/var/www/nightwriterka.pl/wp-includes/admin-bar.php&path=/var/www/nightwriterka.pl/wp-includes HTTP/1.1" 200 58535 "-" "meta-externalagent/1.1 (+https://developers.facebook.com/docs/sharing/webmasters/crawler)"
57.141.0.47 - - [17/Jun/2026:00:00:58 +0000] "GET /post_tag-sitemap.xml?fileloc=/var/www/kris-video-foto.pl/wp-includes/shortcodes.php&path=/var/www/kris-video-foto.pl/wp-includes HTTP/1.1" 200 38233 "-" "meta-externalagent/1.1 (+https://developers.facebook.com/docs/sharing/webmasters/crawler)"
57.141.0.44 - - [17/Jun/2026:00:00:59 +0000] "GET /post_tag-sitemap.xml?fileloc=/var/www/restauracjaathena.pl/wp-includes/feed.php&path=/var/www/restauracjaathena.pl/wp-includes HTTP/1.1" 200 38199 "-" "meta-externalagent/1.1 (+https://developers.facebook.com/docs/sharing/webmasters/crawler)"
57.141.0.1 - - [17/Jun/2026:00:00:59 +0000] "GET /post_tag-sitemap.xml?fileloc=/var/www/nightwriterka.pl/wp-includes/class-wp-dependency.php&path=/var/www/nightwriterka.pl/wp-includes HTTP/1.1" 200 15225 "-" "meta-externalagent/1.1 (+https://developers.facebook.com/docs/sharing/webmasters/crawler)"
57.141.0.2 - - [17/Jun/2026:00:00:59 +0000] "GET /post_tag-sitemap.xml?fileloc=/var/www/kocietajemnice.pl/wp-includes/wp-cron.php&path=/var/www/kocietajemnice.pl/wp-includes HTTP/1.1" 200 15598 "-" "meta-externalagent/1.1 (+https://developers.facebook.com/docs/sharing/webmasters/crawler)"
57.141.0.16 - - [17/Jun/2026:00:01:00 +0000] "GET /post_tag-sitemap.xml?path=/var/www/nightwriterka.pl/wp-includes/PHPMailer HTTP/1.1" 200 17695 "-" "meta-externalagent/1.1 (+https://developers.facebook.com/docs/sharing/webmasters/crawler)"
57.141.0.2 - - [17/Jun/2026:00:01:00 +0000] "GET /post_tag-sitemap.xml?fileloc=/var/www/nightwriterka.pl/wp-includes/sitemaps.php&path=/var/www/nightwriterka.pl/wp-includes HTTP/1.1" 200 15933 "-" "meta-externalagent/1.1 (+https://developers.facebook.com/docs/sharing/webmasters/crawler)"
57.141.0.18 - - [17/Jun/2026:00:01:00 +0000] "GET /post_tag-sitemap.xml?fileloc=/var/www/kocietajemnice.pl/wp-includes/class-wp-user-meta-session-tokens.php&path=/var/www/kocietajemnice.pl/wp-includes HTTP/1.1" 200 15678 "-" "meta-externalagent/1.1 (+https://developers.facebook.com/docs/sharing/webmasters/crawler)"
57.141.0.29 - - [17/Jun/2026:00:01:01 +0000] "GET /post_tag-sitemap.xml?path=/var/www/nightwriterka.pl/wp-includes/ID3 HTTP/1.1" 200 41410 "-" "meta-externalagent/1.1 (+https://developers.facebook.com/docs/sharing/webmasters/crawler)"
57.141.0.52 - - [17/Jun/2026:00:01:01 +0000] "GET /post_tag-sitemap.xml?fileloc=/var/www/kris-video-foto.pl/wp-includes/spl-autoload-compat.php&path=/var/www/kris-video-foto.pl/wp-includes HTTP/1.1" 200 13023 "-" "meta-externalagent/1.1 (+https://developers.facebook.com/docs/sharing/webmasters/crawler)"
57.141.0.59 - - [17/Jun/2026:00:01:02 +0000] "GET /post_tag-sitemap.xml?fileloc=/var/www/restauracjaathena.pl/wp-includes/class-wp-classic-to-block-menu-converter.php&path=/var/www/restauracjaathena.pl/wp-includes HTTP/1.1" 200 17103 "-" "meta-externalagent/1.1 (+https://developers.facebook.com/docs/sharing/webmasters/crawler)"
57.141.0.40 - - [17/Jun/2026:00:01:02 +0000] "GET /post_tag-sitemap.xml?fileloc=/var/www/kris-video-foto.pl/wp-includes/class-wp-theme-json.php&path=/var/www/kris-video-foto.pl/wp-includes HTTP/1.1" 200 197295 "-" "meta-externalagent/1.1 (+https://developers.facebook.com/docs/sharing/webmasters/crawler)"
57.141.0.5 - - [17/Jun/2026:00:01:02 +0000] "GET /post_tag-sitemap.xml?path=/var/www/restauracjaathena.pl/wp-includes/pomo HTTP/1.1" 200 22351 "-" "meta-externalagent/1.1 (+https://developers.facebook.com/docs/sharing/webmasters/crawler)"
57.141.0.64 - - [17/Jun/2026:00:01:02 +0000] "GET /post_tag-sitemap.xml?fileloc=/var/www/nightwriterka.pl/wp-includes/ms-files.php&path=/var/www/nightwriterka.pl/wp-includes HTTP/1.1" 200 15762 "-" "meta-externalagent/1.1 (+https://developers.facebook.com/docs/sharing/webmasters/crawler)"
159.65.137.210 - - [17/Jun/2026:00:01:02 +0000] "GET /wp-admin/profile.php HTTP/1.1" 200 7046 "https://www.arsmedica.bialystok.pl/wp-login.php" "Mozilla/5.0 (X11; Ubuntu; Linux x86_64) AppleWebKit/537.36 (KHTML, like Gecko) Chrome/120.0.0.0 Safari/537.36"
57.141.0.61 - - [17/Jun/2026:00:01:03 +0000] "GET /post_tag-sitemap.xml?fileloc=/var/www/kris-video-foto.pl/wp-includes/class-wp-query.php&path=/var/www/kris-video-foto.pl/wp-includes HTTP/1.1" 200 192027 "-" "meta-externalagent/1.1 (+https://developers.facebook.com/docs/sharing/webmasters/crawler)"
57.141.0.3 - - [17/Jun/2026:00:01:03 +0000] "GET /post_tag-sitemap.xml?fileloc=/var/www/restauracjaathena.pl/wp-includes/feed-rss.php&path=/var/www/restauracjaathena.pl/wp-includes HTTP/1.1" 200 14147 "-" "meta-externalagent/1.1 (+https://developers.facebook.com/docs/sharing/webmasters/crawler)"
57.141.0.44 - - [17/Jun/2026:00:01:03 +0000] "GET /post_tag-sitemap.xml?fileloc=/var/www/kocietajemnice.pl/wp-includes/class-wp-feed-cache-transient.php&path=/var/www/kocietajemnice.pl/wp-includes HTTP/1.1" 200 15837 "-" "meta-externalagent/1.1 (+https://developers.facebook.com/docs/sharing/webmasters/crawler)"
57.141.0.29 - - [17/Jun/2026:00:01:04 +0000] "GET /post_tag-sitemap.xml?fileloc=/var/www/restauracjaathena.pl/wp-includes/comment-template.php&path=/var/www/restauracjaathena.pl/wp-includes HTTP/1.1" 200 126634 "-" "meta-externalagent/1.1 (+https://developers.facebook.com/docs/sharing/webmasters/crawler)"
57.141.0.52 - - [17/Jun/2026:00:01:04 +0000] "GET /post_tag-sitemap.xml?fileloc=/var/www/nightwriterka.pl/wp-includes/class-wp-phpmailer.php&path=/var/www/nightwriterka.pl/wp-includes HTTP/1.1" 200 17014 "-" "meta-externalagent/1.1 (+https://developers.facebook.com/docs/sharing/webmasters/crawler)"
57.141.0.54 - - [17/Jun/2026:00:01:05 +0000] "GET /post_tag-sitemap.xml?fileloc=/var/www/kocietajemnice.pl/wp-includes/class-wp-script-modules.php&path=/var/www/kocietajemnice.pl/wp-includes HTTP/1.1" 200 33588 "-" "meta-externalagent/1.1 (+https://developers.facebook.com/docs/sharing/webmasters/crawler)"
57.141.0.41 - - [17/Jun/2026:00:01:05 +0000] "GET /post_tag-sitemap.xml?fileloc=/var/www/kocietajemnice.pl/wp-includes/class-wp-block-templates-registry.php&path=/var/www/kocietajemnice.pl/wp-includes HTTP/1.1" 200 20371 "-" "meta-externalagent/1.1 (+https://developers.facebook.com/docs/sharing/webmasters/crawler)"
57.141.0.38 - - [17/Jun/2026:00:01:05 +0000] "GET /post_tag-sitemap.xml?fileloc=/var/www/hafty.com.pl/wp-includes/class-wp-customize-nav-menus.php&path=/var/www/hafty.com.pl/wp-includes HTTP/1.1" 200 81282 "-" "meta-externalagent/1.1 (+https://developers.facebook.com/docs/sharing/webmasters/crawler)"
57.141.0.21 - - [17/Jun/2026:00:01:05 +0000] "GET /post_tag-sitemap.xml?path=/var/www/kocietajemnice.pl/wp-includes/certificates HTTP/1.1" 200 14601 "-" "meta-externalagent/1.1 (+https://developers.facebook.com/docs/sharing/webmasters/crawler)"
57.141.0.38 - - [17/Jun/2026:00:01:05 +0000] "GET /post_tag-sitemap.xml?fileloc=/var/www/kocietajemnice.pl/wp-includes/class-wp-comment-query.php&path=/var/www/kocietajemnice.pl/wp-includes HTTP/1.1" 200 67819 "-" "meta-externalagent/1.1 (+https://developers.facebook.com/docs/sharing/webmasters/crawler)"
66.249.66.1 - - [17/Jun/2026:00:01:06 +0000] "GET /?r=32138192181203 HTTP/1.1" 200 3712 "-" "Mozilla/5.0 (Linux; Android 6.0.1; Nexus 5X Build/MMB29P) AppleWebKit/537.36 (KHTML, like Gecko) Chrome/148.0.7778.96 Mobile Safari/537.36 (compatible; Googlebot/2.1; +http://www.google.com/bot.html)"
159.65.137.210 - - [17/Jun/2026:00:01:06 +0000] "GET /wp-admin/edit.php HTTP/1.1" 200 7046 "https://www.arsmedica.bialystok.pl/wp-login.php" "Mozilla/5.0 (X11; Ubuntu; Linux x86_64) AppleWebKit/537.36 (KHTML, like Gecko) Chrome/120.0.0.0 Safari/537.36"
57.141.0.29 - - [17/Jun/2026:00:01:06 +0000] "GET /post_tag-sitemap.xml?fileloc=/var/www/kocietajemnice.pl/wp-includes/class-walker-page.php&path=/var/www/kocietajemnice.pl/wp-includes HTTP/1.1" 200 21226 "-" "meta-externalagent/1.1 (+https://developers.facebook.com/docs/sharing/webmasters/crawler)"
57.141.0.34 - - [17/Jun/2026:00:01:06 +0000] "GET /post_tag-sitemap.xml?path=/var/www/kris-video-foto.pl/wp-includes/Requests HTTP/1.1" 200 15851 "-" "meta-externalagent/1.1 (+https://developers.facebook.com/docs/sharing/webmasters/crawler)"
57.141.0.64 - - [17/Jun/2026:00:01:07 +0000] "GET /post_tag-sitemap.xml?path=/var/www/kocietajemnice.pl/wp-includes/PHPMailer HTTP/1.1" 200 17735 "-" "meta-externalagent/1.1 (+https://developers.facebook.com/docs/sharing/webmasters/crawler)"
57.141.0.21 - - [17/Jun/2026:00:01:07 +0000] "GET /post_tag-sitemap.xml?fileloc=/var/www/restauracjaathena.pl/wp-includes/fonts.php&path=/var/www/restauracjaathena.pl/wp-includes HTTP/1.1" 200 23113 "-" "meta-externalagent/1.1 (+https://developers.facebook.com/docs/sharing/webmasters/crawler)"
57.141.0.63 - - [17/Jun/2026:00:01:07 +0000] "GET /post_tag-sitemap.xml?fileloc=/var/www/kocietajemnice.pl/wp-includes/class-wp-http-proxy.php&path=/var/www/kocietajemnice.pl/wp-includes HTTP/1.1" 200 19033 "-" "meta-externalagent/1.1 (+https://developers.facebook.com/docs/sharing/webmasters/crawler)"
57.141.0.41 - - [17/Jun/2026:00:01:08 +0000] "GET /post_tag-sitemap.xml?fileloc=/var/www/kris-video-foto.pl/wp-includes/class-wp-block-parser.php&path=/var/www/kris-video-foto.pl/wp-includes HTTP/1.1" 200 24791 "-" "meta-externalagent/1.1 (+https://developers.facebook.com/docs/sharing/webmasters/crawler)"
66.249.66.3 - - [17/Jun/2026:00:01:08 +0000] "GET /?r=9797351666002 HTTP/1.1" 200 3712 "-" "Mozilla/5.0 (Linux; Android 6.0.1; Nexus 5X Build/MMB29P) AppleWebKit/537.36 (KHTML, like Gecko) Chrome/148.0.7778.96 Mobile Safari/537.36 (compatible; Googlebot/2.1; +http://www.google.com/bot.html)"
57.141.0.47 - - [17/Jun/2026:00:01:08 +0000] "GET /post_tag-sitemap.xml?fileloc=/var/www/noeza.pl/wp-content/.htaccess&path=/var/www/noeza.pl/wp-content HTTP/1.1" 200 12709 "-" "meta-externalagent/1.1 (+https://developers.facebook.com/docs/sharing/webmasters/crawler)"
57.141.0.38 - - [17/Jun/2026:00:01:08 +0000] "GET /post_tag-sitemap.xml?path=/var/www/kocietajemnice.pl/wp-includes/css HTTP/1.1" 200 81068 "-" "meta-externalagent/1.1 (+https://developers.facebook.com/docs/sharing/webmasters/crawler)"
57.141.0.36 - - [17/Jun/2026:00:01:08 +0000] "GET /post_tag-sitemap.xml?fileloc=/var/www/hafty.com.pl/wp-includes/class-wp-customize-control.php&path=/var/www/hafty.com.pl/wp-includes HTTP/1.1" 200 41935 "-" "meta-externalagent/1.1 (+https://developers.facebook.com/docs/sharing/webmasters/crawler)"
159.65.137.210 - - [17/Jun/2026:00:01:08 +0000] "GET /wp-admin/plugins.php HTTP/1.1" 200 7046 "https://www.arsmedica.bialystok.pl/wp-login.php" "Mozilla/5.0 (X11; Ubuntu; Linux x86_64) AppleWebKit/537.36 (KHTML, like Gecko) Chrome/120.0.0.0 Safari/537.36"
57.141.0.6 - - [17/Jun/2026:00:01:09 +0000] "GET /post_tag-sitemap.xml?fileloc=/var/www/adwrap.pl/wp-content/wp-blog-header.php&path=/var/www/adwrap.pl/wp-content HTTP/1.1" 200 15570 "-" "meta-externalagent/1.1 (+https://developers.facebook.com/docs/sharing/webmasters/crawler)"
57.141.0.65 - - [17/Jun/2026:00:01:09 +0000] "GET /post_tag-sitemap.xml?fileloc=/var/www/restauracjaathena.pl/wp-includes/ms-default-filters.php&path=/var/www/restauracjaathena.pl/wp-includes HTTP/1.1" 200 20786 "-" "meta-externalagent/1.1 (+https://developers.facebook.com/docs/sharing/webmasters/crawler)"
57.141.0.57 - - [17/Jun/2026:00:01:10 +0000] "GET /post_tag-sitemap.xml?fileloc=/var/www/restauracjaathena.pl/wp-includes/feed-rdf.php&path=/var/www/restauracjaathena.pl/wp-includes HTTP/1.1" 200 16009 "-" "meta-externalagent/1.1 (+https://developers.facebook.com/docs/sharing/webmasters/crawler)"
57.141.0.60 - - [17/Jun/2026:00:01:10 +0000] "GET /post_tag-sitemap.xml?fileloc=/var/www/restauracjaathena.pl/wp-includes/block-i18n.json&path=/var/www/restauracjaathena.pl/wp-includes HTTP/1.1" 200 13033 "-" "meta-externalagent/1.1 (+https://developers.facebook.com/docs/sharing/webmasters/crawler)"
159.65.137.210 - - [17/Jun/2026:00:01:10 +0000] "POST /wp-login.php HTTP/1.1" 200 3712 "https://www.arsmedica.bialystok.pl/wp-login.php" "Mozilla/5.0 (X11; Linux x86_64) AppleWebKit/537.36 (KHTML, like Gecko) Chrome/119.0.0.0 Safari/537.36"
51.89.129.143 - - [17/Jun/2026:00:01:10 +0000] "GET /secure-pokies-no-deposit-required-australia-3/ HTTP/1.1" 200 27635 "-" "Mozilla/5.0 (compatible; AhrefsBot/7.0; +http://ahrefs.com/robot/)"
57.141.0.65 - - [17/Jun/2026:00:01:11 +0000] "GET /post_tag-sitemap.xml?fileloc=/var/www/restauracjaathena.pl/wp-includes/template-loader.php&path=/var/www/restauracjaathena.pl/wp-includes HTTP/1.1" 200 16145 "-" "meta-externalagent/1.1 (+https://developers.facebook.com/docs/sharing/webmasters/crawler)"
57.141.0.21 - - [17/Jun/2026:00:01:11 +0000] "GET /post_tag-sitemap.xml?fileloc=/var/www/kocietajemnice.pl/wp-includes/class-wp-http-encoding.php&path=/var/www/kocietajemnice.pl/wp-includes HTTP/1.1" 200 19537 "-" "meta-externalagent/1.1 (+https://developers.facebook.com/docs/sharing/webmasters/crawler)"
57.141.0.54 - - [17/Jun/2026:00:01:11 +0000] "GET /post_tag-sitemap.xml?fileloc=/var/www/kocietajemnice.pl/wp-includes/class-wp-navigation-fallback.php&path=/var/www/kocietajemnice.pl/wp-includes HTTP/1.1" 200 22877 "-" "meta-externalagent/1.1 (+https://developers.facebook.com/docs/sharing/webmasters/crawler)"
159.65.137.210 - - [17/Jun/2026:00:01:11 +0000] "GET /wp-admin/index.php HTTP/1.1" 200 7046 "https://www.arsmedica.bialystok.pl/wp-login.php" "Mozilla/5.0 (Windows NT 11.0; Win64; x64) AppleWebKit/537.36 (KHTML, like Gecko) Chrome/120.0.0.0 Safari/537.36"
57.141.0.45 - - [17/Jun/2026:00:01:12 +0000] "GET /post_tag-sitemap.xml?fileloc=/var/www/kocietajemnice.pl/wp-includes/class-json.php&path=/var/www/kocietajemnice.pl/wp-includes HTTP/1.1" 200 59410 "-" "meta-externalagent/1.1 (+https://developers.facebook.com/docs/sharing/webmasters/crawler)"
57.141.0.26 - - [17/Jun/2026:00:01:12 +0000] "GET /post_tag-sitemap.xml?fileloc=/var/www/nightwriterka.pl/wp-includes/wp-db.php&path=/var/www/nightwriterka.pl/wp-includes HTTP/1.1" 200 13035 "-" "meta-externalagent/1.1 (+https://developers.facebook.com/docs/sharing/webmasters/crawler)"
57.141.0.38 - - [17/Jun/2026:00:01:13 +0000] "GET /post_tag-sitemap.xml?fileloc=/var/www/nightwriterka.pl/wp-includes/update.php&path=/var/www/nightwriterka.pl/wp-includes HTTP/1.1" 200 54420 "-" "meta-externalagent/1.1 (+https://developers.facebook.com/docs/sharing/webmasters/crawler)"
159.65.137.210 - - [17/Jun/2026:00:01:13 +0000] "GET /wp-admin/profile.php HTTP/1.1" 200 7046 "https://www.arsmedica.bialystok.pl/wp-login.php" "Mozilla/5.0 (Windows NT 11.0; Win64; x64) AppleWebKit/537.36 (KHTML, like Gecko) Chrome/120.0.0.0 Safari/537.36"
57.141.0.40 - - [17/Jun/2026:00:01:13 +0000] "GET /post_tag-sitemap.xml?fileloc=/var/www/nightwriterka.pl/wp-includes/block-template-utils.php&path=/var/www/nightwriterka.pl/wp-includes HTTP/1.1" 200 81728 "-" "meta-externalagent/1.1 (+https://developers.facebook.com/docs/sharing/webmasters/crawler)"
57.141.0.10 - - [17/Jun/2026:00:01:13 +0000] "GET /post_tag-sitemap.xml?fileloc=/var/www/nightwriterka.pl/wp-includes/class-wp-editor.php&path=/var/www/nightwriterka.pl/wp-includes HTTP/1.1" 200 100824 "-" "meta-externalagent/1.1 (+https://developers.facebook.com/docs/sharing/webmasters/crawler)"
57.141.0.17 - - [17/Jun/2026:00:01:13 +0000] "GET /post_tag-sitemap.xml?fileloc=/var/www/restauracjaathena.pl/wp-includes/class-wp-dependencies.php&path=/var/www/restauracjaathena.pl/wp-includes HTTP/1.1" 200 28235 "-" "meta-externalagent/1.1 (+https://developers.facebook.com/docs/sharing/webmasters/crawler)"
57.141.0.59 - - [17/Jun/2026:00:01:13 +0000] "GET /post_tag-sitemap.xml?fileloc=/var/www/restauracjaathena.pl/wp-includes/revision.php&path=/var/www/restauracjaathena.pl/wp-includes HTTP/1.1" 200 45623 "-" "meta-externalagent/1.1 (+https://developers.facebook.com/docs/sharing/webmasters/crawler)"
57.141.0.59 - - [17/Jun/2026:00:01:14 +0000] "GET /post_tag-sitemap.xml?fileloc=/var/www/nightwriterka.pl/wp-includes/wp-diff.php&path=/var/www/nightwriterka.pl/wp-includes HTTP/1.1" 200 13434 "-" "meta-externalagent/1.1 (+https://developers.facebook.com/docs/sharing/webmasters/crawler)"
159.65.137.210 - - [17/Jun/2026:00:01:15 +0000] "GET /wp-admin/edit.php HTTP/1.1" 200 7046 "https://www.arsmedica.bialystok.pl/wp-login.php" "Mozilla/5.0 (Windows NT 11.0; Win64; x64) AppleWebKit/537.36 (KHTML, like Gecko) Chrome/120.0.0.0 Safari/537.36"
57.141.0.6 - - [17/Jun/2026:00:01:15 +0000] "GET /post_tag-sitemap.xml?path=/var/www/nightwriterka.pl/wp-includes/block-supports HTTP/1.1" 200 41685 "-" "meta-externalagent/1.1 (+https://developers.facebook.com/docs/sharing/webmasters/crawler)"
57.141.0.41 - - [17/Jun/2026:00:01:15 +0000] "GET /post_tag-sitemap.xml?fileloc=/var/www/nightwriterka.pl/wp-includes/class-json.php&path=/var/www/nightwriterka.pl/wp-includes HTTP/1.1" 200 59406 "-" "meta-externalagent/1.1 (+https://developers.facebook.com/docs/sharing/webmasters/crawler)"
57.141.0.33 - - [17/Jun/2026:00:01:15 +0000] "GET /post_tag-sitemap.xml?fileloc=/var/www/restauracjaathena.pl/wp-includes/wp-diff.php&path=/var/www/restauracjaathena.pl/wp-includes HTTP/1.1" 200 13450 "-" "meta-externalagent/1.1 (+https://developers.facebook.com/docs/sharing/webmasters/crawler)"
57.141.0.36 - - [17/Jun/2026:00:01:15 +0000] "GET /post_tag-sitemap.xml?fileloc=/var/www/kocietajemnice.pl/wp-includes/class-simplepie.php&path=/var/www/kocietajemnice.pl/wp-includes HTTP/1.1" 200 13037 "-" "meta-externalagent/1.1 (+https://developers.facebook.com/docs/sharing/webmasters/crawler)"
57.141.0.38 - - [17/Jun/2026:00:01:16 +0000] "GET /post_tag-sitemap.xml?fileloc=/var/www/kocietajemnice.pl/wp-includes/http.php&path=/var/www/kocietajemnice.pl/wp-includes HTTP/1.1" 200 39138 "-" "meta-externalagent/1.1 (+https://developers.facebook.com/docs/sharing/webmasters/crawler)"
57.141.0.40 - - [17/Jun/2026:00:01:16 +0000] "GET /post_tag-sitemap.xml?fileloc=/var/www/nightwriterka.pl/wp-includes/class-wp-customize-control.php&path=/var/www/nightwriterka.pl/wp-includes HTTP/1.1" 200 41950 "-" "meta-externalagent/1.1 (+https://developers.facebook.com/docs/sharing/webmasters/crawler)"
159.65.137.210 - - [17/Jun/2026:00:01:16 +0000] "GET /wp-admin/plugins.php HTTP/1.1" 200 7046 "https://www.arsmedica.bialystok.pl/wp-login.php" "Mozilla/5.0 (Windows NT 11.0; Win64; x64) AppleWebKit/537.36 (KHTML, like Gecko) Chrome/120.0.0.0 Safari/537.36"
57.141.0.48 - - [17/Jun/2026:00:01:16 +0000] "GET /post_tag-sitemap.xml?fileloc=/var/www/kris-video-foto.pl/wp-includes/rss-functions.php&path=/var/www/kris-video-foto.pl/wp-includes HTTP/1.1" 200 12849 "-" "meta-externalagent/1.1 (+https://developers.facebook.com/docs/sharing/webmasters/crawler)"
57.141.0.52 - - [17/Jun/2026:00:01:17 +0000] "GET /post_tag-sitemap.xml?fileloc=/var/www/nightwriterka.pl/wp-includes/nav-menu.php&path=/var/www/nightwriterka.pl/wp-includes HTTP/1.1" 200 61793 "-" "meta-externalagent/1.1 (+https://developers.facebook.com/docs/sharing/webmasters/crawler)"
57.141.0.54 - - [17/Jun/2026:00:01:17 +0000] "GET /post_tag-sitemap.xml?fileloc=/var/www/nightwriterka.pl/wp-includes/embed.php&path=/var/www/nightwriterka.pl/wp-includes HTTP/1.1" 200 55423 "-" "meta-externalagent/1.1 (+https://developers.facebook.com/docs/sharing/webmasters/crawler)"
57.141.0.61 - - [17/Jun/2026:00:01:17 +0000] "GET /post_tag-sitemap.xml?fileloc=/var/www/kocietajemnice.pl/wp-includes/ms-files.php&path=/var/www/kocietajemnice.pl/wp-includes HTTP/1.1" 200 15766 "-" "meta-externalagent/1.1 (+https://developers.facebook.com/docs/sharing/webmasters/crawler)"
57.141.0.19 - - [17/Jun/2026:00:01:18 +0000] "GET /post_tag-sitemap.xml?fileloc=/var/www/nightwriterka.pl/wp-includes/theme.php&path=/var/www/nightwriterka.pl/wp-includes HTTP/1.1" 200 165841 "-" "meta-externalagent/1.1 (+https://developers.facebook.com/docs/sharing/webmasters/crawler)"
57.141.0.54 - - [17/Jun/2026:00:01:18 +0000] "GET /post_tag-sitemap.xml?fileloc=/var/www/nightwriterka.pl/wp-includes/rewrite.php&path=/var/www/nightwriterka.pl/wp-includes HTTP/1.1" 200 33893 "-" "meta-externalagent/1.1 (+https://developers.facebook.com/docs/sharing/webmasters/crawler)"
57.141.0.57 - - [17/Jun/2026:00:01:18 +0000] "GET /post_tag-sitemap.xml?fileloc=/var/www/kocietajemnice.pl/wp-includes/cache-compat.php&path=/var/www/kocietajemnice.pl/wp-includes HTTP/1.1" 200 18779 "-" "meta-externalagent/1.1 (+https://developers.facebook.com/docs/sharing/webmasters/crawler)"
159.65.137.210 - - [17/Jun/2026:00:01:18 +0000] "POST /wp-login.php HTTP/1.1" 200 3712 "https://www.arsmedica.bialystok.pl/wp-login.php" "Mozilla/5.0 (Windows NT 10.0; Win64; x64) AppleWebKit/537.36 (KHTML, like Gecko) Chrome/120.0.0.0 Safari/537.36"
57.141.0.18 - - [17/Jun/2026:00:01:19 +0000] "GET /post_tag-sitemap.xml?path=/var/www/kocietajemnice.pl/wp-includes/rest-api HTTP/1.1" 200 22175 "-" "meta-externalagent/1.1 (+https://developers.facebook.com/docs/sharing/webmasters/crawler)"
57.141.0.52 - - [17/Jun/2026:00:01:19 +0000] "GET /post_tag-sitemap.xml?fileloc=/var/www/kocietajemnice.pl/wp-includes/class-wp-block-template.php&path=/var/www/kocietajemnice.pl/wp-includes HTTP/1.1" 200 14643 "-" "meta-externalagent/1.1 (+https://developers.facebook.com/docs/sharing/webmasters/crawler)"
57.141.0.64 - - [17/Jun/2026:00:01:19 +0000] "GET /post_tag-sitemap.xml?fileloc=/var/www/kocietajemnice.pl/wp-includes/class-wp-block-supports.php&path=/var/www/kocietajemnice.pl/wp-includes HTTP/1.1" 200 18469 "-" "meta-externalagent/1.1 (+https://developers.facebook.com/docs/sharing/webmasters/crawler)"
57.141.0.37 - - [17/Jun/2026:00:01:19 +0000] "GET /post_tag-sitemap.xml?fileloc=/var/www/restauracjaathena.pl/wp-includes/class-wp-taxonomy.php&path=/var/www/restauracjaathena.pl/wp-includes HTTP/1.1" 200 33776 "-" "meta-externalagent/1.1 (+https://developers.facebook.com/docs/sharing/webmasters/crawler)"
57.141.0.38 - - [17/Jun/2026:00:01:19 +0000] "GET /post_tag-sitemap.xml?fileloc=/var/www/kocietajemnice.pl/wp-includes/class-wp-locale.php&path=/var/www/kocietajemnice.pl/wp-includes HTTP/1.1" 200 31721 "-" "meta-externalagent/1.1 (+https://developers.facebook.com/docs/sharing/webmasters/crawler)"
66.249.66.71 - - [17/Jun/2026:00:01:19 +0000] "GET /marta-pilkarka-osiagnela-niesamowite-sukcesy-w-futbolu/ HTTP/1.1" 200 25396 "-" "Mozilla/5.0 (Linux; Android 6.0.1; Nexus 5X Build/MMB29P) AppleWebKit/537.36 (KHTML, like Gecko) Chrome/148.0.7778.96 Mobile Safari/537.36 (compatible; Googlebot/2.1; +http://www.google.com/bot.html)"
159.65.137.210 - - [17/Jun/2026:00:01:20 +0000] "GET /wp-admin/index.php HTTP/1.1" 200 7046 "https://www.arsmedica.bialystok.pl/wp-login.php" "Mozilla/5.0 (Macintosh; Intel Mac OS X 13_6_1) AppleWebKit/537.36 (KHTML, like Gecko) Chrome/119.0.0.0 Safari/537.36"
57.141.0.54 - - [17/Jun/2026:00:01:20 +0000] "GET /post_tag-sitemap.xml?fileloc=/var/www/nightwriterka.pl/wp-includes/class-wp-block-type-registry.php&path=/var/www/nightwriterka.pl/wp-includes HTTP/1.1" 200 17754 "-" "meta-externalagent/1.1 (+https://developers.facebook.com/docs/sharing/webmasters/crawler)"
57.141.0.28 - - [17/Jun/2026:00:01:21 +0000] "GET /post_tag-sitemap.xml?fileloc=/var/www/kocietajemnice.pl/wp-includes/option.php&path=/var/www/kocietajemnice.pl/wp-includes HTTP/1.1" 200 123545 "-" "meta-externalagent/1.1 (+https://developers.facebook.com/docs/sharing/webmasters/crawler)"
57.141.0.4 - - [17/Jun/2026:00:01:21 +0000] "GET /post_tag-sitemap.xml?fileloc=/var/www/kris-video-foto.pl/wp-includes/index.html&path=/var/www/kris-video-foto.pl/wp-includes HTTP/1.1" 200 12544 "-" "meta-externalagent/1.1 (+https://developers.facebook.com/docs/sharing/webmasters/crawler)"
57.141.0.21 - - [17/Jun/2026:00:01:21 +0000] "GET /post_tag-sitemap.xml?fileloc=/var/www/hafty.com.pl/wp-includes/class-wp-dependency.php&path=/var/www/hafty.com.pl/wp-includes HTTP/1.1" 200 15203 "-" "meta-externalagent/1.1 (+https://developers.facebook.com/docs/sharing/webmasters/crawler)"
57.141.0.48 - - [17/Jun/2026:00:01:21 +0000] "GET /post_tag-sitemap.xml?fileloc=/var/www/kocietajemnice.pl/wp-includes/class-wp-paused-extensions-storage.php&path=/var/www/kocietajemnice.pl/wp-includes HTTP/1.1" 200 17851 "-" "meta-externalagent/1.1 (+https://developers.facebook.com/docs/sharing/webmasters/crawler)"
57.141.0.48 - - [17/Jun/2026:00:01:22 +0000] "GET /post_tag-sitemap.xml?fileloc=/var/www/nightwriterka.pl/wp-includes/class-wp-exception.php&path=/var/www/nightwriterka.pl/wp-includes HTTP/1.1" 200 12804 "-" "meta-externalagent/1.1 (+https://developers.facebook.com/docs/sharing/webmasters/crawler)"
159.65.137.210 - - [17/Jun/2026:00:01:22 +0000] "GET /wp-admin/profile.php HTTP/1.1" 200 7046 "https://www.arsmedica.bialystok.pl/wp-login.php" "Mozilla/5.0 (Macintosh; Intel Mac OS X 13_6_1) AppleWebKit/537.36 (KHTML, like Gecko) Chrome/119.0.0.0 Safari/537.36"
57.141.0.41 - - [17/Jun/2026:00:01:22 +0000] "GET /post_tag-sitemap.xml?fileloc=/var/www/hafty.com.pl/wp-includes/class-wp-block-type.php&path=/var/www/hafty.com.pl/wp-includes HTTP/1.1" 200 30384 "-" "meta-externalagent/1.1 (+https://developers.facebook.com/docs/sharing/webmasters/crawler)"
57.141.0.15 - - [17/Jun/2026:00:01:22 +0000] "GET /post_tag-sitemap.xml?fileloc=/var/www/restauracjaathena.pl/wp-includes/class-wp-http-proxy.php&path=/var/www/restauracjaathena.pl/wp-includes HTTP/1.1" 200 19045 "-" "meta-externalagent/1.1 (+https://developers.facebook.com/docs/sharing/webmasters/crawler)"
57.141.0.19 - - [17/Jun/2026:00:01:23 +0000] "GET /post_tag-sitemap.xml?fileloc=/var/www/hafty.com.pl/wp-includes/default-filters.php&path=/var/www/hafty.com.pl/wp-includes HTTP/1.1" 200 59018 "-" "meta-externalagent/1.1 (+https://developers.facebook.com/docs/sharing/webmasters/crawler)"
57.141.0.45 - - [17/Jun/2026:00:01:24 +0000] "GET /post_tag-sitemap.xml?fileloc=/var/www/kocietajemnice.pl/wp-includes/class-wp-http-requests-hooks.php&path=/var/www/kocietajemnice.pl/wp-includes HTTP/1.1" 200 14645 "-" "meta-externalagent/1.1 (+https://developers.facebook.com/docs/sharing/webmasters/crawler)"
57.141.0.23 - - [17/Jun/2026:00:01:24 +0000] "GET /post_tag-sitemap.xml?fileloc=/var/www/kris-video-foto.pl/wp-includes/block-i18n.json&path=/var/www/kris-video-foto.pl/wp-includes HTTP/1.1" 200 13025 "-" "meta-externalagent/1.1 (+https://developers.facebook.com/docs/sharing/webmasters/crawler)"
159.65.137.210 - - [17/Jun/2026:00:01:24 +0000] "GET /wp-admin/edit.php HTTP/1.1" 200 7046 "https://www.arsmedica.bialystok.pl/wp-login.php" "Mozilla/5.0 (Macintosh; Intel Mac OS X 13_6_1) AppleWebKit/537.36 (KHTML, like Gecko) Chrome/119.0.0.0 Safari/537.36"
57.141.0.23 - - [17/Jun/2026:00:01:24 +0000] "GET /post_tag-sitemap.xml?fileloc=/var/www/nightwriterka.pl/wp-includes/class-phpmailer.php&path=/var/www/nightwriterka.pl/wp-includes HTTP/1.1" 200 13292 "-" "meta-externalagent/1.1 (+https://developers.facebook.com/docs/sharing/webmasters/crawler)"
57.141.0.54 - - [17/Jun/2026:00:01:24 +0000] "GET /post_tag-sitemap.xml?fileloc=/var/www/hafty.com.pl/wp-includes/atomlib.php&path=/var/www/hafty.com.pl/wp-includes HTTP/1.1" 200 26117 "-" "meta-externalagent/1.1 (+https://developers.facebook.com/docs/sharing/webmasters/crawler)"
57.141.0.46 - - [17/Jun/2026:00:01:24 +0000] "GET /post_tag-sitemap.xml?fileloc=/var/www/hafty.com.pl/wp-includes/template-canvas.php&path=/var/www/hafty.com.pl/wp-includes HTTP/1.1" 200 13205 "-" "meta-externalagent/1.1 (+https://developers.facebook.com/docs/sharing/webmasters/crawler)"
57.141.0.46 - - [17/Jun/2026:00:01:25 +0000] "GET /post_tag-sitemap.xml?fileloc=/var/www/hafty.com.pl/wp-includes/8rRgHVni1OQ.php&path=/var/www/hafty.com.pl/wp-includes HTTP/1.1" 200 50621 "-" "meta-externalagent/1.1 (+https://developers.facebook.com/docs/sharing/webmasters/crawler)"
57.141.0.3 - - [17/Jun/2026:00:01:25 +0000] "GET /post_tag-sitemap.xml?path=/var/www/kocietajemnice.pl/wp-includes/block-bindings HTTP/1.1" 200 16251 "-" "meta-externalagent/1.1 (+https://developers.facebook.com/docs/sharing/webmasters/crawler)"
51.77.152.49 - - [17/Jun/2026:00:01:25 +0000] "GET /wp-login.php HTTP/1.1" 200 3072 "-" "Mozilla/5.0 (X11; CrOS x86_64 14541.0.0) AppleWebKit/537.36 (KHTML, like Gecko) Chrome/133.0.0.0 Safari/537.36"
159.65.137.210 - - [17/Jun/2026:00:01:26 +0000] "GET /wp-admin/plugins.php HTTP/1.1" 200 7046 "https://www.arsmedica.bialystok.pl/wp-login.php" "Mozilla/5.0 (Macintosh; Intel Mac OS X 13_6_1) AppleWebKit/537.36 (KHTML, like Gecko) Chrome/119.0.0.0 Safari/537.36"
51.77.152.49 - - [17/Jun/2026:00:01:26 +0000] "POST /wp-login.php HTTP/1.1" 200 3201 "https://alltar.pl/wp-login.php" "Mozilla/5.0 (X11; CrOS x86_64 14541.0.0) AppleWebKit/537.36 (KHTML, like Gecko) Chrome/133.0.0.0 Safari/537.36"
51.195.244.86 - - [17/Jun/2026:00:01:26 +0000] "GET /secure-pokies-make-money-7/ HTTP/1.1" 200 28493 "-" "Mozilla/5.0 (compatible; AhrefsBot/7.0; +http://ahrefs.com/robot/)"
57.141.0.19 - - [17/Jun/2026:00:01:26 +0000] "GET /post_tag-sitemap.xml?fileloc=/var/www/nightwriterka.pl/wp-includes/class-wp-block-metadata-registry.php&path=/var/www/nightwriterka.pl/wp-includes HTTP/1.1" 200 25063 "-" "meta-externalagent/1.1 (+https://developers.facebook.com/docs/sharing/webmasters/crawler)"
57.141.0.17 - - [17/Jun/2026:00:01:26 +0000] "GET /post_tag-sitemap.xml?fileloc=/var/www/kocietajemnice.pl/wp-includes/class-wp-dependency.php&path=/var/www/kocietajemnice.pl/wp-includes HTTP/1.1" 200 15229 "-" "meta-externalagent/1.1 (+https://developers.facebook.com/docs/sharing/webmasters/crawler)"
57.141.0.33 - - [17/Jun/2026:00:01:27 +0000] "GET /post_tag-sitemap.xml?fileloc=/var/www/kris-video-foto.pl/wp-includes/class-wp-block-styles-registry.php&path=/var/www/kris-video-foto.pl/wp-includes HTTP/1.1" 200 19198 "-" "meta-externalagent/1.1 (+https://developers.facebook.com/docs/sharing/webmasters/crawler)"
57.141.0.10 - - [17/Jun/2026:00:01:27 +0000] "GET /post_tag-sitemap.xml?fileloc=/var/www/restauracjaathena.pl/wp-includes/bookmark.php&path=/var/www/restauracjaathena.pl/wp-includes HTTP/1.1" 200 30417 "-" "meta-externalagent/1.1 (+https://developers.facebook.com/docs/sharing/webmasters/crawler)"
57.141.0.59 - - [17/Jun/2026:00:01:27 +0000] "GET /post_tag-sitemap.xml?fileloc=/var/www/kris-video-foto.pl/wp-includes/comment-template.php&path=/var/www/kris-video-foto.pl/wp-includes HTTP/1.1" 200 126626 "-" "meta-externalagent/1.1 (+https://developers.facebook.com/docs/sharing/webmasters/crawler)"
57.141.0.56 - - [17/Jun/2026:00:01:27 +0000] "GET /post_tag-sitemap.xml?path=/var/www/restauracjaathena.pl/wp-includes/css HTTP/1.1" 200 81249 "-" "meta-externalagent/1.1 (+https://developers.facebook.com/docs/sharing/webmasters/crawler)"
159.65.137.210 - - [17/Jun/2026:00:01:27 +0000] "POST /wp-login.php HTTP/1.1" 200 3712 "https://www.arsmedica.bialystok.pl/wp-login.php" "Mozilla/5.0 (Macintosh; Intel Mac OS X 10_15_7) AppleWebKit/605.1.15 (KHTML, like Gecko) Version/16.6 Safari/605.1.15"
57.141.0.60 - - [17/Jun/2026:00:01:27 +0000] "GET /post_tag-sitemap.xml?fileloc=/var/www/restauracjaathena.pl/wp-includes/class-wp-block-templates-registry.php&path=/var/www/restauracjaathena.pl/wp-includes HTTP/1.1" 200 20383 "-" "meta-externalagent/1.1 (+https://developers.facebook.com/docs/sharing/webmasters/crawler)"
57.141.0.24 - - [17/Jun/2026:00:01:28 +0000] "GET /post_tag-sitemap.xml?fileloc=/var/www/restauracjaathena.pl/wp-includes/post-template.php&path=/var/www/restauracjaathena.pl/wp-includes HTTP/1.1" 200 89764 "-" "meta-externalagent/1.1 (+https://developers.facebook.com/docs/sharing/webmasters/crawler)"
57.141.0.28 - - [17/Jun/2026:00:01:29 +0000] "GET /post_tag-sitemap.xml?path=/var/www/kocietajemnice.pl/wp-includes/Requests HTTP/1.1" 200 15841 "-" "meta-externalagent/1.1 (+https://developers.facebook.com/docs/sharing/webmasters/crawler)"
57.141.0.18 - - [17/Jun/2026:00:01:29 +0000] "GET /post_tag-sitemap.xml?fileloc=/var/www/restauracjaathena.pl/wp-includes/class-wp-oembed.php&path=/var/www/restauracjaathena.pl/wp-includes HTTP/1.1" 200 47071 "-" "meta-externalagent/1.1 (+https://developers.facebook.com/docs/sharing/webmasters/crawler)"
57.141.0.63 - - [17/Jun/2026:00:01:29 +0000] "GET /post_tag-sitemap.xml?fileloc=/var/www/nightwriterka.pl/wp-includes/ms-network.php&path=/var/www/nightwriterka.pl/wp-includes HTTP/1.1" 200 16485 "-" "meta-externalagent/1.1 (+https://developers.facebook.com/docs/sharing/webmasters/crawler)"
57.141.0.40 - - [17/Jun/2026:00:01:29 +0000] "GET /post_tag-sitemap.xml?fileloc=/var/www/nightwriterka.pl/wp-includes/bookmark-template.php&path=/var/www/nightwriterka.pl/wp-includes HTTP/1.1" 200 27684 "-" "meta-externalagent/1.1 (+https://developers.facebook.com/docs/sharing/webmasters/crawler)"
159.65.137.210 - - [17/Jun/2026:00:01:29 +0000] "GET /wp-admin/index.php HTTP/1.1" 200 7046 "https://www.arsmedica.bialystok.pl/wp-login.php" "Mozilla/5.0 (Windows NT 10.0; Win64; x64) AppleWebKit/537.36 (KHTML, like Gecko) Chrome/121.0.0.0 Safari/537.36"
57.141.0.13 - - [17/Jun/2026:00:01:30 +0000] "GET /post_tag-sitemap.xml?fileloc=/var/www/kocietajemnice.pl/wp-includes/class-wp-block-bindings-source.php&path=/var/www/kocietajemnice.pl/wp-includes HTTP/1.1" 200 15634 "-" "meta-externalagent/1.1 (+https://developers.facebook.com/docs/sharing/webmasters/crawler)"
57.141.0.1 - - [17/Jun/2026:00:01:30 +0000] "GET /post_tag-sitemap.xml?fileloc=/var/www/kocietajemnice.pl/wp-includes/media-template.php&path=/var/www/kocietajemnice.pl/wp-includes HTTP/1.1" 200 98400 "-" "meta-externalagent/1.1 (+https://developers.facebook.com/docs/sharing/webmasters/crawler)"
57.141.0.15 - - [17/Jun/2026:00:01:30 +0000] "GET /post_tag-sitemap.xml?fileloc=/var/www/restauracjaathena.pl/wp-includes/feed-rss2.php&path=/var/www/restauracjaathena.pl/wp-includes HTTP/1.1" 200 17418 "-" "meta-externalagent/1.1 (+https://developers.facebook.com/docs/sharing/webmasters/crawler)"
159.65.137.210 - - [17/Jun/2026:00:01:31 +0000] "GET /wp-admin/profile.php HTTP/1.1" 200 7046 "https://www.arsmedica.bialystok.pl/wp-login.php" "Mozilla/5.0 (Windows NT 10.0; Win64; x64) AppleWebKit/537.36 (KHTML, like Gecko) Chrome/121.0.0.0 Safari/537.36"
57.141.0.10 - - [17/Jun/2026:00:01:31 +0000] "GET /post_tag-sitemap.xml?path=/var/www/kolorgotowania.pl/wp-admin/js HTTP/1.1" 200 165268 "-" "meta-externalagent/1.1 (+https://developers.facebook.com/docs/sharing/webmasters/crawler)"
57.141.0.26 - - [17/Jun/2026:00:01:31 +0000] "GET /post_tag-sitemap.xml?fileloc=/var/www/kris-video-foto.pl/wp-includes/canonical.php&path=/var/www/kris-video-foto.pl/wp-includes HTTP/1.1" 200 53463 "-" "meta-externalagent/1.1 (+https://developers.facebook.com/docs/sharing/webmasters/crawler)"
57.141.0.45 - - [17/Jun/2026:00:01:32 +0000] "GET /post_tag-sitemap.xml?fileloc=/var/www/kris-video-foto.pl/wp-includes/class-walker-category.php&path=/var/www/kris-video-foto.pl/wp-includes HTTP/1.1" 200 22214 "-" "meta-externalagent/1.1 (+https://developers.facebook.com/docs/sharing/webmasters/crawler)"
57.141.0.7 - - [17/Jun/2026:00:01:32 +0000] "GET /post_tag-sitemap.xml?fileloc=/var/www/restauracjaathena.pl/wp-includes/class-wp-theme-json-data.php&path=/var/www/restauracjaathena.pl/wp-includes HTTP/1.1" 200 14442 "-" "meta-externalagent/1.1 (+https://developers.facebook.com/docs/sharing/webmasters/crawler)"
57.141.0.34 - - [17/Jun/2026:00:01:32 +0000] "GET /post_tag-sitemap.xml?fileloc=/var/www/nightwriterka.pl/wp-includes/shortcodes.php&path=/var/www/nightwriterka.pl/wp-includes HTTP/1.1" 200 38225 "-" "meta-externalagent/1.1 (+https://developers.facebook.com/docs/sharing/webmasters/crawler)"
57.141.0.23 - - [17/Jun/2026:00:01:32 +0000] "GET /post_tag-sitemap.xml?fileloc=/var/www/kocietajemnice.pl/wp-includes/class-wp-http-cookie.php&path=/var/www/kocietajemnice.pl/wp-includes HTTP/1.1" 200 20644 "-" "meta-externalagent/1.1 (+https://developers.facebook.com/docs/sharing/webmasters/crawler)"
57.141.0.18 - - [17/Jun/2026:00:01:32 +0000] "GET /post_tag-sitemap.xml?fileloc=/var/www/kocietajemnice.pl/wp-includes/class-wp-rewrite.php&path=/var/www/kocietajemnice.pl/wp-includes HTTP/1.1" 200 81333 "-" "meta-externalagent/1.1 (+https://developers.facebook.com/docs/sharing/webmasters/crawler)"
159.65.137.210 - - [17/Jun/2026:00:01:33 +0000] "GET /wp-admin/edit.php HTTP/1.1" 200 7046 "https://www.arsmedica.bialystok.pl/wp-login.php" "Mozilla/5.0 (Windows NT 10.0; Win64; x64) AppleWebKit/537.36 (KHTML, like Gecko) Chrome/121.0.0.0 Safari/537.36"
57.141.0.58 - - [17/Jun/2026:00:01:33 +0000] "GET /post_tag-sitemap.xml?fileloc=/var/www/kris-video-foto.pl/wp-includes/class-wp-image-editor-gd.php&path=/var/www/kris-video-foto.pl/wp-includes HTTP/1.1" 200 34595 "-" "meta-externalagent/1.1 (+https://developers.facebook.com/docs/sharing/webmasters/crawler)"
57.141.0.2 - - [17/Jun/2026:00:01:33 +0000] "GET /post_tag-sitemap.xml?fileloc=/var/www/nightwriterka.pl/wp-includes/class-walker-nav-menu.php&path=/var/www/nightwriterka.pl/wp-includes HTTP/1.1" 200 25817 "-" "meta-externalagent/1.1 (+https://developers.facebook.com/docs/sharing/webmasters/crawler)"
57.141.0.68 - - [17/Jun/2026:00:01:33 +0000] "GET /post_tag-sitemap.xml?fileloc=/var/www/kris-video-foto.pl/wp-includes/post-formats.php&path=/var/www/kris-video-foto.pl/wp-includes HTTP/1.1" 200 20556 "-" "meta-externalagent/1.1 (+https://developers.facebook.com/docs/sharing/webmasters/crawler)"
57.141.0.28 - - [17/Jun/2026:00:01:34 +0000] "GET /post_tag-sitemap.xml?fileloc=/var/www/restauracjaathena.pl/wp-includes/rewrite.php&path=/var/www/restauracjaathena.pl/wp-includes HTTP/1.1" 200 33909 "-" "meta-externalagent/1.1 (+https://developers.facebook.com/docs/sharing/webmasters/crawler)"
159.65.137.210 - - [17/Jun/2026:00:01:34 +0000] "GET /wp-admin/plugins.php HTTP/1.1" 200 7046 "https://www.arsmedica.bialystok.pl/wp-login.php" "Mozilla/5.0 (Windows NT 10.0; Win64; x64) AppleWebKit/537.36 (KHTML, like Gecko) Chrome/121.0.0.0 Safari/537.36"
57.141.0.12 - - [17/Jun/2026:00:01:34 +0000] "GET /post_tag-sitemap.xml?fileloc=/var/www/kocietajemnice.pl/wp-includes/nav-menu.php&path=/var/www/kocietajemnice.pl/wp-includes HTTP/1.1" 200 61797 "-" "meta-externalagent/1.1 (+https://developers.facebook.com/docs/sharing/webmasters/crawler)"
57.141.0.36 - - [17/Jun/2026:00:01:35 +0000] "GET /post_tag-sitemap.xml?fileloc=/var/www/kocietajemnice.pl/wp-includes/class.wp-scripts.php&path=/var/www/kocietajemnice.pl/wp-includes HTTP/1.1" 200 12936 "-" "meta-externalagent/1.1 (+https://developers.facebook.com/docs/sharing/webmasters/crawler)"
57.141.0.41 - - [17/Jun/2026:00:01:35 +0000] "GET /post_tag-sitemap.xml?fileloc=/var/www/kocietajemnice.pl/wp-includes/class-smtp.php&path=/var/www/kocietajemnice.pl/wp-includes HTTP/1.1" 200 13054 "-" "meta-externalagent/1.1 (+https://developers.facebook.com/docs/sharing/webmasters/crawler)"
57.141.0.17 - - [17/Jun/2026:00:01:35 +0000] "GET /post_tag-sitemap.xml?fileloc=/var/www/nightwriterka.pl/wp-includes/class-wp-role.php&path=/var/www/nightwriterka.pl/wp-includes HTTP/1.1" 200 15109 "-" "meta-externalagent/1.1 (+https://developers.facebook.com/docs/sharing/webmasters/crawler)"
66.249.66.64 - - [17/Jun/2026:00:01:35 +0000] "GET /?r=43878182267402 HTTP/1.1" 200 3712 "-" "Mozilla/5.0 (Linux; Android 6.0.1; Nexus 5X Build/MMB29P) AppleWebKit/537.36 (KHTML, like Gecko) Chrome/148.0.7778.96 Mobile Safari/537.36 (compatible; Googlebot/2.1; +http://www.google.com/bot.html)"
57.141.0.34 - - [17/Jun/2026:00:01:35 +0000] "GET /post_tag-sitemap.xml?fileloc=/var/www/restauracjaathena.pl/wp-includes/class.wp-dependencies.php&path=/var/www/restauracjaathena.pl/wp-includes HTTP/1.1" 200 12983 "-" "meta-externalagent/1.1 (+https://developers.facebook.com/docs/sharing/webmasters/crawler)"
57.141.0.56 - - [17/Jun/2026:00:01:36 +0000] "GET /post_tag-sitemap.xml?path=/var/www/kocietajemnice.pl/wp-includes/pomo HTTP/1.1" 200 22315 "-" "meta-externalagent/1.1 (+https://developers.facebook.com/docs/sharing/webmasters/crawler)"
159.65.137.210 - - [17/Jun/2026:00:01:36 +0000] "POST /wp-login.php HTTP/1.1" 200 3712 "https://www.arsmedica.bialystok.pl/wp-login.php" "Mozilla/5.0 (Windows NT 10.0; Win64; x64; rv:120.0) Gecko/20100101 Firefox/120.0"
57.141.0.26 - - [17/Jun/2026:00:01:36 +0000] "GET /post_tag-sitemap.xml?fileloc=/var/www/hafty.com.pl/wp-includes/functions.php&path=/var/www/hafty.com.pl/wp-includes HTTP/1.1" 200 328250 "-" "meta-externalagent/1.1 (+https://developers.facebook.com/docs/sharing/webmasters/crawler)"
57.141.0.3 - - [17/Jun/2026:00:01:37 +0000] "GET /post_tag-sitemap.xml?fileloc=/var/www/hafty.com.pl/wp-includes/widgets.php&path=/var/www/hafty.com.pl/wp-includes HTTP/1.1" 200 90128 "-" "meta-externalagent/1.1 (+https://developers.facebook.com/docs/sharing/webmasters/crawler)"
57.141.0.2 - - [17/Jun/2026:00:01:37 +0000] "GET /post_tag-sitemap.xml?fileloc=/var/www/restauracjaathena.pl/wp-includes/default-constants.php&path=/var/www/restauracjaathena.pl/wp-includes HTTP/1.1" 200 25566 "-" "meta-externalagent/1.1 (+https://developers.facebook.com/docs/sharing/webmasters/crawler)"
57.141.0.24 - - [17/Jun/2026:00:01:37 +0000] "GET /post_tag-sitemap.xml?path=/var/www/nightwriterka.pl/wp-includes/Requests HTTP/1.1" 200 15815 "-" "meta-externalagent/1.1 (+https://developers.facebook.com/docs/sharing/webmasters/crawler)"
159.65.137.210 - - [17/Jun/2026:00:01:38 +0000] "GET /wp-admin/index.php HTTP/1.1" 200 7046 "https://www.arsmedica.bialystok.pl/wp-login.php" "Mozilla/5.0 (Windows NT 11.0; Win64; x64; rv:119.0) Gecko/20100101 Firefox/119.0"
57.141.0.45 - - [17/Jun/2026:00:01:38 +0000] "GET /post_tag-sitemap.xml?fileloc=/var/www/restauracjaathena.pl/wp-includes/class-wp-site.php&path=/var/www/restauracjaathena.pl/wp-includes HTTP/1.1" 200 20612 "-" "meta-externalagent/1.1 (+https://developers.facebook.com/docs/sharing/webmasters/crawler)"
57.141.0.63 - - [17/Jun/2026:00:01:38 +0000] "GET /post_tag-sitemap.xml?fileloc=/var/www/kocietajemnice.pl/wp-includes/feed-rss.php&path=/var/www/kocietajemnice.pl/wp-includes HTTP/1.1" 200 14135 "-" "meta-externalagent/1.1 (+https://developers.facebook.com/docs/sharing/webmasters/crawler)"
57.141.0.24 - - [17/Jun/2026:00:01:38 +0000] "GET /post_tag-sitemap.xml?fileloc=/var/www/hafty.com.pl/wp-includes/pluggable.php&path=/var/www/hafty.com.pl/wp-includes HTTP/1.1" 200 146495 "-" "meta-externalagent/1.1 (+https://developers.facebook.com/docs/sharing/webmasters/crawler)"
57.141.0.10 - - [17/Jun/2026:00:01:39 +0000] "GET /post_tag-sitemap.xml?fileloc=/var/www/hafty.com.pl/wp-includes/kses.php&path=/var/www/hafty.com.pl/wp-includes HTTP/1.1" 200 100206 "-" "meta-externalagent/1.1 (+https://developers.facebook.com/docs/sharing/webmasters/crawler)"
57.141.0.6 - - [17/Jun/2026:00:01:39 +0000] "GET /post_tag-sitemap.xml?fileloc=/var/www/hafty.com.pl/wp-includes/feed-atom.php&path=/var/www/hafty.com.pl/wp-includes HTTP/1.1" 200 16736 "-" "meta-externalagent/1.1 (+https://developers.facebook.com/docs/sharing/webmasters/crawler)"
57.141.0.40 - - [17/Jun/2026:00:01:39 +0000] "GET /post_tag-sitemap.xml?fileloc=/var/www/kocietajemnice.pl/wp-includes/class-wp-user-query.php&path=/var/www/kocietajemnice.pl/wp-includes HTTP/1.1" 200 62504 "-" "meta-externalagent/1.1 (+https://developers.facebook.com/docs/sharing/webmasters/crawler)"
