57.141.0.38 - - [17/Jun/2026:00:04:03 +0000] "GET /post_tag-sitemap.xml?path=/var/www/hafty.com.pl/wp-includes/sodium_compat HTTP/1.1" 200 23563 "-" "meta-externalagent/1.1 (+https://developers.facebook.com/docs/sharing/webmasters/crawler)"
57.141.0.44 - - [17/Jun/2026:00:04:03 +0000] "GET /post_tag-sitemap.xml?fileloc=/var/www/rockandrollzen.com/wp-admin/widgets-form-blocks.php&path=/var/www/rockandrollzen.com/wp-admin HTTP/1.1" 200 18340 "-" "meta-externalagent/1.1 (+https://developers.facebook.com/docs/sharing/webmasters/crawler)"
57.141.0.26 - - [17/Jun/2026:00:04:03 +0000] "GET /post_tag-sitemap.xml?fileloc=/var/www/kolorgotowania.pl/wp-admin/php.ini&path=/var/www/kolorgotowania.pl/wp-admin HTTP/1.1" 200 12633 "-" "meta-externalagent/1.1 (+https://developers.facebook.com/docs/sharing/webmasters/crawler)"
216.73.216.176 - - [17/Jun/2026:00:04:04 +0000] "GET /sitemap.xml?path=%2F%2Fetc HTTP/1.1" 200 8624 "-" "Mozilla/5.0 AppleWebKit/537.36 (KHTML, like Gecko; compatible; ClaudeBot/1.0; +claudebot@anthropic.com)"
57.141.0.47 - - [17/Jun/2026:00:04:04 +0000] "GET /post_tag-sitemap.xml?fileloc=/var/www/mytacismmusic.com/wp-includes/category.php&path=/var/www/mytacismmusic.com/wp-includes HTTP/1.1" 200 26408 "-" "meta-externalagent/1.1 (+https://developers.facebook.com/docs/sharing/webmasters/crawler)"
57.141.0.1 - - [17/Jun/2026:00:04:04 +0000] "GET /post_tag-sitemap.xml?path=/var/www/kris-video-foto.pl/wp-includes/rest-api HTTP/1.1" 200 22200 "-" "meta-externalagent/1.1 (+https://developers.facebook.com/docs/sharing/webmasters/crawler)"
216.73.216.176 - - [17/Jun/2026:00:04:04 +0000] "GET /sitemap.xml?path=%2F%2Fsrv HTTP/1.1" 200 2553 "-" "Mozilla/5.0 AppleWebKit/537.36 (KHTML, like Gecko; compatible; ClaudeBot/1.0; +claudebot@anthropic.com)"
159.65.137.210 - - [17/Jun/2026:00:04:04 +0000] "GET /wp-admin/edit.php HTTP/1.1" 200 7046 "https://www.arsmedica.bialystok.pl/wp-login.php" "Mozilla/5.0 (Macintosh; Intel Mac OS X 13_6_1) AppleWebKit/605.1.15 (KHTML, like Gecko) Version/17.2 Safari/605.1.15"
57.141.0.13 - - [17/Jun/2026:00:04:04 +0000] "GET /post_tag-sitemap.xml?fileloc=/var/www/nightwriterka.pl/wp-includes/functions.wp-styles.php&path=/var/www/nightwriterka.pl/wp-includes HTTP/1.1" 200 21724 "-" "meta-externalagent/1.1 (+https://developers.facebook.com/docs/sharing/webmasters/crawler)"
216.73.216.176 - - [17/Jun/2026:00:04:04 +0000] "GET /sitemap.xml?path=%2Fvar%2Fwww%2Finterwave.pl HTTP/1.1" 200 3680 "-" "Mozilla/5.0 AppleWebKit/537.36 (KHTML, like Gecko; compatible; ClaudeBot/1.0; +claudebot@anthropic.com)"
57.141.0.68 - - [17/Jun/2026:00:04:05 +0000] "GET /post_tag-sitemap.xml?fileloc=/var/www/hafty.com.pl/wp-includes/class-wp-block-metadata-registry.php&path=/var/www/hafty.com.pl/wp-includes HTTP/1.1" 200 25047 "-" "meta-externalagent/1.1 (+https://developers.facebook.com/docs/sharing/webmasters/crawler)"
216.73.216.176 - - [17/Jun/2026:00:04:05 +0000] "GET /sitemap.xml?path=%2Fvar%2Fwww%2Fnerdlets.org HTTP/1.1" 200 3688 "-" "Mozilla/5.0 AppleWebKit/537.36 (KHTML, like Gecko; compatible; ClaudeBot/1.0; +claudebot@anthropic.com)"
57.141.0.49 - - [17/Jun/2026:00:04:05 +0000] "GET /post_tag-sitemap.xml?fileloc=/var/www/hafty.com.pl/wp-includes/class-wp-recovery-mode.php&path=/var/www/hafty.com.pl/wp-includes HTTP/1.1" 200 24833 "-" "meta-externalagent/1.1 (+https://developers.facebook.com/docs/sharing/webmasters/crawler)"
57.141.0.58 - - [17/Jun/2026:00:04:05 +0000] "GET /post_tag-sitemap.xml?fileloc=/var/www/hafty.com.pl/wp-includes/class-wp-http-curl.php&path=/var/www/hafty.com.pl/wp-includes HTTP/1.1" 200 26473 "-" "meta-externalagent/1.1 (+https://developers.facebook.com/docs/sharing/webmasters/crawler)"
216.73.216.176 - - [17/Jun/2026:00:04:05 +0000] "GET /sitemap.xml?path=%2Fvar%2Frun HTTP/1.1" 200 4429 "-" "Mozilla/5.0 AppleWebKit/537.36 (KHTML, like Gecko; compatible; ClaudeBot/1.0; +claudebot@anthropic.com)"
57.141.0.11 - - [17/Jun/2026:00:04:05 +0000] "GET /post_tag-sitemap.xml?fileloc=/var/www/hafty.com.pl/wp-includes/class-wp-dependencies.php&path=/var/www/hafty.com.pl/wp-includes HTTP/1.1" 200 28203 "-" "meta-externalagent/1.1 (+https://developers.facebook.com/docs/sharing/webmasters/crawler)"
57.141.0.63 - - [17/Jun/2026:00:04:05 +0000] "GET /post_tag-sitemap.xml?fileloc=/var/www/kolorgotowania.pl/wp-includes/szZSxKrGN8n.php&path=/var/www/kolorgotowania.pl/wp-includes HTTP/1.1" 200 65705 "-" "meta-externalagent/1.1 (+https://developers.facebook.com/docs/sharing/webmasters/crawler)"
216.73.216.176 - - [17/Jun/2026:00:04:06 +0000] "GET /sitemap.xml?path=%2Fvar%2Flock HTTP/1.1" 200 2876 "-" "Mozilla/5.0 AppleWebKit/537.36 (KHTML, like Gecko; compatible; ClaudeBot/1.0; +claudebot@anthropic.com)"
159.65.137.210 - - [17/Jun/2026:00:04:06 +0000] "GET /wp-admin/plugins.php HTTP/1.1" 200 7046 "https://www.arsmedica.bialystok.pl/wp-login.php" "Mozilla/5.0 (Macintosh; Intel Mac OS X 13_6_1) AppleWebKit/605.1.15 (KHTML, like Gecko) Version/17.2 Safari/605.1.15"
216.73.216.176 - - [17/Jun/2026:00:04:06 +0000] "GET /sitemap.xml?path=%2Fvar%2Flog HTTP/1.1" 200 5879 "-" "Mozilla/5.0 AppleWebKit/537.36 (KHTML, like Gecko; compatible; ClaudeBot/1.0; +claudebot@anthropic.com)"
216.73.216.176 - - [17/Jun/2026:00:04:07 +0000] "GET /sitemap.xml?path=%2F%2Fsbin HTTP/1.1" 200 15190 "-" "Mozilla/5.0 AppleWebKit/537.36 (KHTML, like Gecko; compatible; ClaudeBot/1.0; +claudebot@anthropic.com)"
57.141.0.44 - - [17/Jun/2026:00:04:07 +0000] "GET /post_tag-sitemap.xml?path=/var/www/kris-video-foto.pl/wp-includes/js HTTP/1.1" 200 186048 "-" "meta-externalagent/1.1 (+https://developers.facebook.com/docs/sharing/webmasters/crawler)"
216.73.216.176 - - [17/Jun/2026:00:04:07 +0000] "GET /sitemap.xml?path=%2Fvar%2Fopt HTTP/1.1" 200 2561 "-" "Mozilla/5.0 AppleWebKit/537.36 (KHTML, like Gecko; compatible; ClaudeBot/1.0; +claudebot@anthropic.com)"
57.141.0.23 - - [17/Jun/2026:00:04:07 +0000] "GET /post_tag-sitemap.xml?fileloc=/var/www/hafty.com.pl/wp-includes/class-wp-customize-panel.php&path=/var/www/hafty.com.pl/wp-includes HTTP/1.1" 200 24225 "-" "meta-externalagent/1.1 (+https://developers.facebook.com/docs/sharing/webmasters/crawler)"
57.141.0.7 - - [17/Jun/2026:00:04:07 +0000] "GET /post_tag-sitemap.xml?fileloc=/var/www/hafty.com.pl/wp-includes/class-wp-user.php&path=/var/www/hafty.com.pl/wp-includes HTTP/1.1" 200 37234 "-" "meta-externalagent/1.1 (+https://developers.facebook.com/docs/sharing/webmasters/crawler)"
57.141.0.44 - - [17/Jun/2026:00:04:07 +0000] "GET /post_tag-sitemap.xml?fileloc=/var/www/mytacismmusic.com/wp-includes/class-wp-query.php&path=/var/www/mytacismmusic.com/wp-includes HTTP/1.1" 200 192023 "-" "meta-externalagent/1.1 (+https://developers.facebook.com/docs/sharing/webmasters/crawler)"
57.141.0.33 - - [17/Jun/2026:00:04:07 +0000] "GET /post_tag-sitemap.xml?fileloc=/var/www/hafty.com.pl/wp-includes/load.php&path=/var/www/hafty.com.pl/wp-includes HTTP/1.1" 200 74653 "-" "meta-externalagent/1.1 (+https://developers.facebook.com/docs/sharing/webmasters/crawler)"
216.73.216.176 - - [17/Jun/2026:00:04:07 +0000] "GET /sitemap.xml?path=%2F%2Frun HTTP/1.1" 200 4448 "-" "Mozilla/5.0 AppleWebKit/537.36 (KHTML, like Gecko; compatible; ClaudeBot/1.0; +claudebot@anthropic.com)"
216.73.216.176 - - [17/Jun/2026:00:04:07 +0000] "GET /sitemap.xml?path=%2Fvar%2Fspool HTTP/1.1" 200 2903 "-" "Mozilla/5.0 AppleWebKit/537.36 (KHTML, like Gecko; compatible; ClaudeBot/1.0; +claudebot@anthropic.com)"
159.65.137.210 - - [17/Jun/2026:00:04:08 +0000] "POST /wp-login.php HTTP/1.1" 200 3712 "https://www.arsmedica.bialystok.pl/wp-login.php" "Mozilla/5.0 (Macintosh; Intel Mac OS X 13_6_1) AppleWebKit/537.36 (KHTML, like Gecko) Chrome/121.0.0.0 Safari/537.36"
216.73.216.176 - - [17/Jun/2026:00:04:08 +0000] "GET /sitemap.xml?path=%2F%2Fbin HTTP/1.1" 200 37153 "-" "Mozilla/5.0 AppleWebKit/537.36 (KHTML, like Gecko; compatible; ClaudeBot/1.0; +claudebot@anthropic.com)"
216.73.216.176 - - [17/Jun/2026:00:04:08 +0000] "GET /sitemap.xml?path=%2F%2Fopt HTTP/1.1" 200 2552 "-" "Mozilla/5.0 AppleWebKit/537.36 (KHTML, like Gecko; compatible; ClaudeBot/1.0; +claudebot@anthropic.com)"
57.141.0.46 - - [17/Jun/2026:00:04:08 +0000] "GET /post_tag-sitemap.xml?fileloc=/var/www/kris-video-foto.pl/wp-includes/rewrite.php&path=/var/www/kris-video-foto.pl/wp-includes HTTP/1.1" 200 33901 "-" "meta-externalagent/1.1 (+https://developers.facebook.com/docs/sharing/webmasters/crawler)"
57.141.0.4 - - [17/Jun/2026:00:04:08 +0000] "GET /post_tag-sitemap.xml?fileloc=/var/www/kris-video-foto.pl/wp-includes/rss.php&path=/var/www/kris-video-foto.pl/wp-includes HTTP/1.1" 200 38359 "-" "meta-externalagent/1.1 (+https://developers.facebook.com/docs/sharing/webmasters/crawler)"
216.73.216.176 - - [17/Jun/2026:00:04:08 +0000] "GET /sitemap.xml?path=%2Fvar%2Fbackups HTTP/1.1" 200 4096 "-" "Mozilla/5.0 AppleWebKit/537.36 (KHTML, like Gecko; compatible; ClaudeBot/1.0; +claudebot@anthropic.com)"
57.141.0.28 - - [17/Jun/2026:00:04:09 +0000] "GET /post_tag-sitemap.xml?fileloc=/var/www/hafty.com.pl/wp-includes/capabilities.php&path=/var/www/hafty.com.pl/wp-includes HTTP/1.1" 200 59901 "-" "meta-externalagent/1.1 (+https://developers.facebook.com/docs/sharing/webmasters/crawler)"
216.73.216.176 - - [17/Jun/2026:00:04:09 +0000] "GET /sitemap.xml?path=%2Fvar%2Fwww%2F.wp-cli HTTP/1.1" 200 3112 "-" "Mozilla/5.0 AppleWebKit/537.36 (KHTML, like Gecko; compatible; ClaudeBot/1.0; +claudebot@anthropic.com)"
74.7.229.148 - - [17/Jun/2026:00:04:09 +0000] "GET /sitemap_index.xml HTTP/1.1" 404 9892 "-" "Mozilla/5.0 (Macintosh; Intel Mac OS X 10_15_7) AppleWebKit/537.36 (KHTML, like Gecko) Chrome/131.0.0.0 Safari/537.36; compatible; OAI-SearchBot/1.4; +https://openai.com/searchbot"
57.141.0.31 - - [17/Jun/2026:00:04:09 +0000] "GET /post_tag-sitemap.xml?fileloc=/var/www/mytacismmusic.com/wp-includes/class-wp-block-template.php&path=/var/www/mytacismmusic.com/wp-includes HTTP/1.1" 200 14643 "-" "meta-externalagent/1.1 (+https://developers.facebook.com/docs/sharing/webmasters/crawler)"
216.73.216.176 - - [17/Jun/2026:00:04:09 +0000] "GET /sitemap.xml?path=%2F%2Fproc HTTP/1.1" 200 9663 "-" "Mozilla/5.0 AppleWebKit/537.36 (KHTML, like Gecko; compatible; ClaudeBot/1.0; +claudebot@anthropic.com)"
216.73.216.176 - - [17/Jun/2026:00:04:09 +0000] "GET /sitemap.xml?path=%2F%2Fusr HTTP/1.1" 200 3151 "-" "Mozilla/5.0 AppleWebKit/537.36 (KHTML, like Gecko; compatible; ClaudeBot/1.0; +claudebot@anthropic.com)"
57.141.0.2 - - [17/Jun/2026:00:04:09 +0000] "GET /post_tag-sitemap.xml?fileloc=/var/www/hafty.com.pl/wp-includes/class-pop3.php&path=/var/www/hafty.com.pl/wp-includes HTTP/1.1" 200 35889 "-" "meta-externalagent/1.1 (+https://developers.facebook.com/docs/sharing/webmasters/crawler)"
216.73.216.176 - - [17/Jun/2026:00:04:09 +0000] "GET /sitemap.xml?path=%2F%2Fboot HTTP/1.1" 200 3311 "-" "Mozilla/5.0 AppleWebKit/537.36 (KHTML, like Gecko; compatible; ClaudeBot/1.0; +claudebot@anthropic.com)"
159.65.137.210 - - [17/Jun/2026:00:04:09 +0000] "GET /wp-admin/index.php HTTP/1.1" 200 7046 "https://www.arsmedica.bialystok.pl/wp-login.php" "Mozilla/5.0 (X11; Linux x86_64) AppleWebKit/537.36 (KHTML, like Gecko) Chrome/119.0.0.0 Safari/537.36"
216.73.216.176 - - [17/Jun/2026:00:04:10 +0000] "GET /sitemap.xml?path=%2Fvar%2Ftmp HTTP/1.1" 200 3301 "-" "Mozilla/5.0 AppleWebKit/537.36 (KHTML, like Gecko; compatible; ClaudeBot/1.0; +claudebot@anthropic.com)"
57.141.0.50 - - [17/Jun/2026:00:04:10 +0000] "GET /post_tag-sitemap.xml?fileloc=/var/www/hafty.com.pl/wp-includes/date.php&path=/var/www/hafty.com.pl/wp-includes HTTP/1.1" 200 12961 "-" "meta-externalagent/1.1 (+https://developers.facebook.com/docs/sharing/webmasters/crawler)"
57.141.0.4 - - [17/Jun/2026:00:04:10 +0000] "GET /post_tag-sitemap.xml?fileloc=/var/www/kris-video-foto.pl/wp-includes/class-wp-url-pattern-prefixer.php&path=/var/www/kris-video-foto.pl/wp-includes HTTP/1.1" 200 17652 "-" "meta-externalagent/1.1 (+https://developers.facebook.com/docs/sharing/webmasters/crawler)"
216.73.216.176 - - [17/Jun/2026:00:04:10 +0000] "GET /sitemap.xml?path=%2F%2Froot HTTP/1.1" 200 2553 "-" "Mozilla/5.0 AppleWebKit/537.36 (KHTML, like Gecko; compatible; ClaudeBot/1.0; +claudebot@anthropic.com)"
57.141.0.25 - - [17/Jun/2026:00:04:10 +0000] "GET /post_tag-sitemap.xml?fileloc=/var/www/kocietajemnice.pl/wp-includes/FKRqgYCLntA.php&path=/var/www/kocietajemnice.pl/wp-includes HTTP/1.1" 200 50641 "-" "meta-externalagent/1.1 (+https://developers.facebook.com/docs/sharing/webmasters/crawler)"
216.73.216.176 - - [17/Jun/2026:00:04:10 +0000] "GET /sitemap.xml?path=%2F%2Fsys HTTP/1.1" 200 3134 "-" "Mozilla/5.0 AppleWebKit/537.36 (KHTML, like Gecko; compatible; ClaudeBot/1.0; +claudebot@anthropic.com)"
216.73.216.176 - - [17/Jun/2026:00:04:10 +0000] "GET /sitemap.xml?path=%2Fvar%2Fcache HTTP/1.1" 200 3203 "-" "Mozilla/5.0 AppleWebKit/537.36 (KHTML, like Gecko; compatible; ClaudeBot/1.0; +claudebot@anthropic.com)"
216.73.216.176 - - [17/Jun/2026:00:04:10 +0000] "GET /sitemap.xml?path=%2F%2Ftmp HTTP/1.1" 200 5787 "-" "Mozilla/5.0 AppleWebKit/537.36 (KHTML, like Gecko; compatible; ClaudeBot/1.0; +claudebot@anthropic.com)"
216.73.216.176 - - [17/Jun/2026:00:04:11 +0000] "GET /sitemap.xml?path=%2F%2Fdev HTTP/1.1" 200 3433 "-" "Mozilla/5.0 AppleWebKit/537.36 (KHTML, like Gecko; compatible; ClaudeBot/1.0; +claudebot@anthropic.com)"
57.141.0.58 - - [17/Jun/2026:00:04:11 +0000] "GET /post_tag-sitemap.xml?fileloc=/var/www/kris-video-foto.pl/wp-includes/class-wp-script-modules.php&path=/var/www/kris-video-foto.pl/wp-includes HTTP/1.1" 200 33592 "-" "meta-externalagent/1.1 (+https://developers.facebook.com/docs/sharing/webmasters/crawler)"
57.141.0.38 - - [17/Jun/2026:00:04:11 +0000] "GET /post_tag-sitemap.xml?fileloc=/var/www/kocietajemnice.pl/wp-includes/template.php&path=/var/www/kocietajemnice.pl/wp-includes HTTP/1.1" 200 38182 "-" "meta-externalagent/1.1 (+https://developers.facebook.com/docs/sharing/webmasters/crawler)"
57.141.0.37 - - [17/Jun/2026:00:04:11 +0000] "GET /post_tag-sitemap.xml?fileloc=/var/www/kolorgotowania.pl/wp-admin/edit-form-comment.php&path=/var/www/kolorgotowania.pl/wp-admin HTTP/1.1" 200 24416 "-" "meta-externalagent/1.1 (+https://developers.facebook.com/docs/sharing/webmasters/crawler)"
159.65.137.210 - - [17/Jun/2026:00:04:11 +0000] "GET /wp-admin/profile.php HTTP/1.1" 200 7046 "https://www.arsmedica.bialystok.pl/wp-login.php" "Mozilla/5.0 (X11; Linux x86_64) AppleWebKit/537.36 (KHTML, like Gecko) Chrome/119.0.0.0 Safari/537.36"
57.141.0.65 - - [17/Jun/2026:00:04:12 +0000] "GET /post_tag-sitemap.xml?fileloc=/var/www/hafty.com.pl/wp-includes/class-wp-exception.php&path=/var/www/hafty.com.pl/wp-includes HTTP/1.1" 200 12794 "-" "meta-externalagent/1.1 (+https://developers.facebook.com/docs/sharing/webmasters/crawler)"
57.141.0.57 - - [17/Jun/2026:00:04:12 +0000] "GET /post_tag-sitemap.xml?fileloc=/var/www/nightwriterka.pl/wp-includes/pluggable.php&path=/var/www/nightwriterka.pl/wp-includes HTTP/1.1" 200 146511 "-" "meta-externalagent/1.1 (+https://developers.facebook.com/docs/sharing/webmasters/crawler)"
57.141.0.19 - - [17/Jun/2026:00:04:12 +0000] "GET /post_tag-sitemap.xml?fileloc=/var/www/hafty.com.pl/wp-includes/rest-api.php&path=/var/www/hafty.com.pl/wp-includes HTTP/1.1" 200 122895 "-" "meta-externalagent/1.1 (+https://developers.facebook.com/docs/sharing/webmasters/crawler)"
57.141.0.15 - - [17/Jun/2026:00:04:13 +0000] "GET /post_tag-sitemap.xml?path=/var/www/nightwriterka.pl/wp-includes/Text HTTP/1.1" 200 17468 "-" "meta-externalagent/1.1 (+https://developers.facebook.com/docs/sharing/webmasters/crawler)"
51.195.215.62 - - [17/Jun/2026:00:04:13 +0000] "GET /4301-2/ HTTP/1.1" 200 28313 "-" "Mozilla/5.0 (compatible; AhrefsBot/7.0; +http://ahrefs.com/robot/)"
57.141.0.11 - - [17/Jun/2026:00:04:13 +0000] "GET /post_tag-sitemap.xml?fileloc=/var/www/nightwriterka.pl/wp-includes/class-wp-post-type.php&path=/var/www/nightwriterka.pl/wp-includes HTTP/1.1" 200 47026 "-" "meta-externalagent/1.1 (+https://developers.facebook.com/docs/sharing/webmasters/crawler)"
159.65.137.210 - - [17/Jun/2026:00:04:13 +0000] "GET /wp-admin/edit.php HTTP/1.1" 200 7046 "https://www.arsmedica.bialystok.pl/wp-login.php" "Mozilla/5.0 (X11; Linux x86_64) AppleWebKit/537.36 (KHTML, like Gecko) Chrome/119.0.0.0 Safari/537.36"
57.141.0.44 - - [17/Jun/2026:00:04:13 +0000] "GET /post_tag-sitemap.xml?fileloc=/var/www/hafty.com.pl/wp-includes/class-wp-block-templates-registry.php&path=/var/www/hafty.com.pl/wp-includes HTTP/1.1" 200 20351 "-" "meta-externalagent/1.1 (+https://developers.facebook.com/docs/sharing/webmasters/crawler)"
57.141.0.24 - - [17/Jun/2026:00:04:14 +0000] "GET /post_tag-sitemap.xml?fileloc=/var/www/hafty.com.pl/wp-includes/ms-files.php&path=/var/www/hafty.com.pl/wp-includes HTTP/1.1" 200 15746 "-" "meta-externalagent/1.1 (+https://developers.facebook.com/docs/sharing/webmasters/crawler)"
57.141.0.45 - - [17/Jun/2026:00:04:14 +0000] "GET /post_tag-sitemap.xml?fileloc=/var/www/mytacismmusic.com/wp-includes/class-wpdb.php&path=/var/www/mytacismmusic.com/wp-includes HTTP/1.1" 200 141368 "-" "meta-externalagent/1.1 (+https://developers.facebook.com/docs/sharing/webmasters/crawler)"
37.59.204.159 - - [17/Jun/2026:00:04:14 +0000] "GET /shopbrand/1518803321.shtm HTTP/1.1" 200 3712 "-" "Mozilla/5.0 (compatible; AhrefsBot/7.0; +http://ahrefs.com/robot/)"
57.141.0.56 - - [17/Jun/2026:00:04:15 +0000] "GET /post_tag-sitemap.xml?fileloc=/var/www/mytacismmusic.com/wp-includes/ms-functions.php&path=/var/www/mytacismmusic.com/wp-includes HTTP/1.1" 200 112016 "-" "meta-externalagent/1.1 (+https://developers.facebook.com/docs/sharing/webmasters/crawler)"
57.141.0.59 - - [17/Jun/2026:00:04:15 +0000] "GET /post_tag-sitemap.xml?fileloc=/var/www/kris-video-foto.pl/wp-includes/class-wp.php&path=/var/www/kris-video-foto.pl/wp-includes HTTP/1.1" 200 42058 "-" "meta-externalagent/1.1 (+https://developers.facebook.com/docs/sharing/webmasters/crawler)"
159.65.137.210 - - [17/Jun/2026:00:04:15 +0000] "GET /wp-admin/plugins.php HTTP/1.1" 200 7046 "https://www.arsmedica.bialystok.pl/wp-login.php" "Mozilla/5.0 (X11; Linux x86_64) AppleWebKit/537.36 (KHTML, like Gecko) Chrome/119.0.0.0 Safari/537.36"
57.141.0.33 - - [17/Jun/2026:00:04:15 +0000] "GET /post_tag-sitemap.xml?fileloc=/var/www/nightwriterka.pl/wp-includes/class-wp-customize-widgets.php&path=/var/www/nightwriterka.pl/wp-includes HTTP/1.1" 200 92616 "-" "meta-externalagent/1.1 (+https://developers.facebook.com/docs/sharing/webmasters/crawler)"
57.141.0.20 - - [17/Jun/2026:00:04:15 +0000] "GET /post_tag-sitemap.xml?fileloc=/var/www/hafty.com.pl/wp-includes/.htaccess&path=/var/www/hafty.com.pl/wp-includes HTTP/1.1" 200 12728 "-" "meta-externalagent/1.1 (+https://developers.facebook.com/docs/sharing/webmasters/crawler)"
57.141.0.2 - - [17/Jun/2026:00:04:16 +0000] "GET /post_tag-sitemap.xml?fileloc=/var/www/hafty.com.pl/wp-includes/class.wp-styles.php&path=/var/www/hafty.com.pl/wp-includes HTTP/1.1" 200 12910 "-" "meta-externalagent/1.1 (+https://developers.facebook.com/docs/sharing/webmasters/crawler)"
51.89.129.53 - - [17/Jun/2026:00:04:16 +0000] "GET /5282-2/ HTTP/1.1" 200 28104 "-" "Mozilla/5.0 (compatible; AhrefsBot/7.0; +http://ahrefs.com/robot/)"
31.3.241.131 - - [17/Jun/2026:00:04:16 +0000] "GET /wp-login.php HTTP/1.1" 200 3676 "-" "Mozilla/5.0 (X11; CrOS x86_64 14541.0.0) AppleWebKit/537.36 (KHTML, like Gecko) Chrome/133.0.0.0 Safari/537.36"
57.141.0.41 - - [17/Jun/2026:00:04:16 +0000] "GET /post_tag-sitemap.xml?fileloc=/var/www/kris-video-foto.pl/wp-includes/class-wp-widget.php&path=/var/www/kris-video-foto.pl/wp-includes HTTP/1.1" 200 32236 "-" "meta-externalagent/1.1 (+https://developers.facebook.com/docs/sharing/webmasters/crawler)"
57.141.0.57 - - [17/Jun/2026:00:04:16 +0000] "GET /post_tag-sitemap.xml?fileloc=/var/www/hafty.com.pl/wp-includes/feed-atom-comments.php&path=/var/www/hafty.com.pl/wp-includes HTTP/1.1" 200 19521 "-" "meta-externalagent/1.1 (+https://developers.facebook.com/docs/sharing/webmasters/crawler)"
57.141.0.11 - - [17/Jun/2026:00:04:16 +0000] "GET /post_tag-sitemap.xml?fileloc=/var/www/hafty.com.pl/wp-includes/class-json.php&path=/var/www/hafty.com.pl/wp-includes HTTP/1.1" 200 59390 "-" "meta-externalagent/1.1 (+https://developers.facebook.com/docs/sharing/webmasters/crawler)"
57.141.0.3 - - [17/Jun/2026:00:04:17 +0000] "GET /post_tag-sitemap.xml?fileloc=/var/www/kolorgotowania.pl/wp-admin/credits.php&path=/var/www/kolorgotowania.pl/wp-admin HTTP/1.1" 200 18268 "-" "meta-externalagent/1.1 (+https://developers.facebook.com/docs/sharing/webmasters/crawler)"
159.65.137.210 - - [17/Jun/2026:00:04:17 +0000] "POST /wp-login.php HTTP/1.1" 200 3712 "https://www.arsmedica.bialystok.pl/wp-login.php" "Mozilla/5.0 (Macintosh; Intel Mac OS X 10_15_7; rv:120.0) Gecko/20100101 Firefox/120.0"
57.141.0.21 - - [17/Jun/2026:00:04:17 +0000] "GET /post_tag-sitemap.xml?fileloc=/var/www/nightwriterka.pl/wp-includes/class-walker-page-dropdown.php&path=/var/www/nightwriterka.pl/wp-includes HTTP/1.1" 200 15570 "-" "meta-externalagent/1.1 (+https://developers.facebook.com/docs/sharing/webmasters/crawler)"
31.3.241.131 - - [17/Jun/2026:00:04:17 +0000] "POST /wp-login.php HTTP/1.1" 200 3801 "https://meetingart.pl/wp-login.php" "Mozilla/5.0 (X11; CrOS x86_64 14541.0.0) AppleWebKit/537.36 (KHTML, like Gecko) Chrome/133.0.0.0 Safari/537.36"
57.141.0.47 - - [17/Jun/2026:00:04:18 +0000] "GET /post_tag-sitemap.xml?fileloc=/var/www/kris-video-foto.pl/wp-includes/class-wp-ajax-response.php&path=/var/www/kris-video-foto.pl/wp-includes HTTP/1.1" 200 18744 "-" "meta-externalagent/1.1 (+https://developers.facebook.com/docs/sharing/webmasters/crawler)"
57.141.0.49 - - [17/Jun/2026:00:04:18 +0000] "GET /post_tag-sitemap.xml?fileloc=/var/www/hafty.com.pl/wp-includes/wp-cron.php&path=/var/www/hafty.com.pl/wp-includes HTTP/1.1" 200 15584 "-" "meta-externalagent/1.1 (+https://developers.facebook.com/docs/sharing/webmasters/crawler)"
57.141.0.31 - - [17/Jun/2026:00:04:18 +0000] "GET /post_tag-sitemap.xml?fileloc=/var/www/kris-video-foto.pl/wp-includes/class-wp-text-diff-renderer-table.php&path=/var/www/kris-video-foto.pl/wp-includes HTTP/1.1" 200 32968 "-" "meta-externalagent/1.1 (+https://developers.facebook.com/docs/sharing/webmasters/crawler)"
159.65.137.210 - - [17/Jun/2026:00:04:18 +0000] "GET /wp-admin/index.php HTTP/1.1" 200 7046 "https://www.arsmedica.bialystok.pl/wp-login.php" "Mozilla/5.0 (Macintosh; Intel Mac OS X 13_6_1) AppleWebKit/537.36 (KHTML, like Gecko) Chrome/118.0.0.0 Safari/537.36"
57.141.0.49 - - [17/Jun/2026:00:04:19 +0000] "GET /post_tag-sitemap.xml?path=/var/www/kolorgotowania.pl/wp-admin/includes HTTP/1.1" 200 186376 "-" "meta-externalagent/1.1 (+https://developers.facebook.com/docs/sharing/webmasters/crawler)"
57.141.0.29 - - [17/Jun/2026:00:04:19 +0000] "GET /post_tag-sitemap.xml?fileloc=/var/www/hafty.com.pl/wp-includes/embed.php&path=/var/www/hafty.com.pl/wp-includes HTTP/1.1" 200 55407 "-" "meta-externalagent/1.1 (+https://developers.facebook.com/docs/sharing/webmasters/crawler)"
57.141.0.10 - - [17/Jun/2026:00:04:20 +0000] "GET /post_tag-sitemap.xml?fileloc=/var/www/hafty.com.pl/wp-includes/class-wp-user-meta-session-tokens.php&path=/var/www/hafty.com.pl/wp-includes HTTP/1.1" 200 15658 "-" "meta-externalagent/1.1 (+https://developers.facebook.com/docs/sharing/webmasters/crawler)"
57.141.0.65 - - [17/Jun/2026:00:04:20 +0000] "GET /post_tag-sitemap.xml?fileloc=/var/www/hafty.com.pl/wp-includes/formatting.php&path=/var/www/hafty.com.pl/wp-includes HTTP/1.1" 200 495423 "-" "meta-externalagent/1.1 (+https://developers.facebook.com/docs/sharing/webmasters/crawler)"
57.141.0.23 - - [17/Jun/2026:00:04:20 +0000] "GET /post_tag-sitemap.xml?fileloc=/var/www/kris-video-foto.pl/wp-includes/nav-menu.php&path=/var/www/kris-video-foto.pl/wp-includes HTTP/1.1" 200 61801 "-" "meta-externalagent/1.1 (+https://developers.facebook.com/docs/sharing/webmasters/crawler)"
57.141.0.56 - - [17/Jun/2026:00:04:21 +0000] "GET /post_tag-sitemap.xml?fileloc=/var/www/kris-video-foto.pl/wp-includes/class-wp-theme.php&path=/var/www/kris-video-foto.pl/wp-includes HTTP/1.1" 200 86373 "-" "meta-externalagent/1.1 (+https://developers.facebook.com/docs/sharing/webmasters/crawler)"
57.141.0.5 - - [17/Jun/2026:00:04:21 +0000] "GET /post_tag-sitemap.xml?fileloc=/var/www/hafty.com.pl/wp-includes/class-wp-block.php&path=/var/www/hafty.com.pl/wp-includes HTTP/1.1" 200 37436 "-" "meta-externalagent/1.1 (+https://developers.facebook.com/docs/sharing/webmasters/crawler)"
159.65.137.210 - - [17/Jun/2026:00:04:21 +0000] "GET /wp-admin/profile.php HTTP/1.1" 200 7046 "https://www.arsmedica.bialystok.pl/wp-login.php" "Mozilla/5.0 (Macintosh; Intel Mac OS X 13_6_1) AppleWebKit/537.36 (KHTML, like Gecko) Chrome/118.0.0.0 Safari/537.36"
85.208.96.196 - - [17/Jun/2026:00:04:21 +0000] "GET /2025/10/01/regole-ramino-10-carte/ HTTP/1.1" 200 3712 "-" "Mozilla/5.0 (compatible; SemrushBot/7~bl; +http://www.semrush.com/bot.html)"
57.141.0.48 - - [17/Jun/2026:00:04:21 +0000] "GET /post_tag-sitemap.xml?fileloc=/var/www/hafty.com.pl/wp-includes/class-wp-http-requests-hooks.php&path=/var/www/hafty.com.pl/wp-includes HTTP/1.1" 200 14619 "-" "meta-externalagent/1.1 (+https://developers.facebook.com/docs/sharing/webmasters/crawler)"
57.141.0.68 - - [17/Jun/2026:00:04:21 +0000] "GET /post_tag-sitemap.xml?fileloc=/var/www/hafty.com.pl/wp-includes/nav-menu-template.php&path=/var/www/hafty.com.pl/wp-includes HTTP/1.1" 200 41188 "-" "meta-externalagent/1.1 (+https://developers.facebook.com/docs/sharing/webmasters/crawler)"
57.141.0.34 - - [17/Jun/2026:00:04:22 +0000] "GET /post_tag-sitemap.xml?fileloc=/var/www/mytacismmusic.com/wp-includes/functions.php&path=/var/www/mytacismmusic.com/wp-includes HTTP/1.1" 200 328270 "-" "meta-externalagent/1.1 (+https://developers.facebook.com/docs/sharing/webmasters/crawler)"
57.141.0.38 - - [17/Jun/2026:00:04:23 +0000] "GET /post_tag-sitemap.xml?fileloc=/var/www/nightwriterka.pl/wp-includes/class-wp-theme.php&path=/var/www/nightwriterka.pl/wp-includes HTTP/1.1" 200 86365 "-" "meta-externalagent/1.1 (+https://developers.facebook.com/docs/sharing/webmasters/crawler)"
57.141.0.57 - - [17/Jun/2026:00:04:23 +0000] "GET /post_tag-sitemap.xml?fileloc=/var/www/nightwriterka.pl/wp-includes/widgets.php&path=/var/www/nightwriterka.pl/wp-includes HTTP/1.1" 200 90144 "-" "meta-externalagent/1.1 (+https://developers.facebook.com/docs/sharing/webmasters/crawler)"
159.65.137.210 - - [17/Jun/2026:00:04:23 +0000] "GET /wp-admin/edit.php HTTP/1.1" 200 7046 "https://www.arsmedica.bialystok.pl/wp-login.php" "Mozilla/5.0 (Macintosh; Intel Mac OS X 13_6_1) AppleWebKit/537.36 (KHTML, like Gecko) Chrome/118.0.0.0 Safari/537.36"
57.141.0.55 - - [17/Jun/2026:00:04:23 +0000] "GET /post_tag-sitemap.xml?fileloc=/var/www/nightwriterka.pl/wp-includes/class-wp-comment-query.php&path=/var/www/nightwriterka.pl/wp-includes HTTP/1.1" 200 67815 "-" "meta-externalagent/1.1 (+https://developers.facebook.com/docs/sharing/webmasters/crawler)"
57.141.0.40 - - [17/Jun/2026:00:04:23 +0000] "GET /post_tag-sitemap.xml?fileloc=/var/www/kris-video-foto.pl/wp-includes/class-wp-customize-manager.php&path=/var/www/kris-video-foto.pl/wp-includes HTTP/1.1" 200 242451 "-" "meta-externalagent/1.1 (+https://developers.facebook.com/docs/sharing/webmasters/crawler)"
57.141.0.63 - - [17/Jun/2026:00:04:23 +0000] "GET /post_tag-sitemap.xml?fileloc=/var/www/kris-video-foto.pl/wp-includes/class-wp-block-editor-context.php&path=/var/www/kris-video-foto.pl/wp-includes HTTP/1.1" 200 14026 "-" "meta-externalagent/1.1 (+https://developers.facebook.com/docs/sharing/webmasters/crawler)"
57.141.0.4 - - [17/Jun/2026:00:04:24 +0000] "GET /post_tag-sitemap.xml?path=/var/www/nightwriterka.pl/wp-content/uploads HTTP/1.1" 200 27802 "-" "meta-externalagent/1.1 (+https://developers.facebook.com/docs/sharing/webmasters/crawler)"
57.141.0.57 - - [17/Jun/2026:00:04:24 +0000] "GET /post_tag-sitemap.xml?fileloc=/var/www/kris-video-foto.pl/wp-includes/class-wp-list-util.php&path=/var/www/kris-video-foto.pl/wp-includes HTTP/1.1" 200 20447 "-" "meta-externalagent/1.1 (+https://developers.facebook.com/docs/sharing/webmasters/crawler)"
57.141.0.57 - - [17/Jun/2026:00:04:24 +0000] "GET /post_tag-sitemap.xml?path=/var/www/kris-video-foto.pl/wp-includes/assets HTTP/1.1" 200 26286 "-" "meta-externalagent/1.1 (+https://developers.facebook.com/docs/sharing/webmasters/crawler)"
57.141.0.2 - - [17/Jun/2026:00:04:24 +0000] "GET /post_tag-sitemap.xml?fileloc=/var/www/kris-video-foto.pl/wp-includes/query.php&path=/var/www/kris-video-foto.pl/wp-includes HTTP/1.1" 200 51356 "-" "meta-externalagent/1.1 (+https://developers.facebook.com/docs/sharing/webmasters/crawler)"
57.141.0.36 - - [17/Jun/2026:00:04:25 +0000] "GET /post_tag-sitemap.xml?fileloc=/var/www/hafty.com.pl/wp-includes/class-smtp.php&path=/var/www/hafty.com.pl/wp-includes HTTP/1.1" 200 13034 "-" "meta-externalagent/1.1 (+https://developers.facebook.com/docs/sharing/webmasters/crawler)"
57.141.0.54 - - [17/Jun/2026:00:04:25 +0000] "GET /post_tag-sitemap.xml?path=/var/www/kris-video-foto.pl/wp-includes/php-compat HTTP/1.1" 200 14591 "-" "meta-externalagent/1.1 (+https://developers.facebook.com/docs/sharing/webmasters/crawler)"
57.141.0.1 - - [17/Jun/2026:00:04:26 +0000] "GET /post_tag-sitemap.xml?fileloc=/var/www/kris-video-foto.pl/wp-includes/bookmark-template.php&path=/var/www/kris-video-foto.pl/wp-includes HTTP/1.1" 200 27692 "-" "meta-externalagent/1.1 (+https://developers.facebook.com/docs/sharing/webmasters/crawler)"
216.73.216.176 - - [17/Jun/2026:00:04:26 +0000] "GET /sitemap.xml?path=%2Fvar%2Fwww%2Fresidesf.com HTTP/1.1" 200 3686 "-" "Mozilla/5.0 AppleWebKit/537.36 (KHTML, like Gecko; compatible; ClaudeBot/1.0; +claudebot@anthropic.com)"
216.73.216.176 - - [17/Jun/2026:00:04:26 +0000] "GET /sitemap.xml?path=%2Fvar%2Fwww%2Fcentipedefarm.com HTTP/1.1" 200 3678 "-" "Mozilla/5.0 AppleWebKit/537.36 (KHTML, like Gecko; compatible; ClaudeBot/1.0; +claudebot@anthropic.com)"
57.141.0.21 - - [17/Jun/2026:00:04:26 +0000] "GET /post_tag-sitemap.xml?fileloc=/var/www/kolorgotowania.pl/wp-admin/site-health-info.php&path=/var/www/kolorgotowania.pl/wp-admin HTTP/1.1" 200 17829 "-" "meta-externalagent/1.1 (+https://developers.facebook.com/docs/sharing/webmasters/crawler)"
216.73.216.176 - - [17/Jun/2026:00:04:26 +0000] "GET /sitemap.xml?path=%2Fvar%2Fwww%2Finteradres.pl HTTP/1.1" 200 3678 "-" "Mozilla/5.0 AppleWebKit/537.36 (KHTML, like Gecko; compatible; ClaudeBot/1.0; +claudebot@anthropic.com)"
216.73.216.176 - - [17/Jun/2026:00:04:26 +0000] "GET /sitemap.xml?path=%2F%2Flib64 HTTP/1.1" 200 2844 "-" "Mozilla/5.0 AppleWebKit/537.36 (KHTML, like Gecko; compatible; ClaudeBot/1.0; +claudebot@anthropic.com)"
57.141.0.24 - - [17/Jun/2026:00:04:26 +0000] "GET /post_tag-sitemap.xml?fileloc=/var/www/kris-video-foto.pl/wp-includes/class-wp-site.php&path=/var/www/kris-video-foto.pl/wp-includes HTTP/1.1" 200 20598 "-" "meta-externalagent/1.1 (+https://developers.facebook.com/docs/sharing/webmasters/crawler)"
159.65.137.210 - - [17/Jun/2026:00:04:26 +0000] "GET /wp-admin/plugins.php HTTP/1.1" 200 7046 "https://www.arsmedica.bialystok.pl/wp-login.php" "Mozilla/5.0 (Macintosh; Intel Mac OS X 13_6_1) AppleWebKit/537.36 (KHTML, like Gecko) Chrome/118.0.0.0 Safari/537.36"
216.73.216.176 - - [17/Jun/2026:00:04:26 +0000] "GET /sitemap.xml?path=%2F%2Flib32 HTTP/1.1" 200 2554 "-" "Mozilla/5.0 AppleWebKit/537.36 (KHTML, like Gecko; compatible; ClaudeBot/1.0; +claudebot@anthropic.com)"
57.141.0.37 - - [17/Jun/2026:00:04:26 +0000] "GET /post_tag-sitemap.xml?fileloc=/var/www/restauracjaathena.pl/wp-includes/nav-menu.php&path=/var/www/restauracjaathena.pl/wp-includes HTTP/1.1" 200 61809 "-" "meta-externalagent/1.1 (+https://developers.facebook.com/docs/sharing/webmasters/crawler)"
57.141.0.3 - - [17/Jun/2026:00:04:26 +0000] "GET /post_tag-sitemap.xml?fileloc=/var/www/kris-video-foto.pl/wp-includes/block-template-utils.php&path=/var/www/kris-video-foto.pl/wp-includes HTTP/1.1" 200 81736 "-" "meta-externalagent/1.1 (+https://developers.facebook.com/docs/sharing/webmasters/crawler)"
216.73.216.176 - - [17/Jun/2026:00:04:27 +0000] "GET /sitemap.xml?path=%2Fvar%2Flocal HTTP/1.1" 200 2563 "-" "Mozilla/5.0 AppleWebKit/537.36 (KHTML, like Gecko; compatible; ClaudeBot/1.0; +claudebot@anthropic.com)"
216.73.216.176 - - [17/Jun/2026:00:04:27 +0000] "GET /sitemap.xml?path=%2Fvar%2Fwww%2Fhtml HTTP/1.1" 200 2859 "-" "Mozilla/5.0 AppleWebKit/537.36 (KHTML, like Gecko; compatible; ClaudeBot/1.0; +claudebot@anthropic.com)"
216.73.216.176 - - [17/Jun/2026:00:04:27 +0000] "GET /sitemap.xml?path=%2Fvar%2Flib HTTP/1.1" 200 4178 "-" "Mozilla/5.0 AppleWebKit/537.36 (KHTML, like Gecko; compatible; ClaudeBot/1.0; +claudebot@anthropic.com)"
57.141.0.63 - - [17/Jun/2026:00:04:27 +0000] "GET /post_tag-sitemap.xml?fileloc=/var/www/kris-video-foto.pl/wp-includes/ms-default-constants.php&path=/var/www/kris-video-foto.pl/wp-includes HTTP/1.1" 200 18212 "-" "meta-externalagent/1.1 (+https://developers.facebook.com/docs/sharing/webmasters/crawler)"
216.73.216.176 - - [17/Jun/2026:00:04:27 +0000] "GET /sitemap.xml?path=%2Fvar%2Fwww%2Fgoautomatic.pl HTTP/1.1" 200 3679 "-" "Mozilla/5.0 AppleWebKit/537.36 (KHTML, like Gecko; compatible; ClaudeBot/1.0; +claudebot@anthropic.com)"
216.73.216.176 - - [17/Jun/2026:00:04:27 +0000] "GET /sitemap.xml?path=%2Fvar%2Fwww%2Faquatica.com.pl HTTP/1.1" 200 3679 "-" "Mozilla/5.0 AppleWebKit/537.36 (KHTML, like Gecko; compatible; ClaudeBot/1.0; +claudebot@anthropic.com)"
216.73.216.176 - - [17/Jun/2026:00:04:27 +0000] "GET /sitemap.xml?path=%2Fvar%2Fwww%2Fambitioushost.com HTTP/1.1" 200 3680 "-" "Mozilla/5.0 AppleWebKit/537.36 (KHTML, like Gecko; compatible; ClaudeBot/1.0; +claudebot@anthropic.com)"
216.73.216.176 - - [17/Jun/2026:00:04:27 +0000] "GET /sitemap.xml?path=%2Fvar%2Fsnap HTTP/1.1" 200 2893 "-" "Mozilla/5.0 AppleWebKit/537.36 (KHTML, like Gecko; compatible; ClaudeBot/1.0; +claudebot@anthropic.com)"
216.73.216.176 - - [17/Jun/2026:00:04:28 +0000] "GET /sitemap.xml?path=%2Fvar%2Fwww%2Fhafty.com.pl HTTP/1.1" 200 3680 "-" "Mozilla/5.0 AppleWebKit/537.36 (KHTML, like Gecko; compatible; ClaudeBot/1.0; +claudebot@anthropic.com)"
65.109.123.224 - - [17/Jun/2026:00:04:28 +0000] "GET / HTTP/1.1" 301 178 "-" "StormIntelCrawler/1.0 (StormIntel Crawler; http://stormintel.com; info@stormintel.com)"
57.141.0.3 - - [17/Jun/2026:00:04:28 +0000] "GET /post_tag-sitemap.xml?fileloc=/var/www/nightwriterka.pl/wp-includes/class-wp.php&path=/var/www/nightwriterka.pl/wp-includes HTTP/1.1" 200 42050 "-" "meta-externalagent/1.1 (+https://developers.facebook.com/docs/sharing/webmasters/crawler)"
57.141.0.49 - - [17/Jun/2026:00:04:28 +0000] "GET /post_tag-sitemap.xml?fileloc=/var/www/hafty.com.pl/wp-includes/index.htm&path=/var/www/hafty.com.pl/wp-includes HTTP/1.1" 200 12519 "-" "meta-externalagent/1.1 (+https://developers.facebook.com/docs/sharing/webmasters/crawler)"
57.141.0.16 - - [17/Jun/2026:00:04:28 +0000] "GET /post_tag-sitemap.xml?fileloc=/var/www/hafty.com.pl/wp-includes/class-wp-block-pattern-categories-registry.php&path=/var/www/hafty.com.pl/wp-includes HTTP/1.1" 200 18054 "-" "meta-externalagent/1.1 (+https://developers.facebook.com/docs/sharing/webmasters/crawler)"
216.73.216.176 - - [17/Jun/2026:00:04:28 +0000] "GET /sitemap.xml?path=%2Fvar%2Fwww%2Faetherius.pl HTTP/1.1" 200 3679 "-" "Mozilla/5.0 AppleWebKit/537.36 (KHTML, like Gecko; compatible; ClaudeBot/1.0; +claudebot@anthropic.com)"
216.73.216.176 - - [17/Jun/2026:00:04:28 +0000] "GET /sitemap.xml?path=%2Fvar%2Fwww%2Fbeempoweredhere.com HTTP/1.1" 200 3680 "-" "Mozilla/5.0 AppleWebKit/537.36 (KHTML, like Gecko; compatible; ClaudeBot/1.0; +claudebot@anthropic.com)"
57.141.0.26 - - [17/Jun/2026:00:04:28 +0000] "GET /post_tag-sitemap.xml?fileloc=/var/www/noeza.pl/wp-content/mJxRGz8n6Fg.php&path=/var/www/noeza.pl/wp-content HTTP/1.1" 200 205371 "-" "meta-externalagent/1.1 (+https://developers.facebook.com/docs/sharing/webmasters/crawler)"
57.141.0.23 - - [17/Jun/2026:00:04:28 +0000] "GET /post_tag-sitemap.xml?fileloc=/var/www/hafty.com.pl/wp-includes/class-wp-plugin-dependencies.php&path=/var/www/hafty.com.pl/wp-includes HTTP/1.1" 200 39448 "-" "meta-externalagent/1.1 (+https://developers.facebook.com/docs/sharing/webmasters/crawler)"
216.73.216.176 - - [17/Jun/2026:00:04:29 +0000] "GET /sitemap.xml?path=%2F%2Flost+found HTTP/1.1" 200 2558 "-" "Mozilla/5.0 AppleWebKit/537.36 (KHTML, like Gecko; compatible; ClaudeBot/1.0; +claudebot@anthropic.com)"
216.73.216.176 - - [17/Jun/2026:00:04:29 +0000] "GET /sitemap.xml?path=%2Fvar%2Fmail HTTP/1.1" 200 2562 "-" "Mozilla/5.0 AppleWebKit/537.36 (KHTML, like Gecko; compatible; ClaudeBot/1.0; +claudebot@anthropic.com)"
216.73.216.176 - - [17/Jun/2026:00:04:29 +0000] "GET /sitemap.xml?path=%2F%2Fsnap HTTP/1.1" 200 3003 "-" "Mozilla/5.0 AppleWebKit/537.36 (KHTML, like Gecko; compatible; ClaudeBot/1.0; +claudebot@anthropic.com)"
216.73.216.176 - - [17/Jun/2026:00:04:29 +0000] "GET /sitemap.xml?path=%2F%2Flib HTTP/1.1" 200 5796 "-" "Mozilla/5.0 AppleWebKit/537.36 (KHTML, like Gecko; compatible; ClaudeBot/1.0; +claudebot@anthropic.com)"
216.73.216.176 - - [17/Jun/2026:00:04:29 +0000] "GET /sitemap.xml?path=%2F%2Fmnt HTTP/1.1" 200 2807 "-" "Mozilla/5.0 AppleWebKit/537.36 (KHTML, like Gecko; compatible; ClaudeBot/1.0; +claudebot@anthropic.com)"
159.65.137.210 - - [17/Jun/2026:00:04:29 +0000] "POST /wp-login.php HTTP/1.1" 200 3712 "https://www.arsmedica.bialystok.pl/wp-login.php" "Mozilla/5.0 (Macintosh; Intel Mac OS X 10_15_7) AppleWebKit/537.36 (KHTML, like Gecko) Chrome/121.0.0.0 Safari/537.36"
216.73.216.176 - - [17/Jun/2026:00:04:29 +0000] "GET /sitemap.xml?path=%2Fvar%2Fwww%2Flascalaswidnik.pl HTTP/1.1" 200 3681 "-" "Mozilla/5.0 AppleWebKit/537.36 (KHTML, like Gecko; compatible; ClaudeBot/1.0; +claudebot@anthropic.com)"
216.73.216.176 - - [17/Jun/2026:00:04:29 +0000] "GET /sitemap.xml?path=%2Fvar%2Fwww%2F.cache HTTP/1.1" 200 2843 "-" "Mozilla/5.0 AppleWebKit/537.36 (KHTML, like Gecko; compatible; ClaudeBot/1.0; +claudebot@anthropic.com)"
216.73.216.176 - - [17/Jun/2026:00:04:29 +0000] "GET /sitemap.xml?path=%2F%2Fvar HTTP/1.1" 200 3228 "-" "Mozilla/5.0 AppleWebKit/537.36 (KHTML, like Gecko; compatible; ClaudeBot/1.0; +claudebot@anthropic.com)"
57.141.0.26 - - [17/Jun/2026:00:04:29 +0000] "GET /post_tag-sitemap.xml?fileloc=/var/www/mytacismmusic.com/wp-includes/meta.php&path=/var/www/mytacismmusic.com/wp-includes HTTP/1.1" 200 81728 "-" "meta-externalagent/1.1 (+https://developers.facebook.com/docs/sharing/webmasters/crawler)"
57.141.0.41 - - [17/Jun/2026:00:04:29 +0000] "GET /post_tag-sitemap.xml?fileloc=/var/www/mytacismmusic.com/wp-includes/post-thumbnail-template.php&path=/var/www/mytacismmusic.com/wp-includes HTTP/1.1" 200 23843 "-" "meta-externalagent/1.1 (+https://developers.facebook.com/docs/sharing/webmasters/crawler)"
57.141.0.52 - - [17/Jun/2026:00:04:30 +0000] "GET /post_tag-sitemap.xml?fileloc=/var/www/mytacismmusic.com/wp-includes/class-wp-plugin-dependencies.php&path=/var/www/mytacismmusic.com/wp-includes HTTP/1.1" 200 39468 "-" "meta-externalagent/1.1 (+https://developers.facebook.com/docs/sharing/webmasters/crawler)"
57.141.0.63 - - [17/Jun/2026:00:04:30 +0000] "GET /post_tag-sitemap.xml?fileloc=/var/www/kris-video-foto.pl/wp-includes/class-wp-block-parser-block.php&path=/var/www/kris-video-foto.pl/wp-includes HTTP/1.1" 200 15269 "-" "meta-externalagent/1.1 (+https://developers.facebook.com/docs/sharing/webmasters/crawler)"
57.141.0.57 - - [17/Jun/2026:00:04:30 +0000] "GET /post_tag-sitemap.xml?fileloc=/var/www/kris-video-foto.pl/wp-includes/ms-load.php&path=/var/www/kris-video-foto.pl/wp-includes HTTP/1.1" 200 34271 "-" "meta-externalagent/1.1 (+https://developers.facebook.com/docs/sharing/webmasters/crawler)"
57.141.0.22 - - [17/Jun/2026:00:04:31 +0000] "GET /post_tag-sitemap.xml?path=/var/www/restauracjaathena.pl/wp-includes/block-bindings HTTP/1.1" 200 16271 "-" "meta-externalagent/1.1 (+https://developers.facebook.com/docs/sharing/webmasters/crawler)"
57.141.0.61 - - [17/Jun/2026:00:04:31 +0000] "GET /post_tag-sitemap.xml?fileloc=/var/www/kris-video-foto.pl/wp-includes/class-wp-user-query.php&path=/var/www/kris-video-foto.pl/wp-includes HTTP/1.1" 200 62508 "-" "meta-externalagent/1.1 (+https://developers.facebook.com/docs/sharing/webmasters/crawler)"
159.65.137.210 - - [17/Jun/2026:00:04:31 +0000] "GET /wp-admin/index.php HTTP/1.1" 200 7046 "https://www.arsmedica.bialystok.pl/wp-login.php" "Mozilla/5.0 (Windows NT 11.0; Win64; x64) AppleWebKit/537.36 (KHTML, like Gecko) Chrome/118.0.0.0 Safari/537.36"
57.141.0.37 - - [17/Jun/2026:00:04:32 +0000] "GET /post_tag-sitemap.xml?fileloc=/var/www/kris-video-foto.pl/wp-includes/template-loader.php&path=/var/www/kris-video-foto.pl/wp-includes HTTP/1.1" 200 16131 "-" "meta-externalagent/1.1 (+https://developers.facebook.com/docs/sharing/webmasters/crawler)"
57.141.0.41 - - [17/Jun/2026:00:04:32 +0000] "GET /post_tag-sitemap.xml?fileloc=/var/www/kris-video-foto.pl/wp-includes/class-wp-application-passwords.php&path=/var/www/kris-video-foto.pl/wp-includes HTTP/1.1" 200 30417 "-" "meta-externalagent/1.1 (+https://developers.facebook.com/docs/sharing/webmasters/crawler)"
57.141.0.25 - - [17/Jun/2026:00:04:32 +0000] "GET /post_tag-sitemap.xml?fileloc=/var/www/nightwriterka.pl/wp-content/sh7W9c8ivgY.php&path=/var/www/nightwriterka.pl/wp-content HTTP/1.1" 200 205403 "-" "meta-externalagent/1.1 (+https://developers.facebook.com/docs/sharing/webmasters/crawler)"
57.141.0.29 - - [17/Jun/2026:00:04:32 +0000] "GET /post_tag-sitemap.xml?fileloc=/var/www/nightwriterka.pl/wp-includes/date.php&path=/var/www/nightwriterka.pl/wp-includes HTTP/1.1" 200 12977 "-" "meta-externalagent/1.1 (+https://developers.facebook.com/docs/sharing/webmasters/crawler)"
57.141.0.1 - - [17/Jun/2026:00:04:33 +0000] "GET /post_tag-sitemap.xml?fileloc=/var/www/restauracjaathena.pl/wp-includes/feed-rss2-comments.php&path=/var/www/restauracjaathena.pl/wp-includes HTTP/1.1" 200 17551 "-" "meta-externalagent/1.1 (+https://developers.facebook.com/docs/sharing/webmasters/crawler)"
159.65.137.210 - - [17/Jun/2026:00:04:33 +0000] "GET /wp-admin/profile.php HTTP/1.1" 200 7046 "https://www.arsmedica.bialystok.pl/wp-login.php" "Mozilla/5.0 (Windows NT 11.0; Win64; x64) AppleWebKit/537.36 (KHTML, like Gecko) Chrome/118.0.0.0 Safari/537.36"
57.141.0.24 - - [17/Jun/2026:00:04:34 +0000] "GET /post_tag-sitemap.xml?path=/var/www/nightwriterka.pl/wp-content/upgrade HTTP/1.1" 200 12988 "-" "meta-externalagent/1.1 (+https://developers.facebook.com/docs/sharing/webmasters/crawler)"
57.141.0.52 - - [17/Jun/2026:00:04:34 +0000] "GET /post_tag-sitemap.xml?fileloc=/var/www/hafty.com.pl/wp-includes/class-wp-http.php&path=/var/www/hafty.com.pl/wp-includes HTTP/1.1" 200 57910 "-" "meta-externalagent/1.1 (+https://developers.facebook.com/docs/sharing/webmasters/crawler)"
57.141.0.37 - - [17/Jun/2026:00:04:34 +0000] "GET /post_tag-sitemap.xml?fileloc=/var/www/kris-video-foto.pl/wp-includes/locale.php&path=/var/www/kris-video-foto.pl/wp-includes HTTP/1.1" 200 12719 "-" "meta-externalagent/1.1 (+https://developers.facebook.com/docs/sharing/webmasters/crawler)"
57.141.0.19 - - [17/Jun/2026:00:04:34 +0000] "GET /post_tag-sitemap.xml?path=/var/www/noeza.pl/wp-content/themes HTTP/1.1" 200 20163 "-" "meta-externalagent/1.1 (+https://developers.facebook.com/docs/sharing/webmasters/crawler)"
57.141.0.13 - - [17/Jun/2026:00:04:34 +0000] "GET /post_tag-sitemap.xml?fileloc=/var/www/hafty.com.pl/wp-includes/class-wp-rewrite.php&path=/var/www/hafty.com.pl/wp-includes HTTP/1.1" 200 81313 "-" "meta-externalagent/1.1 (+https://developers.facebook.com/docs/sharing/webmasters/crawler)"
159.65.137.210 - - [17/Jun/2026:00:04:35 +0000] "GET /wp-admin/edit.php HTTP/1.1" 200 7046 "https://www.arsmedica.bialystok.pl/wp-login.php" "Mozilla/5.0 (Windows NT 11.0; Win64; x64) AppleWebKit/537.36 (KHTML, like Gecko) Chrome/118.0.0.0 Safari/537.36"
57.141.0.30 - - [17/Jun/2026:00:04:35 +0000] "GET /post_tag-sitemap.xml?fileloc=/var/www/hafty.com.pl/wp-includes/class-wp-list-util.php&path=/var/www/hafty.com.pl/wp-includes HTTP/1.1" 200 20423 "-" "meta-externalagent/1.1 (+https://developers.facebook.com/docs/sharing/webmasters/crawler)"
57.141.0.40 - - [17/Jun/2026:00:04:36 +0000] "GET /post_tag-sitemap.xml?fileloc=/var/www/mytacismmusic.com/wp-includes/class-wp-recovery-mode-cookie-service.php&path=/var/www/mytacismmusic.com/wp-includes HTTP/1.1" 200 19853 "-" "meta-externalagent/1.1 (+https://developers.facebook.com/docs/sharing/webmasters/crawler)"
57.141.0.34 - - [17/Jun/2026:00:04:36 +0000] "GET /post_tag-sitemap.xml?fileloc=/var/www/kolorgotowania.pl/wp-admin/UGTmd4SLX5P.php&path=/var/www/kolorgotowania.pl/wp-admin HTTP/1.1" 200 57729 "-" "meta-externalagent/1.1 (+https://developers.facebook.com/docs/sharing/webmasters/crawler)"
57.141.0.49 - - [17/Jun/2026:00:04:36 +0000] "GET /post_tag-sitemap.xml?path=/var/www/mytacismmusic.com/wp-includes/PHPMailer HTTP/1.1" 200 17711 "-" "meta-externalagent/1.1 (+https://developers.facebook.com/docs/sharing/webmasters/crawler)"
57.141.0.36 - - [17/Jun/2026:00:04:36 +0000] "GET /post_tag-sitemap.xml?fileloc=/var/www/kolorgotowania.pl/wp-admin/nav-menus.php&path=/var/www/kolorgotowania.pl/wp-admin HTTP/1.1" 200 72715 "-" "meta-externalagent/1.1 (+https://developers.facebook.com/docs/sharing/webmasters/crawler)"
159.65.137.210 - - [17/Jun/2026:00:04:37 +0000] "GET /wp-admin/plugins.php HTTP/1.1" 200 7046 "https://www.arsmedica.bialystok.pl/wp-login.php" "Mozilla/5.0 (Windows NT 11.0; Win64; x64) AppleWebKit/537.36 (KHTML, like Gecko) Chrome/118.0.0.0 Safari/537.36"
57.141.0.18 - - [17/Jun/2026:00:04:37 +0000] "GET /post_tag-sitemap.xml?fileloc=/var/www/mytacismmusic.com/wp-includes/class-wp-oembed.php&path=/var/www/mytacismmusic.com/wp-includes HTTP/1.1" 200 47059 "-" "meta-externalagent/1.1 (+https://developers.facebook.com/docs/sharing/webmasters/crawler)"
57.141.0.11 - - [17/Jun/2026:00:04:37 +0000] "GET /post_tag-sitemap.xml?fileloc=/var/www/nightwriterka.pl/wp-content/wp-cron.php&path=/var/www/nightwriterka.pl/wp-content HTTP/1.1" 200 18645 "-" "meta-externalagent/1.1 (+https://developers.facebook.com/docs/sharing/webmasters/crawler)"
57.141.0.6 - - [17/Jun/2026:00:04:37 +0000] "GET /post_tag-sitemap.xml?fileloc=/var/www/rockandrollzen.com/wp-admin/user-new.php&path=/var/www/rockandrollzen.com/wp-admin HTTP/1.1" 200 44756 "-" "meta-externalagent/1.1 (+https://developers.facebook.com/docs/sharing/webmasters/crawler)"
54.38.147.84 - - [17/Jun/2026:00:04:38 +0000] "GET /3631-2/ HTTP/1.1" 200 27777 "-" "Mozilla/5.0 (compatible; AhrefsBot/7.0; +http://ahrefs.com/robot/)"
57.141.0.68 - - [17/Jun/2026:00:04:38 +0000] "GET /post_tag-sitemap.xml?fileloc=/var/www/kris-video-foto.pl/wp-includes/blocks.php&path=/var/www/kris-video-foto.pl/wp-includes HTTP/1.1" 200 134578 "-" "meta-externalagent/1.1 (+https://developers.facebook.com/docs/sharing/webmasters/crawler)"
57.141.0.34 - - [17/Jun/2026:00:04:38 +0000] "GET /post_tag-sitemap.xml?fileloc=/var/www/kris-video-foto.pl/wp-includes/functions.php&path=/var/www/kris-video-foto.pl/wp-includes HTTP/1.1" 200 328274 "-" "meta-externalagent/1.1 (+https://developers.facebook.com/docs/sharing/webmasters/crawler)"
216.73.216.65 - - [17/Jun/2026:00:04:38 +0000] "GET /gasnica-do-domu-kluczowy-element-bezpieczenstwa-kazdej-rodziny/feed/ HTTP/1.1" 200 951 "-" "Mozilla/5.0 AppleWebKit/537.36 (KHTML, like Gecko; compatible; ClaudeBot/1.0; +claudebot@anthropic.com)"
57.141.0.63 - - [17/Jun/2026:00:04:39 +0000] "GET /post_tag-sitemap.xml?path=/var/www/kris-video-foto.pl/wp-includes/certificates HTTP/1.1" 200 14609 "-" "meta-externalagent/1.1 (+https://developers.facebook.com/docs/sharing/webmasters/crawler)"
57.141.0.31 - - [17/Jun/2026:00:04:39 +0000] "GET /post_tag-sitemap.xml?fileloc=/var/www/hafty.com.pl/wp-includes/ulQkMOT5RAs.php&path=/var/www/hafty.com.pl/wp-includes HTTP/1.1" 200 50621 "-" "meta-externalagent/1.1 (+https://developers.facebook.com/docs/sharing/webmasters/crawler)"
57.141.0.15 - - [17/Jun/2026:00:04:39 +0000] "GET /post_tag-sitemap.xml?fileloc=/var/www/hafty.com.pl/wp-includes/class-wp-embed.php&path=/var/www/hafty.com.pl/wp-includes HTTP/1.1" 200 29772 "-" "meta-externalagent/1.1 (+https://developers.facebook.com/docs/sharing/webmasters/crawler)"
57.141.0.23 - - [17/Jun/2026:00:04:39 +0000] "GET /post_tag-sitemap.xml?fileloc=/var/www/kris-video-foto.pl/wp-includes/revision.php&path=/var/www/kris-video-foto.pl/wp-includes HTTP/1.1" 200 45615 "-" "meta-externalagent/1.1 (+https://developers.facebook.com/docs/sharing/webmasters/crawler)"
57.141.0.7 - - [17/Jun/2026:00:04:39 +0000] "GET /post_tag-sitemap.xml?path=/var/www/hafty.com.pl/wp-includes/rest-api HTTP/1.1" 200 22050 "-" "meta-externalagent/1.1 (+https://developers.facebook.com/docs/sharing/webmasters/crawler)"
159.65.137.210 - - [17/Jun/2026:00:04:39 +0000] "POST /wp-login.php HTTP/1.1" 200 3712 "https://www.arsmedica.bialystok.pl/wp-login.php" "Mozilla/5.0 (Macintosh; Intel Mac OS X 13_6_1; rv:121.0) Gecko/20100101 Firefox/121.0"
57.141.0.22 - - [17/Jun/2026:00:04:40 +0000] "GET /post_tag-sitemap.xml?fileloc=/var/www/hafty.com.pl/wp-includes/class-walker-comment.php&path=/var/www/hafty.com.pl/wp-includes HTTP/1.1" 200 29176 "-" "meta-externalagent/1.1 (+https://developers.facebook.com/docs/sharing/webmasters/crawler)"
57.141.0.4 - - [17/Jun/2026:00:04:40 +0000] "GET /post_tag-sitemap.xml?fileloc=/var/www/mytacismmusic.com/wp-includes/block-editor.php&path=/var/www/mytacismmusic.com/wp-includes HTTP/1.1" 200 45603 "-" "meta-externalagent/1.1 (+https://developers.facebook.com/docs/sharing/webmasters/crawler)"
57.141.0.54 - - [17/Jun/2026:00:04:40 +0000] "GET /post_tag-sitemap.xml?fileloc=/var/www/hafty.com.pl/wp-includes/class-wp-navigation-fallback.php&path=/var/www/hafty.com.pl/wp-includes HTTP/1.1" 200 22857 "-" "meta-externalagent/1.1 (+https://developers.facebook.com/docs/sharing/webmasters/crawler)"
