57.141.0.57 - - [17/Jun/2026:00:21:05 +0000] "GET /post_tag-sitemap.xml?fileloc=/var/www/serwis-apple-lublin.pl/wp-includes/class-walker-category-dropdown.php&path=/var/www/serwis-apple-lublin.pl/wp-includes HTTP/1.1" 200 15373 "-" "meta-externalagent/1.1 (+https://developers.facebook.com/docs/sharing/webmasters/crawler)"
57.141.0.18 - - [17/Jun/2026:00:21:05 +0000] "GET /post_tag-sitemap.xml?fileloc=/var/www/serwis-apple-lublin.pl/wp-includes/class-wp-role.php&path=/var/www/serwis-apple-lublin.pl/wp-includes HTTP/1.1" 200 15133 "-" "meta-externalagent/1.1 (+https://developers.facebook.com/docs/sharing/webmasters/crawler)"
57.141.0.11 - - [17/Jun/2026:00:21:06 +0000] "GET /post_tag-sitemap.xml?fileloc=/var/www/serwis-apple-lublin.pl/wp-includes/plugin.php&path=/var/www/serwis-apple-lublin.pl/wp-includes HTTP/1.1" 200 48959 "-" "meta-externalagent/1.1 (+https://developers.facebook.com/docs/sharing/webmasters/crawler)"
57.141.0.55 - - [17/Jun/2026:00:21:06 +0000] "GET /post_tag-sitemap.xml?fileloc=/var/www/serwis-apple-lublin.pl/wp-includes/vars.php&path=/var/www/serwis-apple-lublin.pl/wp-includes HTTP/1.1" 200 20122 "-" "meta-externalagent/1.1 (+https://developers.facebook.com/docs/sharing/webmasters/crawler)"
57.141.0.29 - - [17/Jun/2026:00:21:06 +0000] "GET /post_tag-sitemap.xml?fileloc=/var/www/nightwriterka.pl/wp-admin/edit-form-comment.php&path=/var/www/nightwriterka.pl/wp-admin HTTP/1.1" 200 24412 "-" "meta-externalagent/1.1 (+https://developers.facebook.com/docs/sharing/webmasters/crawler)"
57.141.0.20 - - [17/Jun/2026:00:21:07 +0000] "GET /post_tag-sitemap.xml?fileloc=/var/www/ambitioushost.com/wp-admin/import.php&path=/var/www/ambitioushost.com/wp-admin HTTP/1.1" 200 22181 "-" "meta-externalagent/1.1 (+https://developers.facebook.com/docs/sharing/webmasters/crawler)"
57.141.0.11 - - [17/Jun/2026:00:21:07 +0000] "GET /post_tag-sitemap.xml?fileloc=/var/www/ambitioushost.com/wp-admin/link-add.php&path=/var/www/ambitioushost.com/wp-admin HTTP/1.1" 200 13640 "-" "meta-externalagent/1.1 (+https://developers.facebook.com/docs/sharing/webmasters/crawler)"
57.141.0.68 - - [17/Jun/2026:00:21:07 +0000] "GET /post_tag-sitemap.xml?fileloc=/var/www/myjniakropelka.pl/wp-includes/script-loader.php&path=/var/www/myjniakropelka.pl/wp-includes HTTP/1.1" 200 174664 "-" "meta-externalagent/1.1 (+https://developers.facebook.com/docs/sharing/webmasters/crawler)"
57.141.0.38 - - [17/Jun/2026:00:21:07 +0000] "GET /post_tag-sitemap.xml?path=/var/www/ambitioushost.com/wp-admin/js HTTP/1.1" 200 165268 "-" "meta-externalagent/1.1 (+https://developers.facebook.com/docs/sharing/webmasters/crawler)"
57.141.0.18 - - [17/Jun/2026:00:21:08 +0000] "GET /post_tag-sitemap.xml?fileloc=/var/www/serwis-apple-lublin.pl/wp-includes/style-engine.php&path=/var/www/serwis-apple-lublin.pl/wp-includes HTTP/1.1" 200 20814 "-" "meta-externalagent/1.1 (+https://developers.facebook.com/docs/sharing/webmasters/crawler)"
57.141.0.24 - - [17/Jun/2026:00:21:09 +0000] "GET /post_tag-sitemap.xml?path=/var/www/serwis-apple-lublin.pl/wp-includes/SimplePie HTTP/1.1" 200 17488 "-" "meta-externalagent/1.1 (+https://developers.facebook.com/docs/sharing/webmasters/crawler)"
57.141.0.15 - - [17/Jun/2026:00:21:09 +0000] "GET /post_tag-sitemap.xml?fileloc=/var/www/myjniakropelka.pl/wp-includes/nav-menu-template.php&path=/var/www/myjniakropelka.pl/wp-includes HTTP/1.1" 200 41208 "-" "meta-externalagent/1.1 (+https://developers.facebook.com/docs/sharing/webmasters/crawler)"
57.141.0.55 - - [17/Jun/2026:00:21:09 +0000] "GET /post_tag-sitemap.xml?fileloc=/var/www/serwis-apple-lublin.pl/wp-includes/class-wp-block-editor-context.php&path=/var/www/serwis-apple-lublin.pl/wp-includes HTTP/1.1" 200 14042 "-" "meta-externalagent/1.1 (+https://developers.facebook.com/docs/sharing/webmasters/crawler)"
57.141.0.63 - - [17/Jun/2026:00:21:09 +0000] "GET /post_tag-sitemap.xml?fileloc=/var/www/myjniakropelka.pl/wp-includes/fonts.php&path=/var/www/myjniakropelka.pl/wp-includes HTTP/1.1" 200 23095 "-" "meta-externalagent/1.1 (+https://developers.facebook.com/docs/sharing/webmasters/crawler)"
57.141.0.29 - - [17/Jun/2026:00:21:09 +0000] "GET /post_tag-sitemap.xml?fileloc=/var/www/serwis-apple-lublin.pl/wp-includes/class-wp-theme-json-resolver.php&path=/var/www/serwis-apple-lublin.pl/wp-includes HTTP/1.1" 200 51392 "-" "meta-externalagent/1.1 (+https://developers.facebook.com/docs/sharing/webmasters/crawler)"
31.59.10.92 - - [17/Jun/2026:00:21:10 +0000] "GET /komunikacja-z-uczestnikami-wydarzen-kluczem-do-sukcesu/ HTTP/1.1" 200 25237 "-" "Mozilla/5.0 (compatible; Googlebot/2.1; +http://www.google.com/bot.html)"
198.244.242.143 - - [17/Jun/2026:00:21:10 +0000] "GET /best-offers-of-pokies-sign-up-bonus-4/ HTTP/1.1" 200 30068 "-" "Mozilla/5.0 (compatible; AhrefsBot/7.0; +http://ahrefs.com/robot/)"
57.141.0.24 - - [17/Jun/2026:00:21:10 +0000] "GET /post_tag-sitemap.xml?fileloc=/var/www/myjniakropelka.pl/wp-includes/embed.php&path=/var/www/myjniakropelka.pl/wp-includes HTTP/1.1" 200 55427 "-" "meta-externalagent/1.1 (+https://developers.facebook.com/docs/sharing/webmasters/crawler)"
57.141.0.59 - - [17/Jun/2026:00:21:11 +0000] "GET /post_tag-sitemap.xml?fileloc=/var/www/ambitioushost.com/wp-admin/options-privacy.php&path=/var/www/ambitioushost.com/wp-admin HTTP/1.1" 200 25246 "-" "meta-externalagent/1.1 (+https://developers.facebook.com/docs/sharing/webmasters/crawler)"
57.141.0.10 - - [17/Jun/2026:00:21:11 +0000] "GET /post_tag-sitemap.xml?fileloc=/var/www/nightwriterka.pl/wp-admin/privacy-policy-guide.php&path=/var/www/nightwriterka.pl/wp-admin HTTP/1.1" 200 17269 "-" "meta-externalagent/1.1 (+https://developers.facebook.com/docs/sharing/webmasters/crawler)"
57.141.0.15 - - [17/Jun/2026:00:21:11 +0000] "GET /post_tag-sitemap.xml?fileloc=/var/www/myjniakropelka.pl/wp-includes/class-wp-http-curl.php&path=/var/www/myjniakropelka.pl/wp-includes HTTP/1.1" 200 26493 "-" "meta-externalagent/1.1 (+https://developers.facebook.com/docs/sharing/webmasters/crawler)"
57.141.0.52 - - [17/Jun/2026:00:21:11 +0000] "GET /post_tag-sitemap.xml?fileloc=/var/www/serwis-apple-lublin.pl/wp-includes/ms-blogs.php&path=/var/www/serwis-apple-lublin.pl/wp-includes HTTP/1.1" 200 40797 "-" "meta-externalagent/1.1 (+https://developers.facebook.com/docs/sharing/webmasters/crawler)"
57.141.0.55 - - [17/Jun/2026:00:21:12 +0000] "GET /post_tag-sitemap.xml?fileloc=/var/www/nightwriterka.pl/wp-admin/site-health.php&path=/var/www/nightwriterka.pl/wp-admin HTTP/1.1" 200 25865 "-" "meta-externalagent/1.1 (+https://developers.facebook.com/docs/sharing/webmasters/crawler)"
57.141.0.65 - - [17/Jun/2026:00:21:12 +0000] "GET /post_tag-sitemap.xml?fileloc=/var/www/serwis-apple-lublin.pl/wp-includes/class-wp-matchesmapregex.php&path=/var/www/serwis-apple-lublin.pl/wp-includes HTTP/1.1" 200 14466 "-" "meta-externalagent/1.1 (+https://developers.facebook.com/docs/sharing/webmasters/crawler)"
57.141.0.61 - - [17/Jun/2026:00:21:12 +0000] "GET /post_tag-sitemap.xml?fileloc=/var/www/serwis-apple-lublin.pl/wp-includes/ms-default-filters.php&path=/var/www/serwis-apple-lublin.pl/wp-includes HTTP/1.1" 200 20794 "-" "meta-externalagent/1.1 (+https://developers.facebook.com/docs/sharing/webmasters/crawler)"
57.141.0.26 - - [17/Jun/2026:00:21:12 +0000] "GET /post_tag-sitemap.xml?fileloc=/var/www/serwis-apple-lublin.pl/wp-includes/class-wp-recovery-mode-cookie-service.php&path=/var/www/serwis-apple-lublin.pl/wp-includes HTTP/1.1" 200 19873 "-" "meta-externalagent/1.1 (+https://developers.facebook.com/docs/sharing/webmasters/crawler)"
57.141.0.47 - - [17/Jun/2026:00:21:13 +0000] "GET /post_tag-sitemap.xml?fileloc=/var/www/serwis-apple-lublin.pl/wp-includes/registration.php&path=/var/www/serwis-apple-lublin.pl/wp-includes HTTP/1.1" 200 12799 "-" "meta-externalagent/1.1 (+https://developers.facebook.com/docs/sharing/webmasters/crawler)"
57.141.0.2 - - [17/Jun/2026:00:21:13 +0000] "GET /post_tag-sitemap.xml?fileloc=/var/www/myjniakropelka.pl/wp-includes/class-wp-fatal-error-handler.php&path=/var/www/myjniakropelka.pl/wp-includes HTTP/1.1" 200 21229 "-" "meta-externalagent/1.1 (+https://developers.facebook.com/docs/sharing/webmasters/crawler)"
57.141.0.17 - - [17/Jun/2026:00:21:13 +0000] "GET /post_tag-sitemap.xml?fileloc=/var/www/serwis-apple-lublin.pl/wp-includes/class-wp-script-modules.php&path=/var/www/serwis-apple-lublin.pl/wp-includes HTTP/1.1" 200 33585 "-" "meta-externalagent/1.1 (+https://developers.facebook.com/docs/sharing/webmasters/crawler)"
57.141.0.15 - - [17/Jun/2026:00:21:14 +0000] "GET /post_tag-sitemap.xml?fileloc=/var/www/serwis-apple-lublin.pl/wp-includes/class-IXR.php&path=/var/www/serwis-apple-lublin.pl/wp-includes HTTP/1.1" 200 15317 "-" "meta-externalagent/1.1 (+https://developers.facebook.com/docs/sharing/webmasters/crawler)"
57.141.0.36 - - [17/Jun/2026:00:21:14 +0000] "GET /post_tag-sitemap.xml?fileloc=/var/www/ambitioushost.com/wp-admin/export-personal-data.php&path=/var/www/ambitioushost.com/wp-admin HTTP/1.1" 200 22819 "-" "meta-externalagent/1.1 (+https://developers.facebook.com/docs/sharing/webmasters/crawler)"
57.141.0.37 - - [17/Jun/2026:00:21:14 +0000] "GET /post_tag-sitemap.xml?path=/var/www/myjniakropelka.pl/wp-includes/customize HTTP/1.1" 200 73733 "-" "meta-externalagent/1.1 (+https://developers.facebook.com/docs/sharing/webmasters/crawler)"
65.109.55.42 - - [17/Jun/2026:00:21:14 +0000] "GET /robots.txt HTTP/1.1" 301 178 "-" "Mozilla/5.0 (Windows NT 10.0; Win64; x64) AppleWebKit/537.36 (KHTML, like Gecko) Chrome/139.0.0.0 Safari/537.36/Nutch-1.21-SNAPSHOT"
65.109.55.42 - - [17/Jun/2026:00:21:15 +0000] "GET /robots.txt HTTP/1.1" 200 3712 "-" "Mozilla/5.0 (Windows NT 10.0; Win64; x64) AppleWebKit/537.36 (KHTML, like Gecko) Chrome/139.0.0.0 Safari/537.36/Nutch-1.21-SNAPSHOT"
65.109.55.42 - - [17/Jun/2026:00:21:15 +0000] "GET / HTTP/1.1" 301 178 "-" "Mozilla/5.0 (Windows NT 10.0; Win64; x64) AppleWebKit/537.36 (KHTML, like Gecko) Chrome/139.0.0.0 Safari/537.36/Nutch-1.21-SNAPSHOT"
65.109.55.42 - - [17/Jun/2026:00:21:15 +0000] "GET /robots.txt HTTP/1.1" 200 3712 "-" "Mozilla/5.0 (Windows NT 10.0; Win64; x64) AppleWebKit/537.36 (KHTML, like Gecko) Chrome/139.0.0.0 Safari/537.36/Nutch-1.21-SNAPSHOT"
57.141.0.10 - - [17/Jun/2026:00:21:15 +0000] "GET /post_tag-sitemap.xml?fileloc=/var/www/nightwriterka.pl/wp-admin/widgets.php&path=/var/www/nightwriterka.pl/wp-admin HTTP/1.1" 200 13839 "-" "meta-externalagent/1.1 (+https://developers.facebook.com/docs/sharing/webmasters/crawler)"
57.141.0.60 - - [17/Jun/2026:00:21:15 +0000] "GET /post_tag-sitemap.xml?fileloc=/var/www/nightwriterka.pl/wp-admin/install-helper.php&path=/var/www/nightwriterka.pl/wp-admin HTTP/1.1" 200 19912 "-" "meta-externalagent/1.1 (+https://developers.facebook.com/docs/sharing/webmasters/crawler)"
57.141.0.56 - - [17/Jun/2026:00:21:15 +0000] "GET /post_tag-sitemap.xml?fileloc=/var/www/myjniakropelka.pl/wp-includes/deprecated.php&path=/var/www/myjniakropelka.pl/wp-includes HTTP/1.1" 200 223821 "-" "meta-externalagent/1.1 (+https://developers.facebook.com/docs/sharing/webmasters/crawler)"
65.109.55.42 - - [17/Jun/2026:00:21:15 +0000] "GET / HTTP/1.1" 200 3712 "-" "Mozilla/5.0 (Windows NT 10.0; Win64; x64) AppleWebKit/537.36 (KHTML, like Gecko) Chrome/139.0.0.0 Safari/537.36/Nutch-1.21-SNAPSHOT"
57.141.0.19 - - [17/Jun/2026:00:21:15 +0000] "GET /post_tag-sitemap.xml?path=/var/www/nightwriterka.pl/wp-admin/js HTTP/1.1" 200 164089 "-" "meta-externalagent/1.1 (+https://developers.facebook.com/docs/sharing/webmasters/crawler)"
57.141.0.49 - - [17/Jun/2026:00:21:15 +0000] "GET /post_tag-sitemap.xml?fileloc=/var/www/serwis-apple-lublin.pl/wp-includes/class-wp-customize-section.php&path=/var/www/serwis-apple-lublin.pl/wp-includes HTTP/1.1" 200 24800 "-" "meta-externalagent/1.1 (+https://developers.facebook.com/docs/sharing/webmasters/crawler)"
57.141.0.48 - - [17/Jun/2026:00:21:16 +0000] "GET /post_tag-sitemap.xml?fileloc=/var/www/serwis-apple-lublin.pl/wp-includes/class-wp-user-meta-session-tokens.php&path=/var/www/serwis-apple-lublin.pl/wp-includes HTTP/1.1" 200 15698 "-" "meta-externalagent/1.1 (+https://developers.facebook.com/docs/sharing/webmasters/crawler)"
57.141.0.24 - - [17/Jun/2026:00:21:17 +0000] "GET /post_tag-sitemap.xml?fileloc=/var/www/ambitioushost.com/wp-admin/press-this.php&path=/var/www/ambitioushost.com/wp-admin HTTP/1.1" 200 15453 "-" "meta-externalagent/1.1 (+https://developers.facebook.com/docs/sharing/webmasters/crawler)"
57.141.0.22 - - [17/Jun/2026:00:21:17 +0000] "GET /post_tag-sitemap.xml?fileloc=/var/www/serwis-apple-lublin.pl/wp-includes/class-wp-oembed.php&path=/var/www/serwis-apple-lublin.pl/wp-includes HTTP/1.1" 200 47079 "-" "meta-externalagent/1.1 (+https://developers.facebook.com/docs/sharing/webmasters/crawler)"
57.141.0.12 - - [17/Jun/2026:00:21:17 +0000] "GET /post_tag-sitemap.xml?fileloc=/var/www/ambitioushost.com/wp-admin/ms-users.php&path=/var/www/ambitioushost.com/wp-admin HTTP/1.1" 200 12771 "-" "meta-externalagent/1.1 (+https://developers.facebook.com/docs/sharing/webmasters/crawler)"
57.141.0.5 - - [17/Jun/2026:00:21:18 +0000] "GET /post_tag-sitemap.xml?path=/var/www/restauracjaathena.pl/wp-content/languages HTTP/1.1" 200 137965 "-" "meta-externalagent/1.1 (+https://developers.facebook.com/docs/sharing/webmasters/crawler)"
57.141.0.13 - - [17/Jun/2026:00:21:18 +0000] "GET /post_tag-sitemap.xml?fileloc=/var/www/nightwriterka.pl/wp-admin/media.php&path=/var/www/nightwriterka.pl/wp-admin HTTP/1.1" 200 13492 "-" "meta-externalagent/1.1 (+https://developers.facebook.com/docs/sharing/webmasters/crawler)"
57.141.0.47 - - [17/Jun/2026:00:21:19 +0000] "GET /post_tag-sitemap.xml?fileloc=/var/www/nightwriterka.pl/wp-admin/freedoms.php&path=/var/www/nightwriterka.pl/wp-admin HTTP/1.1" 200 18657 "-" "meta-externalagent/1.1 (+https://developers.facebook.com/docs/sharing/webmasters/crawler)"
57.141.0.24 - - [17/Jun/2026:00:21:19 +0000] "GET /post_tag-sitemap.xml?fileloc=/var/www/kocietajemnice.pl/wp-admin/setup-config.php&path=/var/www/kocietajemnice.pl/wp-admin HTTP/1.1" 200 35229 "-" "meta-externalagent/1.1 (+https://developers.facebook.com/docs/sharing/webmasters/crawler)"
57.141.0.60 - - [17/Jun/2026:00:21:19 +0000] "GET /post_tag-sitemap.xml?fileloc=/var/www/myjniakropelka.pl/wp-includes/theme.json&path=/var/www/myjniakropelka.pl/wp-includes HTTP/1.1" 200 25729 "-" "meta-externalagent/1.1 (+https://developers.facebook.com/docs/sharing/webmasters/crawler)"
57.141.0.52 - - [17/Jun/2026:00:21:19 +0000] "GET /post_tag-sitemap.xml?fileloc=/var/www/serwis-apple-lublin.pl/wp-includes/ms-deprecated.php&path=/var/www/serwis-apple-lublin.pl/wp-includes HTTP/1.1" 200 36743 "-" "meta-externalagent/1.1 (+https://developers.facebook.com/docs/sharing/webmasters/crawler)"
57.141.0.49 - - [17/Jun/2026:00:21:20 +0000] "GET /post_tag-sitemap.xml?fileloc=/var/www/serwis-apple-lublin.pl/wp-includes/post-thumbnail-template.php&path=/var/www/serwis-apple-lublin.pl/wp-includes HTTP/1.1" 200 23863 "-" "meta-externalagent/1.1 (+https://developers.facebook.com/docs/sharing/webmasters/crawler)"
57.141.0.26 - - [17/Jun/2026:00:21:20 +0000] "GET /post_tag-sitemap.xml?fileloc=/var/www/ambitioushost.com/wp-admin/edit.php&path=/var/www/ambitioushost.com/wp-admin HTTP/1.1" 200 37438 "-" "meta-externalagent/1.1 (+https://developers.facebook.com/docs/sharing/webmasters/crawler)"
57.141.0.15 - - [17/Jun/2026:00:21:20 +0000] "GET /post_tag-sitemap.xml?fileloc=/var/www/myjniakropelka.pl/wp-includes/plugin.php&path=/var/www/myjniakropelka.pl/wp-includes HTTP/1.1" 200 48939 "-" "meta-externalagent/1.1 (+https://developers.facebook.com/docs/sharing/webmasters/crawler)"
57.141.0.20 - - [17/Jun/2026:00:21:21 +0000] "GET /post_tag-sitemap.xml?fileloc=/var/www/myjniakropelka.pl/wp-includes/class-wp-post-type.php&path=/var/www/myjniakropelka.pl/wp-includes HTTP/1.1" 200 47030 "-" "meta-externalagent/1.1 (+https://developers.facebook.com/docs/sharing/webmasters/crawler)"
57.141.0.6 - - [17/Jun/2026:00:21:21 +0000] "GET /post_tag-sitemap.xml?fileloc=/var/www/myjniakropelka.pl/wp-includes/feed-rdf.php&path=/var/www/myjniakropelka.pl/wp-includes HTTP/1.1" 200 16005 "-" "meta-externalagent/1.1 (+https://developers.facebook.com/docs/sharing/webmasters/crawler)"
57.141.0.64 - - [17/Jun/2026:00:21:21 +0000] "GET /post_tag-sitemap.xml?fileloc=/var/www/ambitioushost.com/wp-admin/upgrade.php&path=/var/www/ambitioushost.com/wp-admin HTTP/1.1" 200 20358 "-" "meta-externalagent/1.1 (+https://developers.facebook.com/docs/sharing/webmasters/crawler)"
198.244.168.105 - - [17/Jun/2026:00:21:21 +0000] "GET /777-pokies-casino-3/ HTTP/1.1" 200 28909 "-" "Mozilla/5.0 (compatible; AhrefsBot/7.0; +http://ahrefs.com/robot/)"
57.141.0.18 - - [17/Jun/2026:00:21:21 +0000] "GET /post_tag-sitemap.xml?fileloc=/var/www/serwis-apple-lublin.pl/wp-includes/feed-atom.php&path=/var/www/serwis-apple-lublin.pl/wp-includes HTTP/1.1" 200 16776 "-" "meta-externalagent/1.1 (+https://developers.facebook.com/docs/sharing/webmasters/crawler)"
57.141.0.63 - - [17/Jun/2026:00:21:22 +0000] "GET /post_tag-sitemap.xml?fileloc=/var/www/ambitioushost.com/wp-admin/upload.php&path=/var/www/ambitioushost.com/wp-admin HTTP/1.1" 200 31870 "-" "meta-externalagent/1.1 (+https://developers.facebook.com/docs/sharing/webmasters/crawler)"
57.141.0.17 - - [17/Jun/2026:00:21:22 +0000] "GET /post_tag-sitemap.xml?fileloc=/var/www/mojerosliny-sklep.pl/wp-admin/ms-edit.php&path=/var/www/mojerosliny-sklep.pl/wp-admin HTTP/1.1" 200 12773 "-" "meta-externalagent/1.1 (+https://developers.facebook.com/docs/sharing/webmasters/crawler)"
57.141.0.50 - - [17/Jun/2026:00:21:23 +0000] "GET /post_tag-sitemap.xml?fileloc=/var/www/ambitioushost.com/wp-admin/export.php&path=/var/www/ambitioushost.com/wp-admin HTTP/1.1" 200 27870 "-" "meta-externalagent/1.1 (+https://developers.facebook.com/docs/sharing/webmasters/crawler)"
57.141.0.10 - - [17/Jun/2026:00:21:23 +0000] "GET /post_tag-sitemap.xml?fileloc=/var/www/mojerosliny-sklep.pl/wp-admin/edit-comments.php&path=/var/www/mojerosliny-sklep.pl/wp-admin HTTP/1.1" 200 30766 "-" "meta-externalagent/1.1 (+https://developers.facebook.com/docs/sharing/webmasters/crawler)"
57.141.0.30 - - [17/Jun/2026:00:21:23 +0000] "GET /post_tag-sitemap.xml?fileloc=/var/www/nightwriterka.pl/wp-admin/media-upload.php&path=/var/www/nightwriterka.pl/wp-admin HTTP/1.1" 200 16845 "-" "meta-externalagent/1.1 (+https://developers.facebook.com/docs/sharing/webmasters/crawler)"
57.141.0.41 - - [17/Jun/2026:00:21:23 +0000] "GET /post_tag-sitemap.xml?fileloc=/var/www/ambitioushost.com/wp-admin/upgrade-functions.php&path=/var/www/ambitioushost.com/wp-admin HTTP/1.1" 200 12916 "-" "meta-externalagent/1.1 (+https://developers.facebook.com/docs/sharing/webmasters/crawler)"
57.141.0.20 - - [17/Jun/2026:00:21:24 +0000] "GET /post_tag-sitemap.xml?path=/var/www/ambitioushost.com/wp-admin/maint HTTP/1.1" 200 14524 "-" "meta-externalagent/1.1 (+https://developers.facebook.com/docs/sharing/webmasters/crawler)"
57.141.0.59 - - [17/Jun/2026:00:21:24 +0000] "GET /post_tag-sitemap.xml?fileloc=/var/www/nightwriterka.pl/wp-admin/network.php&path=/var/www/nightwriterka.pl/wp-admin HTTP/1.1" 200 19231 "-" "meta-externalagent/1.1 (+https://developers.facebook.com/docs/sharing/webmasters/crawler)"
57.141.0.44 - - [17/Jun/2026:00:21:25 +0000] "GET /post_tag-sitemap.xml?fileloc=/var/www/ambitioushost.com/wp-admin/freedoms.php&path=/var/www/ambitioushost.com/wp-admin HTTP/1.1" 200 18661 "-" "meta-externalagent/1.1 (+https://developers.facebook.com/docs/sharing/webmasters/crawler)"
57.141.0.31 - - [17/Jun/2026:00:21:25 +0000] "GET /post_tag-sitemap.xml?path=/var/www/myjniakropelka.pl/wp-includes/php-compat HTTP/1.1" 200 14581 "-" "meta-externalagent/1.1 (+https://developers.facebook.com/docs/sharing/webmasters/crawler)"
57.141.0.28 - - [17/Jun/2026:00:21:26 +0000] "GET /post_tag-sitemap.xml?fileloc=/var/www/myjniakropelka.pl/wp-includes/class-snoopy.php&path=/var/www/myjniakropelka.pl/wp-includes HTTP/1.1" 200 55555 "-" "meta-externalagent/1.1 (+https://developers.facebook.com/docs/sharing/webmasters/crawler)"
57.141.0.45 - - [17/Jun/2026:00:21:26 +0000] "GET /post_tag-sitemap.xml?fileloc=/var/www/serwis-apple-lublin.pl/wp-includes/class-wp-navigation-fallback.php&path=/var/www/serwis-apple-lublin.pl/wp-includes HTTP/1.1" 200 22897 "-" "meta-externalagent/1.1 (+https://developers.facebook.com/docs/sharing/webmasters/crawler)"
57.141.0.33 - - [17/Jun/2026:00:21:26 +0000] "GET /post_tag-sitemap.xml?path=/var/www/myjniakropelka.pl/wp-includes/assets HTTP/1.1" 200 26186 "-" "meta-externalagent/1.1 (+https://developers.facebook.com/docs/sharing/webmasters/crawler)"
57.141.0.18 - - [17/Jun/2026:00:21:26 +0000] "GET /post_tag-sitemap.xml?path=/var/www/ambitioushost.com/wp-admin/network HTTP/1.1" 200 64512 "-" "meta-externalagent/1.1 (+https://developers.facebook.com/docs/sharing/webmasters/crawler)"
57.141.0.17 - - [17/Jun/2026:00:21:26 +0000] "GET /post_tag-sitemap.xml?fileloc=/var/www/myjniakropelka.pl/wp-includes/class-wp-token-map.php&path=/var/www/myjniakropelka.pl/wp-includes HTTP/1.1" 200 43730 "-" "meta-externalagent/1.1 (+https://developers.facebook.com/docs/sharing/webmasters/crawler)"
198.244.183.140 - - [17/Jun/2026:00:21:27 +0000] "GET /5848-2/ HTTP/1.1" 200 29033 "-" "Mozilla/5.0 (compatible; AhrefsBot/7.0; +http://ahrefs.com/robot/)"
57.141.0.20 - - [17/Jun/2026:00:21:27 +0000] "GET /post_tag-sitemap.xml?fileloc=/var/www/nightwriterka.pl/wp-admin/edit-form-advanced.php&path=/var/www/nightwriterka.pl/wp-admin HTTP/1.1" 200 49539 "-" "meta-externalagent/1.1 (+https://developers.facebook.com/docs/sharing/webmasters/crawler)"
57.141.0.1 - - [17/Jun/2026:00:21:28 +0000] "GET /post_tag-sitemap.xml?fileloc=/var/www/serwis-apple-lublin.pl/wp-includes/class-wp-block-patterns-registry.php&path=/var/www/serwis-apple-lublin.pl/wp-includes HTTP/1.1" 200 23740 "-" "meta-externalagent/1.1 (+https://developers.facebook.com/docs/sharing/webmasters/crawler)"
57.141.0.44 - - [17/Jun/2026:00:21:28 +0000] "GET /post_tag-sitemap.xml?fileloc=/var/www/myjniakropelka.pl/wp-includes/class-wp-hook.php&path=/var/www/myjniakropelka.pl/wp-includes HTTP/1.1" 200 29097 "-" "meta-externalagent/1.1 (+https://developers.facebook.com/docs/sharing/webmasters/crawler)"
132.196.99.64 - - [17/Jun/2026:00:21:28 +0000] "GET /wp-content/plugins/hellopress/wp_filemanager.php HTTP/1.1" 301 178 "-" "-"
57.141.0.26 - - [17/Jun/2026:00:21:28 +0000] "GET /post_tag-sitemap.xml?fileloc=/var/www/myjniakropelka.pl/wp-includes/class-wp-block-parser.php&path=/var/www/myjniakropelka.pl/wp-includes HTTP/1.1" 200 24787 "-" "meta-externalagent/1.1 (+https://developers.facebook.com/docs/sharing/webmasters/crawler)"
57.141.0.28 - - [17/Jun/2026:00:21:28 +0000] "GET /post_tag-sitemap.xml?fileloc=/var/www/serwis-apple-lublin.pl/wp-includes/class-json.php&path=/var/www/serwis-apple-lublin.pl/wp-includes HTTP/1.1" 200 59430 "-" "meta-externalagent/1.1 (+https://developers.facebook.com/docs/sharing/webmasters/crawler)"
57.141.0.15 - - [17/Jun/2026:00:21:28 +0000] "GET /post_tag-sitemap.xml?fileloc=/var/www/ambitioushost.com/wp-admin/admin-post.php&path=/var/www/ambitioushost.com/wp-admin HTTP/1.1" 200 14729 "-" "meta-externalagent/1.1 (+https://developers.facebook.com/docs/sharing/webmasters/crawler)"
57.141.0.29 - - [17/Jun/2026:00:21:29 +0000] "GET /post_tag-sitemap.xml?fileloc=/var/www/ambitioushost.com/wp-admin/customize.php&path=/var/www/ambitioushost.com/wp-admin HTTP/1.1" 200 26682 "-" "meta-externalagent/1.1 (+https://developers.facebook.com/docs/sharing/webmasters/crawler)"
132.196.99.64 - - [17/Jun/2026:00:21:29 +0000] "GET /wp-content/plugins/hellopress/wp_filemanager.php HTTP/1.1" 403 162 "-" "-"
57.141.0.16 - - [17/Jun/2026:00:21:29 +0000] "GET /post_tag-sitemap.xml?fileloc=/var/www/nightwriterka.pl/wp-admin/erase-personal-data.php&path=/var/www/nightwriterka.pl/wp-admin HTTP/1.1" 200 22400 "-" "meta-externalagent/1.1 (+https://developers.facebook.com/docs/sharing/webmasters/crawler)"
132.196.99.64 - - [17/Jun/2026:00:21:29 +0000] "GET /this_is_a_new_hello_world.php HTTP/1.1" 301 178 "-" "-"
132.196.99.64 - - [17/Jun/2026:00:21:30 +0000] "GET /this_is_a_new_hello_world.php HTTP/1.1" 404 162 "-" "-"
51.195.244.186 - - [17/Jun/2026:00:21:30 +0000] "GET /9652-2/ HTTP/1.1" 200 27651 "-" "Mozilla/5.0 (compatible; AhrefsBot/7.0; +http://ahrefs.com/robot/)"
57.141.0.57 - - [17/Jun/2026:00:21:30 +0000] "GET /post_tag-sitemap.xml?fileloc=/var/www/myjniakropelka.pl/wp-includes/widgets.php&path=/var/www/myjniakropelka.pl/wp-includes HTTP/1.1" 200 90148 "-" "meta-externalagent/1.1 (+https://developers.facebook.com/docs/sharing/webmasters/crawler)"
132.196.99.64 - - [17/Jun/2026:00:21:30 +0000] "GET /core/init.php HTTP/1.1" 301 178 "-" "-"
57.141.0.23 - - [17/Jun/2026:00:21:30 +0000] "GET /post_tag-sitemap.xml?fileloc=/var/www/ambitioushost.com/wp-admin/wp-cron.php&path=/var/www/ambitioushost.com/wp-admin HTTP/1.1" 200 15589 "-" "meta-externalagent/1.1 (+https://developers.facebook.com/docs/sharing/webmasters/crawler)"
132.196.99.64 - - [17/Jun/2026:00:21:30 +0000] "GET /core/init.php HTTP/1.1" 404 162 "-" "-"
57.141.0.1 - - [17/Jun/2026:00:21:30 +0000] "GET /post_tag-sitemap.xml?fileloc=/var/www/myjniakropelka.pl/wp-includes/class-wp-image-editor.php&path=/var/www/myjniakropelka.pl/wp-includes HTTP/1.1" 200 30777 "-" "meta-externalagent/1.1 (+https://developers.facebook.com/docs/sharing/webmasters/crawler)"
132.196.99.64 - - [17/Jun/2026:00:21:30 +0000] "GET /aa.php HTTP/1.1" 301 178 "-" "-"
132.196.99.64 - - [17/Jun/2026:00:21:30 +0000] "GET /aa.php HTTP/1.1" 404 162 "-" "-"
57.141.0.63 - - [17/Jun/2026:00:21:30 +0000] "GET /post_tag-sitemap.xml?fileloc=/var/www/ambitioushost.com/wp-admin/ms-delete-site.php&path=/var/www/ambitioushost.com/wp-admin HTTP/1.1" 200 17646 "-" "meta-externalagent/1.1 (+https://developers.facebook.com/docs/sharing/webmasters/crawler)"
57.141.0.50 - - [17/Jun/2026:00:21:30 +0000] "GET /post_tag-sitemap.xml?fileloc=/var/www/serwis-apple-lublin.pl/wp-includes/feed.php&path=/var/www/serwis-apple-lublin.pl/wp-includes HTTP/1.1" 200 38207 "-" "meta-externalagent/1.1 (+https://developers.facebook.com/docs/sharing/webmasters/crawler)"
132.196.99.64 - - [17/Jun/2026:00:21:31 +0000] "GET /xmrlpc.php HTTP/1.1" 301 178 "-" "-"
132.196.99.64 - - [17/Jun/2026:00:21:31 +0000] "GET /xmrlpc.php HTTP/1.1" 404 162 "-" "-"
132.196.99.64 - - [17/Jun/2026:00:21:31 +0000] "GET /class.php HTTP/1.1" 301 178 "-" "-"
132.196.99.64 - - [17/Jun/2026:00:21:31 +0000] "GET /class.php HTTP/1.1" 404 162 "-" "-"
57.141.0.22 - - [17/Jun/2026:00:21:31 +0000] "GET /post_tag-sitemap.xml?fileloc=/var/www/serwis-apple-lublin.pl/wp-includes/class-wp-theme.php&path=/var/www/serwis-apple-lublin.pl/wp-includes HTTP/1.1" 200 86389 "-" "meta-externalagent/1.1 (+https://developers.facebook.com/docs/sharing/webmasters/crawler)"
132.196.99.64 - - [17/Jun/2026:00:21:31 +0000] "GET /goods.php HTTP/1.1" 301 178 "-" "-"
57.141.0.29 - - [17/Jun/2026:00:21:32 +0000] "GET /post_tag-sitemap.xml?fileloc=/var/www/serwis-apple-lublin.pl/wp-includes/date.php&path=/var/www/serwis-apple-lublin.pl/wp-includes HTTP/1.1" 200 13001 "-" "meta-externalagent/1.1 (+https://developers.facebook.com/docs/sharing/webmasters/crawler)"
57.141.0.31 - - [17/Jun/2026:00:21:32 +0000] "GET /post_tag-sitemap.xml?fileloc=/var/www/myjniakropelka.pl/wp-includes/class-wp-matchesmapregex.php&path=/var/www/myjniakropelka.pl/wp-includes HTTP/1.1" 200 14446 "-" "meta-externalagent/1.1 (+https://developers.facebook.com/docs/sharing/webmasters/crawler)"
132.196.99.64 - - [17/Jun/2026:00:21:32 +0000] "GET /goods.php HTTP/1.1" 404 162 "-" "-"
57.141.0.26 - - [17/Jun/2026:00:21:32 +0000] "GET /post_tag-sitemap.xml?fileloc=/var/www/myjniakropelka.pl/wp-includes/admin-bar.php&path=/var/www/myjniakropelka.pl/wp-includes HTTP/1.1" 200 58539 "-" "meta-externalagent/1.1 (+https://developers.facebook.com/docs/sharing/webmasters/crawler)"
57.141.0.11 - - [17/Jun/2026:00:21:33 +0000] "GET /post_tag-sitemap.xml?fileloc=/var/www/myjniakropelka.pl/wp-includes/date.php&path=/var/www/myjniakropelka.pl/wp-includes HTTP/1.1" 200 12981 "-" "meta-externalagent/1.1 (+https://developers.facebook.com/docs/sharing/webmasters/crawler)"
132.196.99.64 - - [17/Jun/2026:00:21:33 +0000] "GET /info.php HTTP/1.1" 301 178 "-" "-"
198.244.240.220 - - [17/Jun/2026:00:21:33 +0000] "GET /3844-2/ HTTP/1.1" 200 28556 "-" "Mozilla/5.0 (compatible; AhrefsBot/7.0; +http://ahrefs.com/robot/)"
132.196.99.64 - - [17/Jun/2026:00:21:33 +0000] "GET /info.php HTTP/1.1" 404 162 "-" "-"
57.141.0.44 - - [17/Jun/2026:00:21:33 +0000] "GET /post_tag-sitemap.xml?fileloc=/var/www/kocietajemnice.pl/wp-admin/plugins.php&path=/var/www/kocietajemnice.pl/wp-admin HTTP/1.1" 200 49400 "-" "meta-externalagent/1.1 (+https://developers.facebook.com/docs/sharing/webmasters/crawler)"
132.196.99.64 - - [17/Jun/2026:00:21:33 +0000] "GET /as.php HTTP/1.1" 301 178 "-" "-"
132.196.99.64 - - [17/Jun/2026:00:21:33 +0000] "GET /as.php HTTP/1.1" 404 162 "-" "-"
57.141.0.68 - - [17/Jun/2026:00:21:33 +0000] "GET /post_tag-sitemap.xml?path=/var/www/myjniakropelka.pl/wp-includes/interactivity-api HTTP/1.1" 200 18093 "-" "meta-externalagent/1.1 (+https://developers.facebook.com/docs/sharing/webmasters/crawler)"
132.196.99.64 - - [17/Jun/2026:00:21:34 +0000] "GET /bb.php HTTP/1.1" 301 178 "-" "-"
132.196.99.64 - - [17/Jun/2026:00:21:34 +0000] "GET /bb.php HTTP/1.1" 404 162 "-" "-"
132.196.99.64 - - [17/Jun/2026:00:21:34 +0000] "GET /about.php HTTP/1.1" 301 178 "-" "-"
132.196.99.64 - - [17/Jun/2026:00:21:34 +0000] "GET /about.php HTTP/1.1" 404 162 "-" "-"
57.141.0.63 - - [17/Jun/2026:00:21:34 +0000] "GET /post_tag-sitemap.xml?fileloc=/var/www/nightwriterka.pl/wp-admin/post.php&path=/var/www/nightwriterka.pl/wp-admin HTTP/1.1" 200 24359 "-" "meta-externalagent/1.1 (+https://developers.facebook.com/docs/sharing/webmasters/crawler)"
57.141.0.29 - - [17/Jun/2026:00:21:34 +0000] "GET /post_tag-sitemap.xml?fileloc=/var/www/myjniakropelka.pl/wp-includes/class-wp-network.php&path=/var/www/myjniakropelka.pl/wp-includes HTTP/1.1" 200 25854 "-" "meta-externalagent/1.1 (+https://developers.facebook.com/docs/sharing/webmasters/crawler)"
132.196.99.64 - - [17/Jun/2026:00:21:34 +0000] "GET /222.php HTTP/1.1" 301 178 "-" "-"
57.141.0.38 - - [17/Jun/2026:00:21:34 +0000] "GET /post_tag-sitemap.xml?path=/var/www/gastrofaza-catering.pl/wp-content/plugins HTTP/1.1" 200 50113 "-" "meta-externalagent/1.1 (+https://developers.facebook.com/docs/sharing/webmasters/crawler)"
57.141.0.40 - - [17/Jun/2026:00:21:35 +0000] "GET /post_tag-sitemap.xml?fileloc=/var/www/serwis-apple-lublin.pl/wp-includes/fonts.php&path=/var/www/serwis-apple-lublin.pl/wp-includes HTTP/1.1" 200 23115 "-" "meta-externalagent/1.1 (+https://developers.facebook.com/docs/sharing/webmasters/crawler)"
132.196.99.64 - - [17/Jun/2026:00:21:35 +0000] "GET /222.php HTTP/1.1" 404 162 "-" "-"
132.196.99.64 - - [17/Jun/2026:00:21:35 +0000] "GET /test1.php HTTP/1.1" 301 178 "-" "-"
132.196.99.64 - - [17/Jun/2026:00:21:35 +0000] "GET /test1.php HTTP/1.1" 404 162 "-" "-"
132.196.99.64 - - [17/Jun/2026:00:21:35 +0000] "GET /wp-mail.php HTTP/1.1" 301 178 "-" "-"
132.196.99.64 - - [17/Jun/2026:00:21:35 +0000] "GET /wp-mail.php HTTP/1.1" 200 44211 "-" "-"
57.141.0.57 - - [17/Jun/2026:00:21:35 +0000] "GET /post_tag-sitemap.xml?path=/var/www/serwis-apple-lublin.pl/wp-includes/customize HTTP/1.1" 200 74474 "-" "meta-externalagent/1.1 (+https://developers.facebook.com/docs/sharing/webmasters/crawler)"
57.141.0.23 - - [17/Jun/2026:00:21:36 +0000] "GET /post_tag-sitemap.xml?fileloc=/var/www/serwis-apple-lublin.pl/wp-includes/class-wp-simplepie-file.php&path=/var/www/serwis-apple-lublin.pl/wp-includes HTTP/1.1" 200 16161 "-" "meta-externalagent/1.1 (+https://developers.facebook.com/docs/sharing/webmasters/crawler)"
57.141.0.49 - - [17/Jun/2026:00:21:36 +0000] "GET /post_tag-sitemap.xml?fileloc=/var/www/mojerosliny-sklep.pl/wp-admin/press-this.php&path=/var/www/mojerosliny-sklep.pl/wp-admin HTTP/1.1" 200 15465 "-" "meta-externalagent/1.1 (+https://developers.facebook.com/docs/sharing/webmasters/crawler)"
57.141.0.24 - - [17/Jun/2026:00:21:36 +0000] "GET /post_tag-sitemap.xml?fileloc=/var/www/ambitioushost.com/wp-admin/term.php&path=/var/www/ambitioushost.com/wp-admin HTTP/1.1" 200 15193 "-" "meta-externalagent/1.1 (+https://developers.facebook.com/docs/sharing/webmasters/crawler)"
57.141.0.26 - - [17/Jun/2026:00:21:36 +0000] "GET /post_tag-sitemap.xml?fileloc=/var/www/serwis-apple-lublin.pl/wp-includes/class-avif-info.php&path=/var/www/serwis-apple-lublin.pl/wp-includes HTTP/1.1" 200 44228 "-" "meta-externalagent/1.1 (+https://developers.facebook.com/docs/sharing/webmasters/crawler)"
57.141.0.26 - - [17/Jun/2026:00:21:37 +0000] "GET /post_tag-sitemap.xml?fileloc=/var/www/serwis-apple-lublin.pl/wp-includes/option.php&path=/var/www/serwis-apple-lublin.pl/wp-includes HTTP/1.1" 200 123565 "-" "meta-externalagent/1.1 (+https://developers.facebook.com/docs/sharing/webmasters/crawler)"
57.141.0.63 - - [17/Jun/2026:00:21:37 +0000] "GET /post_tag-sitemap.xml?fileloc=/var/www/ambitioushost.com/wp-admin/revision.php&path=/var/www/ambitioushost.com/wp-admin HTTP/1.1" 200 19671 "-" "meta-externalagent/1.1 (+https://developers.facebook.com/docs/sharing/webmasters/crawler)"
57.141.0.65 - - [17/Jun/2026:00:21:38 +0000] "GET /post_tag-sitemap.xml?fileloc=/var/www/myjniakropelka.pl/wp-includes/ms-settings.php&path=/var/www/myjniakropelka.pl/wp-includes HTTP/1.1" 200 17016 "-" "meta-externalagent/1.1 (+https://developers.facebook.com/docs/sharing/webmasters/crawler)"
57.141.0.40 - - [17/Jun/2026:00:21:38 +0000] "GET /post_tag-sitemap.xml?path=/var/www/nightwriterka.pl/wp-admin/network HTTP/1.1" 200 59415 "-" "meta-externalagent/1.1 (+https://developers.facebook.com/docs/sharing/webmasters/crawler)"
57.141.0.38 - - [17/Jun/2026:00:21:38 +0000] "GET /post_tag-sitemap.xml?path=/var/www/serwis-apple-lublin.pl/wp-includes/sitemaps HTTP/1.1" 200 24376 "-" "meta-externalagent/1.1 (+https://developers.facebook.com/docs/sharing/webmasters/crawler)"
57.141.0.25 - - [17/Jun/2026:00:21:39 +0000] "GET /post_tag-sitemap.xml?fileloc=/var/www/myjniakropelka.pl/wp-includes/rest-api.php&path=/var/www/myjniakropelka.pl/wp-includes HTTP/1.1" 200 122915 "-" "meta-externalagent/1.1 (+https://developers.facebook.com/docs/sharing/webmasters/crawler)"
57.141.0.13 - - [17/Jun/2026:00:21:39 +0000] "GET /post_tag-sitemap.xml?fileloc=/var/www/serwis-apple-lublin.pl/wp-includes/cache.php&path=/var/www/serwis-apple-lublin.pl/wp-includes HTTP/1.1" 200 26428 "-" "meta-externalagent/1.1 (+https://developers.facebook.com/docs/sharing/webmasters/crawler)"
57.141.0.1 - - [17/Jun/2026:00:21:39 +0000] "GET /post_tag-sitemap.xml?fileloc=/var/www/serwis-apple-lublin.pl/wp-includes/class-wp-image-editor-gd.php&path=/var/www/serwis-apple-lublin.pl/wp-includes HTTP/1.1" 200 34611 "-" "meta-externalagent/1.1 (+https://developers.facebook.com/docs/sharing/webmasters/crawler)"
57.141.0.41 - - [17/Jun/2026:00:21:39 +0000] "GET /post_tag-sitemap.xml?fileloc=/var/www/serwis-apple-lublin.pl/wp-includes/class-phpmailer.php&path=/var/www/serwis-apple-lublin.pl/wp-includes HTTP/1.1" 200 13316 "-" "meta-externalagent/1.1 (+https://developers.facebook.com/docs/sharing/webmasters/crawler)"
57.141.0.4 - - [17/Jun/2026:00:21:40 +0000] "GET /post_tag-sitemap.xml?fileloc=/var/www/ambitioushost.com/wp-admin/site-health.php&path=/var/www/ambitioushost.com/wp-admin HTTP/1.1" 200 25869 "-" "meta-externalagent/1.1 (+https://developers.facebook.com/docs/sharing/webmasters/crawler)"
57.141.0.28 - - [17/Jun/2026:00:21:40 +0000] "GET /post_tag-sitemap.xml?fileloc=/var/www/serwis-apple-lublin.pl/wp-includes/class-wp-text-diff-renderer-inline.php&path=/var/www/serwis-apple-lublin.pl/wp-includes HTTP/1.1" 200 13620 "-" "meta-externalagent/1.1 (+https://developers.facebook.com/docs/sharing/webmasters/crawler)"
57.141.0.17 - - [17/Jun/2026:00:21:40 +0000] "GET /post_tag-sitemap.xml?path=/var/www/serwis-apple-lublin.pl/wp-includes/blocks HTTP/1.1" 200 265667 "-" "meta-externalagent/1.1 (+https://developers.facebook.com/docs/sharing/webmasters/crawler)"
57.141.0.37 - - [17/Jun/2026:00:21:41 +0000] "GET /post_tag-sitemap.xml?fileloc=/var/www/myjniakropelka.pl/wp-includes/class-wp-recovery-mode-cookie-service.php&path=/var/www/myjniakropelka.pl/wp-includes HTTP/1.1" 200 19853 "-" "meta-externalagent/1.1 (+https://developers.facebook.com/docs/sharing/webmasters/crawler)"
57.141.0.19 - - [17/Jun/2026:00:21:41 +0000] "GET /post_tag-sitemap.xml?path=/var/www/nightwriterka.pl/wp-admin/includes HTTP/1.1" 200 181956 "-" "meta-externalagent/1.1 (+https://developers.facebook.com/docs/sharing/webmasters/crawler)"
57.141.0.30 - - [17/Jun/2026:00:21:41 +0000] "GET /post_tag-sitemap.xml?fileloc=/var/www/ambitioushost.com/wp-admin/site-health-info.php&path=/var/www/ambitioushost.com/wp-admin HTTP/1.1" 200 17829 "-" "meta-externalagent/1.1 (+https://developers.facebook.com/docs/sharing/webmasters/crawler)"
57.141.0.56 - - [17/Jun/2026:00:21:41 +0000] "GET /post_tag-sitemap.xml?fileloc=/var/www/ambitioushost.com/wp-admin/about.php&path=/var/www/ambitioushost.com/wp-admin HTTP/1.1" 200 37143 "-" "meta-externalagent/1.1 (+https://developers.facebook.com/docs/sharing/webmasters/crawler)"
57.141.0.61 - - [17/Jun/2026:00:21:42 +0000] "GET /post_tag-sitemap.xml?fileloc=/var/www/myjniakropelka.pl/wp-includes/sitemaps.php&path=/var/www/myjniakropelka.pl/wp-includes HTTP/1.1" 200 15937 "-" "meta-externalagent/1.1 (+https://developers.facebook.com/docs/sharing/webmasters/crawler)"
57.141.0.25 - - [17/Jun/2026:00:21:42 +0000] "GET /post_tag-sitemap.xml?fileloc=/var/www/nightwriterka.pl/wp-admin/ms-upgrade-network.php&path=/var/www/nightwriterka.pl/wp-admin HTTP/1.1" 200 12781 "-" "meta-externalagent/1.1 (+https://developers.facebook.com/docs/sharing/webmasters/crawler)"
57.141.0.40 - - [17/Jun/2026:00:21:42 +0000] "GET /post_tag-sitemap.xml?fileloc=/var/www/myjniakropelka.pl/wp-includes/query.php&path=/var/www/myjniakropelka.pl/wp-includes HTTP/1.1" 200 51352 "-" "meta-externalagent/1.1 (+https://developers.facebook.com/docs/sharing/webmasters/crawler)"
57.141.0.55 - - [17/Jun/2026:00:21:43 +0000] "GET /post_tag-sitemap.xml?fileloc=/var/www/ambitioushost.com/wp-admin/edit-link-form.php&path=/var/www/ambitioushost.com/wp-admin HTTP/1.1" 200 21333 "-" "meta-externalagent/1.1 (+https://developers.facebook.com/docs/sharing/webmasters/crawler)"
57.141.0.48 - - [17/Jun/2026:00:21:44 +0000] "GET /post_tag-sitemap.xml?fileloc=/var/www/serwis-apple-lublin.pl/wp-includes/class-wp-http-ixr-client.php&path=/var/www/serwis-apple-lublin.pl/wp-includes HTTP/1.1" 200 16623 "-" "meta-externalagent/1.1 (+https://developers.facebook.com/docs/sharing/webmasters/crawler)"
57.141.0.4 - - [17/Jun/2026:00:21:44 +0000] "GET /post_tag-sitemap.xml?fileloc=/var/www/serwis-apple-lublin.pl/wp-includes/class-wp-http-curl.php&path=/var/www/serwis-apple-lublin.pl/wp-includes HTTP/1.1" 200 26513 "-" "meta-externalagent/1.1 (+https://developers.facebook.com/docs/sharing/webmasters/crawler)"
57.141.0.29 - - [17/Jun/2026:00:21:44 +0000] "GET /post_tag-sitemap.xml?fileloc=/var/www/myjniakropelka.pl/wp-includes/wp-db.php&path=/var/www/myjniakropelka.pl/wp-includes HTTP/1.1" 200 13047 "-" "meta-externalagent/1.1 (+https://developers.facebook.com/docs/sharing/webmasters/crawler)"
57.141.0.30 - - [17/Jun/2026:00:21:44 +0000] "GET /post_tag-sitemap.xml?path=/var/www/serwis-apple-lublin.pl/wp-includes/Text HTTP/1.1" 200 17558 "-" "meta-externalagent/1.1 (+https://developers.facebook.com/docs/sharing/webmasters/crawler)"
57.141.0.11 - - [17/Jun/2026:00:21:44 +0000] "GET /post_tag-sitemap.xml?fileloc=/var/www/serwis-apple-lublin.pl/wp-includes/default-filters.php&path=/var/www/serwis-apple-lublin.pl/wp-includes HTTP/1.1" 200 59058 "-" "meta-externalagent/1.1 (+https://developers.facebook.com/docs/sharing/webmasters/crawler)"
198.244.226.142 - - [17/Jun/2026:00:21:44 +0000] "GET /20771-2/ HTTP/1.1" 200 28087 "-" "Mozilla/5.0 (compatible; AhrefsBot/7.0; +http://ahrefs.com/robot/)"
57.141.0.15 - - [17/Jun/2026:00:21:45 +0000] "GET /post_tag-sitemap.xml?fileloc=/var/www/myjniakropelka.pl/wp-includes/class-wp-dependency.php&path=/var/www/myjniakropelka.pl/wp-includes HTTP/1.1" 200 15223 "-" "meta-externalagent/1.1 (+https://developers.facebook.com/docs/sharing/webmasters/crawler)"
57.141.0.23 - - [17/Jun/2026:00:21:45 +0000] "GET /post_tag-sitemap.xml?fileloc=/var/www/myjniakropelka.pl/wp-includes/class-wp-text-diff-renderer-inline.php&path=/var/www/myjniakropelka.pl/wp-includes HTTP/1.1" 200 13600 "-" "meta-externalagent/1.1 (+https://developers.facebook.com/docs/sharing/webmasters/crawler)"
57.141.0.5 - - [17/Jun/2026:00:21:46 +0000] "GET /post_tag-sitemap.xml?fileloc=/var/www/myjniakropelka.pl/wp-includes/class-wp-feed-cache-transient.php&path=/var/www/myjniakropelka.pl/wp-includes HTTP/1.1" 200 15837 "-" "meta-externalagent/1.1 (+https://developers.facebook.com/docs/sharing/webmasters/crawler)"
57.141.0.63 - - [17/Jun/2026:00:21:47 +0000] "GET /post_tag-sitemap.xml?fileloc=/var/www/ambitioushost.com/wp-admin/options-discussion.php&path=/var/www/ambitioushost.com/wp-admin HTTP/1.1" 200 34126 "-" "meta-externalagent/1.1 (+https://developers.facebook.com/docs/sharing/webmasters/crawler)"
57.141.0.61 - - [17/Jun/2026:00:21:47 +0000] "GET /post_tag-sitemap.xml?fileloc=/var/www/ambitioushost.com/wp-admin/wp-blog-header.php&path=/var/www/ambitioushost.com/wp-admin HTTP/1.1" 200 15596 "-" "meta-externalagent/1.1 (+https://developers.facebook.com/docs/sharing/webmasters/crawler)"
57.141.0.18 - - [17/Jun/2026:00:21:47 +0000] "GET /post_tag-sitemap.xml?fileloc=/var/www/myjniakropelka.pl/wp-includes/class-wp-ajax-response.php&path=/var/www/myjniakropelka.pl/wp-includes HTTP/1.1" 200 18747 "-" "meta-externalagent/1.1 (+https://developers.facebook.com/docs/sharing/webmasters/crawler)"
57.141.0.23 - - [17/Jun/2026:00:21:47 +0000] "GET /post_tag-sitemap.xml?fileloc=/var/www/serwis-apple-lublin.pl/wp-includes/sitemaps.php&path=/var/www/serwis-apple-lublin.pl/wp-includes HTTP/1.1" 200 15957 "-" "meta-externalagent/1.1 (+https://developers.facebook.com/docs/sharing/webmasters/crawler)"
57.141.0.31 - - [17/Jun/2026:00:21:47 +0000] "GET /post_tag-sitemap.xml?fileloc=/var/www/kocietajemnice.pl/wp-admin/ms-delete-site.php&path=/var/www/kocietajemnice.pl/wp-admin HTTP/1.1" 200 17631 "-" "meta-externalagent/1.1 (+https://developers.facebook.com/docs/sharing/webmasters/crawler)"
57.141.0.59 - - [17/Jun/2026:00:21:48 +0000] "GET /post_tag-sitemap.xml?fileloc=/var/www/myjniakropelka.pl/wp-includes/script-modules.php&path=/var/www/myjniakropelka.pl/wp-includes HTTP/1.1" 200 20591 "-" "meta-externalagent/1.1 (+https://developers.facebook.com/docs/sharing/webmasters/crawler)"
57.141.0.24 - - [17/Jun/2026:00:21:48 +0000] "GET /post_tag-sitemap.xml?fileloc=/var/www/myjniakropelka.pl/wp-includes/wp-diff.php&path=/var/www/myjniakropelka.pl/wp-includes HTTP/1.1" 200 13444 "-" "meta-externalagent/1.1 (+https://developers.facebook.com/docs/sharing/webmasters/crawler)"
57.141.0.46 - - [17/Jun/2026:00:21:48 +0000] "GET /post_tag-sitemap.xml?fileloc=/var/www/mojerosliny-sklep.pl/wp-admin/admin-ajax.php&path=/var/www/mojerosliny-sklep.pl/wp-admin HTTP/1.1" 200 19169 "-" "meta-externalagent/1.1 (+https://developers.facebook.com/docs/sharing/webmasters/crawler)"
57.141.0.59 - - [17/Jun/2026:00:21:48 +0000] "GET /post_tag-sitemap.xml?fileloc=/var/www/serwis-apple-lublin.pl/wp-includes/class-wp-error.php&path=/var/www/serwis-apple-lublin.pl/wp-includes HTTP/1.1" 200 20302 "-" "meta-externalagent/1.1 (+https://developers.facebook.com/docs/sharing/webmasters/crawler)"
57.141.0.13 - - [17/Jun/2026:00:21:49 +0000] "GET /post_tag-sitemap.xml?fileloc=/var/www/kocietajemnice.pl/wp-admin/post-new.php&path=/var/www/kocietajemnice.pl/wp-admin HTTP/1.1" 200 15676 "-" "meta-externalagent/1.1 (+https://developers.facebook.com/docs/sharing/webmasters/crawler)"
57.141.0.2 - - [17/Jun/2026:00:21:49 +0000] "GET /post_tag-sitemap.xml?fileloc=/var/www/serwis-apple-lublin.pl/wp-includes/ms-network.php&path=/var/www/serwis-apple-lublin.pl/wp-includes HTTP/1.1" 200 16509 "-" "meta-externalagent/1.1 (+https://developers.facebook.com/docs/sharing/webmasters/crawler)"
51.195.183.127 - - [17/Jun/2026:00:21:50 +0000] "GET /14272-2/ HTTP/1.1" 200 28201 "-" "Mozilla/5.0 (compatible; AhrefsBot/7.0; +http://ahrefs.com/robot/)"
57.141.0.25 - - [17/Jun/2026:00:21:50 +0000] "GET /post_tag-sitemap.xml?fileloc=/var/www/myjniakropelka.pl/wp-includes/class-wp-query.php&path=/var/www/myjniakropelka.pl/wp-includes HTTP/1.1" 200 192023 "-" "meta-externalagent/1.1 (+https://developers.facebook.com/docs/sharing/webmasters/crawler)"
57.141.0.11 - - [17/Jun/2026:00:21:50 +0000] "GET /post_tag-sitemap.xml?fileloc=/var/www/mojerosliny-sklep.pl/wp-admin/custom-background.php&path=/var/www/mojerosliny-sklep.pl/wp-admin HTTP/1.1" 200 13111 "-" "meta-externalagent/1.1 (+https://developers.facebook.com/docs/sharing/webmasters/crawler)"
57.141.0.16 - - [17/Jun/2026:00:21:51 +0000] "GET /post_tag-sitemap.xml?fileloc=/var/www/restauracjaathena.pl/wp-content/wp-blog-header.php&path=/var/www/restauracjaathena.pl/wp-content HTTP/1.1" 200 18668 "-" "meta-externalagent/1.1 (+https://developers.facebook.com/docs/sharing/webmasters/crawler)"
51.195.215.23 - - [17/Jun/2026:00:21:51 +0000] "GET /2035-2/ HTTP/1.1" 200 28631 "-" "Mozilla/5.0 (compatible; AhrefsBot/7.0; +http://ahrefs.com/robot/)"
57.141.0.68 - - [17/Jun/2026:00:21:51 +0000] "GET /post_tag-sitemap.xml?path=/var/www/mojerosliny-sklep.pl/wp-admin/js HTTP/1.1" 200 165669 "-" "meta-externalagent/1.1 (+https://developers.facebook.com/docs/sharing/webmasters/crawler)"
57.141.0.49 - - [17/Jun/2026:00:21:51 +0000] "GET /post_tag-sitemap.xml?fileloc=/var/www/serwis-apple-lublin.pl/wp-includes/class-wp-site.php&path=/var/www/serwis-apple-lublin.pl/wp-includes HTTP/1.1" 200 20614 "-" "meta-externalagent/1.1 (+https://developers.facebook.com/docs/sharing/webmasters/crawler)"
57.141.0.68 - - [17/Jun/2026:00:21:52 +0000] "GET /post_tag-sitemap.xml?fileloc=/var/www/serwis-apple-lublin.pl/wp-includes/class-wp-recovery-mode.php&path=/var/www/serwis-apple-lublin.pl/wp-includes HTTP/1.1" 200 24873 "-" "meta-externalagent/1.1 (+https://developers.facebook.com/docs/sharing/webmasters/crawler)"
57.141.0.26 - - [17/Jun/2026:00:21:52 +0000] "GET /post_tag-sitemap.xml?fileloc=/var/www/myjniakropelka.pl/wp-includes/ms-default-constants.php&path=/var/www/myjniakropelka.pl/wp-includes HTTP/1.1" 200 18208 "-" "meta-externalagent/1.1 (+https://developers.facebook.com/docs/sharing/webmasters/crawler)"
57.141.0.40 - - [17/Jun/2026:00:21:52 +0000] "GET /post_tag-sitemap.xml?fileloc=/var/www/serwis-apple-lublin.pl/wp-includes/general-template.php&path=/var/www/serwis-apple-lublin.pl/wp-includes HTTP/1.1" 200 208871 "-" "meta-externalagent/1.1 (+https://developers.facebook.com/docs/sharing/webmasters/crawler)"
57.141.0.23 - - [17/Jun/2026:00:21:52 +0000] "GET /post_tag-sitemap.xml?fileloc=/var/www/myjniakropelka.pl/wp-includes/class-wp-taxonomy.php&path=/var/www/myjniakropelka.pl/wp-includes HTTP/1.1" 200 33764 "-" "meta-externalagent/1.1 (+https://developers.facebook.com/docs/sharing/webmasters/crawler)"
57.141.0.21 - - [17/Jun/2026:00:21:53 +0000] "GET /post_tag-sitemap.xml?fileloc=/var/www/serwis-apple-lublin.pl/wp-includes/class-wp-application-passwords.php&path=/var/www/serwis-apple-lublin.pl/wp-includes HTTP/1.1" 200 30433 "-" "meta-externalagent/1.1 (+https://developers.facebook.com/docs/sharing/webmasters/crawler)"
57.141.0.47 - - [17/Jun/2026:00:21:53 +0000] "GET /post_tag-sitemap.xml?path=/var/www/mojerosliny-sklep.pl/wp-admin/includes HTTP/1.1" 200 183668 "-" "meta-externalagent/1.1 (+https://developers.facebook.com/docs/sharing/webmasters/crawler)"
57.141.0.48 - - [17/Jun/2026:00:21:54 +0000] "GET /post_tag-sitemap.xml?fileloc=/var/www/serwis-apple-lublin.pl/wp-includes/class-wp-hook.php&path=/var/www/serwis-apple-lublin.pl/wp-includes HTTP/1.1" 200 29117 "-" "meta-externalagent/1.1 (+https://developers.facebook.com/docs/sharing/webmasters/crawler)"
57.141.0.68 - - [17/Jun/2026:00:21:54 +0000] "GET /post_tag-sitemap.xml?fileloc=/var/www/mojerosliny-sklep.pl/wp-admin/install-helper.php&path=/var/www/mojerosliny-sklep.pl/wp-admin HTTP/1.1" 200 19928 "-" "meta-externalagent/1.1 (+https://developers.facebook.com/docs/sharing/webmasters/crawler)"
57.141.0.50 - - [17/Jun/2026:00:21:54 +0000] "GET /post_tag-sitemap.xml?fileloc=/var/www/serwis-apple-lublin.pl/wp-includes/theme.php&path=/var/www/serwis-apple-lublin.pl/wp-includes HTTP/1.1" 200 165865 "-" "meta-externalagent/1.1 (+https://developers.facebook.com/docs/sharing/webmasters/crawler)"
57.141.0.64 - - [17/Jun/2026:00:21:55 +0000] "GET /post_tag-sitemap.xml?path=/var/www/myjniakropelka.pl/wp-includes/block-supports HTTP/1.1" 200 41761 "-" "meta-externalagent/1.1 (+https://developers.facebook.com/docs/sharing/webmasters/crawler)"
57.141.0.55 - - [17/Jun/2026:00:21:55 +0000] "GET /post_tag-sitemap.xml?fileloc=/var/www/serwis-apple-lublin.pl/wp-includes/class-wp-token-map.php&path=/var/www/serwis-apple-lublin.pl/wp-includes HTTP/1.1" 200 43750 "-" "meta-externalagent/1.1 (+https://developers.facebook.com/docs/sharing/webmasters/crawler)"
57.141.0.6 - - [17/Jun/2026:00:21:55 +0000] "GET /post_tag-sitemap.xml?fileloc=/var/www/ambitioushost.com/wp-admin/profile.php&path=/var/www/ambitioushost.com/wp-admin HTTP/1.1" 200 12838 "-" "meta-externalagent/1.1 (+https://developers.facebook.com/docs/sharing/webmasters/crawler)"
57.141.0.2 - - [17/Jun/2026:00:21:55 +0000] "GET /post_tag-sitemap.xml?fileloc=/var/www/serwis-apple-lublin.pl/wp-includes/media-template.php&path=/var/www/serwis-apple-lublin.pl/wp-includes HTTP/1.1" 200 98420 "-" "meta-externalagent/1.1 (+https://developers.facebook.com/docs/sharing/webmasters/crawler)"
