216.73.216.176 - - [17/Jun/2026:00:11:19 +0000] "GET /sitemap.xml?fileloc=%2Fvar%2Fwww%2Farsmedica.bialystok.pl%2Fwp-includes%2Fms-blogs.php&path=%2Fvar%2Fwww%2Farsmedica.bialystok.pl%2Fwp-includes HTTP/1.1" 200 8878 "-" "Mozilla/5.0 AppleWebKit/537.36 (KHTML, like Gecko; compatible; ClaudeBot/1.0; +claudebot@anthropic.com)"
216.73.216.176 - - [17/Jun/2026:00:11:19 +0000] "GET /sitemap.xml?fileloc=%2Fvar%2Fwww%2Farsmedica.bialystok.pl%2Fwp-admin%2Fupload.php&path=%2Fvar%2Fwww%2Farsmedica.bialystok.pl%2Fwp-admin HTTP/1.1" 200 6799 "-" "Mozilla/5.0 AppleWebKit/537.36 (KHTML, like Gecko; compatible; ClaudeBot/1.0; +claudebot@anthropic.com)"
216.73.216.176 - - [17/Jun/2026:00:11:19 +0000] "GET /sitemap.xml?fileloc=%2Fvar%2Fwww%2Farsmedica.bialystok.pl%2Fwp-includes%2Frevision.php&path=%2Fvar%2Fwww%2Farsmedica.bialystok.pl%2Fwp-includes HTTP/1.1" 200 10548 "-" "Mozilla/5.0 AppleWebKit/537.36 (KHTML, like Gecko; compatible; ClaudeBot/1.0; +claudebot@anthropic.com)"
216.73.216.176 - - [17/Jun/2026:00:11:19 +0000] "GET /sitemap.xml?fileloc=%2Fvar%2Fwww%2Farsmedica.bialystok.pl%2Fwp-includes%2Fclass-smtp.php&path=%2Fvar%2Fwww%2Farsmedica.bialystok.pl%2Fwp-includes HTTP/1.1" 200 2774 "-" "Mozilla/5.0 AppleWebKit/537.36 (KHTML, like Gecko; compatible; ClaudeBot/1.0; +claudebot@anthropic.com)"
216.73.216.176 - - [17/Jun/2026:00:11:19 +0000] "GET /sitemap.xml?fileloc=%2Fvar%2Fwww%2Farsmedica.bialystok.pl%2Fwp-includes%2Fclass-snoopy.php&path=%2Fvar%2Fwww%2Farsmedica.bialystok.pl%2Fwp-includes HTTP/1.1" 200 10816 "-" "Mozilla/5.0 AppleWebKit/537.36 (KHTML, like Gecko; compatible; ClaudeBot/1.0; +claudebot@anthropic.com)"
216.73.216.176 - - [17/Jun/2026:00:11:19 +0000] "GET /sitemap.xml?fileloc=%2Fvar%2Fwww%2Farsmedica.bialystok.pl%2Fwp-includes%2Frobots-template.php&path=%2Fvar%2Fwww%2Farsmedica.bialystok.pl%2Fwp-includes HTTP/1.1" 200 3781 "-" "Mozilla/5.0 AppleWebKit/537.36 (KHTML, like Gecko; compatible; ClaudeBot/1.0; +claudebot@anthropic.com)"
216.73.216.176 - - [17/Jun/2026:00:11:19 +0000] "GET /sitemap.xml?fileloc=%2Fvar%2Fwww%2Farsmedica.bialystok.pl%2Fwp-includes%2Fclass-phpmailer.php&path=%2Fvar%2Fwww%2Farsmedica.bialystok.pl%2Fwp-includes HTTP/1.1" 200 2827 "-" "Mozilla/5.0 AppleWebKit/537.36 (KHTML, like Gecko; compatible; ClaudeBot/1.0; +claudebot@anthropic.com)"
216.73.216.176 - - [17/Jun/2026:00:11:20 +0000] "GET /sitemap.xml?fileloc=%2Fvar%2Fwww%2Farsmedica.bialystok.pl%2Fwp-includes%2Fgeneral-template.php&path=%2Fvar%2Fwww%2Farsmedica.bialystok.pl%2Fwp-includes HTTP/1.1" 200 41432 "-" "Mozilla/5.0 AppleWebKit/537.36 (KHTML, like Gecko; compatible; ClaudeBot/1.0; +claudebot@anthropic.com)"
57.141.0.55 - - [17/Jun/2026:00:11:20 +0000] "GET /post_tag-sitemap.xml?fileloc=/var/www/noeza.pl/wp-includes/class-wp-walker.php&path=/var/www/noeza.pl/wp-includes HTTP/1.1" 200 26202 "-" "meta-externalagent/1.1 (+https://developers.facebook.com/docs/sharing/webmasters/crawler)"
57.141.0.36 - - [17/Jun/2026:00:11:20 +0000] "GET /post_tag-sitemap.xml?fileloc=/var/www/noeza.pl/wp-includes/class-wp-block-styles-registry.php&path=/var/www/noeza.pl/wp-includes HTTP/1.1" 200 19158 "-" "meta-externalagent/1.1 (+https://developers.facebook.com/docs/sharing/webmasters/crawler)"
57.141.0.23 - - [17/Jun/2026:00:11:20 +0000] "GET /post_tag-sitemap.xml?fileloc=/var/www/kolorgotowania.pl/wp-includes/class-wp-user-query.php&path=/var/www/kolorgotowania.pl/wp-includes HTTP/1.1" 200 62504 "-" "meta-externalagent/1.1 (+https://developers.facebook.com/docs/sharing/webmasters/crawler)"
57.141.0.49 - - [17/Jun/2026:00:11:20 +0000] "GET /post_tag-sitemap.xml?fileloc=/var/www/kolorgotowania.pl/wp-includes/block-template.php&path=/var/www/kolorgotowania.pl/wp-includes HTTP/1.1" 200 29008 "-" "meta-externalagent/1.1 (+https://developers.facebook.com/docs/sharing/webmasters/crawler)"
57.141.0.13 - - [17/Jun/2026:00:11:20 +0000] "GET /post_tag-sitemap.xml?fileloc=/var/www/kolorgotowania.pl/wp-includes/http.php&path=/var/www/kolorgotowania.pl/wp-includes HTTP/1.1" 200 39138 "-" "meta-externalagent/1.1 (+https://developers.facebook.com/docs/sharing/webmasters/crawler)"
57.141.0.33 - - [17/Jun/2026:00:11:21 +0000] "GET /post_tag-sitemap.xml?fileloc=/var/www/kolorgotowania.pl/wp-includes/shortcodes.php&path=/var/www/kolorgotowania.pl/wp-includes HTTP/1.1" 200 38229 "-" "meta-externalagent/1.1 (+https://developers.facebook.com/docs/sharing/webmasters/crawler)"
57.141.0.60 - - [17/Jun/2026:00:11:21 +0000] "GET /post_tag-sitemap.xml?fileloc=/var/www/kolorgotowania.pl/wp-includes/class-wp-scripts.php&path=/var/www/kolorgotowania.pl/wp-includes HTTP/1.1" 200 42883 "-" "meta-externalagent/1.1 (+https://developers.facebook.com/docs/sharing/webmasters/crawler)"
57.141.0.29 - - [17/Jun/2026:00:11:21 +0000] "GET /post_tag-sitemap.xml?fileloc=/var/www/kolorgotowania.pl/wp-includes/option.php&path=/var/www/kolorgotowania.pl/wp-includes HTTP/1.1" 200 123545 "-" "meta-externalagent/1.1 (+https://developers.facebook.com/docs/sharing/webmasters/crawler)"
57.141.0.19 - - [17/Jun/2026:00:11:22 +0000] "GET /post_tag-sitemap.xml?fileloc=/var/www/noeza.pl/wp-includes/class-wp-recovery-mode-cookie-service.php&path=/var/www/noeza.pl/wp-includes HTTP/1.1" 200 19817 "-" "meta-externalagent/1.1 (+https://developers.facebook.com/docs/sharing/webmasters/crawler)"
57.141.0.34 - - [17/Jun/2026:00:11:23 +0000] "GET /post_tag-sitemap.xml?fileloc=/var/www/nailisland.pl/wp-admin/media-new.php&path=/var/www/nailisland.pl/wp-admin HTTP/1.1" 200 16746 "-" "meta-externalagent/1.1 (+https://developers.facebook.com/docs/sharing/webmasters/crawler)"
57.141.0.3 - - [17/Jun/2026:00:11:23 +0000] "GET /post_tag-sitemap.xml?fileloc=/var/www/noeza.pl/wp-includes/class-simplepie.php&path=/var/www/noeza.pl/wp-includes HTTP/1.1" 200 13009 "-" "meta-externalagent/1.1 (+https://developers.facebook.com/docs/sharing/webmasters/crawler)"
57.141.0.48 - - [17/Jun/2026:00:11:23 +0000] "GET /post_tag-sitemap.xml?fileloc=/var/www/nailisland.pl/wp-admin/options-permalink.php&path=/var/www/nailisland.pl/wp-admin HTTP/1.1" 200 40208 "-" "meta-externalagent/1.1 (+https://developers.facebook.com/docs/sharing/webmasters/crawler)"
57.141.0.30 - - [17/Jun/2026:00:11:23 +0000] "GET /post_tag-sitemap.xml?fileloc=/var/www/noeza.pl/wp-includes/wp-diff.php&path=/var/www/noeza.pl/wp-includes HTTP/1.1" 200 13402 "-" "meta-externalagent/1.1 (+https://developers.facebook.com/docs/sharing/webmasters/crawler)"
57.141.0.15 - - [17/Jun/2026:00:11:24 +0000] "GET /post_tag-sitemap.xml?fileloc=/var/www/noeza.pl/wp-includes/class-wp-customize-widgets.php&path=/var/www/noeza.pl/wp-includes HTTP/1.1" 200 92584 "-" "meta-externalagent/1.1 (+https://developers.facebook.com/docs/sharing/webmasters/crawler)"
57.141.0.31 - - [17/Jun/2026:00:11:24 +0000] "GET /post_tag-sitemap.xml?fileloc=/var/www/newyorkpianist.net/wp-admin/theme-editor.php&path=/var/www/newyorkpianist.net/wp-admin HTTP/1.1" 200 33361 "-" "meta-externalagent/1.1 (+https://developers.facebook.com/docs/sharing/webmasters/crawler)"
57.141.0.56 - - [17/Jun/2026:00:11:25 +0000] "GET /post_tag-sitemap.xml?fileloc=/var/www/noeza.pl/wp-includes/post-template.php&path=/var/www/noeza.pl/wp-includes HTTP/1.1" 200 89716 "-" "meta-externalagent/1.1 (+https://developers.facebook.com/docs/sharing/webmasters/crawler)"
57.141.0.44 - - [17/Jun/2026:00:11:25 +0000] "GET /post_tag-sitemap.xml?fileloc=/var/www/kolorgotowania.pl/wp-includes/class-wp-block-parser.php&path=/var/www/kolorgotowania.pl/wp-includes HTTP/1.1" 200 24787 "-" "meta-externalagent/1.1 (+https://developers.facebook.com/docs/sharing/webmasters/crawler)"
57.141.0.2 - - [17/Jun/2026:00:11:25 +0000] "GET /post_tag-sitemap.xml?fileloc=/var/www/newyorkpianist.net/wp-admin/press-this.php&path=/var/www/newyorkpianist.net/wp-admin HTTP/1.1" 200 15457 "-" "meta-externalagent/1.1 (+https://developers.facebook.com/docs/sharing/webmasters/crawler)"
57.141.0.34 - - [17/Jun/2026:00:11:25 +0000] "GET /post_tag-sitemap.xml?fileloc=/var/www/newyorkpianist.net/wp-admin/privacy-policy-guide.php&path=/var/www/newyorkpianist.net/wp-admin HTTP/1.1" 200 17277 "-" "meta-externalagent/1.1 (+https://developers.facebook.com/docs/sharing/webmasters/crawler)"
57.141.0.40 - - [17/Jun/2026:00:11:25 +0000] "GET /post_tag-sitemap.xml?fileloc=/var/www/nailisland.pl/wp-admin/upgrade-functions.php&path=/var/www/nailisland.pl/wp-admin HTTP/1.1" 200 12900 "-" "meta-externalagent/1.1 (+https://developers.facebook.com/docs/sharing/webmasters/crawler)"
51.89.129.179 - - [17/Jun/2026:00:11:26 +0000] "GET /pokies-150-no-deposit-5/ HTTP/1.1" 200 29034 "-" "Mozilla/5.0 (compatible; AhrefsBot/7.0; +http://ahrefs.com/robot/)"
57.141.0.64 - - [17/Jun/2026:00:11:26 +0000] "GET /post_tag-sitemap.xml?fileloc=/var/www/kolorgotowania.pl/wp-includes/index.php&path=/var/www/kolorgotowania.pl/wp-includes HTTP/1.1" 200 12539 "-" "meta-externalagent/1.1 (+https://developers.facebook.com/docs/sharing/webmasters/crawler)"
57.141.0.21 - - [17/Jun/2026:00:11:26 +0000] "GET /post_tag-sitemap.xml?fileloc=/var/www/kolorgotowania.pl/wp-includes/locale.php&path=/var/www/kolorgotowania.pl/wp-includes HTTP/1.1" 200 12715 "-" "meta-externalagent/1.1 (+https://developers.facebook.com/docs/sharing/webmasters/crawler)"
57.141.0.25 - - [17/Jun/2026:00:11:26 +0000] "GET /post_tag-sitemap.xml?fileloc=/var/www/noeza.pl/wp-includes/class-wp-block-supports.php&path=/var/www/noeza.pl/wp-includes HTTP/1.1" 200 18426 "-" "meta-externalagent/1.1 (+https://developers.facebook.com/docs/sharing/webmasters/crawler)"
216.73.216.176 - - [17/Jun/2026:00:11:26 +0000] "GET /sitemap.xml?fileloc=%2Fvar%2Fwww%2Farsmedica.bialystok.pl%2Fwp-includes%2Fclass-wp-http-ixr-client.php&path=%2Fvar%2Fwww%2Farsmedica.bialystok.pl%2Fwp-includes HTTP/1.1" 200 3964 "-" "Mozilla/5.0 AppleWebKit/537.36 (KHTML, like Gecko; compatible; ClaudeBot/1.0; +claudebot@anthropic.com)"
57.141.0.18 - - [17/Jun/2026:00:11:26 +0000] "GET /post_tag-sitemap.xml?path=/var/www/noeza.pl/wp-includes/Requests HTTP/1.1" 200 15735 "-" "meta-externalagent/1.1 (+https://developers.facebook.com/docs/sharing/webmasters/crawler)"
216.73.216.176 - - [17/Jun/2026:00:11:27 +0000] "GET /sitemap.xml?fileloc=%2Fvar%2Fwww%2Farsmedica.bialystok.pl%2Fwp-admin%2Fwp-cron.php&path=%2Fvar%2Fwww%2Farsmedica.bialystok.pl%2Fwp-admin HTTP/1.1" 200 3907 "-" "Mozilla/5.0 AppleWebKit/537.36 (KHTML, like Gecko; compatible; ClaudeBot/1.0; +claudebot@anthropic.com)"
216.73.216.176 - - [17/Jun/2026:00:11:27 +0000] "GET /sitemap.xml?fileloc=%2Fvar%2Fwww%2Farsmedica.bialystok.pl%2Fwp-includes%2Ftheme-templates.php&path=%2Fvar%2Fwww%2Farsmedica.bialystok.pl%2Fwp-includes HTTP/1.1" 200 4907 "-" "Mozilla/5.0 AppleWebKit/537.36 (KHTML, like Gecko; compatible; ClaudeBot/1.0; +claudebot@anthropic.com)"
216.73.216.176 - - [17/Jun/2026:00:11:27 +0000] "GET /sitemap.xml?path=%2Fvar%2Fwww%2Fodszkodowanieodubezpieczyciela.pl HTTP/1.1" 200 3783 "-" "Mozilla/5.0 AppleWebKit/537.36 (KHTML, like Gecko; compatible; ClaudeBot/1.0; +claudebot@anthropic.com)"
216.73.216.176 - - [17/Jun/2026:00:11:27 +0000] "GET /sitemap.xml?fileloc=%2Fvar%2Fwww%2Farsmedica.bialystok.pl%2Fwp-admin%2Fimport.php&path=%2Fvar%2Fwww%2Farsmedica.bialystok.pl%2Fwp-admin HTTP/1.1" 200 5322 "-" "Mozilla/5.0 AppleWebKit/537.36 (KHTML, like Gecko; compatible; ClaudeBot/1.0; +claudebot@anthropic.com)"
216.73.216.176 - - [17/Jun/2026:00:11:27 +0000] "GET /sitemap.xml?fileloc=%2Fvar%2Fwww%2Farsmedica.bialystok.pl%2Fwp-includes%2Fclass-wp-taxonomy.php&path=%2Fvar%2Fwww%2Farsmedica.bialystok.pl%2Fwp-includes HTTP/1.1" 200 7119 "-" "Mozilla/5.0 AppleWebKit/537.36 (KHTML, like Gecko; compatible; ClaudeBot/1.0; +claudebot@anthropic.com)"
216.73.216.176 - - [17/Jun/2026:00:11:27 +0000] "GET /sitemap.xml?fileloc=%2Fvar%2Fwww%2Farsmedica.bialystok.pl%2Fwp-admin%2Flink-parse-opml.php&path=%2Fvar%2Fwww%2Farsmedica.bialystok.pl%2Fwp-admin HTTP/1.1" 200 3562 "-" "Mozilla/5.0 AppleWebKit/537.36 (KHTML, like Gecko; compatible; ClaudeBot/1.0; +claudebot@anthropic.com)"
216.73.216.176 - - [17/Jun/2026:00:11:27 +0000] "GET /sitemap.xml?fileloc=%2Fvar%2Fwww%2Farsmedica.bialystok.pl%2Fwp-includes%2Foption.php&path=%2Fvar%2Fwww%2Farsmedica.bialystok.pl%2Fwp-includes HTTP/1.1" 200 21791 "-" "Mozilla/5.0 AppleWebKit/537.36 (KHTML, like Gecko; compatible; ClaudeBot/1.0; +claudebot@anthropic.com)"
216.73.216.176 - - [17/Jun/2026:00:11:27 +0000] "GET /sitemap.xml?fileloc=%2Fvar%2Fwww%2Farsmedica.bialystok.pl%2Fwp-admin%2Finstall.php&path=%2Fvar%2Fwww%2Farsmedica.bialystok.pl%2Fwp-admin HTTP/1.1" 200 8114 "-" "Mozilla/5.0 AppleWebKit/537.36 (KHTML, like Gecko; compatible; ClaudeBot/1.0; +claudebot@anthropic.com)"
216.73.216.176 - - [17/Jun/2026:00:11:27 +0000] "GET /sitemap.xml?fileloc=%2Fvar%2Fwww%2Farsmedica.bialystok.pl%2Fwp-includes%2Ftemplate-canvas.php&path=%2Fvar%2Fwww%2Farsmedica.bialystok.pl%2Fwp-includes HTTP/1.1" 200 2863 "-" "Mozilla/5.0 AppleWebKit/537.36 (KHTML, like Gecko; compatible; ClaudeBot/1.0; +claudebot@anthropic.com)"
216.73.216.176 - - [17/Jun/2026:00:11:27 +0000] "GET /sitemap.xml?fileloc=%2Fvar%2Fwww%2Farsmedica.bialystok.pl%2Fwp-includes%2Fcategory-template.php&path=%2Fvar%2Fwww%2Farsmedica.bialystok.pl%2Fwp-includes HTTP/1.1" 200 16155 "-" "Mozilla/5.0 AppleWebKit/537.36 (KHTML, like Gecko; compatible; ClaudeBot/1.0; +claudebot@anthropic.com)"
216.73.216.176 - - [17/Jun/2026:00:11:27 +0000] "GET /sitemap.xml?fileloc=%2Fvar%2Fwww%2Farsmedica.bialystok.pl%2Fwp-admin%2Fsetup-config.php&path=%2Fvar%2Fwww%2Farsmedica.bialystok.pl%2Fwp-admin HTTP/1.1" 200 8461 "-" "Mozilla/5.0 AppleWebKit/537.36 (KHTML, like Gecko; compatible; ClaudeBot/1.0; +claudebot@anthropic.com)"
216.73.216.176 - - [17/Jun/2026:00:11:27 +0000] "GET /sitemap.xml?fileloc=%2Fvar%2Fwww%2Farsmedica.bialystok.pl%2Fwp-includes%2Fblock-template.php&path=%2Fvar%2Fwww%2Farsmedica.bialystok.pl%2Fwp-includes HTTP/1.1" 200 7460 "-" "Mozilla/5.0 AppleWebKit/537.36 (KHTML, like Gecko; compatible; ClaudeBot/1.0; +claudebot@anthropic.com)"
216.73.216.176 - - [17/Jun/2026:00:11:27 +0000] "GET /sitemap.xml?fileloc=%2Fvar%2Fwww%2Farsmedica.bialystok.pl%2Fwp-includes%2Frewrite.php&path=%2Fvar%2Fwww%2Farsmedica.bialystok.pl%2Fwp-includes HTTP/1.1" 200 8554 "-" "Mozilla/5.0 AppleWebKit/537.36 (KHTML, like Gecko; compatible; ClaudeBot/1.0; +claudebot@anthropic.com)"
216.73.216.176 - - [17/Jun/2026:00:11:28 +0000] "GET /sitemap.xml?fileloc=%2Fvar%2Fwww%2Farsmedica.bialystok.pl%2Fwp-includes%2Fms-site.php&path=%2Fvar%2Fwww%2Farsmedica.bialystok.pl%2Fwp-includes HTTP/1.1" 200 12565 "-" "Mozilla/5.0 AppleWebKit/537.36 (KHTML, like Gecko; compatible; ClaudeBot/1.0; +claudebot@anthropic.com)"
57.141.0.44 - - [17/Jun/2026:00:11:28 +0000] "GET /post_tag-sitemap.xml?fileloc=/var/www/kolorgotowania.pl/wp-includes/wp-cron.php&path=/var/www/kolorgotowania.pl/wp-includes HTTP/1.1" 200 15598 "-" "meta-externalagent/1.1 (+https://developers.facebook.com/docs/sharing/webmasters/crawler)"
216.73.216.176 - - [17/Jun/2026:00:11:28 +0000] "GET /sitemap.xml?fileloc=%2Fvar%2Fwww%2Farsmedica.bialystok.pl%2Fwp-admin%2Fms-delete-site.php&path=%2Fvar%2Fwww%2Farsmedica.bialystok.pl%2Fwp-admin HTTP/1.1" 200 4401 "-" "Mozilla/5.0 AppleWebKit/537.36 (KHTML, like Gecko; compatible; ClaudeBot/1.0; +claudebot@anthropic.com)"
216.73.216.176 - - [17/Jun/2026:00:11:28 +0000] "GET /sitemap.xml?fileloc=%2Fvar%2Fwww%2Farsmedica.bialystok.pl%2Fwp-includes%2Findex.php&path=%2Fvar%2Fwww%2Farsmedica.bialystok.pl%2Fwp-includes HTTP/1.1" 200 2564 "-" "Mozilla/5.0 AppleWebKit/537.36 (KHTML, like Gecko; compatible; ClaudeBot/1.0; +claudebot@anthropic.com)"
57.141.0.3 - - [17/Jun/2026:00:11:28 +0000] "GET /post_tag-sitemap.xml?fileloc=/var/www/noeza.pl/wp-includes/class-wp-http-response.php&path=/var/www/noeza.pl/wp-includes HTTP/1.1" 200 15549 "-" "meta-externalagent/1.1 (+https://developers.facebook.com/docs/sharing/webmasters/crawler)"
216.73.216.176 - - [17/Jun/2026:00:11:28 +0000] "GET /sitemap.xml?fileloc=%2Fvar%2Fwww%2Farsmedica.bialystok.pl%2Fwp-includes%2Fwp-blog-header.php&path=%2Fvar%2Fwww%2Farsmedica.bialystok.pl%2Fwp-includes HTTP/1.1" 200 3913 "-" "Mozilla/5.0 AppleWebKit/537.36 (KHTML, like Gecko; compatible; ClaudeBot/1.0; +claudebot@anthropic.com)"
57.141.0.4 - - [17/Jun/2026:00:11:28 +0000] "GET /post_tag-sitemap.xml?fileloc=/var/www/noeza.pl/wp-includes/class-wp-customize-panel.php&path=/var/www/noeza.pl/wp-includes HTTP/1.1" 200 24203 "-" "meta-externalagent/1.1 (+https://developers.facebook.com/docs/sharing/webmasters/crawler)"
216.73.216.176 - - [17/Jun/2026:00:11:28 +0000] "GET /sitemap.xml?fileloc=%2Fvar%2Fwww%2Farsmedica.bialystok.pl%2Fwp-admin%2Fterm.php&path=%2Fvar%2Fwww%2Farsmedica.bialystok.pl%2Fwp-admin HTTP/1.1" 200 3527 "-" "Mozilla/5.0 AppleWebKit/537.36 (KHTML, like Gecko; compatible; ClaudeBot/1.0; +claudebot@anthropic.com)"
216.73.216.176 - - [17/Jun/2026:00:11:28 +0000] "GET /sitemap.xml?fileloc=%2Fvar%2Fwww%2Farsmedica.bialystok.pl%2Fwp-admin%2Ftheme-install.php&path=%2Fvar%2Fwww%2Farsmedica.bialystok.pl%2Fwp-admin HTTP/1.1" 200 8497 "-" "Mozilla/5.0 AppleWebKit/537.36 (KHTML, like Gecko; compatible; ClaudeBot/1.0; +claudebot@anthropic.com)"
216.73.216.176 - - [17/Jun/2026:00:11:28 +0000] "GET /sitemap.xml?fileloc=%2Fvar%2Fwww%2Farsmedica.bialystok.pl%2Fwp-admin%2Fwidgets-form-blocks.php&path=%2Fvar%2Fwww%2Farsmedica.bialystok.pl%2Fwp-admin HTTP/1.1" 200 4415 "-" "Mozilla/5.0 AppleWebKit/537.36 (KHTML, like Gecko; compatible; ClaudeBot/1.0; +claudebot@anthropic.com)"
216.73.216.176 - - [17/Jun/2026:00:11:28 +0000] "GET /sitemap.xml?fileloc=%2Fvar%2Fwww%2Farsmedica.bialystok.pl%2Fwp-admin%2Fms-edit.php&path=%2Fvar%2Fwww%2Farsmedica.bialystok.pl%2Fwp-admin HTTP/1.1" 200 2708 "-" "Mozilla/5.0 AppleWebKit/537.36 (KHTML, like Gecko; compatible; ClaudeBot/1.0; +claudebot@anthropic.com)"
216.73.216.176 - - [17/Jun/2026:00:11:28 +0000] "GET /sitemap.xml?path=%2Fvar%2Fwww%2Fchwilowki-online-bez-weryfikacji.pl HTTP/1.1" 200 3923 "-" "Mozilla/5.0 AppleWebKit/537.36 (KHTML, like Gecko; compatible; ClaudeBot/1.0; +claudebot@anthropic.com)"
57.141.0.3 - - [17/Jun/2026:00:11:29 +0000] "GET /post_tag-sitemap.xml?fileloc=/var/www/noeza.pl/wp-includes/class-wp-object-cache.php&path=/var/www/noeza.pl/wp-includes HTTP/1.1" 200 31002 "-" "meta-externalagent/1.1 (+https://developers.facebook.com/docs/sharing/webmasters/crawler)"
57.141.0.5 - - [17/Jun/2026:00:11:29 +0000] "GET /post_tag-sitemap.xml?fileloc=/var/www/newyorkpianist.net/wp-admin/media.php&path=/var/www/newyorkpianist.net/wp-admin HTTP/1.1" 200 13500 "-" "meta-externalagent/1.1 (+https://developers.facebook.com/docs/sharing/webmasters/crawler)"
57.141.0.36 - - [17/Jun/2026:00:11:30 +0000] "GET /post_tag-sitemap.xml?fileloc=/var/www/noeza.pl/wp-includes/class-wp-exception.php&path=/var/www/noeza.pl/wp-includes HTTP/1.1" 200 12772 "-" "meta-externalagent/1.1 (+https://developers.facebook.com/docs/sharing/webmasters/crawler)"
57.141.0.47 - - [17/Jun/2026:00:11:30 +0000] "GET /post_tag-sitemap.xml?fileloc=/var/www/noeza.pl/wp-includes/class-wp-block-parser-block.php&path=/var/www/noeza.pl/wp-includes HTTP/1.1" 200 15229 "-" "meta-externalagent/1.1 (+https://developers.facebook.com/docs/sharing/webmasters/crawler)"
57.141.0.28 - - [17/Jun/2026:00:11:30 +0000] "GET /post_tag-sitemap.xml?path=/var/www/noeza.pl/wp-includes/php-compat HTTP/1.1" 200 14503 "-" "meta-externalagent/1.1 (+https://developers.facebook.com/docs/sharing/webmasters/crawler)"
57.141.0.20 - - [17/Jun/2026:00:11:30 +0000] "GET /post_tag-sitemap.xml?fileloc=/var/www/noeza.pl/wp-includes/class-wp-block-list.php&path=/var/www/noeza.pl/wp-includes HTTP/1.1" 200 17346 "-" "meta-externalagent/1.1 (+https://developers.facebook.com/docs/sharing/webmasters/crawler)"
57.141.0.7 - - [17/Jun/2026:00:11:31 +0000] "GET /post_tag-sitemap.xml?fileloc=/var/www/nailisland.pl/wp-admin/edit-tags.php&path=/var/www/nailisland.pl/wp-admin HTTP/1.1" 200 40536 "-" "meta-externalagent/1.1 (+https://developers.facebook.com/docs/sharing/webmasters/crawler)"
57.141.0.44 - - [17/Jun/2026:00:11:31 +0000] "GET /post_tag-sitemap.xml?fileloc=/var/www/nailisland.pl/wp-admin/.htaccess&path=/var/www/nailisland.pl/wp-admin HTTP/1.1" 200 12561 "-" "meta-externalagent/1.1 (+https://developers.facebook.com/docs/sharing/webmasters/crawler)"
57.141.0.30 - - [17/Jun/2026:00:11:31 +0000] "GET /post_tag-sitemap.xml?fileloc=/var/www/nailisland.pl/wp-admin/install-helper.php&path=/var/www/nailisland.pl/wp-admin HTTP/1.1" 200 19900 "-" "meta-externalagent/1.1 (+https://developers.facebook.com/docs/sharing/webmasters/crawler)"
57.141.0.16 - - [17/Jun/2026:00:11:31 +0000] "GET /post_tag-sitemap.xml?fileloc=/var/www/nailisland.pl/wp-admin/media.php&path=/var/www/nailisland.pl/wp-admin HTTP/1.1" 200 13480 "-" "meta-externalagent/1.1 (+https://developers.facebook.com/docs/sharing/webmasters/crawler)"
57.141.0.36 - - [17/Jun/2026:00:11:32 +0000] "GET /post_tag-sitemap.xml?fileloc=/var/www/nailisland.pl/wp-admin/load-styles.php&path=/var/www/nailisland.pl/wp-admin HTTP/1.1" 200 16128 "-" "meta-externalagent/1.1 (+https://developers.facebook.com/docs/sharing/webmasters/crawler)"
57.141.0.60 - - [17/Jun/2026:00:11:32 +0000] "GET /post_tag-sitemap.xml?fileloc=/var/www/noeza.pl/wp-includes/class-wp-customize-section.php&path=/var/www/noeza.pl/wp-includes HTTP/1.1" 200 24744 "-" "meta-externalagent/1.1 (+https://developers.facebook.com/docs/sharing/webmasters/crawler)"
57.141.0.7 - - [17/Jun/2026:00:11:33 +0000] "GET /post_tag-sitemap.xml?fileloc=/var/www/nailisland.pl/wp-admin/options-head.php&path=/var/www/nailisland.pl/wp-admin HTTP/1.1" 200 13273 "-" "meta-externalagent/1.1 (+https://developers.facebook.com/docs/sharing/webmasters/crawler)"
57.141.0.10 - - [17/Jun/2026:00:11:33 +0000] "GET /post_tag-sitemap.xml?fileloc=/var/www/nailisland.pl/wp-admin/options-discussion.php&path=/var/www/nailisland.pl/wp-admin HTTP/1.1" 200 34110 "-" "meta-externalagent/1.1 (+https://developers.facebook.com/docs/sharing/webmasters/crawler)"
57.141.0.57 - - [17/Jun/2026:00:11:33 +0000] "GET /post_tag-sitemap.xml?fileloc=/var/www/kolorgotowania.pl/wp-includes/theme.json&path=/var/www/kolorgotowania.pl/wp-includes HTTP/1.1" 200 25729 "-" "meta-externalagent/1.1 (+https://developers.facebook.com/docs/sharing/webmasters/crawler)"
57.141.0.65 - - [17/Jun/2026:00:11:34 +0000] "GET /post_tag-sitemap.xml?fileloc=/var/www/newyorkpianist.net/wp-admin/custom-background.php&path=/var/www/newyorkpianist.net/wp-admin HTTP/1.1" 200 13103 "-" "meta-externalagent/1.1 (+https://developers.facebook.com/docs/sharing/webmasters/crawler)"
57.141.0.40 - - [17/Jun/2026:00:11:34 +0000] "GET /post_tag-sitemap.xml?fileloc=/var/www/nailisland.pl/wp-admin/ms-upgrade-network.php&path=/var/www/nailisland.pl/wp-admin HTTP/1.1" 200 12769 "-" "meta-externalagent/1.1 (+https://developers.facebook.com/docs/sharing/webmasters/crawler)"
57.141.0.25 - - [17/Jun/2026:00:11:34 +0000] "GET /post_tag-sitemap.xml?fileloc=/var/www/noeza.pl/wp-includes/theme.json&path=/var/www/noeza.pl/wp-includes HTTP/1.1" 200 25693 "-" "meta-externalagent/1.1 (+https://developers.facebook.com/docs/sharing/webmasters/crawler)"
57.141.0.24 - - [17/Jun/2026:00:11:35 +0000] "GET /post_tag-sitemap.xml?fileloc=/var/www/noeza.pl/wp-includes/class-wp-error.php&path=/var/www/noeza.pl/wp-includes HTTP/1.1" 200 20246 "-" "meta-externalagent/1.1 (+https://developers.facebook.com/docs/sharing/webmasters/crawler)"
57.141.0.41 - - [17/Jun/2026:00:11:35 +0000] "GET /post_tag-sitemap.xml?fileloc=/var/www/nailisland.pl/wp-admin/admin.php&path=/var/www/nailisland.pl/wp-admin HTTP/1.1" 200 26453 "-" "meta-externalagent/1.1 (+https://developers.facebook.com/docs/sharing/webmasters/crawler)"
57.141.0.68 - - [17/Jun/2026:00:11:35 +0000] "GET /post_tag-sitemap.xml?fileloc=/var/www/noeza.pl/wp-includes/class-wp-dependencies.php&path=/var/www/noeza.pl/wp-includes HTTP/1.1" 200 28187 "-" "meta-externalagent/1.1 (+https://developers.facebook.com/docs/sharing/webmasters/crawler)"
57.141.0.65 - - [17/Jun/2026:00:11:35 +0000] "GET /post_tag-sitemap.xml?fileloc=/var/www/noeza.pl/wp-includes/.htaccess&path=/var/www/noeza.pl/wp-includes HTTP/1.1" 200 12550 "-" "meta-externalagent/1.1 (+https://developers.facebook.com/docs/sharing/webmasters/crawler)"
57.141.0.18 - - [17/Jun/2026:00:11:36 +0000] "GET /post_tag-sitemap.xml?fileloc=/var/www/nailisland.pl/wp-admin/site-editor.php&path=/var/www/nailisland.pl/wp-admin HTTP/1.1" 200 27758 "-" "meta-externalagent/1.1 (+https://developers.facebook.com/docs/sharing/webmasters/crawler)"
57.141.0.20 - - [17/Jun/2026:00:11:36 +0000] "GET /post_tag-sitemap.xml?fileloc=/var/www/noeza.pl/wp-includes/class-wp-taxonomy.php&path=/var/www/noeza.pl/wp-includes HTTP/1.1" 200 33728 "-" "meta-externalagent/1.1 (+https://developers.facebook.com/docs/sharing/webmasters/crawler)"
57.141.0.63 - - [17/Jun/2026:00:11:36 +0000] "GET /post_tag-sitemap.xml?fileloc=/var/www/nailisland.pl/wp-admin/freedoms.php&path=/var/www/nailisland.pl/wp-admin HTTP/1.1" 200 18645 "-" "meta-externalagent/1.1 (+https://developers.facebook.com/docs/sharing/webmasters/crawler)"
57.141.0.6 - - [17/Jun/2026:00:11:37 +0000] "GET /post_tag-sitemap.xml?fileloc=/var/www/noeza.pl/wp-includes/ms-deprecated.php&path=/var/www/noeza.pl/wp-includes HTTP/1.1" 200 36686 "-" "meta-externalagent/1.1 (+https://developers.facebook.com/docs/sharing/webmasters/crawler)"
57.141.0.12 - - [17/Jun/2026:00:11:37 +0000] "GET /post_tag-sitemap.xml?fileloc=/var/www/kolorgotowania.pl/wp-includes/category.php&path=/var/www/kolorgotowania.pl/wp-includes HTTP/1.1" 200 26408 "-" "meta-externalagent/1.1 (+https://developers.facebook.com/docs/sharing/webmasters/crawler)"
57.141.0.52 - - [17/Jun/2026:00:11:37 +0000] "GET /post_tag-sitemap.xml?fileloc=/var/www/noeza.pl/wp-includes/class-wp-block-type.php&path=/var/www/noeza.pl/wp-includes HTTP/1.1" 200 30368 "-" "meta-externalagent/1.1 (+https://developers.facebook.com/docs/sharing/webmasters/crawler)"
57.141.0.63 - - [17/Jun/2026:00:11:38 +0000] "GET /post_tag-sitemap.xml?fileloc=/var/www/kolorgotowania.pl/wp-includes/class-wp-rewrite.php&path=/var/www/kolorgotowania.pl/wp-includes HTTP/1.1" 200 81333 "-" "meta-externalagent/1.1 (+https://developers.facebook.com/docs/sharing/webmasters/crawler)"
57.141.0.21 - - [17/Jun/2026:00:11:38 +0000] "GET /post_tag-sitemap.xml?fileloc=/var/www/newyorkpianist.net/wp-admin/options-privacy.php&path=/var/www/newyorkpianist.net/wp-admin HTTP/1.1" 200 25250 "-" "meta-externalagent/1.1 (+https://developers.facebook.com/docs/sharing/webmasters/crawler)"
57.141.0.60 - - [17/Jun/2026:00:11:39 +0000] "GET /post_tag-sitemap.xml?fileloc=/var/www/noeza.pl/wp-includes/class-wp-post.php&path=/var/www/noeza.pl/wp-includes HTTP/1.1" 200 19620 "-" "meta-externalagent/1.1 (+https://developers.facebook.com/docs/sharing/webmasters/crawler)"
57.141.0.50 - - [17/Jun/2026:00:11:39 +0000] "GET /post_tag-sitemap.xml?fileloc=/var/www/newyorkpianist.net/wp-admin/edit-form-blocks.php&path=/var/www/newyorkpianist.net/wp-admin HTTP/1.1" 200 29607 "-" "meta-externalagent/1.1 (+https://developers.facebook.com/docs/sharing/webmasters/crawler)"
57.141.0.41 - - [17/Jun/2026:00:11:39 +0000] "GET /post_tag-sitemap.xml?fileloc=/var/www/nailisland.pl/wp-admin/profile.php&path=/var/www/nailisland.pl/wp-admin HTTP/1.1" 200 12822 "-" "meta-externalagent/1.1 (+https://developers.facebook.com/docs/sharing/webmasters/crawler)"
216.73.216.176 - - [17/Jun/2026:00:11:39 +0000] "GET /sitemap.xml?fileloc=%2Fvar%2Fwww%2Farsmedica.bialystok.pl%2Fwp-includes%2Fpost-formats.php&path=%2Fvar%2Fwww%2Farsmedica.bialystok.pl%2Fwp-includes HTTP/1.1" 200 4481 "-" "Mozilla/5.0 AppleWebKit/537.36 (KHTML, like Gecko; compatible; ClaudeBot/1.0; +claudebot@anthropic.com)"
216.73.216.176 - - [17/Jun/2026:00:11:39 +0000] "GET /sitemap.xml?fileloc=%2Fvar%2Fwww%2Farsmedica.bialystok.pl%2Fwp-includes%2Fclass-wp-locale.php&path=%2Fvar%2Fwww%2Farsmedica.bialystok.pl%2Fwp-includes HTTP/1.1" 200 6042 "-" "Mozilla/5.0 AppleWebKit/537.36 (KHTML, like Gecko; compatible; ClaudeBot/1.0; +claudebot@anthropic.com)"
216.73.216.176 - - [17/Jun/2026:00:11:39 +0000] "GET /sitemap.xml?fileloc=%2Fvar%2Fwww%2Farsmedica.bialystok.pl%2Fwp-admin%2Fupgrade-functions.php&path=%2Fvar%2Fwww%2Farsmedica.bialystok.pl%2Fwp-admin HTTP/1.1" 200 2751 "-" "Mozilla/5.0 AppleWebKit/537.36 (KHTML, like Gecko; compatible; ClaudeBot/1.0; +claudebot@anthropic.com)"
216.73.216.176 - - [17/Jun/2026:00:11:39 +0000] "GET /sitemap.xml?fileloc=%2Fvar%2Fwww%2Farsmedica.bialystok.pl%2Fwp-includes%2Fclass-wp-block-bindings-registry.php&path=%2Fvar%2Fwww%2Farsmedica.bialystok.pl%2Fwp-includes HTTP/1.1" 200 4716 "-" "Mozilla/5.0 AppleWebKit/537.36 (KHTML, like Gecko; compatible; ClaudeBot/1.0; +claudebot@anthropic.com)"
216.73.216.176 - - [17/Jun/2026:00:11:39 +0000] "GET /sitemap.xml?fileloc=%2Fvar%2Fwww%2Farsmedica.bialystok.pl%2Fwp-admin%2Fphp.ini&path=%2Fvar%2Fwww%2Farsmedica.bialystok.pl%2Fwp-admin HTTP/1.1" 200 2621 "-" "Mozilla/5.0 AppleWebKit/537.36 (KHTML, like Gecko; compatible; ClaudeBot/1.0; +claudebot@anthropic.com)"
216.73.216.176 - - [17/Jun/2026:00:11:39 +0000] "GET /sitemap.xml?fileloc=%2Fvar%2Fwww%2Farsmedica.bialystok.pl%2Fwp-includes%2Fclass-avif-info.php&path=%2Fvar%2Fwww%2Farsmedica.bialystok.pl%2Fwp-includes HTTP/1.1" 200 8676 "-" "Mozilla/5.0 AppleWebKit/537.36 (KHTML, like Gecko; compatible; ClaudeBot/1.0; +claudebot@anthropic.com)"
216.73.216.176 - - [17/Jun/2026:00:11:39 +0000] "GET /sitemap.xml?fileloc=%2Fvar%2Fwww%2Farsmedica.bialystok.pl%2Fwp-admin%2Fadmin-ajax.php&path=%2Fvar%2Fwww%2Farsmedica.bialystok.pl%2Fwp-admin HTTP/1.1" 200 4413 "-" "Mozilla/5.0 AppleWebKit/537.36 (KHTML, like Gecko; compatible; ClaudeBot/1.0; +claudebot@anthropic.com)"
216.73.216.176 - - [17/Jun/2026:00:11:39 +0000] "GET /sitemap.xml?fileloc=%2Fvar%2Fwww%2Farsmedica.bialystok.pl%2Fwp-includes%2Fhttp.php&path=%2Fvar%2Fwww%2Farsmedica.bialystok.pl%2Fwp-includes HTTP/1.1" 200 7912 "-" "Mozilla/5.0 AppleWebKit/537.36 (KHTML, like Gecko; compatible; ClaudeBot/1.0; +claudebot@anthropic.com)"
216.73.216.176 - - [17/Jun/2026:00:11:39 +0000] "GET /sitemap.xml?fileloc=%2Fvar%2Fwww%2Farsmedica.bialystok.pl%2Fwp-admin%2Fpost.php&path=%2Fvar%2Fwww%2Farsmedica.bialystok.pl%2Fwp-admin HTTP/1.1" 200 5604 "-" "Mozilla/5.0 AppleWebKit/537.36 (KHTML, like Gecko; compatible; ClaudeBot/1.0; +claudebot@anthropic.com)"
216.73.216.176 - - [17/Jun/2026:00:11:39 +0000] "GET /sitemap.xml?fileloc=%2Fvar%2Fwww%2Farsmedica.bialystok.pl%2Fwp-admin%2Frevision.php&path=%2Fvar%2Fwww%2Farsmedica.bialystok.pl%2Fwp-admin HTTP/1.1" 200 4632 "-" "Mozilla/5.0 AppleWebKit/537.36 (KHTML, like Gecko; compatible; ClaudeBot/1.0; +claudebot@anthropic.com)"
216.73.216.176 - - [17/Jun/2026:00:11:39 +0000] "GET /sitemap.xml?fileloc=%2Fvar%2Fwww%2Farsmedica.bialystok.pl%2Fwp-includes%2Ffeed-rdf.php&path=%2Fvar%2Fwww%2Farsmedica.bialystok.pl%2Fwp-includes HTTP/1.1" 200 3584 "-" "Mozilla/5.0 AppleWebKit/537.36 (KHTML, like Gecko; compatible; ClaudeBot/1.0; +claudebot@anthropic.com)"
216.73.216.176 - - [17/Jun/2026:00:11:39 +0000] "GET /sitemap.xml?fileloc=%2Fvar%2Fwww%2Farsmedica.bialystok.pl%2Fwp-admin%2Fms-options.php&path=%2Fvar%2Fwww%2Farsmedica.bialystok.pl%2Fwp-admin HTTP/1.1" 200 2714 "-" "Mozilla/5.0 AppleWebKit/537.36 (KHTML, like Gecko; compatible; ClaudeBot/1.0; +claudebot@anthropic.com)"
57.141.0.29 - - [17/Jun/2026:00:11:40 +0000] "GET /post_tag-sitemap.xml?fileloc=/var/www/newyorkpianist.net/wp-admin/edit-link-form.php&path=/var/www/newyorkpianist.net/wp-admin HTTP/1.1" 200 21337 "-" "meta-externalagent/1.1 (+https://developers.facebook.com/docs/sharing/webmasters/crawler)"
216.73.216.176 - - [17/Jun/2026:00:11:40 +0000] "GET /sitemap.xml?fileloc=%2Fvar%2Fwww%2Farsmedica.bialystok.pl%2Fwp-admin%2Fprofile.php&path=%2Fvar%2Fwww%2Farsmedica.bialystok.pl%2Fwp-admin HTTP/1.1" 200 2747 "-" "Mozilla/5.0 AppleWebKit/537.36 (KHTML, like Gecko; compatible; ClaudeBot/1.0; +claudebot@anthropic.com)"
216.73.216.176 - - [17/Jun/2026:00:11:40 +0000] "GET /sitemap.xml?fileloc=%2Fvar%2Fwww%2Farsmedica.bialystok.pl%2Fwp-includes%2Fclass-wp-simplepie-sanitize-kses.php&path=%2Fvar%2Fwww%2Farsmedica.bialystok.pl%2Fwp-includes HTTP/1.1" 200 3483 "-" "Mozilla/5.0 AppleWebKit/537.36 (KHTML, like Gecko; compatible; ClaudeBot/1.0; +claudebot@anthropic.com)"
216.73.216.176 - - [17/Jun/2026:00:11:40 +0000] "GET /sitemap.xml?fileloc=%2Fvar%2Fwww%2Farsmedica.bialystok.pl%2Fwp-admin%2Fload-styles.php&path=%2Fvar%2Fwww%2Farsmedica.bialystok.pl%2Fwp-admin HTTP/1.1" 200 3860 "-" "Mozilla/5.0 AppleWebKit/537.36 (KHTML, like Gecko; compatible; ClaudeBot/1.0; +claudebot@anthropic.com)"
216.73.216.176 - - [17/Jun/2026:00:11:40 +0000] "GET /sitemap.xml?fileloc=%2Fvar%2Fwww%2Farsmedica.bialystok.pl%2Fwp-includes%2Fclass-wp-widget-factory.php&path=%2Fvar%2Fwww%2Farsmedica.bialystok.pl%2Fwp-includes HTTP/1.1" 200 3560 "-" "Mozilla/5.0 AppleWebKit/537.36 (KHTML, like Gecko; compatible; ClaudeBot/1.0; +claudebot@anthropic.com)"
57.141.0.2 - - [17/Jun/2026:00:11:40 +0000] "GET /post_tag-sitemap.xml?fileloc=/var/www/noeza.pl/wp-includes/embed.php&path=/var/www/noeza.pl/wp-includes HTTP/1.1" 200 55391 "-" "meta-externalagent/1.1 (+https://developers.facebook.com/docs/sharing/webmasters/crawler)"
216.73.216.176 - - [17/Jun/2026:00:11:40 +0000] "GET /sitemap.xml?fileloc=%2Fvar%2Fwww%2Farsmedica.bialystok.pl%2Fwp-includes%2Fbookmark.php&path=%2Fvar%2Fwww%2Farsmedica.bialystok.pl%2Fwp-includes HTTP/1.1" 200 6910 "-" "Mozilla/5.0 AppleWebKit/537.36 (KHTML, like Gecko; compatible; ClaudeBot/1.0; +claudebot@anthropic.com)"
216.73.216.176 - - [17/Jun/2026:00:11:40 +0000] "GET /sitemap.xml?fileloc=%2Fvar%2Fwww%2Farsmedica.bialystok.pl%2Fwp-includes%2Fregistration.php&path=%2Fvar%2Fwww%2Farsmedica.bialystok.pl%2Fwp-includes HTTP/1.1" 200 2702 "-" "Mozilla/5.0 AppleWebKit/537.36 (KHTML, like Gecko; compatible; ClaudeBot/1.0; +claudebot@anthropic.com)"
216.73.216.176 - - [17/Jun/2026:00:11:40 +0000] "GET /sitemap.xml?fileloc=%2Fvar%2Fwww%2Farsmedica.bialystok.pl%2Fwp-admin%2Fcustom-background.php&path=%2Fvar%2Fwww%2Farsmedica.bialystok.pl%2Fwp-admin HTTP/1.1" 200 2802 "-" "Mozilla/5.0 AppleWebKit/537.36 (KHTML, like Gecko; compatible; ClaudeBot/1.0; +claudebot@anthropic.com)"
57.141.0.46 - - [17/Jun/2026:00:11:40 +0000] "GET /post_tag-sitemap.xml?fileloc=/var/www/newyorkpianist.net/wp-admin/ms-options.php&path=/var/www/newyorkpianist.net/wp-admin HTTP/1.1" 200 12791 "-" "meta-externalagent/1.1 (+https://developers.facebook.com/docs/sharing/webmasters/crawler)"
216.73.216.176 - - [17/Jun/2026:00:11:40 +0000] "GET /sitemap.xml?fileloc=%2Fvar%2Fwww%2Farsmedica.bialystok.pl%2Fwp-admin%2Foptions.php&path=%2Fvar%2Fwww%2Farsmedica.bialystok.pl%2Fwp-admin HTTP/1.1" 200 7143 "-" "Mozilla/5.0 AppleWebKit/537.36 (KHTML, like Gecko; compatible; ClaudeBot/1.0; +claudebot@anthropic.com)"
216.73.216.176 - - [17/Jun/2026:00:11:40 +0000] "GET /sitemap.xml?fileloc=%2Fvar%2Fwww%2Farsmedica.bialystok.pl%2Fwp-includes%2Fclass-wp-duotone.php&path=%2Fvar%2Fwww%2Farsmedica.bialystok.pl%2Fwp-includes HTTP/1.1" 200 12084 "-" "Mozilla/5.0 AppleWebKit/537.36 (KHTML, like Gecko; compatible; ClaudeBot/1.0; +claudebot@anthropic.com)"
57.141.0.7 - - [17/Jun/2026:00:11:40 +0000] "GET /post_tag-sitemap.xml?fileloc=/var/www/newyorkpianist.net/wp-admin/options-writing.php&path=/var/www/newyorkpianist.net/wp-admin HTTP/1.1" 200 25285 "-" "meta-externalagent/1.1 (+https://developers.facebook.com/docs/sharing/webmasters/crawler)"
216.73.216.176 - - [17/Jun/2026:00:11:40 +0000] "GET /sitemap.xml?fileloc=%2Fvar%2Fwww%2Farsmedica.bialystok.pl%2Fwp-includes%2Fclass-wp-tax-query.php&path=%2Fvar%2Fwww%2Farsmedica.bialystok.pl%2Fwp-includes HTTP/1.1" 200 7906 "-" "Mozilla/5.0 AppleWebKit/537.36 (KHTML, like Gecko; compatible; ClaudeBot/1.0; +claudebot@anthropic.com)"
216.73.216.176 - - [17/Jun/2026:00:11:41 +0000] "GET /sitemap.xml?fileloc=%2Fvar%2Fwww%2Farsmedica.bialystok.pl%2Fwp-includes%2Fpost-thumbnail-template.php&path=%2Fvar%2Fwww%2Farsmedica.bialystok.pl%2Fwp-includes HTTP/1.1" 200 4913 "-" "Mozilla/5.0 AppleWebKit/537.36 (KHTML, like Gecko; compatible; ClaudeBot/1.0; +claudebot@anthropic.com)"
57.141.0.60 - - [17/Jun/2026:00:11:41 +0000] "GET /post_tag-sitemap.xml?fileloc=/var/www/newyorkpianist.net/wp-admin/link-parse-opml.php&path=/var/www/newyorkpianist.net/wp-admin HTTP/1.1" 200 15544 "-" "meta-externalagent/1.1 (+https://developers.facebook.com/docs/sharing/webmasters/crawler)"
57.141.0.13 - - [17/Jun/2026:00:11:41 +0000] "GET /post_tag-sitemap.xml?fileloc=/var/www/newyorkpianist.net/wp-admin/async-upload.php&path=/var/www/newyorkpianist.net/wp-admin HTTP/1.1" 200 18753 "-" "meta-externalagent/1.1 (+https://developers.facebook.com/docs/sharing/webmasters/crawler)"
57.141.0.34 - - [17/Jun/2026:00:11:42 +0000] "GET /post_tag-sitemap.xml?fileloc=/var/www/newyorkpianist.net/wp-admin/media-new.php&path=/var/www/newyorkpianist.net/wp-admin HTTP/1.1" 200 16766 "-" "meta-externalagent/1.1 (+https://developers.facebook.com/docs/sharing/webmasters/crawler)"
57.141.0.22 - - [17/Jun/2026:00:11:42 +0000] "GET /post_tag-sitemap.xml?fileloc=/var/www/noeza.pl/wp-includes/class-wp-block-patterns-registry.php&path=/var/www/noeza.pl/wp-includes HTTP/1.1" 200 23690 "-" "meta-externalagent/1.1 (+https://developers.facebook.com/docs/sharing/webmasters/crawler)"
57.141.0.48 - - [17/Jun/2026:00:11:42 +0000] "GET /post_tag-sitemap.xml?fileloc=/var/www/noeza.pl/wp-includes/class-walker-comment.php&path=/var/www/noeza.pl/wp-includes HTTP/1.1" 200 29160 "-" "meta-externalagent/1.1 (+https://developers.facebook.com/docs/sharing/webmasters/crawler)"
57.141.0.23 - - [17/Jun/2026:00:11:43 +0000] "GET /post_tag-sitemap.xml?fileloc=/var/www/noeza.pl/wp-includes/kses.php&path=/var/www/noeza.pl/wp-includes HTTP/1.1" 200 100190 "-" "meta-externalagent/1.1 (+https://developers.facebook.com/docs/sharing/webmasters/crawler)"
57.141.0.2 - - [17/Jun/2026:00:11:43 +0000] "GET /post_tag-sitemap.xml?fileloc=/var/www/nailisland.pl/wp-admin/setup-config.php&path=/var/www/nailisland.pl/wp-admin HTTP/1.1" 200 35213 "-" "meta-externalagent/1.1 (+https://developers.facebook.com/docs/sharing/webmasters/crawler)"
57.141.0.57 - - [17/Jun/2026:00:11:43 +0000] "GET /post_tag-sitemap.xml?fileloc=/var/www/nailisland.pl/wp-admin/upgrade.php&path=/var/www/nailisland.pl/wp-admin HTTP/1.1" 200 20342 "-" "meta-externalagent/1.1 (+https://developers.facebook.com/docs/sharing/webmasters/crawler)"
57.141.0.1 - - [17/Jun/2026:00:11:44 +0000] "GET /post_tag-sitemap.xml?fileloc=/var/www/newyorkpianist.net/wp-admin/profile.php&path=/var/www/newyorkpianist.net/wp-admin HTTP/1.1" 200 12842 "-" "meta-externalagent/1.1 (+https://developers.facebook.com/docs/sharing/webmasters/crawler)"
57.141.0.4 - - [17/Jun/2026:00:11:44 +0000] "GET /post_tag-sitemap.xml?fileloc=/var/www/noeza.pl/wp-includes/class-wp-block.php&path=/var/www/noeza.pl/wp-includes HTTP/1.1" 200 37420 "-" "meta-externalagent/1.1 (+https://developers.facebook.com/docs/sharing/webmasters/crawler)"
57.141.0.29 - - [17/Jun/2026:00:11:44 +0000] "GET /post_tag-sitemap.xml?fileloc=/var/www/noeza.pl/wp-includes/class-wp-admin-bar.php&path=/var/www/noeza.pl/wp-includes HTTP/1.1" 200 33745 "-" "meta-externalagent/1.1 (+https://developers.facebook.com/docs/sharing/webmasters/crawler)"
57.141.0.55 - - [17/Jun/2026:00:11:44 +0000] "GET /post_tag-sitemap.xml?path=/var/www/gabbar.pl/wp-content/mu-plugins HTTP/1.1" 200 12966 "-" "meta-externalagent/1.1 (+https://developers.facebook.com/docs/sharing/webmasters/crawler)"
57.141.0.60 - - [17/Jun/2026:00:11:45 +0000] "GET /post_tag-sitemap.xml?fileloc=/var/www/kolorgotowania.pl/wp-includes/class-wp-term-query.php&path=/var/www/kolorgotowania.pl/wp-includes HTTP/1.1" 200 59406 "-" "meta-externalagent/1.1 (+https://developers.facebook.com/docs/sharing/webmasters/crawler)"
57.141.0.61 - - [17/Jun/2026:00:11:45 +0000] "GET /post_tag-sitemap.xml?fileloc=/var/www/nailisland.pl/wp-admin/edit-form-blocks.php&path=/var/www/nailisland.pl/wp-admin HTTP/1.1" 200 29587 "-" "meta-externalagent/1.1 (+https://developers.facebook.com/docs/sharing/webmasters/crawler)"
57.141.0.12 - - [17/Jun/2026:00:11:46 +0000] "GET /post_tag-sitemap.xml?fileloc=/var/www/newyorkpianist.net/wp-admin/options-permalink.php&path=/var/www/newyorkpianist.net/wp-admin HTTP/1.1" 200 40228 "-" "meta-externalagent/1.1 (+https://developers.facebook.com/docs/sharing/webmasters/crawler)"
57.141.0.56 - - [17/Jun/2026:00:11:46 +0000] "GET /post_tag-sitemap.xml?fileloc=/var/www/kolorgotowania.pl/wp-includes/index.htm&path=/var/www/kolorgotowania.pl/wp-includes HTTP/1.1" 200 12539 "-" "meta-externalagent/1.1 (+https://developers.facebook.com/docs/sharing/webmasters/crawler)"
43.173.180.240 - - [17/Jun/2026:00:11:46 +0000] "GET /?p=1711 HTTP/1.1" 301 5 "-" "Mozilla/5.0 (Windows NT 10.0; Win64; x64) AppleWebKit/537.36 (KHTML, like Gecko) Chrome/133.0.0.0 Safari/537.36"
57.141.0.36 - - [17/Jun/2026:00:11:46 +0000] "GET /post_tag-sitemap.xml?fileloc=/var/www/rockandrollzen.com/wp-admin/load-scripts.php&path=/var/www/rockandrollzen.com/wp-admin HTTP/1.1" 200 14959 "-" "meta-externalagent/1.1 (+https://developers.facebook.com/docs/sharing/webmasters/crawler)"
57.141.0.19 - - [17/Jun/2026:00:11:47 +0000] "GET /post_tag-sitemap.xml?fileloc=/var/www/noeza.pl/wp-includes/class-wp-network-query.php&path=/var/www/noeza.pl/wp-includes HTTP/1.1" 200 35504 "-" "meta-externalagent/1.1 (+https://developers.facebook.com/docs/sharing/webmasters/crawler)"
57.141.0.17 - - [17/Jun/2026:00:11:47 +0000] "GET /post_tag-sitemap.xml?fileloc=/var/www/noeza.pl/wp-includes/class-wp-customize-manager.php&path=/var/www/noeza.pl/wp-includes HTTP/1.1" 200 242411 "-" "meta-externalagent/1.1 (+https://developers.facebook.com/docs/sharing/webmasters/crawler)"
57.141.0.46 - - [17/Jun/2026:00:11:48 +0000] "GET /post_tag-sitemap.xml?fileloc=/var/www/noeza.pl/wp-includes/meta.php&path=/var/www/noeza.pl/wp-includes HTTP/1.1" 200 81692 "-" "meta-externalagent/1.1 (+https://developers.facebook.com/docs/sharing/webmasters/crawler)"
57.141.0.10 - - [17/Jun/2026:00:11:48 +0000] "GET /post_tag-sitemap.xml?fileloc=/var/www/noeza.pl/wp-includes/class-wp-theme.php&path=/var/www/noeza.pl/wp-includes HTTP/1.1" 200 86333 "-" "meta-externalagent/1.1 (+https://developers.facebook.com/docs/sharing/webmasters/crawler)"
51.195.244.104 - - [17/Jun/2026:00:11:48 +0000] "GET /pokie-place-2-review-4/ HTTP/1.1" 200 29276 "-" "Mozilla/5.0 (compatible; AhrefsBot/7.0; +http://ahrefs.com/robot/)"
43.173.180.168 - - [17/Jun/2026:00:11:48 +0000] "GET /promocja-imprez-w-internecie-odkryj-skuteczne-strategie/ HTTP/1.1" 200 26742 "-" "Mozilla/5.0 (Windows NT 10.0; Win64; x64) AppleWebKit/537.36 (KHTML, like Gecko) Chrome/133.0.0.0 Safari/537.36"
57.141.0.6 - - [17/Jun/2026:00:11:48 +0000] "GET /post_tag-sitemap.xml?fileloc=/var/www/noeza.pl/wp-includes/option.php&path=/var/www/noeza.pl/wp-includes HTTP/1.1" 200 123509 "-" "meta-externalagent/1.1 (+https://developers.facebook.com/docs/sharing/webmasters/crawler)"
57.141.0.46 - - [17/Jun/2026:00:11:48 +0000] "GET /post_tag-sitemap.xml?fileloc=/var/www/noeza.pl/wp-includes/compat.php&path=/var/www/noeza.pl/wp-includes HTTP/1.1" 200 29509 "-" "meta-externalagent/1.1 (+https://developers.facebook.com/docs/sharing/webmasters/crawler)"
57.141.0.11 - - [17/Jun/2026:00:11:49 +0000] "GET /post_tag-sitemap.xml?fileloc=/var/www/kolorgotowania.pl/wp-includes/class-phpmailer.php&path=/var/www/kolorgotowania.pl/wp-includes HTTP/1.1" 200 13296 "-" "meta-externalagent/1.1 (+https://developers.facebook.com/docs/sharing/webmasters/crawler)"
57.141.0.47 - - [17/Jun/2026:00:11:49 +0000] "GET /post_tag-sitemap.xml?fileloc=/var/www/newyorkpianist.net/wp-admin/link-manager.php&path=/var/www/newyorkpianist.net/wp-admin HTTP/1.1" 200 18149 "-" "meta-externalagent/1.1 (+https://developers.facebook.com/docs/sharing/webmasters/crawler)"
57.141.0.3 - - [17/Jun/2026:00:11:49 +0000] "GET /post_tag-sitemap.xml?fileloc=/var/www/kolorgotowania.pl/wp-includes/class-wp-network.php&path=/var/www/kolorgotowania.pl/wp-includes HTTP/1.1" 200 25854 "-" "meta-externalagent/1.1 (+https://developers.facebook.com/docs/sharing/webmasters/crawler)"
57.141.0.63 - - [17/Jun/2026:00:11:49 +0000] "GET /post_tag-sitemap.xml?fileloc=/var/www/newyorkpianist.net/wp-admin/comment.php&path=/var/www/newyorkpianist.net/wp-admin HTTP/1.1" 200 27327 "-" "meta-externalagent/1.1 (+https://developers.facebook.com/docs/sharing/webmasters/crawler)"
57.141.0.24 - - [17/Jun/2026:00:11:50 +0000] "GET /post_tag-sitemap.xml?path=/var/www/noeza.pl/wp-includes/widgets HTTP/1.1" 200 44808 "-" "meta-externalagent/1.1 (+https://developers.facebook.com/docs/sharing/webmasters/crawler)"
57.141.0.18 - - [17/Jun/2026:00:11:50 +0000] "GET /post_tag-sitemap.xml?fileloc=/var/www/newyorkpianist.net/wp-admin/erase-personal-data.php&path=/var/www/newyorkpianist.net/wp-admin HTTP/1.1" 200 22408 "-" "meta-externalagent/1.1 (+https://developers.facebook.com/docs/sharing/webmasters/crawler)"
57.141.0.56 - - [17/Jun/2026:00:11:51 +0000] "GET /post_tag-sitemap.xml?fileloc=/var/www/newyorkpianist.net/wp-admin/options-head.php&path=/var/www/newyorkpianist.net/wp-admin HTTP/1.1" 200 13293 "-" "meta-externalagent/1.1 (+https://developers.facebook.com/docs/sharing/webmasters/crawler)"
57.141.0.7 - - [17/Jun/2026:00:11:51 +0000] "GET /post_tag-sitemap.xml?fileloc=/var/www/newyorkpianist.net/wp-admin/revision.php&path=/var/www/newyorkpianist.net/wp-admin HTTP/1.1" 200 19675 "-" "meta-externalagent/1.1 (+https://developers.facebook.com/docs/sharing/webmasters/crawler)"
57.141.0.22 - - [17/Jun/2026:00:11:51 +0000] "GET /post_tag-sitemap.xml?fileloc=/var/www/kolorgotowania.pl/wp-includes/class-wp-oembed.php&path=/var/www/kolorgotowania.pl/wp-includes HTTP/1.1" 200 47059 "-" "meta-externalagent/1.1 (+https://developers.facebook.com/docs/sharing/webmasters/crawler)"
57.141.0.61 - - [17/Jun/2026:00:11:52 +0000] "GET /post_tag-sitemap.xml?fileloc=/var/www/nailisland.pl/wp-admin/widgets.php&path=/var/www/nailisland.pl/wp-admin HTTP/1.1" 200 13833 "-" "meta-externalagent/1.1 (+https://developers.facebook.com/docs/sharing/webmasters/crawler)"
57.141.0.25 - - [17/Jun/2026:00:11:52 +0000] "GET /post_tag-sitemap.xml?fileloc=/var/www/noeza.pl/wp-includes/widgets.php&path=/var/www/noeza.pl/wp-includes HTTP/1.1" 200 90112 "-" "meta-externalagent/1.1 (+https://developers.facebook.com/docs/sharing/webmasters/crawler)"
57.141.0.38 - - [17/Jun/2026:00:11:52 +0000] "GET /post_tag-sitemap.xml?fileloc=/var/www/noeza.pl/wp-includes/class.wp-styles.php&path=/var/www/noeza.pl/wp-includes HTTP/1.1" 200 12894 "-" "meta-externalagent/1.1 (+https://developers.facebook.com/docs/sharing/webmasters/crawler)"
43.173.173.26 - - [17/Jun/2026:00:11:52 +0000] "GET /?p=2104 HTTP/1.1" 301 5 "-" "Mozilla/5.0 (Windows NT 10.0; Win64; x64) AppleWebKit/537.36 (KHTML, like Gecko) Chrome/133.0.0.0 Safari/537.36"
57.141.0.7 - - [17/Jun/2026:00:11:52 +0000] "GET /post_tag-sitemap.xml?fileloc=/var/www/nailisland.pl/wp-admin/import.php&path=/var/www/nailisland.pl/wp-admin HTTP/1.1" 200 22165 "-" "meta-externalagent/1.1 (+https://developers.facebook.com/docs/sharing/webmasters/crawler)"
57.141.0.33 - - [17/Jun/2026:00:11:53 +0000] "GET /post_tag-sitemap.xml?fileloc=/var/www/noeza.pl/wp-includes/class-wp-textdomain-registry.php&path=/var/www/noeza.pl/wp-includes HTTP/1.1" 200 23616 "-" "meta-externalagent/1.1 (+https://developers.facebook.com/docs/sharing/webmasters/crawler)"
57.141.0.33 - - [17/Jun/2026:00:11:53 +0000] "GET /post_tag-sitemap.xml?fileloc=/var/www/noeza.pl/wp-includes/class-wp-text-diff-renderer-table.php&path=/var/www/noeza.pl/wp-includes HTTP/1.1" 200 32928 "-" "meta-externalagent/1.1 (+https://developers.facebook.com/docs/sharing/webmasters/crawler)"
57.141.0.15 - - [17/Jun/2026:00:11:53 +0000] "GET /post_tag-sitemap.xml?fileloc=/var/www/nailisland.pl/wp-admin/site-health.php&path=/var/www/nailisland.pl/wp-admin HTTP/1.1" 200 25853 "-" "meta-externalagent/1.1 (+https://developers.facebook.com/docs/sharing/webmasters/crawler)"
57.141.0.44 - - [17/Jun/2026:00:11:53 +0000] "GET /post_tag-sitemap.xml?fileloc=/var/www/newyorkpianist.net/wp-admin/term.php&path=/var/www/newyorkpianist.net/wp-admin HTTP/1.1" 200 15197 "-" "meta-externalagent/1.1 (+https://developers.facebook.com/docs/sharing/webmasters/crawler)"
43.173.173.98 - - [17/Jun/2026:00:11:54 +0000] "GET /kontenery-morskie-cena-co-wplywa-na-koszt-i-jak-wybrac-najlepsze-rozwiazanie/ HTTP/1.1" 200 22969 "-" "Mozilla/5.0 (Windows NT 10.0; Win64; x64) AppleWebKit/537.36 (KHTML, like Gecko) Chrome/133.0.0.0 Safari/537.36"
57.141.0.38 - - [17/Jun/2026:00:11:54 +0000] "GET /post_tag-sitemap.xml?fileloc=/var/www/nailisland.pl/wp-admin/admin-post.php&path=/var/www/nailisland.pl/wp-admin HTTP/1.1" 200 14713 "-" "meta-externalagent/1.1 (+https://developers.facebook.com/docs/sharing/webmasters/crawler)"
57.141.0.10 - - [17/Jun/2026:00:11:54 +0000] "GET /post_tag-sitemap.xml?fileloc=/var/www/just-fit-studio-formy.pl/wp-includes/class-wp-block-templates-registry.php&path=/var/www/just-fit-studio-formy.pl/wp-includes HTTP/1.1" 200 20399 "-" "meta-externalagent/1.1 (+https://developers.facebook.com/docs/sharing/webmasters/crawler)"
57.141.0.11 - - [17/Jun/2026:00:11:55 +0000] "GET /post_tag-sitemap.xml?fileloc=/var/www/just-fit-studio-formy.pl/wp-includes/class-wp-editor.php&path=/var/www/just-fit-studio-formy.pl/wp-includes HTTP/1.1" 200 100856 "-" "meta-externalagent/1.1 (+https://developers.facebook.com/docs/sharing/webmasters/crawler)"
57.141.0.45 - - [17/Jun/2026:00:11:55 +0000] "GET /post_tag-sitemap.xml?fileloc=/var/www/newyorkpianist.net/wp-admin/edit-form-advanced.php&path=/var/www/newyorkpianist.net/wp-admin HTTP/1.1" 200 49547 "-" "meta-externalagent/1.1 (+https://developers.facebook.com/docs/sharing/webmasters/crawler)"
