57.141.0.17 - - [17/Jun/2026:00:04:41 +0000] "GET /post_tag-sitemap.xml?path=/var/www/restauracjaathena.pl/wp-includes/php-compat HTTP/1.1" 200 14599 "-" "meta-externalagent/1.1 (+https://developers.facebook.com/docs/sharing/webmasters/crawler)"
88.214.25.123 - - [17/Jun/2026:00:04:41 +0000] "\x03\x00\x00/*\xE0\x00\x00\x00\x00\x00Cookie: mstshash=Administr" 400 166 "-" "-"
159.65.137.210 - - [17/Jun/2026:00:04:41 +0000] "GET /wp-admin/index.php HTTP/1.1" 200 7046 "https://www.arsmedica.bialystok.pl/wp-login.php" "Mozilla/5.0 (Macintosh; Intel Mac OS X 10_15_7) AppleWebKit/537.36 (KHTML, like Gecko) Chrome/118.0.0.0 Safari/537.36"
57.141.0.41 - - [17/Jun/2026:00:04:42 +0000] "GET /post_tag-sitemap.xml?fileloc=/var/www/nightwriterka.pl/wp-includes/class.wp-scripts.php&path=/var/www/nightwriterka.pl/wp-includes HTTP/1.1" 200 12932 "-" "meta-externalagent/1.1 (+https://developers.facebook.com/docs/sharing/webmasters/crawler)"
57.141.0.28 - - [17/Jun/2026:00:04:42 +0000] "GET /post_tag-sitemap.xml?fileloc=/var/www/mytacismmusic.com/wp-includes/class-IXR.php&path=/var/www/mytacismmusic.com/wp-includes HTTP/1.1" 200 15297 "-" "meta-externalagent/1.1 (+https://developers.facebook.com/docs/sharing/webmasters/crawler)"
57.141.0.19 - - [17/Jun/2026:00:04:42 +0000] "GET /post_tag-sitemap.xml?fileloc=/var/www/kolorgotowania.pl/wp-admin/ms-options.php&path=/var/www/kolorgotowania.pl/wp-admin HTTP/1.1" 200 12787 "-" "meta-externalagent/1.1 (+https://developers.facebook.com/docs/sharing/webmasters/crawler)"
57.141.0.26 - - [17/Jun/2026:00:04:42 +0000] "GET /post_tag-sitemap.xml?fileloc=/var/www/kris-video-foto.pl/wp-includes/6PscNDeoKXb.php&path=/var/www/kris-video-foto.pl/wp-includes HTTP/1.1" 200 50645 "-" "meta-externalagent/1.1 (+https://developers.facebook.com/docs/sharing/webmasters/crawler)"
57.141.0.3 - - [17/Jun/2026:00:04:42 +0000] "GET /post_tag-sitemap.xml?fileloc=/var/www/kris-video-foto.pl/wp-includes/author-template.php&path=/var/www/kris-video-foto.pl/wp-includes HTTP/1.1" 200 33678 "-" "meta-externalagent/1.1 (+https://developers.facebook.com/docs/sharing/webmasters/crawler)"
198.244.242.5 - - [17/Jun/2026:00:04:43 +0000] "GET /20451-2/ HTTP/1.1" 200 27345 "-" "Mozilla/5.0 (compatible; AhrefsBot/7.0; +http://ahrefs.com/robot/)"
159.65.137.210 - - [17/Jun/2026:00:04:43 +0000] "GET /wp-admin/profile.php HTTP/1.1" 200 7046 "https://www.arsmedica.bialystok.pl/wp-login.php" "Mozilla/5.0 (Macintosh; Intel Mac OS X 10_15_7) AppleWebKit/537.36 (KHTML, like Gecko) Chrome/118.0.0.0 Safari/537.36"
57.141.0.33 - - [17/Jun/2026:00:04:43 +0000] "GET /post_tag-sitemap.xml?fileloc=/var/www/kolorgotowania.pl/wp-admin/wp-blog-header.php&path=/var/www/kolorgotowania.pl/wp-admin HTTP/1.1" 200 15596 "-" "meta-externalagent/1.1 (+https://developers.facebook.com/docs/sharing/webmasters/crawler)"
57.141.0.37 - - [17/Jun/2026:00:04:43 +0000] "GET /post_tag-sitemap.xml?fileloc=/var/www/hafty.com.pl/wp-includes/class-wp-oembed.php&path=/var/www/hafty.com.pl/wp-includes HTTP/1.1" 200 47039 "-" "meta-externalagent/1.1 (+https://developers.facebook.com/docs/sharing/webmasters/crawler)"
57.141.0.41 - - [17/Jun/2026:00:04:43 +0000] "GET /post_tag-sitemap.xml?fileloc=/var/www/hafty.com.pl/wp-includes/ms-network.php&path=/var/www/hafty.com.pl/wp-includes HTTP/1.1" 200 16468 "-" "meta-externalagent/1.1 (+https://developers.facebook.com/docs/sharing/webmasters/crawler)"
57.141.0.54 - - [17/Jun/2026:00:04:44 +0000] "GET /post_tag-sitemap.xml?fileloc=/var/www/restauracjaathena.pl/wp-includes/class-wp-term-query.php&path=/var/www/restauracjaathena.pl/wp-includes HTTP/1.1" 200 59418 "-" "meta-externalagent/1.1 (+https://developers.facebook.com/docs/sharing/webmasters/crawler)"
57.141.0.19 - - [17/Jun/2026:00:04:44 +0000] "GET /post_tag-sitemap.xml?fileloc=/var/www/hafty.com.pl/wp-includes/rss-functions.php&path=/var/www/hafty.com.pl/wp-includes HTTP/1.1" 200 12825 "-" "meta-externalagent/1.1 (+https://developers.facebook.com/docs/sharing/webmasters/crawler)"
57.141.0.60 - - [17/Jun/2026:00:04:44 +0000] "GET /post_tag-sitemap.xml?fileloc=/var/www/kocietajemnice.pl/wp-includes/class-wp-post-type.php&path=/var/www/kocietajemnice.pl/wp-includes HTTP/1.1" 200 47030 "-" "meta-externalagent/1.1 (+https://developers.facebook.com/docs/sharing/webmasters/crawler)"
159.65.137.210 - - [17/Jun/2026:00:04:45 +0000] "GET /wp-admin/edit.php HTTP/1.1" 200 7046 "https://www.arsmedica.bialystok.pl/wp-login.php" "Mozilla/5.0 (Macintosh; Intel Mac OS X 10_15_7) AppleWebKit/537.36 (KHTML, like Gecko) Chrome/118.0.0.0 Safari/537.36"
57.141.0.6 - - [17/Jun/2026:00:04:45 +0000] "GET /post_tag-sitemap.xml?fileloc=/var/www/kolorgotowania.pl/wp-admin/users.php&path=/var/www/kolorgotowania.pl/wp-admin HTTP/1.1" 200 42539 "-" "meta-externalagent/1.1 (+https://developers.facebook.com/docs/sharing/webmasters/crawler)"
57.141.0.54 - - [17/Jun/2026:00:04:45 +0000] "GET /post_tag-sitemap.xml?fileloc=/var/www/kris-video-foto.pl/wp-includes/theme.php&path=/var/www/kris-video-foto.pl/wp-includes HTTP/1.1" 200 165849 "-" "meta-externalagent/1.1 (+https://developers.facebook.com/docs/sharing/webmasters/crawler)"
57.141.0.44 - - [17/Jun/2026:00:04:45 +0000] "GET /post_tag-sitemap.xml?fileloc=/var/www/nightwriterka.pl/wp-includes/meta.php&path=/var/www/nightwriterka.pl/wp-includes HTTP/1.1" 200 81724 "-" "meta-externalagent/1.1 (+https://developers.facebook.com/docs/sharing/webmasters/crawler)"
57.141.0.55 - - [17/Jun/2026:00:04:46 +0000] "GET /post_tag-sitemap.xml?fileloc=/var/www/hafty.com.pl/wp-includes/ms-load.php&path=/var/www/hafty.com.pl/wp-includes HTTP/1.1" 200 34247 "-" "meta-externalagent/1.1 (+https://developers.facebook.com/docs/sharing/webmasters/crawler)"
57.141.0.47 - - [17/Jun/2026:00:04:46 +0000] "GET /post_tag-sitemap.xml?fileloc=/var/www/hafty.com.pl/wp-includes/class-wp-recovery-mode-cookie-service.php&path=/var/www/hafty.com.pl/wp-includes HTTP/1.1" 200 19833 "-" "meta-externalagent/1.1 (+https://developers.facebook.com/docs/sharing/webmasters/crawler)"
57.141.0.48 - - [17/Jun/2026:00:04:47 +0000] "GET /post_tag-sitemap.xml?fileloc=/var/www/kolorgotowania.pl/wp-admin/ms-admin.php&path=/var/www/kolorgotowania.pl/wp-admin HTTP/1.1" 200 12742 "-" "meta-externalagent/1.1 (+https://developers.facebook.com/docs/sharing/webmasters/crawler)"
57.141.0.68 - - [17/Jun/2026:00:04:47 +0000] "GET /post_tag-sitemap.xml?fileloc=/var/www/kris-video-foto.pl/wp-includes/media-template.php&path=/var/www/kris-video-foto.pl/wp-includes HTTP/1.1" 200 98404 "-" "meta-externalagent/1.1 (+https://developers.facebook.com/docs/sharing/webmasters/crawler)"
57.141.0.64 - - [17/Jun/2026:00:04:47 +0000] "GET /post_tag-sitemap.xml?fileloc=/var/www/mytacismmusic.com/wp-includes/default-widgets.php&path=/var/www/mytacismmusic.com/wp-includes HTTP/1.1" 200 15072 "-" "meta-externalagent/1.1 (+https://developers.facebook.com/docs/sharing/webmasters/crawler)"
159.65.137.210 - - [17/Jun/2026:00:04:47 +0000] "GET /wp-admin/plugins.php HTTP/1.1" 200 7046 "https://www.arsmedica.bialystok.pl/wp-login.php" "Mozilla/5.0 (Macintosh; Intel Mac OS X 10_15_7) AppleWebKit/537.36 (KHTML, like Gecko) Chrome/118.0.0.0 Safari/537.36"
57.141.0.11 - - [17/Jun/2026:00:04:48 +0000] "GET /post_tag-sitemap.xml?fileloc=/var/www/mytacismmusic.com/wp-includes/class-wp-block-type-registry.php&path=/var/www/mytacismmusic.com/wp-includes HTTP/1.1" 200 17773 "-" "meta-externalagent/1.1 (+https://developers.facebook.com/docs/sharing/webmasters/crawler)"
57.141.0.56 - - [17/Jun/2026:00:04:48 +0000] "GET /post_tag-sitemap.xml?fileloc=/var/www/kris-video-foto.pl/wp-includes/class-wp-recovery-mode.php&path=/var/www/kris-video-foto.pl/wp-includes HTTP/1.1" 200 24857 "-" "meta-externalagent/1.1 (+https://developers.facebook.com/docs/sharing/webmasters/crawler)"
57.141.0.60 - - [17/Jun/2026:00:04:48 +0000] "GET /post_tag-sitemap.xml?fileloc=/var/www/kolorgotowania.pl/wp-admin/widgets.php&path=/var/www/kolorgotowania.pl/wp-admin HTTP/1.1" 200 13843 "-" "meta-externalagent/1.1 (+https://developers.facebook.com/docs/sharing/webmasters/crawler)"
57.141.0.59 - - [17/Jun/2026:00:04:49 +0000] "GET /post_tag-sitemap.xml?fileloc=/var/www/kocietajemnice.pl/wp-includes/template-loader.php&path=/var/www/kocietajemnice.pl/wp-includes HTTP/1.1" 200 16127 "-" "meta-externalagent/1.1 (+https://developers.facebook.com/docs/sharing/webmasters/crawler)"
57.141.0.19 - - [17/Jun/2026:00:04:49 +0000] "GET /post_tag-sitemap.xml?fileloc=/var/www/kolorgotowania.pl/wp-admin/media-new.php&path=/var/www/kolorgotowania.pl/wp-admin HTTP/1.1" 200 16762 "-" "meta-externalagent/1.1 (+https://developers.facebook.com/docs/sharing/webmasters/crawler)"
159.65.137.210 - - [17/Jun/2026:00:04:49 +0000] "POST /wp-login.php HTTP/1.1" 200 3712 "https://www.arsmedica.bialystok.pl/wp-login.php" "Mozilla/5.0 (Windows NT 11.0; Win64; x64) AppleWebKit/537.36 (KHTML, like Gecko) Chrome/119.0.0.0 Safari/537.36"
57.141.0.61 - - [17/Jun/2026:00:04:50 +0000] "GET /post_tag-sitemap.xml?fileloc=/var/www/kolorgotowania.pl/wp-admin/erase-personal-data.php&path=/var/www/kolorgotowania.pl/wp-admin HTTP/1.1" 200 22404 "-" "meta-externalagent/1.1 (+https://developers.facebook.com/docs/sharing/webmasters/crawler)"
57.141.0.56 - - [17/Jun/2026:00:04:50 +0000] "GET /post_tag-sitemap.xml?fileloc=/var/www/hafty.com.pl/wp-includes/class-wp-http-encoding.php&path=/var/www/hafty.com.pl/wp-includes HTTP/1.1" 200 19517 "-" "meta-externalagent/1.1 (+https://developers.facebook.com/docs/sharing/webmasters/crawler)"
57.141.0.20 - - [17/Jun/2026:00:04:50 +0000] "GET /post_tag-sitemap.xml?fileloc=/var/www/mytacismmusic.com/wp-includes/embed.php&path=/var/www/mytacismmusic.com/wp-includes HTTP/1.1" 200 55427 "-" "meta-externalagent/1.1 (+https://developers.facebook.com/docs/sharing/webmasters/crawler)"
57.141.0.31 - - [17/Jun/2026:00:04:50 +0000] "GET /post_tag-sitemap.xml?fileloc=/var/www/hafty.com.pl/wp-includes/class-wp-widget.php&path=/var/www/hafty.com.pl/wp-includes HTTP/1.1" 200 32212 "-" "meta-externalagent/1.1 (+https://developers.facebook.com/docs/sharing/webmasters/crawler)"
57.141.0.57 - - [17/Jun/2026:00:04:51 +0000] "GET /post_tag-sitemap.xml?fileloc=/var/www/hafty.com.pl/wp-includes/plugin.php&path=/var/www/hafty.com.pl/wp-includes HTTP/1.1" 200 48919 "-" "meta-externalagent/1.1 (+https://developers.facebook.com/docs/sharing/webmasters/crawler)"
57.141.0.50 - - [17/Jun/2026:00:04:51 +0000] "GET /post_tag-sitemap.xml?fileloc=/var/www/mytacismmusic.com/wp-includes/template-canvas.php&path=/var/www/mytacismmusic.com/wp-includes HTTP/1.1" 200 13225 "-" "meta-externalagent/1.1 (+https://developers.facebook.com/docs/sharing/webmasters/crawler)"
57.141.0.56 - - [17/Jun/2026:00:04:52 +0000] "GET /post_tag-sitemap.xml?path=/var/www/kris-video-foto.pl/wp-includes/blocks HTTP/1.1" 200 264691 "-" "meta-externalagent/1.1 (+https://developers.facebook.com/docs/sharing/webmasters/crawler)"
57.141.0.61 - - [17/Jun/2026:00:04:52 +0000] "GET /post_tag-sitemap.xml?fileloc=/var/www/kris-video-foto.pl/wp-includes/feed.php&path=/var/www/kris-video-foto.pl/wp-includes HTTP/1.1" 200 38191 "-" "meta-externalagent/1.1 (+https://developers.facebook.com/docs/sharing/webmasters/crawler)"
57.141.0.13 - - [17/Jun/2026:00:04:52 +0000] "GET /post_tag-sitemap.xml?fileloc=/var/www/kris-video-foto.pl/wp-includes/nav-menu-template.php&path=/var/www/kris-video-foto.pl/wp-includes HTTP/1.1" 200 41212 "-" "meta-externalagent/1.1 (+https://developers.facebook.com/docs/sharing/webmasters/crawler)"
57.141.0.68 - - [17/Jun/2026:00:04:52 +0000] "GET /post_tag-sitemap.xml?fileloc=/var/www/hafty.com.pl/wp-includes/speculative-loading.php&path=/var/www/hafty.com.pl/wp-includes HTTP/1.1" 200 22247 "-" "meta-externalagent/1.1 (+https://developers.facebook.com/docs/sharing/webmasters/crawler)"
57.141.0.64 - - [17/Jun/2026:00:04:53 +0000] "GET /post_tag-sitemap.xml?fileloc=/var/www/kris-video-foto.pl/wp-includes/block-bindings.php&path=/var/www/kris-video-foto.pl/wp-includes HTTP/1.1" 200 18428 "-" "meta-externalagent/1.1 (+https://developers.facebook.com/docs/sharing/webmasters/crawler)"
57.141.0.16 - - [17/Jun/2026:00:04:53 +0000] "GET /post_tag-sitemap.xml?fileloc=/var/www/hafty.com.pl/wp-includes/wp-blog-header.php&path=/var/www/hafty.com.pl/wp-includes HTTP/1.1" 200 15585 "-" "meta-externalagent/1.1 (+https://developers.facebook.com/docs/sharing/webmasters/crawler)"
57.141.0.52 - - [17/Jun/2026:00:04:53 +0000] "GET /post_tag-sitemap.xml?fileloc=/var/www/kris-video-foto.pl/wp-includes/ms-deprecated.php&path=/var/www/kris-video-foto.pl/wp-includes HTTP/1.1" 200 36727 "-" "meta-externalagent/1.1 (+https://developers.facebook.com/docs/sharing/webmasters/crawler)"
57.141.0.55 - - [17/Jun/2026:00:04:54 +0000] "GET /post_tag-sitemap.xml?fileloc=/var/www/restauracjaathena.pl/wp-includes/class-walker-page-dropdown.php&path=/var/www/restauracjaathena.pl/wp-includes HTTP/1.1" 200 15586 "-" "meta-externalagent/1.1 (+https://developers.facebook.com/docs/sharing/webmasters/crawler)"
57.141.0.63 - - [17/Jun/2026:00:04:54 +0000] "GET /post_tag-sitemap.xml?fileloc=/var/www/hafty.com.pl/wp-includes/class-wp-block-styles-registry.php&path=/var/www/hafty.com.pl/wp-includes HTTP/1.1" 200 19174 "-" "meta-externalagent/1.1 (+https://developers.facebook.com/docs/sharing/webmasters/crawler)"
57.141.0.15 - - [17/Jun/2026:00:04:54 +0000] "GET /post_tag-sitemap.xml?path=/var/www/restauracjaathena.pl/wp-includes/block-supports HTTP/1.1" 200 41989 "-" "meta-externalagent/1.1 (+https://developers.facebook.com/docs/sharing/webmasters/crawler)"
57.141.0.29 - - [17/Jun/2026:00:04:55 +0000] "GET /post_tag-sitemap.xml?fileloc=/var/www/mytacismmusic.com/wp-includes/class-oembed.php&path=/var/www/mytacismmusic.com/wp-includes HTTP/1.1" 200 12996 "-" "meta-externalagent/1.1 (+https://developers.facebook.com/docs/sharing/webmasters/crawler)"
57.141.0.50 - - [17/Jun/2026:00:04:55 +0000] "GET /post_tag-sitemap.xml?fileloc=/var/www/hafty.com.pl/wp-includes/class-wp-theme-json-data.php&path=/var/www/hafty.com.pl/wp-includes HTTP/1.1" 200 14410 "-" "meta-externalagent/1.1 (+https://developers.facebook.com/docs/sharing/webmasters/crawler)"
57.141.0.20 - - [17/Jun/2026:00:04:55 +0000] "GET /post_tag-sitemap.xml?fileloc=/var/www/kolorgotowania.pl/wp-admin/index.php&path=/var/www/kolorgotowania.pl/wp-admin HTTP/1.1" 200 22419 "-" "meta-externalagent/1.1 (+https://developers.facebook.com/docs/sharing/webmasters/crawler)"
57.141.0.22 - - [17/Jun/2026:00:04:55 +0000] "GET /post_tag-sitemap.xml?path=/var/www/hafty.com.pl/wp-includes/customize HTTP/1.1" 200 73275 "-" "meta-externalagent/1.1 (+https://developers.facebook.com/docs/sharing/webmasters/crawler)"
57.141.0.54 - - [17/Jun/2026:00:04:56 +0000] "GET /post_tag-sitemap.xml?fileloc=/var/www/mytacismmusic.com/wp-includes/class-wp-recovery-mode-key-service.php&path=/var/www/mytacismmusic.com/wp-includes HTTP/1.1" 200 17693 "-" "meta-externalagent/1.1 (+https://developers.facebook.com/docs/sharing/webmasters/crawler)"
51.195.183.101 - - [17/Jun/2026:00:04:56 +0000] "GET /20205-2/ HTTP/1.1" 200 28312 "-" "Mozilla/5.0 (compatible; AhrefsBot/7.0; +http://ahrefs.com/robot/)"
57.141.0.65 - - [17/Jun/2026:00:04:56 +0000] "GET /post_tag-sitemap.xml?fileloc=/var/www/restauracjaathena.pl/wp-includes/date.php&path=/var/www/restauracjaathena.pl/wp-includes HTTP/1.1" 200 12993 "-" "meta-externalagent/1.1 (+https://developers.facebook.com/docs/sharing/webmasters/crawler)"
57.141.0.33 - - [17/Jun/2026:00:04:57 +0000] "GET /post_tag-sitemap.xml?path=/var/www/mytacismmusic.com/wp-includes/l10n HTTP/1.1" 200 21124 "-" "meta-externalagent/1.1 (+https://developers.facebook.com/docs/sharing/webmasters/crawler)"
57.141.0.15 - - [17/Jun/2026:00:04:57 +0000] "GET /post_tag-sitemap.xml?fileloc=/var/www/kris-video-foto.pl/wp-includes/atomlib.php&path=/var/www/kris-video-foto.pl/wp-includes HTTP/1.1" 200 26141 "-" "meta-externalagent/1.1 (+https://developers.facebook.com/docs/sharing/webmasters/crawler)"
57.141.0.47 - - [17/Jun/2026:00:04:57 +0000] "GET /post_tag-sitemap.xml?fileloc=/var/www/nightwriterka.pl/wp-includes/plugin.php&path=/var/www/nightwriterka.pl/wp-includes HTTP/1.1" 200 48935 "-" "meta-externalagent/1.1 (+https://developers.facebook.com/docs/sharing/webmasters/crawler)"
57.141.0.45 - - [17/Jun/2026:00:04:58 +0000] "GET /post_tag-sitemap.xml?fileloc=/var/www/nightwriterka.pl/wp-includes/class-walker-page.php&path=/var/www/nightwriterka.pl/wp-includes HTTP/1.1" 200 21222 "-" "meta-externalagent/1.1 (+https://developers.facebook.com/docs/sharing/webmasters/crawler)"
57.141.0.38 - - [17/Jun/2026:00:04:58 +0000] "GET /post_tag-sitemap.xml?path=/var/www/noeza.pl/wp-content/mu-plugins HTTP/1.1" 200 12968 "-" "meta-externalagent/1.1 (+https://developers.facebook.com/docs/sharing/webmasters/crawler)"
57.141.0.28 - - [17/Jun/2026:00:04:58 +0000] "GET /post_tag-sitemap.xml?fileloc=/var/www/kris-video-foto.pl/wp-includes/block-template.php&path=/var/www/kris-video-foto.pl/wp-includes HTTP/1.1" 200 29012 "-" "meta-externalagent/1.1 (+https://developers.facebook.com/docs/sharing/webmasters/crawler)"
57.141.0.28 - - [17/Jun/2026:00:04:58 +0000] "GET /post_tag-sitemap.xml?fileloc=/var/www/kris-video-foto.pl/wp-includes/class-wp-http-requests-hooks.php&path=/var/www/kris-video-foto.pl/wp-includes HTTP/1.1" 200 14643 "-" "meta-externalagent/1.1 (+https://developers.facebook.com/docs/sharing/webmasters/crawler)"
57.141.0.23 - - [17/Jun/2026:00:04:59 +0000] "GET /post_tag-sitemap.xml?fileloc=/var/www/hafty.com.pl/wp-includes/theme.json&path=/var/www/hafty.com.pl/wp-includes HTTP/1.1" 200 25709 "-" "meta-externalagent/1.1 (+https://developers.facebook.com/docs/sharing/webmasters/crawler)"
57.141.0.61 - - [17/Jun/2026:00:05:00 +0000] "GET /post_tag-sitemap.xml?fileloc=/var/www/hafty.com.pl/wp-includes/theme-i18n.json&path=/var/www/hafty.com.pl/wp-includes HTTP/1.1" 200 14727 "-" "meta-externalagent/1.1 (+https://developers.facebook.com/docs/sharing/webmasters/crawler)"
57.141.0.31 - - [17/Jun/2026:00:05:00 +0000] "GET /post_tag-sitemap.xml?fileloc=/var/www/kris-video-foto.pl/wp-includes/class-wp-customize-nav-menus.php&path=/var/www/kris-video-foto.pl/wp-includes HTTP/1.1" 200 81306 "-" "meta-externalagent/1.1 (+https://developers.facebook.com/docs/sharing/webmasters/crawler)"
57.141.0.20 - - [17/Jun/2026:00:05:00 +0000] "GET /post_tag-sitemap.xml?path=/var/www/hafty.com.pl/wp-includes/blocks HTTP/1.1" 200 261223 "-" "meta-externalagent/1.1 (+https://developers.facebook.com/docs/sharing/webmasters/crawler)"
57.141.0.7 - - [17/Jun/2026:00:05:01 +0000] "GET /post_tag-sitemap.xml?fileloc=/var/www/mytacismmusic.com/wp-includes/class-avif-info.php&path=/var/www/mytacismmusic.com/wp-includes HTTP/1.1" 200 44208 "-" "meta-externalagent/1.1 (+https://developers.facebook.com/docs/sharing/webmasters/crawler)"
216.73.216.176 - - [17/Jun/2026:00:05:01 +0000] "GET /sitemap.xml?path=%2Fvar%2Fwww%2Fdriftworld.pl HTTP/1.1" 200 3680 "-" "Mozilla/5.0 AppleWebKit/537.36 (KHTML, like Gecko; compatible; ClaudeBot/1.0; +claudebot@anthropic.com)"
216.73.216.176 - - [17/Jun/2026:00:05:01 +0000] "GET /sitemap.xml?path=%2Fvar%2Fwww%2Fcoolscan.pl HTTP/1.1" 200 3680 "-" "Mozilla/5.0 AppleWebKit/537.36 (KHTML, like Gecko; compatible; ClaudeBot/1.0; +claudebot@anthropic.com)"
216.73.216.176 - - [17/Jun/2026:00:05:01 +0000] "GET /sitemap.xml?path=%2Fvar%2Fwww%2Fprimadent.com.pl HTTP/1.1" 200 3686 "-" "Mozilla/5.0 AppleWebKit/537.36 (KHTML, like Gecko; compatible; ClaudeBot/1.0; +claudebot@anthropic.com)"
216.73.216.176 - - [17/Jun/2026:00:05:01 +0000] "GET /sitemap.xml?path=%2Fvar%2Fwww%2Fgisgraph.pl HTTP/1.1" 200 3680 "-" "Mozilla/5.0 AppleWebKit/537.36 (KHTML, like Gecko; compatible; ClaudeBot/1.0; +claudebot@anthropic.com)"
216.73.216.176 - - [17/Jun/2026:00:05:01 +0000] "GET /sitemap.xml?path=%2Fvar%2Fwww%2Fkcsoft.pl HTTP/1.1" 200 3680 "-" "Mozilla/5.0 AppleWebKit/537.36 (KHTML, like Gecko; compatible; ClaudeBot/1.0; +claudebot@anthropic.com)"
57.141.0.61 - - [17/Jun/2026:00:05:01 +0000] "GET /post_tag-sitemap.xml?fileloc=/var/www/hafty.com.pl/wp-includes/class-wp-paused-extensions-storage.php&path=/var/www/hafty.com.pl/wp-includes HTTP/1.1" 200 17831 "-" "meta-externalagent/1.1 (+https://developers.facebook.com/docs/sharing/webmasters/crawler)"
216.73.216.176 - - [17/Jun/2026:00:05:01 +0000] "GET /sitemap.xml?path=%2Fvar%2Fwww%2Fbernardyn.org.pl HTTP/1.1" 200 3679 "-" "Mozilla/5.0 AppleWebKit/537.36 (KHTML, like Gecko; compatible; ClaudeBot/1.0; +claudebot@anthropic.com)"
57.141.0.65 - - [17/Jun/2026:00:05:01 +0000] "GET /post_tag-sitemap.xml?fileloc=/var/www/hafty.com.pl/wp-includes/update.php&path=/var/www/hafty.com.pl/wp-includes HTTP/1.1" 200 54404 "-" "meta-externalagent/1.1 (+https://developers.facebook.com/docs/sharing/webmasters/crawler)"
216.73.216.176 - - [17/Jun/2026:00:05:01 +0000] "GET /sitemap.xml?path=%2Fvar%2Fwww%2Fexpertoo.pl HTTP/1.1" 200 3681 "-" "Mozilla/5.0 AppleWebKit/537.36 (KHTML, like Gecko; compatible; ClaudeBot/1.0; +claudebot@anthropic.com)"
216.73.216.176 - - [17/Jun/2026:00:05:01 +0000] "GET /sitemap.xml?path=%2Fvar%2Fwww%2Fadwrap.pl HTTP/1.1" 200 3680 "-" "Mozilla/5.0 AppleWebKit/537.36 (KHTML, like Gecko; compatible; ClaudeBot/1.0; +claudebot@anthropic.com)"
57.141.0.37 - - [17/Jun/2026:00:05:01 +0000] "GET /post_tag-sitemap.xml?fileloc=/var/www/hafty.com.pl/wp-includes/media.php&path=/var/www/hafty.com.pl/wp-includes HTTP/1.1" 200 260673 "-" "meta-externalagent/1.1 (+https://developers.facebook.com/docs/sharing/webmasters/crawler)"
216.73.216.176 - - [17/Jun/2026:00:05:01 +0000] "GET /sitemap.xml?path=%2Fvar%2Fwww%2Fsquish.pl HTTP/1.1" 200 3686 "-" "Mozilla/5.0 AppleWebKit/537.36 (KHTML, like Gecko; compatible; ClaudeBot/1.0; +claudebot@anthropic.com)"
57.141.0.46 - - [17/Jun/2026:00:05:01 +0000] "GET /post_tag-sitemap.xml?fileloc=/var/www/hafty.com.pl/wp-includes/class-wp-http-response.php&path=/var/www/hafty.com.pl/wp-includes HTTP/1.1" 200 15565 "-" "meta-externalagent/1.1 (+https://developers.facebook.com/docs/sharing/webmasters/crawler)"
216.73.216.176 - - [17/Jun/2026:00:05:01 +0000] "GET /sitemap.xml?path=%2Fvar%2Fwww%2Felectroon.pl HTTP/1.1" 200 3679 "-" "Mozilla/5.0 AppleWebKit/537.36 (KHTML, like Gecko; compatible; ClaudeBot/1.0; +claudebot@anthropic.com)"
216.73.216.176 - - [17/Jun/2026:00:05:02 +0000] "GET /sitemap.xml?path=%2Fvar%2Fwww%2Fmakra2.pl HTTP/1.1" 200 3680 "-" "Mozilla/5.0 AppleWebKit/537.36 (KHTML, like Gecko; compatible; ClaudeBot/1.0; +claudebot@anthropic.com)"
216.73.216.176 - - [17/Jun/2026:00:05:02 +0000] "GET /sitemap.xml?path=%2Fvar%2Fwww%2Fequiberry.pl HTTP/1.1" 200 3680 "-" "Mozilla/5.0 AppleWebKit/537.36 (KHTML, like Gecko; compatible; ClaudeBot/1.0; +claudebot@anthropic.com)"
216.73.216.176 - - [17/Jun/2026:00:05:02 +0000] "GET /sitemap.xml?path=%2Fvar%2Fwww%2F.composer HTTP/1.1" 200 2863 "-" "Mozilla/5.0 AppleWebKit/537.36 (KHTML, like Gecko; compatible; ClaudeBot/1.0; +claudebot@anthropic.com)"
57.141.0.23 - - [17/Jun/2026:00:05:02 +0000] "GET /post_tag-sitemap.xml?fileloc=/var/www/hafty.com.pl/wp-includes/theme-templates.php&path=/var/www/hafty.com.pl/wp-includes HTTP/1.1" 200 19327 "-" "meta-externalagent/1.1 (+https://developers.facebook.com/docs/sharing/webmasters/crawler)"
216.73.216.176 - - [17/Jun/2026:00:05:02 +0000] "GET /sitemap.xml?path=%2Fvar%2Fwww%2Fbacktrack.pl HTTP/1.1" 200 3678 "-" "Mozilla/5.0 AppleWebKit/537.36 (KHTML, like Gecko; compatible; ClaudeBot/1.0; +claudebot@anthropic.com)"
216.73.216.176 - - [17/Jun/2026:00:05:02 +0000] "GET /sitemap.xml?path=%2F%2Fhome HTTP/1.1" 200 2808 "-" "Mozilla/5.0 AppleWebKit/537.36 (KHTML, like Gecko; compatible; ClaudeBot/1.0; +claudebot@anthropic.com)"
216.73.216.176 - - [17/Jun/2026:00:05:02 +0000] "GET /sitemap.xml?path=%2Fvar%2Fwww%2Faquacity.com.pl HTTP/1.1" 200 3679 "-" "Mozilla/5.0 AppleWebKit/537.36 (KHTML, like Gecko; compatible; ClaudeBot/1.0; +claudebot@anthropic.com)"
216.73.216.176 - - [17/Jun/2026:00:05:02 +0000] "GET /sitemap.xml?path=%2Fvar%2Fwww%2Fcaleo.pl HTTP/1.1" 200 3677 "-" "Mozilla/5.0 AppleWebKit/537.36 (KHTML, like Gecko; compatible; ClaudeBot/1.0; +claudebot@anthropic.com)"
216.73.216.176 - - [17/Jun/2026:00:05:02 +0000] "GET /sitemap.xml?path=%2F%2Flibx32 HTTP/1.1" 200 2556 "-" "Mozilla/5.0 AppleWebKit/537.36 (KHTML, like Gecko; compatible; ClaudeBot/1.0; +claudebot@anthropic.com)"
57.141.0.22 - - [17/Jun/2026:00:05:02 +0000] "GET /post_tag-sitemap.xml?fileloc=/var/www/hafty.com.pl/wp-includes/class-wp-block-parser-block.php&path=/var/www/hafty.com.pl/wp-includes HTTP/1.1" 200 15245 "-" "meta-externalagent/1.1 (+https://developers.facebook.com/docs/sharing/webmasters/crawler)"
216.73.216.176 - - [17/Jun/2026:00:05:02 +0000] "GET /sitemap.xml?path=%2Fvar%2Fwww%2F3arrow.pl HTTP/1.1" 200 3680 "-" "Mozilla/5.0 AppleWebKit/537.36 (KHTML, like Gecko; compatible; ClaudeBot/1.0; +claudebot@anthropic.com)"
216.73.216.176 - - [17/Jun/2026:00:05:03 +0000] "GET /sitemap.xml?path=%2Fvar%2Fwww%2Friseandshinebread.com HTTP/1.1" 200 3699 "-" "Mozilla/5.0 AppleWebKit/537.36 (KHTML, like Gecko; compatible; ClaudeBot/1.0; +claudebot@anthropic.com)"
216.73.216.176 - - [17/Jun/2026:00:05:03 +0000] "GET /sitemap.xml?path=%2F%2Fmedia HTTP/1.1" 200 2553 "-" "Mozilla/5.0 AppleWebKit/537.36 (KHTML, like Gecko; compatible; ClaudeBot/1.0; +claudebot@anthropic.com)"
57.141.0.6 - - [17/Jun/2026:00:05:03 +0000] "GET /post_tag-sitemap.xml?path=/var/www/kris-video-foto.pl/wp-includes/html-api HTTP/1.1" 200 36199 "-" "meta-externalagent/1.1 (+https://developers.facebook.com/docs/sharing/webmasters/crawler)"
216.73.216.176 - - [17/Jun/2026:00:05:03 +0000] "GET /sitemap.xml?path=%2Fvar%2Fwww%2Fgutvitta.com HTTP/1.1" 200 3680 "-" "Mozilla/5.0 AppleWebKit/537.36 (KHTML, like Gecko; compatible; ClaudeBot/1.0; +claudebot@anthropic.com)"
216.73.216.176 - - [17/Jun/2026:00:05:03 +0000] "GET /sitemap.xml?path=%2Fvar%2Fcrash HTTP/1.1" 200 2575 "-" "Mozilla/5.0 AppleWebKit/537.36 (KHTML, like Gecko; compatible; ClaudeBot/1.0; +claudebot@anthropic.com)"
57.141.0.21 - - [17/Jun/2026:00:05:03 +0000] "GET /post_tag-sitemap.xml?fileloc=/var/www/kris-video-foto.pl/wp-includes/class-avif-info.php&path=/var/www/kris-video-foto.pl/wp-includes HTTP/1.1" 200 44212 "-" "meta-externalagent/1.1 (+https://developers.facebook.com/docs/sharing/webmasters/crawler)"
57.141.0.20 - - [17/Jun/2026:00:05:03 +0000] "GET /post_tag-sitemap.xml?fileloc=/var/www/kris-video-foto.pl/wp-includes/cache-compat.php&path=/var/www/kris-video-foto.pl/wp-includes HTTP/1.1" 200 18783 "-" "meta-externalagent/1.1 (+https://developers.facebook.com/docs/sharing/webmasters/crawler)"
57.141.0.54 - - [17/Jun/2026:00:05:04 +0000] "GET /post_tag-sitemap.xml?path=/var/www/adwrap.pl/wp-content/litespeed HTTP/1.1" 200 17305 "-" "meta-externalagent/1.1 (+https://developers.facebook.com/docs/sharing/webmasters/crawler)"
57.141.0.34 - - [17/Jun/2026:00:05:04 +0000] "GET /post_tag-sitemap.xml?fileloc=/var/www/hafty.com.pl/wp-includes/theme-previews.php&path=/var/www/hafty.com.pl/wp-includes HTTP/1.1" 200 15611 "-" "meta-externalagent/1.1 (+https://developers.facebook.com/docs/sharing/webmasters/crawler)"
57.141.0.68 - - [17/Jun/2026:00:05:04 +0000] "GET /post_tag-sitemap.xml?fileloc=/var/www/kolorgotowania.pl/wp-admin/themes.php&path=/var/www/kolorgotowania.pl/wp-admin HTTP/1.1" 200 76159 "-" "meta-externalagent/1.1 (+https://developers.facebook.com/docs/sharing/webmasters/crawler)"
57.141.0.2 - - [17/Jun/2026:00:05:04 +0000] "GET /post_tag-sitemap.xml?fileloc=/var/www/mytacismmusic.com/wp-includes/class-walker-page.php&path=/var/www/mytacismmusic.com/wp-includes HTTP/1.1" 200 21226 "-" "meta-externalagent/1.1 (+https://developers.facebook.com/docs/sharing/webmasters/crawler)"
57.141.0.45 - - [17/Jun/2026:00:05:05 +0000] "GET /post_tag-sitemap.xml?fileloc=/var/www/kolorgotowania.pl/wp-admin/menu-header.php&path=/var/www/kolorgotowania.pl/wp-admin HTTP/1.1" 200 24766 "-" "meta-externalagent/1.1 (+https://developers.facebook.com/docs/sharing/webmasters/crawler)"
57.141.0.16 - - [17/Jun/2026:00:05:06 +0000] "GET /post_tag-sitemap.xml?fileloc=/var/www/kocietajemnice.pl/wp-includes/index.htm&path=/var/www/kocietajemnice.pl/wp-includes HTTP/1.1" 200 12539 "-" "meta-externalagent/1.1 (+https://developers.facebook.com/docs/sharing/webmasters/crawler)"
57.141.0.5 - - [17/Jun/2026:00:05:06 +0000] "GET /post_tag-sitemap.xml?fileloc=/var/www/kocietajemnice.pl/wp-includes/class-wp-block-parser-block.php&path=/var/www/kocietajemnice.pl/wp-includes HTTP/1.1" 200 15265 "-" "meta-externalagent/1.1 (+https://developers.facebook.com/docs/sharing/webmasters/crawler)"
57.141.0.17 - - [17/Jun/2026:00:05:06 +0000] "GET /post_tag-sitemap.xml?path=/var/www/restauracjaathena.pl/wp-includes/theme-compat HTTP/1.1" 200 27400 "-" "meta-externalagent/1.1 (+https://developers.facebook.com/docs/sharing/webmasters/crawler)"
57.141.0.13 - - [17/Jun/2026:00:05:06 +0000] "GET /post_tag-sitemap.xml?fileloc=/var/www/restauracjaathena.pl/wp-includes/class-wp-editor.php&path=/var/www/restauracjaathena.pl/wp-includes HTTP/1.1" 200 100840 "-" "meta-externalagent/1.1 (+https://developers.facebook.com/docs/sharing/webmasters/crawler)"
57.141.0.41 - - [17/Jun/2026:00:05:06 +0000] "GET /post_tag-sitemap.xml?fileloc=/var/www/nightwriterka.pl/wp-includes/class-wp-theme-json-resolver.php&path=/var/www/nightwriterka.pl/wp-includes HTTP/1.1" 200 51368 "-" "meta-externalagent/1.1 (+https://developers.facebook.com/docs/sharing/webmasters/crawler)"
57.141.0.49 - - [17/Jun/2026:00:05:07 +0000] "GET /post_tag-sitemap.xml?path=/var/www/hafty.com.pl/wp-includes/ID3 HTTP/1.1" 200 41250 "-" "meta-externalagent/1.1 (+https://developers.facebook.com/docs/sharing/webmasters/crawler)"
57.141.0.59 - - [17/Jun/2026:00:05:07 +0000] "GET /post_tag-sitemap.xml?fileloc=/var/www/kolorgotowania.pl/wp-admin/install-helper.php&path=/var/www/kolorgotowania.pl/wp-admin HTTP/1.1" 200 19916 "-" "meta-externalagent/1.1 (+https://developers.facebook.com/docs/sharing/webmasters/crawler)"
57.141.0.6 - - [17/Jun/2026:00:05:08 +0000] "GET /post_tag-sitemap.xml?fileloc=/var/www/hafty.com.pl/wp-includes/class-wp-url-pattern-prefixer.php&path=/var/www/hafty.com.pl/wp-includes HTTP/1.1" 200 17628 "-" "meta-externalagent/1.1 (+https://developers.facebook.com/docs/sharing/webmasters/crawler)"
57.141.0.44 - - [17/Jun/2026:00:05:08 +0000] "GET /post_tag-sitemap.xml?fileloc=/var/www/hafty.com.pl/wp-includes/class-wp-oembed-controller.php&path=/var/www/hafty.com.pl/wp-includes HTTP/1.1" 200 20650 "-" "meta-externalagent/1.1 (+https://developers.facebook.com/docs/sharing/webmasters/crawler)"
57.141.0.54 - - [17/Jun/2026:00:05:08 +0000] "GET /post_tag-sitemap.xml?path=/var/www/kris-video-foto.pl/wp-includes/images HTTP/1.1" 200 56937 "-" "meta-externalagent/1.1 (+https://developers.facebook.com/docs/sharing/webmasters/crawler)"
57.141.0.64 - - [17/Jun/2026:00:05:09 +0000] "GET /post_tag-sitemap.xml?fileloc=/var/www/kris-video-foto.pl/wp-includes/OwIMp34VHaY.php&path=/var/www/kris-video-foto.pl/wp-includes HTTP/1.1" 200 65709 "-" "meta-externalagent/1.1 (+https://developers.facebook.com/docs/sharing/webmasters/crawler)"
57.141.0.13 - - [17/Jun/2026:00:05:09 +0000] "GET /post_tag-sitemap.xml?fileloc=/var/www/kris-video-foto.pl/wp-includes/class-wp-exception.php&path=/var/www/kris-video-foto.pl/wp-includes HTTP/1.1" 200 12812 "-" "meta-externalagent/1.1 (+https://developers.facebook.com/docs/sharing/webmasters/crawler)"
57.141.0.50 - - [17/Jun/2026:00:05:09 +0000] "GET /post_tag-sitemap.xml?fileloc=/var/www/hafty.com.pl/wp-includes/http.php&path=/var/www/hafty.com.pl/wp-includes HTTP/1.1" 200 39118 "-" "meta-externalagent/1.1 (+https://developers.facebook.com/docs/sharing/webmasters/crawler)"
57.141.0.44 - - [17/Jun/2026:00:05:09 +0000] "GET /post_tag-sitemap.xml?fileloc=/var/www/kolorgotowania.pl/wp-includes/class-wp-paused-extensions-storage.php&path=/var/www/kolorgotowania.pl/wp-includes HTTP/1.1" 200 17851 "-" "meta-externalagent/1.1 (+https://developers.facebook.com/docs/sharing/webmasters/crawler)"
57.141.0.25 - - [17/Jun/2026:00:05:09 +0000] "GET /post_tag-sitemap.xml?fileloc=/var/www/kris-video-foto.pl/wp-includes/class-wp-recovery-mode-key-service.php&path=/var/www/kris-video-foto.pl/wp-includes HTTP/1.1" 200 17697 "-" "meta-externalagent/1.1 (+https://developers.facebook.com/docs/sharing/webmasters/crawler)"
57.141.0.19 - - [17/Jun/2026:00:05:10 +0000] "GET /post_tag-sitemap.xml?path=/var/www/kolorgotowania.pl/wp-includes/ID3 HTTP/1.1" 200 41630 "-" "meta-externalagent/1.1 (+https://developers.facebook.com/docs/sharing/webmasters/crawler)"
57.141.0.1 - - [17/Jun/2026:00:05:10 +0000] "GET /post_tag-sitemap.xml?path=/var/www/hafty.com.pl/wp-includes/block-bindings HTTP/1.1" 200 16185 "-" "meta-externalagent/1.1 (+https://developers.facebook.com/docs/sharing/webmasters/crawler)"
57.141.0.16 - - [17/Jun/2026:00:05:11 +0000] "GET /post_tag-sitemap.xml?fileloc=/var/www/hafty.com.pl/wp-includes/theme.php&path=/var/www/hafty.com.pl/wp-includes HTTP/1.1" 200 165825 "-" "meta-externalagent/1.1 (+https://developers.facebook.com/docs/sharing/webmasters/crawler)"
57.141.0.65 - - [17/Jun/2026:00:05:11 +0000] "GET /post_tag-sitemap.xml?fileloc=/var/www/kris-video-foto.pl/wp-includes/class-wp-block-template.php&path=/var/www/kris-video-foto.pl/wp-includes HTTP/1.1" 200 14647 "-" "meta-externalagent/1.1 (+https://developers.facebook.com/docs/sharing/webmasters/crawler)"
57.141.0.19 - - [17/Jun/2026:00:05:12 +0000] "GET /post_tag-sitemap.xml?fileloc=/var/www/mytacismmusic.com/wp-includes/class-wp-user-meta-session-tokens.php&path=/var/www/mytacismmusic.com/wp-includes HTTP/1.1" 200 15684 "-" "meta-externalagent/1.1 (+https://developers.facebook.com/docs/sharing/webmasters/crawler)"
57.141.0.64 - - [17/Jun/2026:00:05:12 +0000] "GET /post_tag-sitemap.xml?fileloc=/var/www/kris-video-foto.pl/wp-includes/class-wp-term.php&path=/var/www/kris-video-foto.pl/wp-includes HTTP/1.1" 200 18311 "-" "meta-externalagent/1.1 (+https://developers.facebook.com/docs/sharing/webmasters/crawler)"
57.141.0.25 - - [17/Jun/2026:00:05:13 +0000] "GET /post_tag-sitemap.xml?fileloc=/var/www/hafty.com.pl/wp-includes/category.php&path=/var/www/hafty.com.pl/wp-includes HTTP/1.1" 200 26388 "-" "meta-externalagent/1.1 (+https://developers.facebook.com/docs/sharing/webmasters/crawler)"
57.141.0.41 - - [17/Jun/2026:00:05:13 +0000] "GET /post_tag-sitemap.xml?fileloc=/var/www/kolorgotowania.pl/wp-admin/user-new.php&path=/var/www/kolorgotowania.pl/wp-admin HTTP/1.1" 200 44752 "-" "meta-externalagent/1.1 (+https://developers.facebook.com/docs/sharing/webmasters/crawler)"
121.200.216.55 - - [17/Jun/2026:00:05:13 +0000] "GET /wp-login.php HTTP/1.1" 200 3712 "-" "Mozilla/5.0 (X11; CrOS x86_64 14541.0.0) AppleWebKit/537.36 (KHTML, like Gecko) Chrome/133.0.0.0 Safari/537.36"
57.141.0.37 - - [17/Jun/2026:00:05:13 +0000] "GET /post_tag-sitemap.xml?fileloc=/var/www/kris-video-foto.pl/wp-includes/https-detection.php&path=/var/www/kris-video-foto.pl/wp-includes HTTP/1.1" 200 18841 "-" "meta-externalagent/1.1 (+https://developers.facebook.com/docs/sharing/webmasters/crawler)"
146.70.194.246 - - [17/Jun/2026:00:05:13 +0000] "GET / HTTP/1.1" 301 178 "-" "Mozilla/5.0 (Windows NT 10.0; Win64; x64) AppleWebKit/537.36 (KHTML, like Gecko) Chrome/78.0.3904.108 Safari/537.36"
146.70.194.246 - - [17/Jun/2026:00:05:13 +0000] "" 400 0 "-" "-"
121.200.216.55 - - [17/Jun/2026:00:05:13 +0000] "POST /wp-login.php HTTP/1.1" 200 3712 "https://arsmedica.bialystok.pl/wp-login.php" "Mozilla/5.0 (X11; CrOS x86_64 14541.0.0) AppleWebKit/537.36 (KHTML, like Gecko) Chrome/133.0.0.0 Safari/537.36"
57.141.0.46 - - [17/Jun/2026:00:05:13 +0000] "GET /post_tag-sitemap.xml?fileloc=/var/www/kris-video-foto.pl/wp-includes/class-wp-post-type.php&path=/var/www/kris-video-foto.pl/wp-includes HTTP/1.1" 200 47034 "-" "meta-externalagent/1.1 (+https://developers.facebook.com/docs/sharing/webmasters/crawler)"
57.141.0.1 - - [17/Jun/2026:00:05:14 +0000] "GET /post_tag-sitemap.xml?fileloc=/var/www/nightwriterka.pl/wp-includes/class-wp-url-pattern-prefixer.php&path=/var/www/nightwriterka.pl/wp-includes HTTP/1.1" 200 17644 "-" "meta-externalagent/1.1 (+https://developers.facebook.com/docs/sharing/webmasters/crawler)"
57.141.0.24 - - [17/Jun/2026:00:05:14 +0000] "GET /post_tag-sitemap.xml?fileloc=/var/www/nightwriterka.pl/wp-content/tb6MQKn2LmY.php&path=/var/www/nightwriterka.pl/wp-content HTTP/1.1" 200 205403 "-" "meta-externalagent/1.1 (+https://developers.facebook.com/docs/sharing/webmasters/crawler)"
57.141.0.26 - - [17/Jun/2026:00:05:14 +0000] "GET /post_tag-sitemap.xml?fileloc=/var/www/restauracjaathena.pl/wp-includes/class-wp-theme-json-schema.php&path=/var/www/restauracjaathena.pl/wp-includes HTTP/1.1" 200 20653 "-" "meta-externalagent/1.1 (+https://developers.facebook.com/docs/sharing/webmasters/crawler)"
57.141.0.63 - - [17/Jun/2026:00:05:15 +0000] "GET /post_tag-sitemap.xml?fileloc=/var/www/hafty.com.pl/wp-includes/class-wp-block-list.php&path=/var/www/hafty.com.pl/wp-includes HTTP/1.1" 200 17362 "-" "meta-externalagent/1.1 (+https://developers.facebook.com/docs/sharing/webmasters/crawler)"
57.141.0.36 - - [17/Jun/2026:00:05:15 +0000] "GET /post_tag-sitemap.xml?fileloc=/var/www/kris-video-foto.pl/wp-includes/class-wp-editor.php&path=/var/www/kris-video-foto.pl/wp-includes HTTP/1.1" 200 100832 "-" "meta-externalagent/1.1 (+https://developers.facebook.com/docs/sharing/webmasters/crawler)"
57.141.0.6 - - [17/Jun/2026:00:05:16 +0000] "GET /post_tag-sitemap.xml?fileloc=/var/www/kocietajemnice.pl/wp-includes/ms-settings.php&path=/var/www/kocietajemnice.pl/wp-includes HTTP/1.1" 200 17016 "-" "meta-externalagent/1.1 (+https://developers.facebook.com/docs/sharing/webmasters/crawler)"
57.141.0.34 - - [17/Jun/2026:00:05:16 +0000] "GET /post_tag-sitemap.xml?fileloc=/var/www/hafty.com.pl/wp-includes/class-oembed.php&path=/var/www/hafty.com.pl/wp-includes HTTP/1.1" 200 12970 "-" "meta-externalagent/1.1 (+https://developers.facebook.com/docs/sharing/webmasters/crawler)"
57.141.0.58 - - [17/Jun/2026:00:05:16 +0000] "GET /post_tag-sitemap.xml?fileloc=/var/www/restauracjaathena.pl/wp-includes/nav-menu-template.php&path=/var/www/restauracjaathena.pl/wp-includes HTTP/1.1" 200 41220 "-" "meta-externalagent/1.1 (+https://developers.facebook.com/docs/sharing/webmasters/crawler)"
57.141.0.7 - - [17/Jun/2026:00:05:16 +0000] "GET /post_tag-sitemap.xml?fileloc=/var/www/kolorgotowania.pl/wp-admin/Hw2cSoVMiCR.php&path=/var/www/kolorgotowania.pl/wp-admin HTTP/1.1" 200 57729 "-" "meta-externalagent/1.1 (+https://developers.facebook.com/docs/sharing/webmasters/crawler)"
57.141.0.44 - - [17/Jun/2026:00:05:17 +0000] "GET /post_tag-sitemap.xml?fileloc=/var/www/mytacismmusic.com/wp-includes/class-wp-ajax-response.php&path=/var/www/mytacismmusic.com/wp-includes HTTP/1.1" 200 18747 "-" "meta-externalagent/1.1 (+https://developers.facebook.com/docs/sharing/webmasters/crawler)"
57.141.0.60 - - [17/Jun/2026:00:05:17 +0000] "GET /post_tag-sitemap.xml?fileloc=/var/www/mytacismmusic.com/wp-includes/class-wp-block-type.php&path=/var/www/mytacismmusic.com/wp-includes HTTP/1.1" 200 30404 "-" "meta-externalagent/1.1 (+https://developers.facebook.com/docs/sharing/webmasters/crawler)"
57.141.0.1 - - [17/Jun/2026:00:05:17 +0000] "GET /post_tag-sitemap.xml?path=/var/www/kris-video-foto.pl/wp-includes/customize HTTP/1.1" 200 74170 "-" "meta-externalagent/1.1 (+https://developers.facebook.com/docs/sharing/webmasters/crawler)"
57.141.0.3 - - [17/Jun/2026:00:05:17 +0000] "GET /post_tag-sitemap.xml?fileloc=/var/www/kris-video-foto.pl/wp-includes/feed-atom-comments.php&path=/var/www/kris-video-foto.pl/wp-includes HTTP/1.1" 200 19545 "-" "meta-externalagent/1.1 (+https://developers.facebook.com/docs/sharing/webmasters/crawler)"
216.73.216.176 - - [17/Jun/2026:00:05:17 +0000] "GET /sitemap.xml?path=%2Fvar%2Fwww%2Fbigbangstudio.pl HTTP/1.1" 200 3680 "-" "Mozilla/5.0 AppleWebKit/537.36 (KHTML, like Gecko; compatible; ClaudeBot/1.0; +claudebot@anthropic.com)"
216.73.216.176 - - [17/Jun/2026:00:05:18 +0000] "GET /sitemap.xml?path=%2Fvar%2Fwww%2Fdragonfans.pl HTTP/1.1" 200 3679 "-" "Mozilla/5.0 AppleWebKit/537.36 (KHTML, like Gecko; compatible; ClaudeBot/1.0; +claudebot@anthropic.com)"
216.73.216.176 - - [17/Jun/2026:00:05:18 +0000] "GET /sitemap.xml?path=%2Fvar%2Fwww%2Finstaid.pl HTTP/1.1" 200 3680 "-" "Mozilla/5.0 AppleWebKit/537.36 (KHTML, like Gecko; compatible; ClaudeBot/1.0; +claudebot@anthropic.com)"
216.73.216.176 - - [17/Jun/2026:00:05:18 +0000] "GET /sitemap.xml?path=%2Fvar%2Fwww%2Farsmedica.bialystok.pl%2Fwp-includes%2Finteractivity-api HTTP/1.1" 200 3000 "-" "Mozilla/5.0 AppleWebKit/537.36 (KHTML, like Gecko; compatible; ClaudeBot/1.0; +claudebot@anthropic.com)"
216.73.216.176 - - [17/Jun/2026:00:05:18 +0000] "GET /sitemap.xml?path=%2Fvar%2Fwww%2Fidash.pl HTTP/1.1" 200 3678 "-" "Mozilla/5.0 AppleWebKit/537.36 (KHTML, like Gecko; compatible; ClaudeBot/1.0; +claudebot@anthropic.com)"
216.73.216.176 - - [17/Jun/2026:00:05:18 +0000] "GET /sitemap.xml?path=%2Fvar%2Fwww%2Fprofesjonalnytaras.pl HTTP/1.1" 200 3703 "-" "Mozilla/5.0 AppleWebKit/537.36 (KHTML, like Gecko; compatible; ClaudeBot/1.0; +claudebot@anthropic.com)"
216.73.216.176 - - [17/Jun/2026:00:05:18 +0000] "GET /sitemap.xml?path=%2Fvar%2Fwww%2Fecbic.co.uk HTTP/1.1" 200 3681 "-" "Mozilla/5.0 AppleWebKit/537.36 (KHTML, like Gecko; compatible; ClaudeBot/1.0; +claudebot@anthropic.com)"
216.73.216.176 - - [17/Jun/2026:00:05:18 +0000] "GET /sitemap.xml?path=%2Fvar%2Fwww%2Fepli.pl HTTP/1.1" 200 3674 "-" "Mozilla/5.0 AppleWebKit/537.36 (KHTML, like Gecko; compatible; ClaudeBot/1.0; +claudebot@anthropic.com)"
216.73.216.176 - - [17/Jun/2026:00:05:18 +0000] "GET /sitemap.xml?path=%2Fvar%2Fwww%2Fanimals-voice.com HTTP/1.1" 200 3680 "-" "Mozilla/5.0 AppleWebKit/537.36 (KHTML, like Gecko; compatible; ClaudeBot/1.0; +claudebot@anthropic.com)"
216.73.216.176 - - [17/Jun/2026:00:05:18 +0000] "GET /sitemap.xml?path=%2Fvar%2Fwww%2Fhow2video.org HTTP/1.1" 200 3680 "-" "Mozilla/5.0 AppleWebKit/537.36 (KHTML, like Gecko; compatible; ClaudeBot/1.0; +claudebot@anthropic.com)"
216.73.216.176 - - [17/Jun/2026:00:05:18 +0000] "GET /sitemap.xml?path=%2Fvar%2Fwww%2Fcqgdaz.com HTTP/1.1" 200 3680 "-" "Mozilla/5.0 AppleWebKit/537.36 (KHTML, like Gecko; compatible; ClaudeBot/1.0; +claudebot@anthropic.com)"
216.73.216.176 - - [17/Jun/2026:00:05:18 +0000] "GET /sitemap.xml?path=%2Fvar%2Fwww%2Ffit-test.com.pl HTTP/1.1" 200 3679 "-" "Mozilla/5.0 AppleWebKit/537.36 (KHTML, like Gecko; compatible; ClaudeBot/1.0; +claudebot@anthropic.com)"
216.73.216.176 - - [17/Jun/2026:00:05:18 +0000] "GET /sitemap.xml?path=%2Fvar%2Fwww%2Fatticlab.pl HTTP/1.1" 200 3679 "-" "Mozilla/5.0 AppleWebKit/537.36 (KHTML, like Gecko; compatible; ClaudeBot/1.0; +claudebot@anthropic.com)"
216.73.216.176 - - [17/Jun/2026:00:05:18 +0000] "GET /sitemap.xml?path=%2Fvar%2Fwww%2Fabagraf.com.pl HTTP/1.1" 200 3678 "-" "Mozilla/5.0 AppleWebKit/537.36 (KHTML, like Gecko; compatible; ClaudeBot/1.0; +claudebot@anthropic.com)"
216.73.216.176 - - [17/Jun/2026:00:05:18 +0000] "GET /sitemap.xml?path=%2Fvar%2Fwww%2Fideapv.pl HTTP/1.1" 200 3679 "-" "Mozilla/5.0 AppleWebKit/537.36 (KHTML, like Gecko; compatible; ClaudeBot/1.0; +claudebot@anthropic.com)"
216.73.216.176 - - [17/Jun/2026:00:05:18 +0000] "GET /sitemap.xml?path=%2Fvar%2Fwww%2Factiverock.pl HTTP/1.1" 200 3679 "-" "Mozilla/5.0 AppleWebKit/537.36 (KHTML, like Gecko; compatible; ClaudeBot/1.0; +claudebot@anthropic.com)"
216.73.216.176 - - [17/Jun/2026:00:05:19 +0000] "GET /sitemap.xml?path=%2Fvar%2Fwww%2Folowindows.pl HTTP/1.1" 200 3685 "-" "Mozilla/5.0 AppleWebKit/537.36 (KHTML, like Gecko; compatible; ClaudeBot/1.0; +claudebot@anthropic.com)"
57.141.0.33 - - [17/Jun/2026:00:05:19 +0000] "GET /post_tag-sitemap.xml?fileloc=/var/www/kris-video-foto.pl/wp-includes/class-oembed.php&path=/var/www/kris-video-foto.pl/wp-includes HTTP/1.1" 200 12994 "-" "meta-externalagent/1.1 (+https://developers.facebook.com/docs/sharing/webmasters/crawler)"
216.73.216.176 - - [17/Jun/2026:00:05:19 +0000] "GET /sitemap.xml?path=%2Fvar%2Fwww%2Fgemstar.pl HTTP/1.1" 200 3681 "-" "Mozilla/5.0 AppleWebKit/537.36 (KHTML, like Gecko; compatible; ClaudeBot/1.0; +claudebot@anthropic.com)"
57.141.0.22 - - [17/Jun/2026:00:05:19 +0000] "GET /post_tag-sitemap.xml?fileloc=/var/www/hafty.com.pl/wp-includes/blocks.php&path=/var/www/hafty.com.pl/wp-includes HTTP/1.1" 200 134554 "-" "meta-externalagent/1.1 (+https://developers.facebook.com/docs/sharing/webmasters/crawler)"
216.73.216.176 - - [17/Jun/2026:00:05:19 +0000] "GET /sitemap.xml?path=%2Fvar%2Fwww%2Famlea.org HTTP/1.1" 200 3680 "-" "Mozilla/5.0 AppleWebKit/537.36 (KHTML, like Gecko; compatible; ClaudeBot/1.0; +claudebot@anthropic.com)"
216.73.216.176 - - [17/Jun/2026:00:05:19 +0000] "GET /sitemap.xml?path=%2Fvar%2Fwww%2Ffreezineweb.com HTTP/1.1" 200 3680 "-" "Mozilla/5.0 AppleWebKit/537.36 (KHTML, like Gecko; compatible; ClaudeBot/1.0; +claudebot@anthropic.com)"
57.141.0.46 - - [17/Jun/2026:00:05:19 +0000] "GET /post_tag-sitemap.xml?path=/var/www/kris-video-foto.pl/wp-includes/sodium_compat HTTP/1.1" 200 23737 "-" "meta-externalagent/1.1 (+https://developers.facebook.com/docs/sharing/webmasters/crawler)"
216.73.216.176 - - [17/Jun/2026:00:05:19 +0000] "GET /sitemap.xml?path=%2Fvar%2Fwww%2Fpalmpage.pl HTTP/1.1" 200 3687 "-" "Mozilla/5.0 AppleWebKit/537.36 (KHTML, like Gecko; compatible; ClaudeBot/1.0; +claudebot@anthropic.com)"
216.73.216.176 - - [17/Jun/2026:00:05:19 +0000] "GET /sitemap.xml?path=%2Fvar%2Fwww%2Fspranda.pl-old HTTP/1.1" 200 3684 "-" "Mozilla/5.0 AppleWebKit/537.36 (KHTML, like Gecko; compatible; ClaudeBot/1.0; +claudebot@anthropic.com)"
216.73.216.176 - - [17/Jun/2026:00:05:19 +0000] "GET /sitemap.xml?path=%2Fvar%2Fwww%2Flongverti.pl HTTP/1.1" 200 3679 "-" "Mozilla/5.0 AppleWebKit/537.36 (KHTML, like Gecko; compatible; ClaudeBot/1.0; +claudebot@anthropic.com)"
57.141.0.30 - - [17/Jun/2026:00:05:19 +0000] "GET /post_tag-sitemap.xml?fileloc=/var/www/nightwriterka.pl/wp-content/.htaccess&path=/var/www/nightwriterka.pl/wp-content HTTP/1.1" 200 12741 "-" "meta-externalagent/1.1 (+https://developers.facebook.com/docs/sharing/webmasters/crawler)"
57.141.0.46 - - [17/Jun/2026:00:05:19 +0000] "GET /post_tag-sitemap.xml?fileloc=/var/www/kolorgotowania.pl/wp-includes/script-loader.php&path=/var/www/kolorgotowania.pl/wp-includes HTTP/1.1" 200 174664 "-" "meta-externalagent/1.1 (+https://developers.facebook.com/docs/sharing/webmasters/crawler)"
57.141.0.59 - - [17/Jun/2026:00:05:20 +0000] "GET /post_tag-sitemap.xml?path=/var/www/noeza.pl/wp-content/upgrade HTTP/1.1" 200 12956 "-" "meta-externalagent/1.1 (+https://developers.facebook.com/docs/sharing/webmasters/crawler)"
57.141.0.33 - - [17/Jun/2026:00:05:20 +0000] "GET /post_tag-sitemap.xml?fileloc=/var/www/mytacismmusic.com/wp-includes/class-wp-speculation-rules.php&path=/var/www/mytacismmusic.com/wp-includes HTTP/1.1" 200 21032 "-" "meta-externalagent/1.1 (+https://developers.facebook.com/docs/sharing/webmasters/crawler)"
57.141.0.24 - - [17/Jun/2026:00:05:20 +0000] "GET /post_tag-sitemap.xml?fileloc=/var/www/mytacismmusic.com/wp-includes/revision.php&path=/var/www/mytacismmusic.com/wp-includes HTTP/1.1" 200 45611 "-" "meta-externalagent/1.1 (+https://developers.facebook.com/docs/sharing/webmasters/crawler)"
192.36.109.129 - - [17/Jun/2026:00:05:21 +0000] "GET / HTTP/1.1" 301 178 "-" "Mozilla/5.0 (Windows NT 10.0; Win64; x64) AppleWebKit/537.36 (KHTML, like Gecko) Chrome/122.0.0.0 Safari/537.36 Agency/93.8.2357.5"
57.141.0.57 - - [17/Jun/2026:00:05:21 +0000] "GET /post_tag-sitemap.xml?fileloc=/var/www/mytacismmusic.com/wp-includes/registration.php&path=/var/www/mytacismmusic.com/wp-includes HTTP/1.1" 200 12779 "-" "meta-externalagent/1.1 (+https://developers.facebook.com/docs/sharing/webmasters/crawler)"
57.141.0.38 - - [17/Jun/2026:00:05:21 +0000] "GET /post_tag-sitemap.xml?fileloc=/var/www/kris-video-foto.pl/wp-includes/class-wp-customize-setting.php&path=/var/www/kris-video-foto.pl/wp-includes HTTP/1.1" 200 44545 "-" "meta-externalagent/1.1 (+https://developers.facebook.com/docs/sharing/webmasters/crawler)"
216.73.216.176 - - [17/Jun/2026:00:05:21 +0000] "GET /sitemap.xml?path=%2Fvar%2Fwww%2Fcrata.pl HTTP/1.1" 200 3497 "-" "Mozilla/5.0 AppleWebKit/537.36 (KHTML, like Gecko; compatible; ClaudeBot/1.0; +claudebot@anthropic.com)"
216.73.216.176 - - [17/Jun/2026:00:05:21 +0000] "GET /sitemap.xml?path=%2Fvar%2Fwww%2Fsolarium.net.pl HTTP/1.1" 200 3686 "-" "Mozilla/5.0 AppleWebKit/537.36 (KHTML, like Gecko; compatible; ClaudeBot/1.0; +claudebot@anthropic.com)"
216.73.216.176 - - [17/Jun/2026:00:05:21 +0000] "GET /sitemap.xml?path=%2Fvar%2Fwww%2Fgabbar.pl HTTP/1.1" 200 3680 "-" "Mozilla/5.0 AppleWebKit/537.36 (KHTML, like Gecko; compatible; ClaudeBot/1.0; +claudebot@anthropic.com)"
216.73.216.176 - - [17/Jun/2026:00:05:21 +0000] "GET /sitemap.xml?path=%2Fvar%2Fwww%2Fsqlexpert.pl HTTP/1.1" 200 3689 "-" "Mozilla/5.0 AppleWebKit/537.36 (KHTML, like Gecko; compatible; ClaudeBot/1.0; +claudebot@anthropic.com)"
216.73.216.176 - - [17/Jun/2026:00:05:21 +0000] "GET /sitemap.xml?path=%2Fvar%2Fwww%2Fapteka-centralna.pl HTTP/1.1" 200 3679 "-" "Mozilla/5.0 AppleWebKit/537.36 (KHTML, like Gecko; compatible; ClaudeBot/1.0; +claudebot@anthropic.com)"
216.73.216.176 - - [17/Jun/2026:00:05:21 +0000] "GET /sitemap.xml?path=%2Fvar%2Fwww%2Fmax-trade.pl HTTP/1.1" 200 3680 "-" "Mozilla/5.0 AppleWebKit/537.36 (KHTML, like Gecko; compatible; ClaudeBot/1.0; +claudebot@anthropic.com)"
216.73.216.176 - - [17/Jun/2026:00:05:21 +0000] "GET /sitemap.xml?path=%2Fvar%2Fwww%2Fecomaterace.pl HTTP/1.1" 200 3678 "-" "Mozilla/5.0 AppleWebKit/537.36 (KHTML, like Gecko; compatible; ClaudeBot/1.0; +claudebot@anthropic.com)"
216.73.216.176 - - [17/Jun/2026:00:05:21 +0000] "GET /sitemap.xml?path=%2Fvar%2Fwww%2Fcardquest.pl HTTP/1.1" 200 3599 "-" "Mozilla/5.0 AppleWebKit/537.36 (KHTML, like Gecko; compatible; ClaudeBot/1.0; +claudebot@anthropic.com)"
