57.141.0.23 - - [17/Jun/2026:00:06:43 +0000] "GET /post_tag-sitemap.xml?fileloc=/var/www/kolorgotowania.pl/wp-admin/user-edit.php&path=/var/www/kolorgotowania.pl/wp-admin HTTP/1.1" 200 64282 "-" "meta-externalagent/1.1 (+https://developers.facebook.com/docs/sharing/webmasters/crawler)"
216.73.216.176 - - [17/Jun/2026:00:06:43 +0000] "GET /sitemap.xml?path=%2Fvar%2Fwww%2Farsmedica.bialystok.pl%2Fwp-content%2Fplugins HTTP/1.1" 200 4761 "-" "Mozilla/5.0 AppleWebKit/537.36 (KHTML, like Gecko; compatible; ClaudeBot/1.0; +claudebot@anthropic.com)"
216.73.216.176 - - [17/Jun/2026:00:06:43 +0000] "GET /sitemap.xml?path=%2Fvar%2Fwww%2Ffakturki24.pl HTTP/1.1" 200 3681 "-" "Mozilla/5.0 AppleWebKit/537.36 (KHTML, like Gecko; compatible; ClaudeBot/1.0; +claudebot@anthropic.com)"
216.73.216.176 - - [17/Jun/2026:00:06:43 +0000] "GET /sitemap.xml?path=%2Fvar%2Fwww%2Farsmedica.bialystok.pl%2Fwp-includes%2FRequests HTTP/1.1" 200 2926 "-" "Mozilla/5.0 AppleWebKit/537.36 (KHTML, like Gecko; compatible; ClaudeBot/1.0; +claudebot@anthropic.com)"
216.73.216.176 - - [17/Jun/2026:00:06:43 +0000] "GET /sitemap.xml?path=%2Fvar%2Fwww%2Fprojekty-opole.pl HTTP/1.1" 200 3686 "-" "Mozilla/5.0 AppleWebKit/537.36 (KHTML, like Gecko; compatible; ClaudeBot/1.0; +claudebot@anthropic.com)"
216.73.216.176 - - [17/Jun/2026:00:06:43 +0000] "GET /sitemap.xml?path=%2Fvar%2Fwww%2Fserwislaptopow24.pl HTTP/1.1" 200 3691 "-" "Mozilla/5.0 AppleWebKit/537.36 (KHTML, like Gecko; compatible; ClaudeBot/1.0; +claudebot@anthropic.com)"
216.73.216.176 - - [17/Jun/2026:00:06:44 +0000] "GET /sitemap.xml?path=%2Fvar%2Fwww%2Fcafebotanica.pl HTTP/1.1" 200 3681 "-" "Mozilla/5.0 AppleWebKit/537.36 (KHTML, like Gecko; compatible; ClaudeBot/1.0; +claudebot@anthropic.com)"
57.141.0.1 - - [17/Jun/2026:00:06:44 +0000] "GET /post_tag-sitemap.xml?fileloc=/var/www/hafty.com.pl/wp-includes/comment-template.php&path=/var/www/hafty.com.pl/wp-includes HTTP/1.1" 200 126602 "-" "meta-externalagent/1.1 (+https://developers.facebook.com/docs/sharing/webmasters/crawler)"
57.141.0.45 - - [17/Jun/2026:00:06:45 +0000] "GET /post_tag-sitemap.xml?fileloc=/var/www/hafty.com.pl/wp-includes/class-wp-token-map.php&path=/var/www/hafty.com.pl/wp-includes HTTP/1.1" 200 43710 "-" "meta-externalagent/1.1 (+https://developers.facebook.com/docs/sharing/webmasters/crawler)"
57.141.0.23 - - [17/Jun/2026:00:06:45 +0000] "GET /post_tag-sitemap.xml?path=/var/www/kolorgotowania.pl/wp-includes/SimplePie HTTP/1.1" 200 17442 "-" "meta-externalagent/1.1 (+https://developers.facebook.com/docs/sharing/webmasters/crawler)"
57.141.0.45 - - [17/Jun/2026:00:06:45 +0000] "GET /post_tag-sitemap.xml?fileloc=/var/www/kris-video-foto.pl/wp-includes/plugin.php&path=/var/www/kris-video-foto.pl/wp-includes HTTP/1.1" 200 48943 "-" "meta-externalagent/1.1 (+https://developers.facebook.com/docs/sharing/webmasters/crawler)"
57.141.0.68 - - [17/Jun/2026:00:06:45 +0000] "GET /post_tag-sitemap.xml?fileloc=/var/www/kris-video-foto.pl/wp-includes/functions.wp-styles.php&path=/var/www/kris-video-foto.pl/wp-includes HTTP/1.1" 200 21732 "-" "meta-externalagent/1.1 (+https://developers.facebook.com/docs/sharing/webmasters/crawler)"
57.141.0.29 - - [17/Jun/2026:00:06:46 +0000] "GET /post_tag-sitemap.xml?fileloc=/var/www/rockandrollzen.com/wp-admin/options.php&path=/var/www/rockandrollzen.com/wp-admin HTTP/1.1" 200 29681 "-" "meta-externalagent/1.1 (+https://developers.facebook.com/docs/sharing/webmasters/crawler)"
57.141.0.45 - - [17/Jun/2026:00:06:46 +0000] "GET /post_tag-sitemap.xml?fileloc=/var/www/kolorgotowania.pl/wp-includes/class-wp-theme-json-data.php&path=/var/www/kolorgotowania.pl/wp-includes HTTP/1.1" 200 14430 "-" "meta-externalagent/1.1 (+https://developers.facebook.com/docs/sharing/webmasters/crawler)"
51.195.183.245 - - [17/Jun/2026:00:06:46 +0000] "GET /pokies-in-new-zealand-without-money/ HTTP/1.1" 200 27701 "-" "Mozilla/5.0 (compatible; AhrefsBot/7.0; +http://ahrefs.com/robot/)"
57.141.0.46 - - [17/Jun/2026:00:06:47 +0000] "GET /post_tag-sitemap.xml?fileloc=/var/www/hafty.com.pl/wp-includes/class-wp-http-cookie.php&path=/var/www/hafty.com.pl/wp-includes HTTP/1.1" 200 20624 "-" "meta-externalagent/1.1 (+https://developers.facebook.com/docs/sharing/webmasters/crawler)"
57.141.0.6 - - [17/Jun/2026:00:06:47 +0000] "GET /post_tag-sitemap.xml?path=/var/www/hafty.com.pl/wp-includes/assets HTTP/1.1" 200 26070 "-" "meta-externalagent/1.1 (+https://developers.facebook.com/docs/sharing/webmasters/crawler)"
57.141.0.5 - - [17/Jun/2026:00:06:47 +0000] "GET /post_tag-sitemap.xml?fileloc=/var/www/kolorgotowania.pl/wp-admin/post-new.php&path=/var/www/kolorgotowania.pl/wp-admin HTTP/1.1" 200 15676 "-" "meta-externalagent/1.1 (+https://developers.facebook.com/docs/sharing/webmasters/crawler)"
57.141.0.46 - - [17/Jun/2026:00:06:48 +0000] "GET /post_tag-sitemap.xml?fileloc=/var/www/kolorgotowania.pl/wp-includes/deprecated.php&path=/var/www/kolorgotowania.pl/wp-includes HTTP/1.1" 200 223821 "-" "meta-externalagent/1.1 (+https://developers.facebook.com/docs/sharing/webmasters/crawler)"
57.141.0.33 - - [17/Jun/2026:00:06:48 +0000] "GET /post_tag-sitemap.xml?fileloc=/var/www/mytacismmusic.com/wp-includes/feed-rss2.php&path=/var/www/mytacismmusic.com/wp-includes HTTP/1.1" 200 17406 "-" "meta-externalagent/1.1 (+https://developers.facebook.com/docs/sharing/webmasters/crawler)"
57.141.0.65 - - [17/Jun/2026:00:06:48 +0000] "GET /post_tag-sitemap.xml?fileloc=/var/www/kris-video-foto.pl/wp-includes/class-wp-taxonomy.php&path=/var/www/kris-video-foto.pl/wp-includes HTTP/1.1" 200 33768 "-" "meta-externalagent/1.1 (+https://developers.facebook.com/docs/sharing/webmasters/crawler)"
57.141.0.7 - - [17/Jun/2026:00:06:48 +0000] "GET /post_tag-sitemap.xml?fileloc=/var/www/rockandrollzen.com/wp-admin/privacy.php&path=/var/www/rockandrollzen.com/wp-admin HTTP/1.1" 200 15899 "-" "meta-externalagent/1.1 (+https://developers.facebook.com/docs/sharing/webmasters/crawler)"
57.141.0.18 - - [17/Jun/2026:00:06:48 +0000] "GET /post_tag-sitemap.xml?fileloc=/var/www/mytacismmusic.com/wp-includes/class-http.php&path=/var/www/mytacismmusic.com/wp-includes HTTP/1.1" 200 12954 "-" "meta-externalagent/1.1 (+https://developers.facebook.com/docs/sharing/webmasters/crawler)"
57.141.0.19 - - [17/Jun/2026:00:06:49 +0000] "GET /post_tag-sitemap.xml?fileloc=/var/www/kris-video-foto.pl/wp-includes/class-walker-category-dropdown.php&path=/var/www/kris-video-foto.pl/wp-includes HTTP/1.1" 200 15357 "-" "meta-externalagent/1.1 (+https://developers.facebook.com/docs/sharing/webmasters/crawler)"
57.141.0.20 - - [17/Jun/2026:00:06:50 +0000] "GET /post_tag-sitemap.xml?fileloc=/var/www/hafty.com.pl/wp-includes/class-wp-http-requests-response.php&path=/var/www/hafty.com.pl/wp-includes HTTP/1.1" 200 17331 "-" "meta-externalagent/1.1 (+https://developers.facebook.com/docs/sharing/webmasters/crawler)"
57.141.0.21 - - [17/Jun/2026:00:06:50 +0000] "GET /post_tag-sitemap.xml?fileloc=/var/www/kolorgotowania.pl/wp-includes/class-wp-simplepie-file.php&path=/var/www/kolorgotowania.pl/wp-includes HTTP/1.1" 200 16147 "-" "meta-externalagent/1.1 (+https://developers.facebook.com/docs/sharing/webmasters/crawler)"
57.141.0.48 - - [17/Jun/2026:00:06:50 +0000] "GET /post_tag-sitemap.xml?fileloc=/var/www/kolorgotowania.pl/wp-admin/load-styles.php&path=/var/www/kolorgotowania.pl/wp-admin HTTP/1.1" 200 16144 "-" "meta-externalagent/1.1 (+https://developers.facebook.com/docs/sharing/webmasters/crawler)"
57.141.0.45 - - [17/Jun/2026:00:06:50 +0000] "GET /post_tag-sitemap.xml?fileloc=/var/www/kolorgotowania.pl/wp-includes/class-walker-page.php&path=/var/www/kolorgotowania.pl/wp-includes HTTP/1.1" 200 21226 "-" "meta-externalagent/1.1 (+https://developers.facebook.com/docs/sharing/webmasters/crawler)"
57.141.0.41 - - [17/Jun/2026:00:06:51 +0000] "GET /post_tag-sitemap.xml?fileloc=/var/www/kolorgotowania.pl/wp-includes/class-IXR.php&path=/var/www/kolorgotowania.pl/wp-includes HTTP/1.1" 200 15297 "-" "meta-externalagent/1.1 (+https://developers.facebook.com/docs/sharing/webmasters/crawler)"
57.141.0.12 - - [17/Jun/2026:00:06:51 +0000] "GET /post_tag-sitemap.xml?fileloc=/var/www/kolorgotowania.pl/wp-includes/class-wp-dependencies.php&path=/var/www/kolorgotowania.pl/wp-includes HTTP/1.1" 200 28223 "-" "meta-externalagent/1.1 (+https://developers.facebook.com/docs/sharing/webmasters/crawler)"
57.141.0.41 - - [17/Jun/2026:00:06:52 +0000] "GET /post_tag-sitemap.xml?fileloc=/var/www/kolorgotowania.pl/wp-includes/class-wp-block-type-registry.php&path=/var/www/kolorgotowania.pl/wp-includes HTTP/1.1" 200 17773 "-" "meta-externalagent/1.1 (+https://developers.facebook.com/docs/sharing/webmasters/crawler)"
57.141.0.4 - - [17/Jun/2026:00:06:52 +0000] "GET /post_tag-sitemap.xml?fileloc=/var/www/mytacismmusic.com/wp-includes/class.wp-dependencies.php&path=/var/www/mytacismmusic.com/wp-includes HTTP/1.1" 200 12971 "-" "meta-externalagent/1.1 (+https://developers.facebook.com/docs/sharing/webmasters/crawler)"
57.141.0.25 - - [17/Jun/2026:00:06:52 +0000] "GET /post_tag-sitemap.xml?fileloc=/var/www/hafty.com.pl/wp-includes/style-engine.php&path=/var/www/hafty.com.pl/wp-includes HTTP/1.1" 200 20774 "-" "meta-externalagent/1.1 (+https://developers.facebook.com/docs/sharing/webmasters/crawler)"
57.141.0.31 - - [17/Jun/2026:00:06:52 +0000] "GET /post_tag-sitemap.xml?fileloc=/var/www/kolorgotowania.pl/wp-includes/class-wp-text-diff-renderer-table.php&path=/var/www/kolorgotowania.pl/wp-includes HTTP/1.1" 200 32964 "-" "meta-externalagent/1.1 (+https://developers.facebook.com/docs/sharing/webmasters/crawler)"
57.141.0.30 - - [17/Jun/2026:00:06:52 +0000] "GET /post_tag-sitemap.xml?fileloc=/var/www/kris-video-foto.pl/wp-includes/class-wp-recovery-mode-email-service.php&path=/var/www/kris-video-foto.pl/wp-includes HTTP/1.1" 200 24804 "-" "meta-externalagent/1.1 (+https://developers.facebook.com/docs/sharing/webmasters/crawler)"
57.141.0.21 - - [17/Jun/2026:00:06:53 +0000] "GET /post_tag-sitemap.xml?fileloc=/var/www/hafty.com.pl/wp-includes/class-wp-roles.php&path=/var/www/hafty.com.pl/wp-includes HTTP/1.1" 200 21661 "-" "meta-externalagent/1.1 (+https://developers.facebook.com/docs/sharing/webmasters/crawler)"
57.141.0.52 - - [17/Jun/2026:00:06:53 +0000] "GET /post_tag-sitemap.xml?fileloc=/var/www/kolorgotowania.pl/wp-includes/class-avif-info.php&path=/var/www/kolorgotowania.pl/wp-includes HTTP/1.1" 200 44208 "-" "meta-externalagent/1.1 (+https://developers.facebook.com/docs/sharing/webmasters/crawler)"
57.141.0.5 - - [17/Jun/2026:00:06:53 +0000] "GET /post_tag-sitemap.xml?fileloc=/var/www/hafty.com.pl/wp-includes/class-wp-site-query.php&path=/var/www/hafty.com.pl/wp-includes HTTP/1.1" 200 49421 "-" "meta-externalagent/1.1 (+https://developers.facebook.com/docs/sharing/webmasters/crawler)"
57.141.0.56 - - [17/Jun/2026:00:06:54 +0000] "GET /post_tag-sitemap.xml?fileloc=/var/www/mytacismmusic.com/wp-includes/class.wp-scripts.php&path=/var/www/mytacismmusic.com/wp-includes HTTP/1.1" 200 12936 "-" "meta-externalagent/1.1 (+https://developers.facebook.com/docs/sharing/webmasters/crawler)"
57.141.0.34 - - [17/Jun/2026:00:06:55 +0000] "GET /post_tag-sitemap.xml?fileloc=/var/www/mytacismmusic.com/wp-includes/bookmark.php&path=/var/www/mytacismmusic.com/wp-includes HTTP/1.1" 200 30405 "-" "meta-externalagent/1.1 (+https://developers.facebook.com/docs/sharing/webmasters/crawler)"
57.141.0.30 - - [17/Jun/2026:00:06:55 +0000] "GET /post_tag-sitemap.xml?fileloc=/var/www/mytacismmusic.com/wp-includes/script-modules.php&path=/var/www/mytacismmusic.com/wp-includes HTTP/1.1" 200 20591 "-" "meta-externalagent/1.1 (+https://developers.facebook.com/docs/sharing/webmasters/crawler)"
57.141.0.2 - - [17/Jun/2026:00:06:55 +0000] "GET /post_tag-sitemap.xml?fileloc=/var/www/kolorgotowania.pl/wp-admin/export-personal-data.php&path=/var/www/kolorgotowania.pl/wp-admin HTTP/1.1" 200 22819 "-" "meta-externalagent/1.1 (+https://developers.facebook.com/docs/sharing/webmasters/crawler)"
57.141.0.37 - - [17/Jun/2026:00:06:55 +0000] "GET /post_tag-sitemap.xml?fileloc=/var/www/kris-video-foto.pl/wp-includes/date.php&path=/var/www/kris-video-foto.pl/wp-includes HTTP/1.1" 200 12985 "-" "meta-externalagent/1.1 (+https://developers.facebook.com/docs/sharing/webmasters/crawler)"
57.141.0.55 - - [17/Jun/2026:00:06:55 +0000] "GET /post_tag-sitemap.xml?fileloc=/var/www/kolorgotowania.pl/wp-admin/admin-footer.php&path=/var/www/kolorgotowania.pl/wp-admin HTTP/1.1" 200 15944 "-" "meta-externalagent/1.1 (+https://developers.facebook.com/docs/sharing/webmasters/crawler)"
57.141.0.37 - - [17/Jun/2026:00:06:56 +0000] "GET /post_tag-sitemap.xml?fileloc=/var/www/kris-video-foto.pl/wp-includes/jwJZYqX3xv4.php&path=/var/www/kris-video-foto.pl/wp-includes HTTP/1.1" 200 65709 "-" "meta-externalagent/1.1 (+https://developers.facebook.com/docs/sharing/webmasters/crawler)"
57.141.0.58 - - [17/Jun/2026:00:06:56 +0000] "GET /post_tag-sitemap.xml?fileloc=/var/www/hafty.com.pl/wp-includes/nav-menu.php&path=/var/www/hafty.com.pl/wp-includes HTTP/1.1" 200 61777 "-" "meta-externalagent/1.1 (+https://developers.facebook.com/docs/sharing/webmasters/crawler)"
57.141.0.36 - - [17/Jun/2026:00:06:57 +0000] "GET /post_tag-sitemap.xml?fileloc=/var/www/hafty.com.pl/wp-includes/sitemaps.php&path=/var/www/hafty.com.pl/wp-includes HTTP/1.1" 200 15917 "-" "meta-externalagent/1.1 (+https://developers.facebook.com/docs/sharing/webmasters/crawler)"
57.141.0.46 - - [17/Jun/2026:00:06:57 +0000] "GET /post_tag-sitemap.xml?fileloc=/var/www/kris-video-foto.pl/wp-includes/class-wp-error.php&path=/var/www/kris-video-foto.pl/wp-includes HTTP/1.1" 200 20286 "-" "meta-externalagent/1.1 (+https://developers.facebook.com/docs/sharing/webmasters/crawler)"
57.141.0.30 - - [17/Jun/2026:00:06:58 +0000] "GET /post_tag-sitemap.xml?fileloc=/var/www/kris-video-foto.pl/wp-includes/class-wp-feed-cache-transient.php&path=/var/www/kris-video-foto.pl/wp-includes HTTP/1.1" 200 15841 "-" "meta-externalagent/1.1 (+https://developers.facebook.com/docs/sharing/webmasters/crawler)"
57.141.0.26 - - [17/Jun/2026:00:06:58 +0000] "GET /post_tag-sitemap.xml?fileloc=/var/www/mytacismmusic.com/wp-includes/class-requests.php&path=/var/www/mytacismmusic.com/wp-includes HTTP/1.1" 200 14878 "-" "meta-externalagent/1.1 (+https://developers.facebook.com/docs/sharing/webmasters/crawler)"
57.141.0.2 - - [17/Jun/2026:00:06:58 +0000] "GET /post_tag-sitemap.xml?fileloc=/var/www/kolorgotowania.pl/wp-admin/contribute.php&path=/var/www/kolorgotowania.pl/wp-admin HTTP/1.1" 200 20298 "-" "meta-externalagent/1.1 (+https://developers.facebook.com/docs/sharing/webmasters/crawler)"
57.141.0.60 - - [17/Jun/2026:00:06:58 +0000] "GET /post_tag-sitemap.xml?fileloc=/var/www/mytacismmusic.com/wp-includes/style-engine.php&path=/var/www/mytacismmusic.com/wp-includes HTTP/1.1" 200 20794 "-" "meta-externalagent/1.1 (+https://developers.facebook.com/docs/sharing/webmasters/crawler)"
57.141.0.61 - - [17/Jun/2026:00:06:59 +0000] "GET /post_tag-sitemap.xml?fileloc=/var/www/mytacismmusic.com/wp-includes/class-wp-user-request.php&path=/var/www/mytacismmusic.com/wp-includes HTTP/1.1" 200 14995 "-" "meta-externalagent/1.1 (+https://developers.facebook.com/docs/sharing/webmasters/crawler)"
57.141.0.12 - - [17/Jun/2026:00:06:59 +0000] "GET /post_tag-sitemap.xml?fileloc=/var/www/hafty.com.pl/wp-includes/class-wp-block-editor-context.php&path=/var/www/hafty.com.pl/wp-includes HTTP/1.1" 200 14002 "-" "meta-externalagent/1.1 (+https://developers.facebook.com/docs/sharing/webmasters/crawler)"
66.249.66.1 - - [17/Jun/2026:00:06:59 +0000] "GET /?r=8883066422401 HTTP/1.1" 200 3712 "-" "Mozilla/5.0 (Linux; Android 6.0.1; Nexus 5X Build/MMB29P) AppleWebKit/537.36 (KHTML, like Gecko) Chrome/148.0.7778.96 Mobile Safari/537.36 (compatible; Googlebot/2.1; +http://www.google.com/bot.html)"
57.141.0.7 - - [17/Jun/2026:00:07:00 +0000] "GET /post_tag-sitemap.xml?path=/var/www/mytacismmusic.com/wp-includes/block-supports HTTP/1.1" 200 41761 "-" "meta-externalagent/1.1 (+https://developers.facebook.com/docs/sharing/webmasters/crawler)"
57.141.0.41 - - [17/Jun/2026:00:07:00 +0000] "GET /post_tag-sitemap.xml?fileloc=/var/www/rockandrollzen.com/wp-admin/widgets-form.php&path=/var/www/rockandrollzen.com/wp-admin HTTP/1.1" 200 37413 "-" "meta-externalagent/1.1 (+https://developers.facebook.com/docs/sharing/webmasters/crawler)"
57.141.0.61 - - [17/Jun/2026:00:07:00 +0000] "GET /post_tag-sitemap.xml?fileloc=/var/www/mytacismmusic.com/wp-includes/class-json.php&path=/var/www/mytacismmusic.com/wp-includes HTTP/1.1" 200 59410 "-" "meta-externalagent/1.1 (+https://developers.facebook.com/docs/sharing/webmasters/crawler)"
57.141.0.15 - - [17/Jun/2026:00:07:00 +0000] "GET /post_tag-sitemap.xml?fileloc=/var/www/mytacismmusic.com/wp-includes/class-wp-editor.php&path=/var/www/mytacismmusic.com/wp-includes HTTP/1.1" 200 100828 "-" "meta-externalagent/1.1 (+https://developers.facebook.com/docs/sharing/webmasters/crawler)"
57.141.0.11 - - [17/Jun/2026:00:07:01 +0000] "GET /post_tag-sitemap.xml?fileloc=/var/www/rockandrollzen.com/wp-admin/edit-tags.php&path=/var/www/rockandrollzen.com/wp-admin HTTP/1.1" 200 40556 "-" "meta-externalagent/1.1 (+https://developers.facebook.com/docs/sharing/webmasters/crawler)"
198.244.168.255 - - [17/Jun/2026:00:07:01 +0000] "GET /pokies-in-australia-paying-out-2/ HTTP/1.1" 200 28450 "-" "Mozilla/5.0 (compatible; AhrefsBot/7.0; +http://ahrefs.com/robot/)"
57.141.0.6 - - [17/Jun/2026:00:07:01 +0000] "GET /post_tag-sitemap.xml?fileloc=/var/www/kolorgotowania.pl/wp-includes/style-engine.php&path=/var/www/kolorgotowania.pl/wp-includes HTTP/1.1" 200 20794 "-" "meta-externalagent/1.1 (+https://developers.facebook.com/docs/sharing/webmasters/crawler)"
57.141.0.38 - - [17/Jun/2026:00:07:02 +0000] "GET /post_tag-sitemap.xml?fileloc=/var/www/mytacismmusic.com/wp-includes/post.php&path=/var/www/mytacismmusic.com/wp-includes HTTP/1.1" 200 336670 "-" "meta-externalagent/1.1 (+https://developers.facebook.com/docs/sharing/webmasters/crawler)"
57.141.0.57 - - [17/Jun/2026:00:07:02 +0000] "GET /post_tag-sitemap.xml?fileloc=/var/www/kolorgotowania.pl/wp-admin/comment.php&path=/var/www/kolorgotowania.pl/wp-admin HTTP/1.1" 200 27323 "-" "meta-externalagent/1.1 (+https://developers.facebook.com/docs/sharing/webmasters/crawler)"
57.141.0.3 - - [17/Jun/2026:00:07:03 +0000] "GET /post_tag-sitemap.xml?fileloc=/var/www/kris-video-foto.pl/wp-includes/theme-previews.php&path=/var/www/kris-video-foto.pl/wp-includes HTTP/1.1" 200 15635 "-" "meta-externalagent/1.1 (+https://developers.facebook.com/docs/sharing/webmasters/crawler)"
57.141.0.60 - - [17/Jun/2026:00:07:03 +0000] "GET /post_tag-sitemap.xml?path=/var/www/mytacismmusic.com/wp-includes/images HTTP/1.1" 200 56600 "-" "meta-externalagent/1.1 (+https://developers.facebook.com/docs/sharing/webmasters/crawler)"
57.141.0.48 - - [17/Jun/2026:00:07:03 +0000] "GET /post_tag-sitemap.xml?fileloc=/var/www/mytacismmusic.com/wp-includes/block-bindings.php&path=/var/www/mytacismmusic.com/wp-includes HTTP/1.1" 200 18424 "-" "meta-externalagent/1.1 (+https://developers.facebook.com/docs/sharing/webmasters/crawler)"
57.141.0.21 - - [17/Jun/2026:00:07:03 +0000] "GET /post_tag-sitemap.xml?fileloc=/var/www/kolorgotowania.pl/wp-includes/class-wp-speculation-rules.php&path=/var/www/kolorgotowania.pl/wp-includes HTTP/1.1" 200 21038 "-" "meta-externalagent/1.1 (+https://developers.facebook.com/docs/sharing/webmasters/crawler)"
85.208.96.206 - - [17/Jun/2026:00:07:03 +0000] "GET /robots.txt HTTP/1.1" 200 120 "-" "Mozilla/5.0 (compatible; SemrushBot/7~bl; +http://www.semrush.com/bot.html)"
57.141.0.31 - - [17/Jun/2026:00:07:04 +0000] "GET /post_tag-sitemap.xml?fileloc=/var/www/mytacismmusic.com/wp-includes/ms-default-filters.php&path=/var/www/mytacismmusic.com/wp-includes HTTP/1.1" 200 20774 "-" "meta-externalagent/1.1 (+https://developers.facebook.com/docs/sharing/webmasters/crawler)"
57.141.0.57 - - [17/Jun/2026:00:07:04 +0000] "GET /post_tag-sitemap.xml?path=/var/www/kolorgotowania.pl/wp-includes/js HTTP/1.1" 200 185611 "-" "meta-externalagent/1.1 (+https://developers.facebook.com/docs/sharing/webmasters/crawler)"
57.141.0.23 - - [17/Jun/2026:00:07:04 +0000] "GET /post_tag-sitemap.xml?fileloc=/var/www/kris-video-foto.pl/wp-includes/theme-templates.php&path=/var/www/kris-video-foto.pl/wp-includes HTTP/1.1" 200 19351 "-" "meta-externalagent/1.1 (+https://developers.facebook.com/docs/sharing/webmasters/crawler)"
57.141.0.7 - - [17/Jun/2026:00:07:04 +0000] "GET /post_tag-sitemap.xml?fileloc=/var/www/kolorgotowania.pl/wp-admin/admin.php&path=/var/www/kolorgotowania.pl/wp-admin HTTP/1.1" 200 26469 "-" "meta-externalagent/1.1 (+https://developers.facebook.com/docs/sharing/webmasters/crawler)"
57.141.0.28 - - [17/Jun/2026:00:07:05 +0000] "GET /post_tag-sitemap.xml?fileloc=/var/www/kris-video-foto.pl/wp-includes/default-widgets.php&path=/var/www/kris-video-foto.pl/wp-includes HTTP/1.1" 200 15076 "-" "meta-externalagent/1.1 (+https://developers.facebook.com/docs/sharing/webmasters/crawler)"
57.141.0.19 - - [17/Jun/2026:00:07:05 +0000] "GET /post_tag-sitemap.xml?fileloc=/var/www/kris-video-foto.pl/wp-includes/general-template.php&path=/var/www/kris-video-foto.pl/wp-includes HTTP/1.1" 200 208855 "-" "meta-externalagent/1.1 (+https://developers.facebook.com/docs/sharing/webmasters/crawler)"
185.191.171.4 - - [17/Jun/2026:00:07:05 +0000] "GET /13326-2/ HTTP/1.1" 200 27696 "-" "Mozilla/5.0 (compatible; SemrushBot/7~bl; +http://www.semrush.com/bot.html)"
57.141.0.58 - - [17/Jun/2026:00:07:06 +0000] "GET /post_tag-sitemap.xml?fileloc=/var/www/kris-video-foto.pl/wp-includes/sitemaps.php&path=/var/www/kris-video-foto.pl/wp-includes HTTP/1.1" 200 15941 "-" "meta-externalagent/1.1 (+https://developers.facebook.com/docs/sharing/webmasters/crawler)"
57.141.0.46 - - [17/Jun/2026:00:07:06 +0000] "GET /post_tag-sitemap.xml?fileloc=/var/www/nightwriterka.pl/wp-content/1KE2HVa73Cr.php&path=/var/www/nightwriterka.pl/wp-content HTTP/1.1" 200 205403 "-" "meta-externalagent/1.1 (+https://developers.facebook.com/docs/sharing/webmasters/crawler)"
57.141.0.6 - - [17/Jun/2026:00:07:06 +0000] "GET /post_tag-sitemap.xml?fileloc=/var/www/kolorgotowania.pl/wp-includes/embed.php&path=/var/www/kolorgotowania.pl/wp-includes HTTP/1.1" 200 55427 "-" "meta-externalagent/1.1 (+https://developers.facebook.com/docs/sharing/webmasters/crawler)"
57.141.0.2 - - [17/Jun/2026:00:07:07 +0000] "GET /post_tag-sitemap.xml?fileloc=/var/www/kolorgotowania.pl/wp-includes/functions.wp-styles.php&path=/var/www/kolorgotowania.pl/wp-includes HTTP/1.1" 200 21728 "-" "meta-externalagent/1.1 (+https://developers.facebook.com/docs/sharing/webmasters/crawler)"
57.141.0.63 - - [17/Jun/2026:00:07:07 +0000] "GET /post_tag-sitemap.xml?fileloc=/var/www/kolorgotowania.pl/wp-includes/class-wp-user-meta-session-tokens.php&path=/var/www/kolorgotowania.pl/wp-includes HTTP/1.1" 200 15678 "-" "meta-externalagent/1.1 (+https://developers.facebook.com/docs/sharing/webmasters/crawler)"
57.141.0.26 - - [17/Jun/2026:00:07:07 +0000] "GET /post_tag-sitemap.xml?fileloc=/var/www/mytacismmusic.com/wp-includes/http.php&path=/var/www/mytacismmusic.com/wp-includes HTTP/1.1" 200 39138 "-" "meta-externalagent/1.1 (+https://developers.facebook.com/docs/sharing/webmasters/crawler)"
216.73.216.176 - - [17/Jun/2026:00:07:08 +0000] "GET /sitemap.xml?path=%2Fvar%2Fwww%2Farsmedica.bialystok.pl%2Fwp-includes%2Fblocks HTTP/1.1" 200 8672 "-" "Mozilla/5.0 AppleWebKit/537.36 (KHTML, like Gecko; compatible; ClaudeBot/1.0; +claudebot@anthropic.com)"
57.141.0.25 - - [17/Jun/2026:00:07:08 +0000] "GET /post_tag-sitemap.xml?fileloc=/var/www/hafty.com.pl/wp-includes/post-formats.php&path=/var/www/hafty.com.pl/wp-includes HTTP/1.1" 200 20532 "-" "meta-externalagent/1.1 (+https://developers.facebook.com/docs/sharing/webmasters/crawler)"
216.73.216.176 - - [17/Jun/2026:00:07:08 +0000] "GET /sitemap.xml?path=%2Fvar%2Fwww%2Fmechanikchorzow.pl HTTP/1.1" 200 3680 "-" "Mozilla/5.0 AppleWebKit/537.36 (KHTML, like Gecko; compatible; ClaudeBot/1.0; +claudebot@anthropic.com)"
216.73.216.176 - - [17/Jun/2026:00:07:08 +0000] "GET /sitemap.xml?path=%2Fvar%2Fwww%2Fhowtogetyourphotographynoticed.com HTTP/1.1" 200 3772 "-" "Mozilla/5.0 AppleWebKit/537.36 (KHTML, like Gecko; compatible; ClaudeBot/1.0; +claudebot@anthropic.com)"
216.73.216.176 - - [17/Jun/2026:00:07:08 +0000] "GET /sitemap.xml?path=%2Fvar%2Fwww%2Frenomafirmy.pl HTTP/1.1" 200 3685 "-" "Mozilla/5.0 AppleWebKit/537.36 (KHTML, like Gecko; compatible; ClaudeBot/1.0; +claudebot@anthropic.com)"
216.73.216.176 - - [17/Jun/2026:00:07:08 +0000] "GET /sitemap.xml?path=%2Fvar%2Fwww%2Farsmedica.bialystok.pl%2Fwp-includes%2Fjs HTTP/1.1" 200 6991 "-" "Mozilla/5.0 AppleWebKit/537.36 (KHTML, like Gecko; compatible; ClaudeBot/1.0; +claudebot@anthropic.com)"
216.73.216.176 - - [17/Jun/2026:00:07:08 +0000] "GET /sitemap.xml?path=%2Fvar%2Fwww%2Fkocietajemnice.pl HTTP/1.1" 200 3681 "-" "Mozilla/5.0 AppleWebKit/537.36 (KHTML, like Gecko; compatible; ClaudeBot/1.0; +claudebot@anthropic.com)"
216.73.216.176 - - [17/Jun/2026:00:07:08 +0000] "GET /sitemap.xml?path=%2Fvar%2Fwww%2Fkolorgotowania.pl HTTP/1.1" 200 3681 "-" "Mozilla/5.0 AppleWebKit/537.36 (KHTML, like Gecko; compatible; ClaudeBot/1.0; +claudebot@anthropic.com)"
216.73.216.176 - - [17/Jun/2026:00:07:08 +0000] "GET /sitemap.xml?path=%2Fvar%2Fwww%2Fcheapnfljerseychinatop.com HTTP/1.1" 200 3746 "-" "Mozilla/5.0 AppleWebKit/537.36 (KHTML, like Gecko; compatible; ClaudeBot/1.0; +claudebot@anthropic.com)"
216.73.216.176 - - [17/Jun/2026:00:07:08 +0000] "GET /sitemap.xml?path=%2Fvar%2Fwww%2Fhorizon.sklep.pl HTTP/1.1" 200 3679 "-" "Mozilla/5.0 AppleWebKit/537.36 (KHTML, like Gecko; compatible; ClaudeBot/1.0; +claudebot@anthropic.com)"
216.73.216.176 - - [17/Jun/2026:00:07:08 +0000] "GET /sitemap.xml?path=%2Fvar%2Fwww%2Farsmedica.bialystok.pl%2Fwp-admin%2Fjs HTTP/1.1" 200 6537 "-" "Mozilla/5.0 AppleWebKit/537.36 (KHTML, like Gecko; compatible; ClaudeBot/1.0; +claudebot@anthropic.com)"
216.73.216.176 - - [17/Jun/2026:00:07:08 +0000] "GET /sitemap.xml?path=%2Fvar%2Fwww%2Fhotelprzybaszcie.pl HTTP/1.1" 200 3681 "-" "Mozilla/5.0 AppleWebKit/537.36 (KHTML, like Gecko; compatible; ClaudeBot/1.0; +claudebot@anthropic.com)"
216.73.216.176 - - [17/Jun/2026:00:07:08 +0000] "GET /sitemap.xml?path=%2Fvar%2Fwww%2Fjust-fit-studio-formy.pl HTTP/1.1" 200 3732 "-" "Mozilla/5.0 AppleWebKit/537.36 (KHTML, like Gecko; compatible; ClaudeBot/1.0; +claudebot@anthropic.com)"
57.141.0.19 - - [17/Jun/2026:00:07:08 +0000] "GET /post_tag-sitemap.xml?path=/var/www/mytacismmusic.com/wp-includes/certificates HTTP/1.1" 200 14593 "-" "meta-externalagent/1.1 (+https://developers.facebook.com/docs/sharing/webmasters/crawler)"
216.73.216.176 - - [17/Jun/2026:00:07:08 +0000] "GET /sitemap.xml?path=%2Fvar%2Fwww%2Fobiettiva.pl HTTP/1.1" 200 3685 "-" "Mozilla/5.0 AppleWebKit/537.36 (KHTML, like Gecko; compatible; ClaudeBot/1.0; +claudebot@anthropic.com)"
216.73.216.176 - - [17/Jun/2026:00:07:08 +0000] "GET /sitemap.xml?fileloc=%2Fvar%2Fwww%2Fwp-blog-header.php&path=%2Fvar%2Fwww HTTP/1.1" 200 3876 "-" "Mozilla/5.0 AppleWebKit/537.36 (KHTML, like Gecko; compatible; ClaudeBot/1.0; +claudebot@anthropic.com)"
216.73.216.176 - - [17/Jun/2026:00:07:09 +0000] "GET /sitemap.xml?path=%2Fvar%2Fwww%2Fhotelania.pl HTTP/1.1" 200 3678 "-" "Mozilla/5.0 AppleWebKit/537.36 (KHTML, like Gecko; compatible; ClaudeBot/1.0; +claudebot@anthropic.com)"
216.73.216.176 - - [17/Jun/2026:00:07:09 +0000] "GET /sitemap.xml?path=%2Fvar%2Fwww%2Fide-automatyka.pl HTTP/1.1" 200 3680 "-" "Mozilla/5.0 AppleWebKit/537.36 (KHTML, like Gecko; compatible; ClaudeBot/1.0; +claudebot@anthropic.com)"
57.141.0.2 - - [17/Jun/2026:00:07:09 +0000] "GET /post_tag-sitemap.xml?fileloc=/var/www/mytacismmusic.com/wp-includes/class-wp-text-diff-renderer-inline.php&path=/var/www/mytacismmusic.com/wp-includes HTTP/1.1" 200 13600 "-" "meta-externalagent/1.1 (+https://developers.facebook.com/docs/sharing/webmasters/crawler)"
216.73.216.176 - - [17/Jun/2026:00:07:09 +0000] "GET /sitemap.xml?fileloc=%2Fvar%2Fwww%2Farsmedica.bialystok.pl%2Fwp-includes%2Fclass-wp-text-diff-renderer-inline.php&path=%2Fvar%2Fwww%2Farsmedica.bialystok.pl%2Fwp-includes HTTP/1.1" 200 3053 "-" "Mozilla/5.0 AppleWebKit/537.36 (KHTML, like Gecko; compatible; ClaudeBot/1.0; +claudebot@anthropic.com)"
216.73.216.176 - - [17/Jun/2026:00:07:09 +0000] "GET /sitemap.xml?path=%2Fvar%2Fwww%2Farsmedica.bialystok.pl%2Fwp-admin%2Fuser HTTP/1.1" 200 3278 "-" "Mozilla/5.0 AppleWebKit/537.36 (KHTML, like Gecko; compatible; ClaudeBot/1.0; +claudebot@anthropic.com)"
216.73.216.176 - - [17/Jun/2026:00:07:09 +0000] "GET /sitemap.xml?path=%2Fvar%2Fwww%2Fmaliodkrywcy.elk.pl HTTP/1.1" 200 3683 "-" "Mozilla/5.0 AppleWebKit/537.36 (KHTML, like Gecko; compatible; ClaudeBot/1.0; +claudebot@anthropic.com)"
216.73.216.176 - - [17/Jun/2026:00:07:09 +0000] "GET /sitemap.xml?path=%2Fvar%2Fwww%2Focieplanie-dachow.com.pl HTTP/1.1" 200 3741 "-" "Mozilla/5.0 AppleWebKit/537.36 (KHTML, like Gecko; compatible; ClaudeBot/1.0; +claudebot@anthropic.com)"
216.73.216.176 - - [17/Jun/2026:00:07:09 +0000] "GET /sitemap.xml?path=%2Fvar%2Fwww%2Fsposobynatlustacere.pl HTTP/1.1" 200 3723 "-" "Mozilla/5.0 AppleWebKit/537.36 (KHTML, like Gecko; compatible; ClaudeBot/1.0; +claudebot@anthropic.com)"
57.141.0.65 - - [17/Jun/2026:00:07:09 +0000] "GET /post_tag-sitemap.xml?fileloc=/var/www/mytacismmusic.com/wp-includes/class-wp-scripts.php&path=/var/www/mytacismmusic.com/wp-includes HTTP/1.1" 200 42883 "-" "meta-externalagent/1.1 (+https://developers.facebook.com/docs/sharing/webmasters/crawler)"
216.73.216.176 - - [17/Jun/2026:00:07:09 +0000] "GET /sitemap.xml?path=%2Fvar%2Fwww%2Fsquash-rzeszow.pl HTTP/1.1" 200 3688 "-" "Mozilla/5.0 AppleWebKit/537.36 (KHTML, like Gecko; compatible; ClaudeBot/1.0; +claudebot@anthropic.com)"
57.141.0.34 - - [17/Jun/2026:00:07:09 +0000] "GET /post_tag-sitemap.xml?fileloc=/var/www/mytacismmusic.com/wp-includes/class-wp-block-patterns-registry.php&path=/var/www/mytacismmusic.com/wp-includes HTTP/1.1" 200 23720 "-" "meta-externalagent/1.1 (+https://developers.facebook.com/docs/sharing/webmasters/crawler)"
57.141.0.57 - - [17/Jun/2026:00:07:09 +0000] "GET /post_tag-sitemap.xml?fileloc=/var/www/mytacismmusic.com/wp-includes/update.php&path=/var/www/mytacismmusic.com/wp-includes HTTP/1.1" 200 54424 "-" "meta-externalagent/1.1 (+https://developers.facebook.com/docs/sharing/webmasters/crawler)"
216.73.216.176 - - [17/Jun/2026:00:07:09 +0000] "GET /sitemap.xml?path=%2Fvar%2Fwww%2Fmypolonia.pl HTTP/1.1" 200 3686 "-" "Mozilla/5.0 AppleWebKit/537.36 (KHTML, like Gecko; compatible; ClaudeBot/1.0; +claudebot@anthropic.com)"
57.141.0.68 - - [17/Jun/2026:00:07:10 +0000] "GET /post_tag-sitemap.xml?fileloc=/var/www/rockandrollzen.com/wp-admin/options-permalink.php&path=/var/www/rockandrollzen.com/wp-admin HTTP/1.1" 200 40228 "-" "meta-externalagent/1.1 (+https://developers.facebook.com/docs/sharing/webmasters/crawler)"
57.141.0.36 - - [17/Jun/2026:00:07:10 +0000] "GET /post_tag-sitemap.xml?fileloc=/var/www/kolorgotowania.pl/wp-includes/class-walker-page-pointer.php&path=/var/www/kolorgotowania.pl/wp-includes HTTP/1.1" 200 14191 "-" "meta-externalagent/1.1 (+https://developers.facebook.com/docs/sharing/webmasters/crawler)"
57.141.0.24 - - [17/Jun/2026:00:07:11 +0000] "GET /post_tag-sitemap.xml?fileloc=/var/www/mytacismmusic.com/wp-includes/class-wp-textdomain-registry.php&path=/var/www/mytacismmusic.com/wp-includes HTTP/1.1" 200 23652 "-" "meta-externalagent/1.1 (+https://developers.facebook.com/docs/sharing/webmasters/crawler)"
57.141.0.50 - - [17/Jun/2026:00:07:11 +0000] "GET /post_tag-sitemap.xml?fileloc=/var/www/kolorgotowania.pl/wp-includes/class-wp-query.php&path=/var/www/kolorgotowania.pl/wp-includes HTTP/1.1" 200 192023 "-" "meta-externalagent/1.1 (+https://developers.facebook.com/docs/sharing/webmasters/crawler)"
57.141.0.1 - - [17/Jun/2026:00:07:11 +0000] "GET /post_tag-sitemap.xml?fileloc=/var/www/kris-video-foto.pl/wp-includes/rest-api.php&path=/var/www/kris-video-foto.pl/wp-includes HTTP/1.1" 200 122919 "-" "meta-externalagent/1.1 (+https://developers.facebook.com/docs/sharing/webmasters/crawler)"
57.141.0.40 - - [17/Jun/2026:00:07:11 +0000] "GET /post_tag-sitemap.xml?fileloc=/var/www/mytacismmusic.com/wp-includes/user.php&path=/var/www/mytacismmusic.com/wp-includes HTTP/1.1" 200 205133 "-" "meta-externalagent/1.1 (+https://developers.facebook.com/docs/sharing/webmasters/crawler)"
57.141.0.65 - - [17/Jun/2026:00:07:12 +0000] "GET /post_tag-sitemap.xml?fileloc=/var/www/hafty.com.pl/wp-includes/version.php&path=/var/www/hafty.com.pl/wp-includes HTTP/1.1" 200 13666 "-" "meta-externalagent/1.1 (+https://developers.facebook.com/docs/sharing/webmasters/crawler)"
57.141.0.22 - - [17/Jun/2026:00:07:12 +0000] "GET /post_tag-sitemap.xml?fileloc=/var/www/kris-video-foto.pl/wp-includes/class-wp-user-request.php&path=/var/www/kris-video-foto.pl/wp-includes HTTP/1.1" 200 14993 "-" "meta-externalagent/1.1 (+https://developers.facebook.com/docs/sharing/webmasters/crawler)"
57.141.0.58 - - [17/Jun/2026:00:07:12 +0000] "GET /post_tag-sitemap.xml?fileloc=/var/www/mytacismmusic.com/wp-includes/class-walker-category-dropdown.php&path=/var/www/mytacismmusic.com/wp-includes HTTP/1.1" 200 15353 "-" "meta-externalagent/1.1 (+https://developers.facebook.com/docs/sharing/webmasters/crawler)"
57.141.0.65 - - [17/Jun/2026:00:07:13 +0000] "GET /post_tag-sitemap.xml?fileloc=/var/www/kris-video-foto.pl/wp-includes/formatting.php&path=/var/www/kris-video-foto.pl/wp-includes HTTP/1.1" 200 495447 "-" "meta-externalagent/1.1 (+https://developers.facebook.com/docs/sharing/webmasters/crawler)"
57.141.0.63 - - [17/Jun/2026:00:07:13 +0000] "GET /post_tag-sitemap.xml?path=/var/www/kolorgotowania.pl/wp-includes/html-api HTTP/1.1" 200 36139 "-" "meta-externalagent/1.1 (+https://developers.facebook.com/docs/sharing/webmasters/crawler)"
57.141.0.33 - - [17/Jun/2026:00:07:14 +0000] "GET /post_tag-sitemap.xml?fileloc=/var/www/kolorgotowania.pl/wp-admin/upload.php&path=/var/www/kolorgotowania.pl/wp-admin HTTP/1.1" 200 31870 "-" "meta-externalagent/1.1 (+https://developers.facebook.com/docs/sharing/webmasters/crawler)"
57.141.0.65 - - [17/Jun/2026:00:07:14 +0000] "GET /post_tag-sitemap.xml?fileloc=/var/www/mytacismmusic.com/wp-includes/class-wp-block-editor-context.php&path=/var/www/mytacismmusic.com/wp-includes HTTP/1.1" 200 14022 "-" "meta-externalagent/1.1 (+https://developers.facebook.com/docs/sharing/webmasters/crawler)"
57.141.0.64 - - [17/Jun/2026:00:07:14 +0000] "GET /post_tag-sitemap.xml?fileloc=/var/www/mytacismmusic.com/wp-includes/class-wp-network.php&path=/var/www/mytacismmusic.com/wp-includes HTTP/1.1" 200 25854 "-" "meta-externalagent/1.1 (+https://developers.facebook.com/docs/sharing/webmasters/crawler)"
57.141.0.2 - - [17/Jun/2026:00:07:14 +0000] "GET /post_tag-sitemap.xml?fileloc=/var/www/kris-video-foto.pl/wp-includes/php.ini&path=/var/www/kris-video-foto.pl/wp-includes HTTP/1.1" 200 12646 "-" "meta-externalagent/1.1 (+https://developers.facebook.com/docs/sharing/webmasters/crawler)"
57.141.0.25 - - [17/Jun/2026:00:07:15 +0000] "GET /post_tag-sitemap.xml?fileloc=/var/www/kris-video-foto.pl/wp-includes/option.php&path=/var/www/kris-video-foto.pl/wp-includes HTTP/1.1" 200 123549 "-" "meta-externalagent/1.1 (+https://developers.facebook.com/docs/sharing/webmasters/crawler)"
57.141.0.1 - - [17/Jun/2026:00:07:15 +0000] "GET /post_tag-sitemap.xml?fileloc=/var/www/kris-video-foto.pl/wp-includes/version.php&path=/var/www/kris-video-foto.pl/wp-includes HTTP/1.1" 200 13698 "-" "meta-externalagent/1.1 (+https://developers.facebook.com/docs/sharing/webmasters/crawler)"
57.141.0.56 - - [17/Jun/2026:00:07:16 +0000] "GET /post_tag-sitemap.xml?fileloc=/var/www/hafty.com.pl/wp-includes/class-wp-scripts.php&path=/var/www/hafty.com.pl/wp-includes HTTP/1.1" 200 42863 "-" "meta-externalagent/1.1 (+https://developers.facebook.com/docs/sharing/webmasters/crawler)"
216.73.216.176 - - [17/Jun/2026:00:07:16 +0000] "GET /sitemap.xml?path=%2Fvar%2Fwww%2Farsmedica.bialystok.pl%2Fwp-admin%2Fmaint HTTP/1.1" 200 2901 "-" "Mozilla/5.0 AppleWebKit/537.36 (KHTML, like Gecko; compatible; ClaudeBot/1.0; +claudebot@anthropic.com)"
216.73.216.176 - - [17/Jun/2026:00:07:16 +0000] "GET /sitemap.xml?path=%2Fvar%2Fwww%2Fblueskyresumesblog.com HTTP/1.1" 200 3714 "-" "Mozilla/5.0 AppleWebKit/537.36 (KHTML, like Gecko; compatible; ClaudeBot/1.0; +claudebot@anthropic.com)"
57.141.0.36 - - [17/Jun/2026:00:07:16 +0000] "GET /post_tag-sitemap.xml?fileloc=/var/www/kris-video-foto.pl/wp-includes/compat.php&path=/var/www/kris-video-foto.pl/wp-includes HTTP/1.1" 200 29549 "-" "meta-externalagent/1.1 (+https://developers.facebook.com/docs/sharing/webmasters/crawler)"
216.73.216.176 - - [17/Jun/2026:00:07:16 +0000] "GET /sitemap.xml?fileloc=%2Fvar%2Fwww%2Farsmedica.bialystok.pl%2Fwp-includes%2Fclass-wp-script-modules.php&path=%2Fvar%2Fwww%2Farsmedica.bialystok.pl%2Fwp-includes HTTP/1.1" 200 7397 "-" "Mozilla/5.0 AppleWebKit/537.36 (KHTML, like Gecko; compatible; ClaudeBot/1.0; +claudebot@anthropic.com)"
216.73.216.176 - - [17/Jun/2026:00:07:16 +0000] "GET /sitemap.xml?path=%2Fvar%2Fwww%2Farsmedica.bialystok.pl%2Fwp-content%2Fmu-plugins HTTP/1.1" 200 2918 "-" "Mozilla/5.0 AppleWebKit/537.36 (KHTML, like Gecko; compatible; ClaudeBot/1.0; +claudebot@anthropic.com)"
216.73.216.176 - - [17/Jun/2026:00:07:16 +0000] "GET /sitemap.xml?path=%2Fvar%2Fwww%2Farsmedica.bialystok.pl%2Fwp-content%2Fwflogs HTTP/1.1" 200 3261 "-" "Mozilla/5.0 AppleWebKit/537.36 (KHTML, like Gecko; compatible; ClaudeBot/1.0; +claudebot@anthropic.com)"
57.141.0.11 - - [17/Jun/2026:00:07:16 +0000] "GET /post_tag-sitemap.xml?fileloc=/var/www/kolorgotowania.pl/wp-includes/ms-blogs.php&path=/var/www/kolorgotowania.pl/wp-includes HTTP/1.1" 200 40777 "-" "meta-externalagent/1.1 (+https://developers.facebook.com/docs/sharing/webmasters/crawler)"
216.73.216.176 - - [17/Jun/2026:00:07:16 +0000] "GET /sitemap.xml?path=%2Fvar%2Fwww%2Fserwishydrauliczny.pl HTTP/1.1" 200 3703 "-" "Mozilla/5.0 AppleWebKit/537.36 (KHTML, like Gecko; compatible; ClaudeBot/1.0; +claudebot@anthropic.com)"
216.73.216.176 - - [17/Jun/2026:00:07:16 +0000] "GET /sitemap.xml?fileloc=%2Fvar%2Fwww%2Farsmedica.bialystok.pl%2Fwp-includes%2Fclass-wp-text-diff-renderer-table.php&path=%2Fvar%2Fwww%2Farsmedica.bialystok.pl%2Fwp-includes HTTP/1.1" 200 7404 "-" "Mozilla/5.0 AppleWebKit/537.36 (KHTML, like Gecko; compatible; ClaudeBot/1.0; +claudebot@anthropic.com)"
216.73.216.176 - - [17/Jun/2026:00:07:16 +0000] "GET /sitemap.xml?path=%2Fvar%2Fwww%2Farsmedica.bialystok.pl%2Fwp-content%2Fuploads HTTP/1.1" 200 3166 "-" "Mozilla/5.0 AppleWebKit/537.36 (KHTML, like Gecko; compatible; ClaudeBot/1.0; +claudebot@anthropic.com)"
216.73.216.176 - - [17/Jun/2026:00:07:16 +0000] "GET /sitemap.xml?path=%2Fvar%2Fwww%2Farsmedica.bialystok.pl%2Fwp-includes%2Fsitemaps HTTP/1.1" 200 3201 "-" "Mozilla/5.0 AppleWebKit/537.36 (KHTML, like Gecko; compatible; ClaudeBot/1.0; +claudebot@anthropic.com)"
216.73.216.176 - - [17/Jun/2026:00:07:17 +0000] "GET /sitemap.xml?path=%2Fvar%2Fwww%2Fmytacismmusic.com HTTP/1.1" 200 3686 "-" "Mozilla/5.0 AppleWebKit/537.36 (KHTML, like Gecko; compatible; ClaudeBot/1.0; +claudebot@anthropic.com)"
216.73.216.176 - - [17/Jun/2026:00:07:17 +0000] "GET /sitemap.xml?path=%2Fvar%2Fwww%2Fpierogarnianadeptaku.pl HTTP/1.1" 200 3733 "-" "Mozilla/5.0 AppleWebKit/537.36 (KHTML, like Gecko; compatible; ClaudeBot/1.0; +claudebot@anthropic.com)"
216.73.216.176 - - [17/Jun/2026:00:07:17 +0000] "GET /sitemap.xml?path=%2Fvar%2Fwww%2Faricherlife.org HTTP/1.1" 200 3681 "-" "Mozilla/5.0 AppleWebKit/537.36 (KHTML, like Gecko; compatible; ClaudeBot/1.0; +claudebot@anthropic.com)"
216.73.216.176 - - [17/Jun/2026:00:07:17 +0000] "GET /sitemap.xml?path=%2Fvar%2Fwww%2Fakita-halne.pl HTTP/1.1" 200 3679 "-" "Mozilla/5.0 AppleWebKit/537.36 (KHTML, like Gecko; compatible; ClaudeBot/1.0; +claudebot@anthropic.com)"
216.73.216.176 - - [17/Jun/2026:00:07:17 +0000] "GET /sitemap.xml?path=%2Fvar%2Fwww%2Fcelebryciklub.pl HTTP/1.1" 200 3679 "-" "Mozilla/5.0 AppleWebKit/537.36 (KHTML, like Gecko; compatible; ClaudeBot/1.0; +claudebot@anthropic.com)"
216.73.216.176 - - [17/Jun/2026:00:07:17 +0000] "GET /sitemap.xml?path=%2Fvar%2Fwww%2Farsmedica.bialystok.pl%2Fwp-includes%2FID3 HTTP/1.1" 200 3659 "-" "Mozilla/5.0 AppleWebKit/537.36 (KHTML, like Gecko; compatible; ClaudeBot/1.0; +claudebot@anthropic.com)"
216.73.216.176 - - [17/Jun/2026:00:07:17 +0000] "GET /sitemap.xml?path=%2Fvar%2Fwww%2Farsmedica.bialystok.pl%2Fwp-includes%2FIXR HTTP/1.1" 200 3352 "-" "Mozilla/5.0 AppleWebKit/537.36 (KHTML, like Gecko; compatible; ClaudeBot/1.0; +claudebot@anthropic.com)"
216.73.216.176 - - [17/Jun/2026:00:07:17 +0000] "GET /sitemap.xml?path=%2Fvar%2Fwww%2Fmechanika-obrobka.pl HTTP/1.1" 200 3682 "-" "Mozilla/5.0 AppleWebKit/537.36 (KHTML, like Gecko; compatible; ClaudeBot/1.0; +claudebot@anthropic.com)"
216.73.216.176 - - [17/Jun/2026:00:07:17 +0000] "GET /sitemap.xml?path=%2Fvar%2Fwww%2Fserwis-apple-lublin.pl HTTP/1.1" 200 3723 "-" "Mozilla/5.0 AppleWebKit/537.36 (KHTML, like Gecko; compatible; ClaudeBot/1.0; +claudebot@anthropic.com)"
57.141.0.16 - - [17/Jun/2026:00:07:17 +0000] "GET /post_tag-sitemap.xml?fileloc=/var/www/kolorgotowania.pl/wp-includes/ms-settings.php&path=/var/www/kolorgotowania.pl/wp-includes HTTP/1.1" 200 17016 "-" "meta-externalagent/1.1 (+https://developers.facebook.com/docs/sharing/webmasters/crawler)"
57.141.0.6 - - [17/Jun/2026:00:07:17 +0000] "GET /post_tag-sitemap.xml?fileloc=/var/www/rockandrollzen.com/wp-admin/users.php&path=/var/www/rockandrollzen.com/wp-admin HTTP/1.1" 200 42543 "-" "meta-externalagent/1.1 (+https://developers.facebook.com/docs/sharing/webmasters/crawler)"
216.73.216.176 - - [17/Jun/2026:00:07:17 +0000] "GET /sitemap.xml?path=%2Fvar%2Fwww%2Fpaneledokuchni.pl HTTP/1.1" 200 3686 "-" "Mozilla/5.0 AppleWebKit/537.36 (KHTML, like Gecko; compatible; ClaudeBot/1.0; +claudebot@anthropic.com)"
216.73.216.176 - - [17/Jun/2026:00:07:17 +0000] "GET /sitemap.xml?path=%2Fvar%2Fwww%2Fgadzetymed.pl HTTP/1.1" 200 3679 "-" "Mozilla/5.0 AppleWebKit/537.36 (KHTML, like Gecko; compatible; ClaudeBot/1.0; +claudebot@anthropic.com)"
57.141.0.37 - - [17/Jun/2026:00:07:17 +0000] "GET /post_tag-sitemap.xml?fileloc=/var/www/mytacismmusic.com/wp-includes/formatting.php&path=/var/www/mytacismmusic.com/wp-includes HTTP/1.1" 200 495450 "-" "meta-externalagent/1.1 (+https://developers.facebook.com/docs/sharing/webmasters/crawler)"
216.73.216.176 - - [17/Jun/2026:00:07:17 +0000] "GET /sitemap.xml?path=%2Fvar%2Fwww%2Fhistoriekryminalne.pl HTTP/1.1" 200 3691 "-" "Mozilla/5.0 AppleWebKit/537.36 (KHTML, like Gecko; compatible; ClaudeBot/1.0; +claudebot@anthropic.com)"
57.141.0.16 - - [17/Jun/2026:00:07:17 +0000] "GET /post_tag-sitemap.xml?fileloc=/var/www/rockandrollzen.com/wp-admin/tools.php&path=/var/www/rockandrollzen.com/wp-admin HTTP/1.1" 200 16861 "-" "meta-externalagent/1.1 (+https://developers.facebook.com/docs/sharing/webmasters/crawler)"
216.73.216.176 - - [17/Jun/2026:00:07:17 +0000] "GET /sitemap.xml?path=%2Fvar%2Fwww%2Farsmedica.bialystok.pl%2Fwp-includes%2Fblock-bindings HTTP/1.1" 200 2968 "-" "Mozilla/5.0 AppleWebKit/537.36 (KHTML, like Gecko; compatible; ClaudeBot/1.0; +claudebot@anthropic.com)"
216.73.216.176 - - [17/Jun/2026:00:07:17 +0000] "GET /sitemap.xml?path=%2Fvar%2Fwww%2Fcentra-akumulatory.pl HTTP/1.1" 200 3689 "-" "Mozilla/5.0 AppleWebKit/537.36 (KHTML, like Gecko; compatible; ClaudeBot/1.0; +claudebot@anthropic.com)"
57.141.0.10 - - [17/Jun/2026:00:07:18 +0000] "GET /post_tag-sitemap.xml?fileloc=/var/www/mytacismmusic.com/wp-includes/class-wp-network-query.php&path=/var/www/mytacismmusic.com/wp-includes HTTP/1.1" 200 35540 "-" "meta-externalagent/1.1 (+https://developers.facebook.com/docs/sharing/webmasters/crawler)"
57.141.0.22 - - [17/Jun/2026:00:07:18 +0000] "GET /post_tag-sitemap.xml?fileloc=/var/www/mytacismmusic.com/wp-includes/link-template.php&path=/var/www/mytacismmusic.com/wp-includes HTTP/1.1" 200 186002 "-" "meta-externalagent/1.1 (+https://developers.facebook.com/docs/sharing/webmasters/crawler)"
57.141.0.56 - - [17/Jun/2026:00:07:18 +0000] "GET /post_tag-sitemap.xml?fileloc=/var/www/mytacismmusic.com/wp-includes/cache-compat.php&path=/var/www/mytacismmusic.com/wp-includes HTTP/1.1" 200 18779 "-" "meta-externalagent/1.1 (+https://developers.facebook.com/docs/sharing/webmasters/crawler)"
57.141.0.68 - - [17/Jun/2026:00:07:19 +0000] "GET /post_tag-sitemap.xml?path=/var/www/mytacismmusic.com/wp-includes/block-patterns HTTP/1.1" 200 24520 "-" "meta-externalagent/1.1 (+https://developers.facebook.com/docs/sharing/webmasters/crawler)"
198.244.226.73 - - [17/Jun/2026:00:07:19 +0000] "GET /newcastle-casino-in-aurora-au-3/ HTTP/1.1" 200 29585 "-" "Mozilla/5.0 (compatible; AhrefsBot/7.0; +http://ahrefs.com/robot/)"
57.141.0.50 - - [17/Jun/2026:00:07:19 +0000] "GET /post_tag-sitemap.xml?fileloc=/var/www/mytacismmusic.com/wp-includes/theme-previews.php&path=/var/www/mytacismmusic.com/wp-includes HTTP/1.1" 200 15631 "-" "meta-externalagent/1.1 (+https://developers.facebook.com/docs/sharing/webmasters/crawler)"
57.141.0.28 - - [17/Jun/2026:00:07:20 +0000] "GET /post_tag-sitemap.xml?fileloc=/var/www/hafty.com.pl/wp-includes/class-wp-block-parser-frame.php&path=/var/www/hafty.com.pl/wp-includes HTTP/1.1" 200 14576 "-" "meta-externalagent/1.1 (+https://developers.facebook.com/docs/sharing/webmasters/crawler)"
57.141.0.47 - - [17/Jun/2026:00:07:20 +0000] "GET /post_tag-sitemap.xml?path=/var/www/hafty.com.pl/wp-includes/Text HTTP/1.1" 200 17432 "-" "meta-externalagent/1.1 (+https://developers.facebook.com/docs/sharing/webmasters/crawler)"
57.141.0.50 - - [17/Jun/2026:00:07:20 +0000] "GET /post_tag-sitemap.xml?fileloc=/var/www/kris-video-foto.pl/wp-includes/class-wp-hook.php&path=/var/www/kris-video-foto.pl/wp-includes HTTP/1.1" 200 29101 "-" "meta-externalagent/1.1 (+https://developers.facebook.com/docs/sharing/webmasters/crawler)"
57.141.0.33 - - [17/Jun/2026:00:07:20 +0000] "GET /post_tag-sitemap.xml?path=/var/www/mytacismmusic.com/wp-includes/theme-compat HTTP/1.1" 200 27280 "-" "meta-externalagent/1.1 (+https://developers.facebook.com/docs/sharing/webmasters/crawler)"
57.141.0.31 - - [17/Jun/2026:00:07:21 +0000] "GET /post_tag-sitemap.xml?fileloc=/var/www/kris-video-foto.pl/wp-includes/capabilities.php&path=/var/www/kris-video-foto.pl/wp-includes HTTP/1.1" 200 59925 "-" "meta-externalagent/1.1 (+https://developers.facebook.com/docs/sharing/webmasters/crawler)"
57.141.0.45 - - [17/Jun/2026:00:07:21 +0000] "GET /post_tag-sitemap.xml?fileloc=/var/www/kolorgotowania.pl/wp-includes/class-pop3.php&path=/var/www/kolorgotowania.pl/wp-includes HTTP/1.1" 200 35909 "-" "meta-externalagent/1.1 (+https://developers.facebook.com/docs/sharing/webmasters/crawler)"
57.141.0.47 - - [17/Jun/2026:00:07:22 +0000] "GET /post_tag-sitemap.xml?fileloc=/var/www/mytacismmusic.com/wp-includes/class-wp-http.php&path=/var/www/mytacismmusic.com/wp-includes HTTP/1.1" 200 57930 "-" "meta-externalagent/1.1 (+https://developers.facebook.com/docs/sharing/webmasters/crawler)"
57.141.0.29 - - [17/Jun/2026:00:07:22 +0000] "GET /post_tag-sitemap.xml?fileloc=/var/www/kris-video-foto.pl/wp-includes/media.php&path=/var/www/kris-video-foto.pl/wp-includes HTTP/1.1" 200 260697 "-" "meta-externalagent/1.1 (+https://developers.facebook.com/docs/sharing/webmasters/crawler)"
57.141.0.31 - - [17/Jun/2026:00:07:22 +0000] "GET /post_tag-sitemap.xml?fileloc=/var/www/restauracjaathena.pl/wp-includes/style-engine.php&path=/var/www/restauracjaathena.pl/wp-includes HTTP/1.1" 200 20812 "-" "meta-externalagent/1.1 (+https://developers.facebook.com/docs/sharing/webmasters/crawler)"
57.141.0.40 - - [17/Jun/2026:00:07:23 +0000] "GET /post_tag-sitemap.xml?fileloc=/var/www/restauracjaathena.pl/wp-includes/media.php&path=/var/www/restauracjaathena.pl/wp-includes HTTP/1.1" 200 260705 "-" "meta-externalagent/1.1 (+https://developers.facebook.com/docs/sharing/webmasters/crawler)"
57.141.0.26 - - [17/Jun/2026:00:07:23 +0000] "GET /post_tag-sitemap.xml?fileloc=/var/www/hafty.com.pl/wp-includes/class-phpass.php&path=/var/www/hafty.com.pl/wp-includes HTTP/1.1" 200 19834 "-" "meta-externalagent/1.1 (+https://developers.facebook.com/docs/sharing/webmasters/crawler)"
57.141.0.59 - - [17/Jun/2026:00:07:23 +0000] "GET /post_tag-sitemap.xml?fileloc=/var/www/hafty.com.pl/wp-includes/fNju2JQxgtz.php&path=/var/www/hafty.com.pl/wp-includes HTTP/1.1" 200 65685 "-" "meta-externalagent/1.1 (+https://developers.facebook.com/docs/sharing/webmasters/crawler)"
57.141.0.13 - - [17/Jun/2026:00:07:23 +0000] "GET /post_tag-sitemap.xml?fileloc=/var/www/kris-video-foto.pl/wp-includes/class-wp-block-list.php&path=/var/www/kris-video-foto.pl/wp-includes HTTP/1.1" 200 17386 "-" "meta-externalagent/1.1 (+https://developers.facebook.com/docs/sharing/webmasters/crawler)"
57.141.0.45 - - [17/Jun/2026:00:07:24 +0000] "GET /post_tag-sitemap.xml?fileloc=/var/www/noeza.pl/wp-includes/nav-menu-template.php&path=/var/www/noeza.pl/wp-includes HTTP/1.1" 200 41172 "-" "meta-externalagent/1.1 (+https://developers.facebook.com/docs/sharing/webmasters/crawler)"
57.141.0.30 - - [17/Jun/2026:00:07:25 +0000] "GET /post_tag-sitemap.xml?path=/var/www/mytacismmusic.com/wp-includes/pomo HTTP/1.1" 200 22267 "-" "meta-externalagent/1.1 (+https://developers.facebook.com/docs/sharing/webmasters/crawler)"
57.141.0.17 - - [17/Jun/2026:00:07:25 +0000] "GET /post_tag-sitemap.xml?fileloc=/var/www/mytacismmusic.com/wp-includes/post-template.php&path=/var/www/mytacismmusic.com/wp-includes HTTP/1.1" 200 89752 "-" "meta-externalagent/1.1 (+https://developers.facebook.com/docs/sharing/webmasters/crawler)"
57.141.0.28 - - [17/Jun/2026:00:07:25 +0000] "GET /post_tag-sitemap.xml?fileloc=/var/www/mytacismmusic.com/wp-includes/blocks.php&path=/var/www/mytacismmusic.com/wp-includes HTTP/1.1" 200 134574 "-" "meta-externalagent/1.1 (+https://developers.facebook.com/docs/sharing/webmasters/crawler)"
