57.141.0.38 - - [17/Jun/2026:00:10:37 +0000] "GET /post_tag-sitemap.xml?fileloc=/var/www/rockandrollzen.com/wp-admin/options-general.php&path=/var/www/rockandrollzen.com/wp-admin HTTP/1.1" 200 41667 "-" "meta-externalagent/1.1 (+https://developers.facebook.com/docs/sharing/webmasters/crawler)"
57.141.0.15 - - [17/Jun/2026:00:10:37 +0000] "GET /post_tag-sitemap.xml?path=/var/www/mytacismmusic.com/wp-includes/IXR HTTP/1.1" 200 28863 "-" "meta-externalagent/1.1 (+https://developers.facebook.com/docs/sharing/webmasters/crawler)"
57.141.0.68 - - [17/Jun/2026:00:10:38 +0000] "GET /post_tag-sitemap.xml?fileloc=/var/www/noeza.pl/wp-includes/functions.wp-styles.php&path=/var/www/noeza.pl/wp-includes HTTP/1.1" 200 21698 "-" "meta-externalagent/1.1 (+https://developers.facebook.com/docs/sharing/webmasters/crawler)"
57.141.0.15 - - [17/Jun/2026:00:10:38 +0000] "GET /post_tag-sitemap.xml?fileloc=/var/www/nailisland.pl/wp-admin/options-writing.php&path=/var/www/nailisland.pl/wp-admin HTTP/1.1" 200 25265 "-" "meta-externalagent/1.1 (+https://developers.facebook.com/docs/sharing/webmasters/crawler)"
57.141.0.16 - - [17/Jun/2026:00:10:38 +0000] "GET /post_tag-sitemap.xml?fileloc=/var/www/noeza.pl/wp-includes/class-feed.php&path=/var/www/noeza.pl/wp-includes HTTP/1.1" 200 13130 "-" "meta-externalagent/1.1 (+https://developers.facebook.com/docs/sharing/webmasters/crawler)"
57.141.0.57 - - [17/Jun/2026:00:10:38 +0000] "GET /post_tag-sitemap.xml?fileloc=/var/www/kolorgotowania.pl/wp-includes/rest-api.php&path=/var/www/kolorgotowania.pl/wp-includes HTTP/1.1" 200 122915 "-" "meta-externalagent/1.1 (+https://developers.facebook.com/docs/sharing/webmasters/crawler)"
57.141.0.52 - - [17/Jun/2026:00:10:39 +0000] "GET /post_tag-sitemap.xml?fileloc=/var/www/noeza.pl/wp-includes/class-wp-classic-to-block-menu-converter.php&path=/var/www/noeza.pl/wp-includes HTTP/1.1" 200 17055 "-" "meta-externalagent/1.1 (+https://developers.facebook.com/docs/sharing/webmasters/crawler)"
57.141.0.47 - - [17/Jun/2026:00:10:39 +0000] "GET /post_tag-sitemap.xml?fileloc=/var/www/kolorgotowania.pl/wp-includes/cache.php&path=/var/www/kolorgotowania.pl/wp-includes HTTP/1.1" 200 26408 "-" "meta-externalagent/1.1 (+https://developers.facebook.com/docs/sharing/webmasters/crawler)"
198.244.168.50 - - [17/Jun/2026:00:10:39 +0000] "GET /try-pokies-with-bonus-machine-free-3/ HTTP/1.1" 200 27734 "-" "Mozilla/5.0 (compatible; AhrefsBot/7.0; +http://ahrefs.com/robot/)"
57.141.0.56 - - [17/Jun/2026:00:10:39 +0000] "GET /post_tag-sitemap.xml?fileloc=/var/www/nailisland.pl/wp-admin/update.php&path=/var/www/nailisland.pl/wp-admin HTTP/1.1" 200 28356 "-" "meta-externalagent/1.1 (+https://developers.facebook.com/docs/sharing/webmasters/crawler)"
57.141.0.46 - - [17/Jun/2026:00:10:40 +0000] "GET /post_tag-sitemap.xml?fileloc=/var/www/nailisland.pl/wp-admin/authorize-application.php&path=/var/www/nailisland.pl/wp-admin HTTP/1.1" 200 25066 "-" "meta-externalagent/1.1 (+https://developers.facebook.com/docs/sharing/webmasters/crawler)"
57.141.0.12 - - [17/Jun/2026:00:10:40 +0000] "GET /post_tag-sitemap.xml?fileloc=/var/www/kolorgotowania.pl/wp-includes/comment-template.php&path=/var/www/kolorgotowania.pl/wp-includes HTTP/1.1" 200 126622 "-" "meta-externalagent/1.1 (+https://developers.facebook.com/docs/sharing/webmasters/crawler)"
57.141.0.48 - - [17/Jun/2026:00:10:41 +0000] "GET /post_tag-sitemap.xml?fileloc=/var/www/rockandrollzen.com/wp-admin/export-personal-data.php&path=/var/www/rockandrollzen.com/wp-admin HTTP/1.1" 200 22823 "-" "meta-externalagent/1.1 (+https://developers.facebook.com/docs/sharing/webmasters/crawler)"
57.141.0.64 - - [17/Jun/2026:00:10:41 +0000] "GET /post_tag-sitemap.xml?fileloc=/var/www/noeza.pl/wp-includes/class-wp-user-query.php&path=/var/www/noeza.pl/wp-includes HTTP/1.1" 200 62468 "-" "meta-externalagent/1.1 (+https://developers.facebook.com/docs/sharing/webmasters/crawler)"
57.141.0.29 - - [17/Jun/2026:00:10:41 +0000] "GET /post_tag-sitemap.xml?fileloc=/var/www/rockandrollzen.com/wp-admin/custom-header.php&path=/var/www/rockandrollzen.com/wp-admin HTTP/1.1" 200 13109 "-" "meta-externalagent/1.1 (+https://developers.facebook.com/docs/sharing/webmasters/crawler)"
85.208.96.202 - - [17/Jun/2026:00:10:42 +0000] "GET /2025/10/01/rosso-o-nero-roulette/ HTTP/1.1" 200 3712 "-" "Mozilla/5.0 (compatible; SemrushBot/7~bl; +http://www.semrush.com/bot.html)"
57.141.0.41 - - [17/Jun/2026:00:10:42 +0000] "GET /post_tag-sitemap.xml?fileloc=/var/www/nailisland.pl/wp-admin/privacy-policy-guide.php&path=/var/www/nailisland.pl/wp-admin HTTP/1.1" 200 17257 "-" "meta-externalagent/1.1 (+https://developers.facebook.com/docs/sharing/webmasters/crawler)"
57.141.0.22 - - [17/Jun/2026:00:10:42 +0000] "GET /post_tag-sitemap.xml?fileloc=/var/www/nailisland.pl/wp-admin/load-scripts.php&path=/var/www/nailisland.pl/wp-admin HTTP/1.1" 200 14939 "-" "meta-externalagent/1.1 (+https://developers.facebook.com/docs/sharing/webmasters/crawler)"
57.141.0.63 - - [17/Jun/2026:00:10:42 +0000] "GET /post_tag-sitemap.xml?fileloc=/var/www/rockandrollzen.com/wp-admin/term.php&path=/var/www/rockandrollzen.com/wp-admin HTTP/1.1" 200 15197 "-" "meta-externalagent/1.1 (+https://developers.facebook.com/docs/sharing/webmasters/crawler)"
57.141.0.7 - - [17/Jun/2026:00:10:43 +0000] "GET /post_tag-sitemap.xml?path=/var/www/kolorgotowania.pl/wp-includes/theme-compat HTTP/1.1" 200 27352 "-" "meta-externalagent/1.1 (+https://developers.facebook.com/docs/sharing/webmasters/crawler)"
57.141.0.22 - - [17/Jun/2026:00:10:43 +0000] "GET /post_tag-sitemap.xml?fileloc=/var/www/kolorgotowania.pl/wp-includes/class-wp-block-templates-registry.php&path=/var/www/kolorgotowania.pl/wp-includes HTTP/1.1" 200 20371 "-" "meta-externalagent/1.1 (+https://developers.facebook.com/docs/sharing/webmasters/crawler)"
57.141.0.30 - - [17/Jun/2026:00:10:43 +0000] "GET /post_tag-sitemap.xml?path=/var/www/kolorgotowania.pl/wp-includes/widgets HTTP/1.1" 200 45725 "-" "meta-externalagent/1.1 (+https://developers.facebook.com/docs/sharing/webmasters/crawler)"
57.141.0.19 - - [17/Jun/2026:00:10:43 +0000] "GET /post_tag-sitemap.xml?fileloc=/var/www/nailisland.pl/wp-admin/admin-ajax.php&path=/var/www/nailisland.pl/wp-admin HTTP/1.1" 200 19141 "-" "meta-externalagent/1.1 (+https://developers.facebook.com/docs/sharing/webmasters/crawler)"
57.141.0.22 - - [17/Jun/2026:00:10:44 +0000] "GET /post_tag-sitemap.xml?fileloc=/var/www/noeza.pl/wp-includes/class-wp-block-parser-frame.php&path=/var/www/noeza.pl/wp-includes HTTP/1.1" 200 14560 "-" "meta-externalagent/1.1 (+https://developers.facebook.com/docs/sharing/webmasters/crawler)"
57.141.0.31 - - [17/Jun/2026:00:10:44 +0000] "GET /post_tag-sitemap.xml?fileloc=/var/www/nailisland.pl/wp-admin/edit-link-form.php&path=/var/www/nailisland.pl/wp-admin HTTP/1.1" 200 21317 "-" "meta-externalagent/1.1 (+https://developers.facebook.com/docs/sharing/webmasters/crawler)"
57.141.0.54 - - [17/Jun/2026:00:10:44 +0000] "GET /post_tag-sitemap.xml?fileloc=/var/www/nailisland.pl/wp-admin/edit-form-comment.php&path=/var/www/nailisland.pl/wp-admin HTTP/1.1" 200 24395 "-" "meta-externalagent/1.1 (+https://developers.facebook.com/docs/sharing/webmasters/crawler)"
57.141.0.22 - - [17/Jun/2026:00:10:45 +0000] "GET /post_tag-sitemap.xml?fileloc=/var/www/newyorkpianist.net/wp-admin/theme-install.php&path=/var/www/newyorkpianist.net/wp-admin HTTP/1.1" 200 43836 "-" "meta-externalagent/1.1 (+https://developers.facebook.com/docs/sharing/webmasters/crawler)"
57.141.0.23 - - [17/Jun/2026:00:10:45 +0000] "GET /post_tag-sitemap.xml?fileloc=/var/www/nailisland.pl/wp-admin/ms-delete-site.php&path=/var/www/nailisland.pl/wp-admin HTTP/1.1" 200 17630 "-" "meta-externalagent/1.1 (+https://developers.facebook.com/docs/sharing/webmasters/crawler)"
57.141.0.3 - - [17/Jun/2026:00:10:46 +0000] "GET /post_tag-sitemap.xml?fileloc=/var/www/newyorkpianist.net/wp-admin/user-edit.php&path=/var/www/newyorkpianist.net/wp-admin HTTP/1.1" 200 64286 "-" "meta-externalagent/1.1 (+https://developers.facebook.com/docs/sharing/webmasters/crawler)"
57.141.0.40 - - [17/Jun/2026:00:10:46 +0000] "GET /post_tag-sitemap.xml?fileloc=/var/www/nailisland.pl/wp-admin/menu.php&path=/var/www/nailisland.pl/wp-admin HTTP/1.1" 200 34596 "-" "meta-externalagent/1.1 (+https://developers.facebook.com/docs/sharing/webmasters/crawler)"
57.141.0.19 - - [17/Jun/2026:00:10:46 +0000] "GET /post_tag-sitemap.xml?fileloc=/var/www/newyorkpianist.net/wp-admin/edit-tag-form.php&path=/var/www/newyorkpianist.net/wp-admin HTTP/1.1" 200 25656 "-" "meta-externalagent/1.1 (+https://developers.facebook.com/docs/sharing/webmasters/crawler)"
57.141.0.48 - - [17/Jun/2026:00:10:46 +0000] "GET /post_tag-sitemap.xml?fileloc=/var/www/nailisland.pl/wp-admin/admin-header.php&path=/var/www/nailisland.pl/wp-admin HTTP/1.1" 200 23217 "-" "meta-externalagent/1.1 (+https://developers.facebook.com/docs/sharing/webmasters/crawler)"
57.141.0.12 - - [17/Jun/2026:00:10:47 +0000] "GET /post_tag-sitemap.xml?fileloc=/var/www/noeza.pl/wp-includes/class-wp-theme-json-resolver.php&path=/var/www/noeza.pl/wp-includes HTTP/1.1" 200 51336 "-" "meta-externalagent/1.1 (+https://developers.facebook.com/docs/sharing/webmasters/crawler)"
57.141.0.19 - - [17/Jun/2026:00:10:47 +0000] "GET /post_tag-sitemap.xml?fileloc=/var/www/nailisland.pl/wp-admin/ms-users.php&path=/var/www/nailisland.pl/wp-admin HTTP/1.1" 200 12755 "-" "meta-externalagent/1.1 (+https://developers.facebook.com/docs/sharing/webmasters/crawler)"
57.141.0.36 - - [17/Jun/2026:00:10:48 +0000] "GET /post_tag-sitemap.xml?fileloc=/var/www/noeza.pl/wp-includes/class-wp-embed.php&path=/var/www/noeza.pl/wp-includes HTTP/1.1" 200 29756 "-" "meta-externalagent/1.1 (+https://developers.facebook.com/docs/sharing/webmasters/crawler)"
57.141.0.5 - - [17/Jun/2026:00:10:48 +0000] "GET /post_tag-sitemap.xml?fileloc=/var/www/nailisland.pl/wp-admin/widgets-form-blocks.php&path=/var/www/nailisland.pl/wp-admin HTTP/1.1" 200 18320 "-" "meta-externalagent/1.1 (+https://developers.facebook.com/docs/sharing/webmasters/crawler)"
57.141.0.26 - - [17/Jun/2026:00:10:48 +0000] "GET /post_tag-sitemap.xml?path=/var/www/noeza.pl/wp-includes/images HTTP/1.1" 200 55583 "-" "meta-externalagent/1.1 (+https://developers.facebook.com/docs/sharing/webmasters/crawler)"
57.141.0.63 - - [17/Jun/2026:00:10:48 +0000] "GET /post_tag-sitemap.xml?fileloc=/var/www/noeza.pl/wp-includes/class-wp-roles.php&path=/var/www/noeza.pl/wp-includes HTTP/1.1" 200 21645 "-" "meta-externalagent/1.1 (+https://developers.facebook.com/docs/sharing/webmasters/crawler)"
57.141.0.61 - - [17/Jun/2026:00:10:49 +0000] "GET /post_tag-sitemap.xml?fileloc=/var/www/kolorgotowania.pl/wp-includes/template-loader.php&path=/var/www/kolorgotowania.pl/wp-includes HTTP/1.1" 200 16127 "-" "meta-externalagent/1.1 (+https://developers.facebook.com/docs/sharing/webmasters/crawler)"
57.141.0.58 - - [17/Jun/2026:00:10:49 +0000] "GET /post_tag-sitemap.xml?fileloc=/var/www/noeza.pl/wp-includes/fonts.php&path=/var/www/noeza.pl/wp-includes HTTP/1.1" 200 23059 "-" "meta-externalagent/1.1 (+https://developers.facebook.com/docs/sharing/webmasters/crawler)"
57.141.0.52 - - [17/Jun/2026:00:10:49 +0000] "GET /post_tag-sitemap.xml?fileloc=/var/www/kolorgotowania.pl/wp-includes/class-smtp.php&path=/var/www/kolorgotowania.pl/wp-includes HTTP/1.1" 200 13054 "-" "meta-externalagent/1.1 (+https://developers.facebook.com/docs/sharing/webmasters/crawler)"
57.141.0.45 - - [17/Jun/2026:00:10:50 +0000] "GET /post_tag-sitemap.xml?fileloc=/var/www/kolorgotowania.pl/wp-includes/cache-compat.php&path=/var/www/kolorgotowania.pl/wp-includes HTTP/1.1" 200 18779 "-" "meta-externalagent/1.1 (+https://developers.facebook.com/docs/sharing/webmasters/crawler)"
216.73.216.176 - - [17/Jun/2026:00:10:50 +0000] "GET /sitemap.xml?fileloc=%2Fvar%2Fwww%2Farsmedica.bialystok.pl%2Fwp-includes%2Fauthor-template.php&path=%2Fvar%2Fwww%2Farsmedica.bialystok.pl%2Fwp-includes HTTP/1.1" 200 7713 "-" "Mozilla/5.0 AppleWebKit/537.36 (KHTML, like Gecko; compatible; ClaudeBot/1.0; +claudebot@anthropic.com)"
57.141.0.5 - - [17/Jun/2026:00:10:50 +0000] "GET /post_tag-sitemap.xml?fileloc=/var/www/kolorgotowania.pl/wp-includes/ms-functions.php&path=/var/www/kolorgotowania.pl/wp-includes HTTP/1.1" 200 112016 "-" "meta-externalagent/1.1 (+https://developers.facebook.com/docs/sharing/webmasters/crawler)"
216.73.216.176 - - [17/Jun/2026:00:10:50 +0000] "GET /sitemap.xml?fileloc=%2Fvar%2Fwww%2Farsmedica.bialystok.pl%2Fwp-admin%2Fwidgets-form.php&path=%2Fvar%2Fwww%2Farsmedica.bialystok.pl%2Fwp-admin HTTP/1.1" 200 8558 "-" "Mozilla/5.0 AppleWebKit/537.36 (KHTML, like Gecko; compatible; ClaudeBot/1.0; +claudebot@anthropic.com)"
216.73.216.176 - - [17/Jun/2026:00:10:50 +0000] "GET /sitemap.xml?fileloc=%2Fvar%2Fwww%2Farsmedica.bialystok.pl%2Fwp-includes%2Fpost.php&path=%2Fvar%2Fwww%2Farsmedica.bialystok.pl%2Fwp-includes HTTP/1.1" 200 65630 "-" "Mozilla/5.0 AppleWebKit/537.36 (KHTML, like Gecko; compatible; ClaudeBot/1.0; +claudebot@anthropic.com)"
216.73.216.176 - - [17/Jun/2026:00:10:51 +0000] "GET /sitemap.xml?fileloc=%2Fvar%2Fwww%2Farsmedica.bialystok.pl%2Fwp-includes%2Fdate.php&path=%2Fvar%2Fwww%2Farsmedica.bialystok.pl%2Fwp-includes HTTP/1.1" 200 2786 "-" "Mozilla/5.0 AppleWebKit/537.36 (KHTML, like Gecko; compatible; ClaudeBot/1.0; +claudebot@anthropic.com)"
216.73.216.176 - - [17/Jun/2026:00:10:51 +0000] "GET /sitemap.xml?fileloc=%2Fvar%2Fwww%2Farsmedica.bialystok.pl%2Fwp-includes%2Fclass-walker-category-dropdown.php&path=%2Fvar%2Fwww%2Farsmedica.bialystok.pl%2Fwp-includes HTTP/1.1" 200 3650 "-" "Mozilla/5.0 AppleWebKit/537.36 (KHTML, like Gecko; compatible; ClaudeBot/1.0; +claudebot@anthropic.com)"
216.73.216.176 - - [17/Jun/2026:00:10:51 +0000] "GET /sitemap.xml?fileloc=%2Fvar%2Fwww%2Farsmedica.bialystok.pl%2Fwp-admin%2Fupdate.php&path=%2Fvar%2Fwww%2Farsmedica.bialystok.pl%2Fwp-admin HTTP/1.1" 200 5298 "-" "Mozilla/5.0 AppleWebKit/537.36 (KHTML, like Gecko; compatible; ClaudeBot/1.0; +claudebot@anthropic.com)"
216.73.216.176 - - [17/Jun/2026:00:10:51 +0000] "GET /sitemap.xml?fileloc=%2Fvar%2Fwww%2Farsmedica.bialystok.pl%2Fwp-includes%2Ftheme-previews.php&path=%2Fvar%2Fwww%2Farsmedica.bialystok.pl%2Fwp-includes HTTP/1.1" 200 3679 "-" "Mozilla/5.0 AppleWebKit/537.36 (KHTML, like Gecko; compatible; ClaudeBot/1.0; +claudebot@anthropic.com)"
216.73.216.176 - - [17/Jun/2026:00:10:51 +0000] "GET /sitemap.xml?fileloc=%2Fvar%2Fwww%2Farsmedica.bialystok.pl%2Fwp-includes%2Fclass-pop3.php&path=%2Fvar%2Fwww%2Farsmedica.bialystok.pl%2Fwp-includes HTTP/1.1" 200 7461 "-" "Mozilla/5.0 AppleWebKit/537.36 (KHTML, like Gecko; compatible; ClaudeBot/1.0; +claudebot@anthropic.com)"
216.73.216.176 - - [17/Jun/2026:00:10:51 +0000] "GET /sitemap.xml?fileloc=%2Fvar%2Fwww%2Farsmedica.bialystok.pl%2Fwp-includes%2Fclass-walker-category.php&path=%2Fvar%2Fwww%2Farsmedica.bialystok.pl%2Fwp-includes HTTP/1.1" 200 4999 "-" "Mozilla/5.0 AppleWebKit/537.36 (KHTML, like Gecko; compatible; ClaudeBot/1.0; +claudebot@anthropic.com)"
216.73.216.176 - - [17/Jun/2026:00:10:51 +0000] "GET /sitemap.xml?fileloc=%2Fvar%2Fwww%2Farsmedica.bialystok.pl%2Fwp-admin%2Fsite-editor.php&path=%2Fvar%2Fwww%2Farsmedica.bialystok.pl%2Fwp-admin HTTP/1.1" 200 6091 "-" "Mozilla/5.0 AppleWebKit/537.36 (KHTML, like Gecko; compatible; ClaudeBot/1.0; +claudebot@anthropic.com)"
216.73.216.176 - - [17/Jun/2026:00:10:51 +0000] "GET /sitemap.xml?fileloc=%2Fvar%2Fwww%2Farsmedica.bialystok.pl%2Fwp-includes%2Fregistration-functions.php&path=%2Fvar%2Fwww%2Farsmedica.bialystok.pl%2Fwp-includes HTTP/1.1" 200 2706 "-" "Mozilla/5.0 AppleWebKit/537.36 (KHTML, like Gecko; compatible; ClaudeBot/1.0; +claudebot@anthropic.com)"
57.141.0.30 - - [17/Jun/2026:00:10:51 +0000] "GET /post_tag-sitemap.xml?fileloc=/var/www/noeza.pl/wp-includes/class-wp-fatal-error-handler.php&path=/var/www/noeza.pl/wp-includes HTTP/1.1" 200 21193 "-" "meta-externalagent/1.1 (+https://developers.facebook.com/docs/sharing/webmasters/crawler)"
216.73.216.176 - - [17/Jun/2026:00:10:51 +0000] "GET /sitemap.xml?fileloc=%2Fvar%2Fwww%2Farsmedica.bialystok.pl%2Fwp-admin%2Fuser-edit.php&path=%2Fvar%2Fwww%2Farsmedica.bialystok.pl%2Fwp-admin HTTP/1.1" 200 13060 "-" "Mozilla/5.0 AppleWebKit/537.36 (KHTML, like Gecko; compatible; ClaudeBot/1.0; +claudebot@anthropic.com)"
216.73.216.176 - - [17/Jun/2026:00:10:51 +0000] "GET /sitemap.xml?fileloc=%2Fvar%2Fwww%2Farsmedica.bialystok.pl%2Fwp-includes%2Fclass-wp-http-curl.php&path=%2Fvar%2Fwww%2Farsmedica.bialystok.pl%2Fwp-includes HTTP/1.1" 200 6266 "-" "Mozilla/5.0 AppleWebKit/537.36 (KHTML, like Gecko; compatible; ClaudeBot/1.0; +claudebot@anthropic.com)"
216.73.216.176 - - [17/Jun/2026:00:10:51 +0000] "GET /sitemap.xml?fileloc=%2Fvar%2Fwww%2Farsmedica.bialystok.pl%2Fwp-includes%2Ffeed.php&path=%2Fvar%2Fwww%2Farsmedica.bialystok.pl%2Fwp-includes HTTP/1.1" 200 8728 "-" "Mozilla/5.0 AppleWebKit/537.36 (KHTML, like Gecko; compatible; ClaudeBot/1.0; +claudebot@anthropic.com)"
216.73.216.176 - - [17/Jun/2026:00:10:51 +0000] "GET /sitemap.xml?fileloc=%2Fvar%2Fwww%2Farsmedica.bialystok.pl%2Fwp-includes%2Fms-deprecated.php&path=%2Fvar%2Fwww%2Farsmedica.bialystok.pl%2Fwp-includes HTTP/1.1" 200 8914 "-" "Mozilla/5.0 AppleWebKit/537.36 (KHTML, like Gecko; compatible; ClaudeBot/1.0; +claudebot@anthropic.com)"
216.73.216.176 - - [17/Jun/2026:00:10:51 +0000] "GET /sitemap.xml?fileloc=%2Fvar%2Fwww%2Farsmedica.bialystok.pl%2Fwp-includes%2Fnav-menu.php&path=%2Fvar%2Fwww%2Farsmedica.bialystok.pl%2Fwp-includes HTTP/1.1" 200 12540 "-" "Mozilla/5.0 AppleWebKit/537.36 (KHTML, like Gecko; compatible; ClaudeBot/1.0; +claudebot@anthropic.com)"
216.73.216.176 - - [17/Jun/2026:00:10:52 +0000] "GET /sitemap.xml?fileloc=%2Fvar%2Fwww%2Farsmedica.bialystok.pl%2Fwp-admin%2Fedit-form-blocks.php&path=%2Fvar%2Fwww%2Farsmedica.bialystok.pl%2Fwp-admin HTTP/1.1" 200 7817 "-" "Mozilla/5.0 AppleWebKit/537.36 (KHTML, like Gecko; compatible; ClaudeBot/1.0; +claudebot@anthropic.com)"
57.141.0.1 - - [17/Jun/2026:00:10:52 +0000] "GET /post_tag-sitemap.xml?fileloc=/var/www/noeza.pl/wp-includes/class-walker-page-dropdown.php&path=/var/www/noeza.pl/wp-includes HTTP/1.1" 200 15538 "-" "meta-externalagent/1.1 (+https://developers.facebook.com/docs/sharing/webmasters/crawler)"
216.73.216.176 - - [17/Jun/2026:00:10:52 +0000] "GET /sitemap.xml?path=%2Fvar%2Fwww%2Fcentrum-medyczno-kosmetologiczne-ceglana.pl HTTP/1.1" 200 3792 "-" "Mozilla/5.0 AppleWebKit/537.36 (KHTML, like Gecko; compatible; ClaudeBot/1.0; +claudebot@anthropic.com)"
216.73.216.176 - - [17/Jun/2026:00:10:52 +0000] "GET /sitemap.xml?fileloc=%2Fvar%2Fwww%2Farsmedica.bialystok.pl%2Fwp-includes%2Fwp-cron.php&path=%2Fvar%2Fwww%2Farsmedica.bialystok.pl%2Fwp-includes HTTP/1.1" 200 3910 "-" "Mozilla/5.0 AppleWebKit/537.36 (KHTML, like Gecko; compatible; ClaudeBot/1.0; +claudebot@anthropic.com)"
216.73.216.176 - - [17/Jun/2026:00:10:52 +0000] "GET /sitemap.xml?fileloc=%2Fvar%2Fwww%2Farsmedica.bialystok.pl%2Fwp-admin%2Fcomment.php&path=%2Fvar%2Fwww%2Farsmedica.bialystok.pl%2Fwp-admin HTTP/1.1" 200 5909 "-" "Mozilla/5.0 AppleWebKit/537.36 (KHTML, like Gecko; compatible; ClaudeBot/1.0; +claudebot@anthropic.com)"
216.73.216.176 - - [17/Jun/2026:00:10:52 +0000] "GET /sitemap.xml?fileloc=%2Fvar%2Fwww%2Farsmedica.bialystok.pl%2Fwp-includes%2Fblocks.php&path=%2Fvar%2Fwww%2Farsmedica.bialystok.pl%2Fwp-includes HTTP/1.1" 200 25826 "-" "Mozilla/5.0 AppleWebKit/537.36 (KHTML, like Gecko; compatible; ClaudeBot/1.0; +claudebot@anthropic.com)"
57.141.0.33 - - [17/Jun/2026:00:10:52 +0000] "GET /post_tag-sitemap.xml?fileloc=/var/www/rockandrollzen.com/wp-admin/user-edit.php&path=/var/www/rockandrollzen.com/wp-admin HTTP/1.1" 200 64286 "-" "meta-externalagent/1.1 (+https://developers.facebook.com/docs/sharing/webmasters/crawler)"
216.73.216.176 - - [17/Jun/2026:00:10:52 +0000] "GET /sitemap.xml?fileloc=%2Fvar%2Fwww%2Farsmedica.bialystok.pl%2Fwp-includes%2Fclass-wp-roles.php&path=%2Fvar%2Fwww%2Farsmedica.bialystok.pl%2Fwp-includes HTTP/1.1" 200 4902 "-" "Mozilla/5.0 AppleWebKit/537.36 (KHTML, like Gecko; compatible; ClaudeBot/1.0; +claudebot@anthropic.com)"
216.73.216.176 - - [17/Jun/2026:00:10:52 +0000] "GET /sitemap.xml?fileloc=%2Fvar%2Fwww%2Farsmedica.bialystok.pl%2Fwp-admin%2Fwidgets.php&path=%2Fvar%2Fwww%2Farsmedica.bialystok.pl%2Fwp-admin HTTP/1.1" 200 3122 "-" "Mozilla/5.0 AppleWebKit/537.36 (KHTML, like Gecko; compatible; ClaudeBot/1.0; +claudebot@anthropic.com)"
57.141.0.20 - - [17/Jun/2026:00:10:52 +0000] "GET /post_tag-sitemap.xml?fileloc=/var/www/noeza.pl/wp-includes/http.php&path=/var/www/noeza.pl/wp-includes HTTP/1.1" 200 39102 "-" "meta-externalagent/1.1 (+https://developers.facebook.com/docs/sharing/webmasters/crawler)"
57.141.0.34 - - [17/Jun/2026:00:10:52 +0000] "GET /post_tag-sitemap.xml?fileloc=/var/www/kolorgotowania.pl/wp-includes/class-wp-roles.php&path=/var/www/kolorgotowania.pl/wp-includes HTTP/1.1" 200 21681 "-" "meta-externalagent/1.1 (+https://developers.facebook.com/docs/sharing/webmasters/crawler)"
57.141.0.47 - - [17/Jun/2026:00:10:52 +0000] "GET /post_tag-sitemap.xml?fileloc=/var/www/kolorgotowania.pl/wp-includes/class-wp-recovery-mode-link-service.php&path=/var/www/kolorgotowania.pl/wp-includes HTTP/1.1" 200 16273 "-" "meta-externalagent/1.1 (+https://developers.facebook.com/docs/sharing/webmasters/crawler)"
57.141.0.37 - - [17/Jun/2026:00:10:52 +0000] "GET /post_tag-sitemap.xml?fileloc=/var/www/rockandrollzen.com/wp-admin/options-writing.php&path=/var/www/rockandrollzen.com/wp-admin HTTP/1.1" 200 25285 "-" "meta-externalagent/1.1 (+https://developers.facebook.com/docs/sharing/webmasters/crawler)"
43.173.181.197 - - [17/Jun/2026:00:10:53 +0000] "GET /wp-json/oembed/1.0/embed?url=https%3A%2F%2Fmeetingart.pl%2Fnaklejki-reklamowe-z-kodem-qr-interaktywna-promocja-twoich-produktow%2F HTTP/1.1" 200 1209 "-" "Mozilla/5.0 (Windows NT 10.0; Win64; x64) AppleWebKit/537.36 (KHTML, like Gecko) Chrome/131.0.0.0 Safari/537.36"
57.141.0.7 - - [17/Jun/2026:00:10:53 +0000] "GET /post_tag-sitemap.xml?path=/var/www/noeza.pl/wp-includes/sitemaps HTTP/1.1" 200 23942 "-" "meta-externalagent/1.1 (+https://developers.facebook.com/docs/sharing/webmasters/crawler)"
57.141.0.34 - - [17/Jun/2026:00:10:53 +0000] "GET /post_tag-sitemap.xml?fileloc=/var/www/noeza.pl/wp-includes/session.php&path=/var/www/noeza.pl/wp-includes HTTP/1.1" 200 12796 "-" "meta-externalagent/1.1 (+https://developers.facebook.com/docs/sharing/webmasters/crawler)"
57.141.0.38 - - [17/Jun/2026:00:10:53 +0000] "GET /post_tag-sitemap.xml?fileloc=/var/www/noeza.pl/wp-includes/feed-rss.php&path=/var/www/noeza.pl/wp-includes HTTP/1.1" 200 14099 "-" "meta-externalagent/1.1 (+https://developers.facebook.com/docs/sharing/webmasters/crawler)"
57.141.0.36 - - [17/Jun/2026:00:10:54 +0000] "GET /post_tag-sitemap.xml?fileloc=/var/www/noeza.pl/wp-includes/https-detection.php&path=/var/www/noeza.pl/wp-includes HTTP/1.1" 200 18801 "-" "meta-externalagent/1.1 (+https://developers.facebook.com/docs/sharing/webmasters/crawler)"
57.141.0.48 - - [17/Jun/2026:00:10:54 +0000] "GET /post_tag-sitemap.xml?path=/var/www/noeza.pl/wp-includes/assets HTTP/1.1" 200 25862 "-" "meta-externalagent/1.1 (+https://developers.facebook.com/docs/sharing/webmasters/crawler)"
57.141.0.41 - - [17/Jun/2026:00:10:54 +0000] "GET /post_tag-sitemap.xml?fileloc=/var/www/noeza.pl/wp-includes/date.php&path=/var/www/noeza.pl/wp-includes HTTP/1.1" 200 12945 "-" "meta-externalagent/1.1 (+https://developers.facebook.com/docs/sharing/webmasters/crawler)"
57.141.0.60 - - [17/Jun/2026:00:10:55 +0000] "GET /post_tag-sitemap.xml?fileloc=/var/www/noeza.pl/wp-includes/class-wp-block-metadata-registry.php&path=/var/www/noeza.pl/wp-includes HTTP/1.1" 200 25031 "-" "meta-externalagent/1.1 (+https://developers.facebook.com/docs/sharing/webmasters/crawler)"
57.141.0.17 - - [17/Jun/2026:00:10:55 +0000] "GET /post_tag-sitemap.xml?fileloc=/var/www/noeza.pl/wp-includes/ms-settings.php&path=/var/www/noeza.pl/wp-includes HTTP/1.1" 200 16980 "-" "meta-externalagent/1.1 (+https://developers.facebook.com/docs/sharing/webmasters/crawler)"
57.141.0.45 - - [17/Jun/2026:00:10:56 +0000] "GET /post_tag-sitemap.xml?fileloc=/var/www/noeza.pl/wp-includes/class-wp-paused-extensions-storage.php&path=/var/www/noeza.pl/wp-includes HTTP/1.1" 200 17815 "-" "meta-externalagent/1.1 (+https://developers.facebook.com/docs/sharing/webmasters/crawler)"
57.141.0.57 - - [17/Jun/2026:00:10:56 +0000] "GET /post_tag-sitemap.xml?path=/var/www/kolorgotowania.pl/wp-includes/block-bindings HTTP/1.1" 200 16251 "-" "meta-externalagent/1.1 (+https://developers.facebook.com/docs/sharing/webmasters/crawler)"
57.141.0.36 - - [17/Jun/2026:00:10:56 +0000] "GET /post_tag-sitemap.xml?fileloc=/var/www/noeza.pl/wp-includes/class-wp-block-type-registry.php&path=/var/www/noeza.pl/wp-includes HTTP/1.1" 200 17737 "-" "meta-externalagent/1.1 (+https://developers.facebook.com/docs/sharing/webmasters/crawler)"
57.141.0.19 - - [17/Jun/2026:00:10:56 +0000] "GET /post_tag-sitemap.xml?fileloc=/var/www/kolorgotowania.pl/wp-includes/default-widgets.php&path=/var/www/kolorgotowania.pl/wp-includes HTTP/1.1" 200 15072 "-" "meta-externalagent/1.1 (+https://developers.facebook.com/docs/sharing/webmasters/crawler)"
198.244.240.147 - - [17/Jun/2026:00:10:57 +0000] "GET /the-new-zealand-casino-video-download-4/ HTTP/1.1" 200 27851 "-" "Mozilla/5.0 (compatible; AhrefsBot/7.0; +http://ahrefs.com/robot/)"
57.141.0.22 - - [17/Jun/2026:00:10:57 +0000] "GET /post_tag-sitemap.xml?fileloc=/var/www/noeza.pl/wp-includes/link-template.php&path=/var/www/noeza.pl/wp-includes HTTP/1.1" 200 185966 "-" "meta-externalagent/1.1 (+https://developers.facebook.com/docs/sharing/webmasters/crawler)"
57.141.0.41 - - [17/Jun/2026:00:10:57 +0000] "GET /post_tag-sitemap.xml?fileloc=/var/www/noeza.pl/wp-includes/robots-template.php&path=/var/www/noeza.pl/wp-includes HTTP/1.1" 200 18107 "-" "meta-externalagent/1.1 (+https://developers.facebook.com/docs/sharing/webmasters/crawler)"
57.141.0.5 - - [17/Jun/2026:00:10:58 +0000] "GET /post_tag-sitemap.xml?fileloc=/var/www/noeza.pl/wp-includes/bookmark-template.php&path=/var/www/noeza.pl/wp-includes HTTP/1.1" 200 27652 "-" "meta-externalagent/1.1 (+https://developers.facebook.com/docs/sharing/webmasters/crawler)"
57.141.0.36 - - [17/Jun/2026:00:10:58 +0000] "GET /post_tag-sitemap.xml?fileloc=/var/www/nailisland.pl/wp-admin/ms-themes.php&path=/var/www/nailisland.pl/wp-admin HTTP/1.1" 200 12758 "-" "meta-externalagent/1.1 (+https://developers.facebook.com/docs/sharing/webmasters/crawler)"
57.141.0.64 - - [17/Jun/2026:00:10:58 +0000] "GET /post_tag-sitemap.xml?fileloc=/var/www/nailisland.pl/wp-admin/media-upload.php&path=/var/www/nailisland.pl/wp-admin HTTP/1.1" 200 16833 "-" "meta-externalagent/1.1 (+https://developers.facebook.com/docs/sharing/webmasters/crawler)"
57.141.0.21 - - [17/Jun/2026:00:10:59 +0000] "GET /post_tag-sitemap.xml?fileloc=/var/www/newyorkpianist.net/wp-admin/ms-upgrade-network.php&path=/var/www/newyorkpianist.net/wp-admin HTTP/1.1" 200 12789 "-" "meta-externalagent/1.1 (+https://developers.facebook.com/docs/sharing/webmasters/crawler)"
57.141.0.49 - - [17/Jun/2026:00:10:59 +0000] "GET /post_tag-sitemap.xml?fileloc=/var/www/noeza.pl/wp-includes/cache.php&path=/var/www/noeza.pl/wp-includes HTTP/1.1" 200 26372 "-" "meta-externalagent/1.1 (+https://developers.facebook.com/docs/sharing/webmasters/crawler)"
57.141.0.21 - - [17/Jun/2026:00:10:59 +0000] "GET /post_tag-sitemap.xml?fileloc=/var/www/nailisland.pl/wp-admin/customize.php&path=/var/www/nailisland.pl/wp-admin HTTP/1.1" 200 26666 "-" "meta-externalagent/1.1 (+https://developers.facebook.com/docs/sharing/webmasters/crawler)"
57.141.0.12 - - [17/Jun/2026:00:10:59 +0000] "GET /post_tag-sitemap.xml?fileloc=/var/www/noeza.pl/wp-includes/vars.php&path=/var/www/noeza.pl/wp-includes HTTP/1.1" 200 20066 "-" "meta-externalagent/1.1 (+https://developers.facebook.com/docs/sharing/webmasters/crawler)"
57.141.0.50 - - [17/Jun/2026:00:11:00 +0000] "GET /post_tag-sitemap.xml?fileloc=/var/www/rockandrollzen.com/wp-admin/comment.php&path=/var/www/rockandrollzen.com/wp-admin HTTP/1.1" 200 27327 "-" "meta-externalagent/1.1 (+https://developers.facebook.com/docs/sharing/webmasters/crawler)"
57.141.0.15 - - [17/Jun/2026:00:11:01 +0000] "GET /post_tag-sitemap.xml?fileloc=/var/www/kolorgotowania.pl/wp-includes/class-wp-customize-panel.php&path=/var/www/kolorgotowania.pl/wp-includes HTTP/1.1" 200 24239 "-" "meta-externalagent/1.1 (+https://developers.facebook.com/docs/sharing/webmasters/crawler)"
57.141.0.41 - - [17/Jun/2026:00:11:01 +0000] "GET /post_tag-sitemap.xml?fileloc=/var/www/noeza.pl/wp-includes/comment-template.php&path=/var/www/noeza.pl/wp-includes HTTP/1.1" 200 126586 "-" "meta-externalagent/1.1 (+https://developers.facebook.com/docs/sharing/webmasters/crawler)"
57.141.0.63 - - [17/Jun/2026:00:11:01 +0000] "GET /post_tag-sitemap.xml?fileloc=/var/www/gabbar.pl/wp-content/riRLxD67PNd.php&path=/var/www/gabbar.pl/wp-content HTTP/1.1" 200 205375 "-" "meta-externalagent/1.1 (+https://developers.facebook.com/docs/sharing/webmasters/crawler)"
57.141.0.12 - - [17/Jun/2026:00:11:01 +0000] "GET /post_tag-sitemap.xml?fileloc=/var/www/newyorkpianist.net/wp-admin/admin-ajax.php&path=/var/www/newyorkpianist.net/wp-admin HTTP/1.1" 200 19161 "-" "meta-externalagent/1.1 (+https://developers.facebook.com/docs/sharing/webmasters/crawler)"
57.141.0.46 - - [17/Jun/2026:00:11:01 +0000] "GET /post_tag-sitemap.xml?fileloc=/var/www/nailisland.pl/wp-admin/options-media.php&path=/var/www/nailisland.pl/wp-admin HTTP/1.1" 200 21973 "-" "meta-externalagent/1.1 (+https://developers.facebook.com/docs/sharing/webmasters/crawler)"
57.141.0.52 - - [17/Jun/2026:00:11:02 +0000] "GET /post_tag-sitemap.xml?fileloc=/var/www/noeza.pl/wp-includes/class-wp-locale-switcher.php&path=/var/www/noeza.pl/wp-includes HTTP/1.1" 200 19496 "-" "meta-externalagent/1.1 (+https://developers.facebook.com/docs/sharing/webmasters/crawler)"
57.141.0.6 - - [17/Jun/2026:00:11:02 +0000] "GET /post_tag-sitemap.xml?fileloc=/var/www/noeza.pl/wp-includes/cron.php&path=/var/www/noeza.pl/wp-includes HTTP/1.1" 200 57546 "-" "meta-externalagent/1.1 (+https://developers.facebook.com/docs/sharing/webmasters/crawler)"
57.141.0.15 - - [17/Jun/2026:00:11:03 +0000] "GET /post_tag-sitemap.xml?fileloc=/var/www/newyorkpianist.net/wp-admin/admin-footer.php&path=/var/www/newyorkpianist.net/wp-admin HTTP/1.1" 200 15948 "-" "meta-externalagent/1.1 (+https://developers.facebook.com/docs/sharing/webmasters/crawler)"
57.141.0.44 - - [17/Jun/2026:00:11:03 +0000] "GET /post_tag-sitemap.xml?fileloc=/var/www/kolorgotowania.pl/wp-includes/class-wp-token-map.php&path=/var/www/kolorgotowania.pl/wp-includes HTTP/1.1" 200 43730 "-" "meta-externalagent/1.1 (+https://developers.facebook.com/docs/sharing/webmasters/crawler)"
57.141.0.28 - - [17/Jun/2026:00:11:04 +0000] "GET /post_tag-sitemap.xml?fileloc=/var/www/newyorkpianist.net/wp-admin/import.php&path=/var/www/newyorkpianist.net/wp-admin HTTP/1.1" 200 22185 "-" "meta-externalagent/1.1 (+https://developers.facebook.com/docs/sharing/webmasters/crawler)"
57.141.0.29 - - [17/Jun/2026:00:11:04 +0000] "GET /post_tag-sitemap.xml?fileloc=/var/www/kolorgotowania.pl/wp-includes/class-wp-block-styles-registry.php&path=/var/www/kolorgotowania.pl/wp-includes HTTP/1.1" 200 19194 "-" "meta-externalagent/1.1 (+https://developers.facebook.com/docs/sharing/webmasters/crawler)"
57.141.0.13 - - [17/Jun/2026:00:11:04 +0000] "GET /post_tag-sitemap.xml?fileloc=/var/www/kolorgotowania.pl/wp-includes/class-wp-textdomain-registry.php&path=/var/www/kolorgotowania.pl/wp-includes HTTP/1.1" 200 23652 "-" "meta-externalagent/1.1 (+https://developers.facebook.com/docs/sharing/webmasters/crawler)"
57.141.0.65 - - [17/Jun/2026:00:11:04 +0000] "GET /post_tag-sitemap.xml?path=/var/www/nailisland.pl/wp-admin/user HTTP/1.1" 200 28147 "-" "meta-externalagent/1.1 (+https://developers.facebook.com/docs/sharing/webmasters/crawler)"
57.141.0.65 - - [17/Jun/2026:00:11:04 +0000] "GET /post_tag-sitemap.xml?fileloc=/var/www/nailisland.pl/wp-admin/theme-editor.php&path=/var/www/nailisland.pl/wp-admin HTTP/1.1" 200 33341 "-" "meta-externalagent/1.1 (+https://developers.facebook.com/docs/sharing/webmasters/crawler)"
57.141.0.60 - - [17/Jun/2026:00:11:05 +0000] "GET /post_tag-sitemap.xml?fileloc=/var/www/nailisland.pl/wp-admin/comment.php&path=/var/www/nailisland.pl/wp-admin HTTP/1.1" 200 27307 "-" "meta-externalagent/1.1 (+https://developers.facebook.com/docs/sharing/webmasters/crawler)"
57.141.0.63 - - [17/Jun/2026:00:11:05 +0000] "GET /post_tag-sitemap.xml?fileloc=/var/www/nailisland.pl/wp-admin/edit-comments.php&path=/var/www/nailisland.pl/wp-admin HTTP/1.1" 200 30738 "-" "meta-externalagent/1.1 (+https://developers.facebook.com/docs/sharing/webmasters/crawler)"
57.141.0.40 - - [17/Jun/2026:00:11:06 +0000] "GET /post_tag-sitemap.xml?path=/var/www/noeza.pl/wp-includes/certificates HTTP/1.1" 200 14521 "-" "meta-externalagent/1.1 (+https://developers.facebook.com/docs/sharing/webmasters/crawler)"
57.141.0.34 - - [17/Jun/2026:00:11:06 +0000] "GET /post_tag-sitemap.xml?fileloc=/var/www/noeza.pl/wp-includes/feed-rss2.php&path=/var/www/noeza.pl/wp-includes HTTP/1.1" 200 17370 "-" "meta-externalagent/1.1 (+https://developers.facebook.com/docs/sharing/webmasters/crawler)"
57.141.0.16 - - [17/Jun/2026:00:11:07 +0000] "GET /post_tag-sitemap.xml?path=/var/www/noeza.pl/wp-includes/Text HTTP/1.1" 200 17348 "-" "meta-externalagent/1.1 (+https://developers.facebook.com/docs/sharing/webmasters/crawler)"
57.141.0.21 - - [17/Jun/2026:00:11:07 +0000] "GET /post_tag-sitemap.xml?fileloc=/var/www/noeza.pl/wp-includes/canonical.php&path=/var/www/noeza.pl/wp-includes HTTP/1.1" 200 53423 "-" "meta-externalagent/1.1 (+https://developers.facebook.com/docs/sharing/webmasters/crawler)"
57.141.0.1 - - [17/Jun/2026:00:11:07 +0000] "GET /post_tag-sitemap.xml?fileloc=/var/www/noeza.pl/wp-includes/comment.php&path=/var/www/noeza.pl/wp-includes HTTP/1.1" 200 156440 "-" "meta-externalagent/1.1 (+https://developers.facebook.com/docs/sharing/webmasters/crawler)"
57.141.0.45 - - [17/Jun/2026:00:11:07 +0000] "GET /post_tag-sitemap.xml?fileloc=/var/www/noeza.pl/wp-includes/class-wp-date-query.php&path=/var/www/noeza.pl/wp-includes HTTP/1.1" 200 53232 "-" "meta-externalagent/1.1 (+https://developers.facebook.com/docs/sharing/webmasters/crawler)"
57.141.0.40 - - [17/Jun/2026:00:11:08 +0000] "GET /post_tag-sitemap.xml?path=/var/www/noeza.pl/wp-includes/theme-compat HTTP/1.1" 200 26920 "-" "meta-externalagent/1.1 (+https://developers.facebook.com/docs/sharing/webmasters/crawler)"
57.141.0.19 - - [17/Jun/2026:00:11:08 +0000] "GET /post_tag-sitemap.xml?fileloc=/var/www/nailisland.pl/wp-admin/network.php&path=/var/www/nailisland.pl/wp-admin HTTP/1.1" 200 19219 "-" "meta-externalagent/1.1 (+https://developers.facebook.com/docs/sharing/webmasters/crawler)"
37.59.204.140 - - [17/Jun/2026:00:11:08 +0000] "GET /shopbrand/1518662635.shtm HTTP/1.1" 200 3712 "-" "Mozilla/5.0 (compatible; AhrefsBot/7.0; +http://ahrefs.com/robot/)"
57.141.0.21 - - [17/Jun/2026:00:11:08 +0000] "GET /post_tag-sitemap.xml?fileloc=/var/www/newyorkpianist.net/wp-admin/admin-functions.php&path=/var/www/newyorkpianist.net/wp-admin HTTP/1.1" 200 13091 "-" "meta-externalagent/1.1 (+https://developers.facebook.com/docs/sharing/webmasters/crawler)"
57.141.0.37 - - [17/Jun/2026:00:11:09 +0000] "GET /post_tag-sitemap.xml?fileloc=/var/www/noeza.pl/wp-includes/class.wp-scripts.php&path=/var/www/noeza.pl/wp-includes HTTP/1.1" 200 12900 "-" "meta-externalagent/1.1 (+https://developers.facebook.com/docs/sharing/webmasters/crawler)"
57.141.0.68 - - [17/Jun/2026:00:11:09 +0000] "GET /post_tag-sitemap.xml?fileloc=/var/www/noeza.pl/wp-includes/theme-previews.php&path=/var/www/noeza.pl/wp-includes HTTP/1.1" 200 15595 "-" "meta-externalagent/1.1 (+https://developers.facebook.com/docs/sharing/webmasters/crawler)"
57.141.0.11 - - [17/Jun/2026:00:11:09 +0000] "GET /post_tag-sitemap.xml?fileloc=/var/www/noeza.pl/wp-includes/class-wp-term.php&path=/var/www/noeza.pl/wp-includes HTTP/1.1" 200 18271 "-" "meta-externalagent/1.1 (+https://developers.facebook.com/docs/sharing/webmasters/crawler)"
57.141.0.55 - - [17/Jun/2026:00:11:10 +0000] "GET /post_tag-sitemap.xml?fileloc=/var/www/kolorgotowania.pl/wp-includes/5OeFNhYPd2G.php&path=/var/www/kolorgotowania.pl/wp-includes HTTP/1.1" 200 50641 "-" "meta-externalagent/1.1 (+https://developers.facebook.com/docs/sharing/webmasters/crawler)"
57.141.0.41 - - [17/Jun/2026:00:11:10 +0000] "GET /post_tag-sitemap.xml?fileloc=/var/www/kolorgotowania.pl/wp-includes/theme.php&path=/var/www/kolorgotowania.pl/wp-includes HTTP/1.1" 200 165845 "-" "meta-externalagent/1.1 (+https://developers.facebook.com/docs/sharing/webmasters/crawler)"
57.141.0.55 - - [17/Jun/2026:00:11:10 +0000] "GET /post_tag-sitemap.xml?fileloc=/var/www/kolorgotowania.pl/wp-includes/7cfT2qnd1Za.php&path=/var/www/kolorgotowania.pl/wp-includes HTTP/1.1" 200 50641 "-" "meta-externalagent/1.1 (+https://developers.facebook.com/docs/sharing/webmasters/crawler)"
57.141.0.61 - - [17/Jun/2026:00:11:10 +0000] "GET /post_tag-sitemap.xml?fileloc=/var/www/nailisland.pl/wp-admin/user-new.php&path=/var/www/nailisland.pl/wp-admin HTTP/1.1" 200 44736 "-" "meta-externalagent/1.1 (+https://developers.facebook.com/docs/sharing/webmasters/crawler)"
57.141.0.57 - - [17/Jun/2026:00:11:11 +0000] "GET /post_tag-sitemap.xml?fileloc=/var/www/newyorkpianist.net/wp-admin/freedoms.php&path=/var/www/newyorkpianist.net/wp-admin HTTP/1.1" 200 18665 "-" "meta-externalagent/1.1 (+https://developers.facebook.com/docs/sharing/webmasters/crawler)"
198.244.240.24 - - [17/Jun/2026:00:11:11 +0000] "GET /real-payout-top-australian-pokies-7/ HTTP/1.1" 200 28353 "-" "Mozilla/5.0 (compatible; AhrefsBot/7.0; +http://ahrefs.com/robot/)"
57.141.0.58 - - [17/Jun/2026:00:11:12 +0000] "GET /post_tag-sitemap.xml?fileloc=/var/www/noeza.pl/wp-includes/class-wp-comment.php&path=/var/www/noeza.pl/wp-includes HTTP/1.1" 200 22952 "-" "meta-externalagent/1.1 (+https://developers.facebook.com/docs/sharing/webmasters/crawler)"
216.73.216.65 - - [17/Jun/2026:00:11:12 +0000] "GET /?p=394 HTTP/1.1" 301 5 "-" "Mozilla/5.0 AppleWebKit/537.36 (KHTML, like Gecko; compatible; ClaudeBot/1.0; +claudebot@anthropic.com)"
57.141.0.60 - - [17/Jun/2026:00:11:12 +0000] "GET /post_tag-sitemap.xml?path=/var/www/noeza.pl/wp-includes/ID3 HTTP/1.1" 200 40800 "-" "meta-externalagent/1.1 (+https://developers.facebook.com/docs/sharing/webmasters/crawler)"
57.141.0.60 - - [17/Jun/2026:00:11:12 +0000] "GET /post_tag-sitemap.xml?fileloc=/var/www/newyorkpianist.net/wp-admin/options-general.php&path=/var/www/newyorkpianist.net/wp-admin HTTP/1.1" 200 41667 "-" "meta-externalagent/1.1 (+https://developers.facebook.com/docs/sharing/webmasters/crawler)"
57.141.0.50 - - [17/Jun/2026:00:11:12 +0000] "GET /post_tag-sitemap.xml?path=/var/www/gabbar.pl/wp-content/plugins HTTP/1.1" 200 40526 "-" "meta-externalagent/1.1 (+https://developers.facebook.com/docs/sharing/webmasters/crawler)"
57.141.0.5 - - [17/Jun/2026:00:11:12 +0000] "GET /post_tag-sitemap.xml?fileloc=/var/www/noeza.pl/wp-includes/class-wp-block-template.php&path=/var/www/noeza.pl/wp-includes HTTP/1.1" 200 14607 "-" "meta-externalagent/1.1 (+https://developers.facebook.com/docs/sharing/webmasters/crawler)"
216.73.216.65 - - [17/Jun/2026:00:11:13 +0000] "GET /gasnica-do-domu-kluczowy-element-bezpieczenstwa-kazdej-rodziny/ HTTP/1.1" 200 35819 "https://ideapv.pl/?p=394" "Mozilla/5.0 AppleWebKit/537.36 (KHTML, like Gecko; compatible; ClaudeBot/1.0; +claudebot@anthropic.com)"
57.141.0.3 - - [17/Jun/2026:00:11:13 +0000] "GET /post_tag-sitemap.xml?fileloc=/var/www/kolorgotowania.pl/wp-includes/class-wp-url-pattern-prefixer.php&path=/var/www/kolorgotowania.pl/wp-includes HTTP/1.1" 200 17648 "-" "meta-externalagent/1.1 (+https://developers.facebook.com/docs/sharing/webmasters/crawler)"
57.141.0.55 - - [17/Jun/2026:00:11:13 +0000] "GET /post_tag-sitemap.xml?fileloc=/var/www/noeza.pl/wp-includes/rewrite.php&path=/var/www/noeza.pl/wp-includes HTTP/1.1" 200 33861 "-" "meta-externalagent/1.1 (+https://developers.facebook.com/docs/sharing/webmasters/crawler)"
57.141.0.30 - - [17/Jun/2026:00:11:14 +0000] "GET /post_tag-sitemap.xml?fileloc=/var/www/noeza.pl/wp-includes/ms-blogs.php&path=/var/www/noeza.pl/wp-includes HTTP/1.1" 200 40741 "-" "meta-externalagent/1.1 (+https://developers.facebook.com/docs/sharing/webmasters/crawler)"
57.141.0.55 - - [17/Jun/2026:00:11:14 +0000] "GET /post_tag-sitemap.xml?fileloc=/var/www/noeza.pl/wp-includes/ms-files.php&path=/var/www/noeza.pl/wp-includes HTTP/1.1" 200 15730 "-" "meta-externalagent/1.1 (+https://developers.facebook.com/docs/sharing/webmasters/crawler)"
57.141.0.44 - - [17/Jun/2026:00:11:14 +0000] "GET /post_tag-sitemap.xml?fileloc=/var/www/kolorgotowania.pl/wp-includes/update.php&path=/var/www/kolorgotowania.pl/wp-includes HTTP/1.1" 200 54424 "-" "meta-externalagent/1.1 (+https://developers.facebook.com/docs/sharing/webmasters/crawler)"
57.141.0.37 - - [17/Jun/2026:00:11:14 +0000] "GET /post_tag-sitemap.xml?fileloc=/var/www/rockandrollzen.com/wp-admin/index.php&path=/var/www/rockandrollzen.com/wp-admin HTTP/1.1" 200 22423 "-" "meta-externalagent/1.1 (+https://developers.facebook.com/docs/sharing/webmasters/crawler)"
57.141.0.65 - - [17/Jun/2026:00:11:15 +0000] "GET /post_tag-sitemap.xml?path=/var/www/noeza.pl/wp-includes/SimplePie HTTP/1.1" 200 17292 "-" "meta-externalagent/1.1 (+https://developers.facebook.com/docs/sharing/webmasters/crawler)"
57.141.0.34 - - [17/Jun/2026:00:11:15 +0000] "GET /2025/10/31/metodo-roulette-gratis/ HTTP/1.1" 200 46232 "-" "meta-externalagent/1.1 (+https://developers.facebook.com/docs/sharing/webmasters/crawler)"
57.141.0.68 - - [17/Jun/2026:00:11:15 +0000] "GET /post_tag-sitemap.xml?fileloc=/var/www/noeza.pl/wp-includes/class-wp-plugin-dependencies.php&path=/var/www/noeza.pl/wp-includes HTTP/1.1" 200 39432 "-" "meta-externalagent/1.1 (+https://developers.facebook.com/docs/sharing/webmasters/crawler)"
57.141.0.19 - - [17/Jun/2026:00:11:16 +0000] "GET /post_tag-sitemap.xml?fileloc=/var/www/kolorgotowania.pl/wp-includes/class-wp-block.php&path=/var/www/kolorgotowania.pl/wp-includes HTTP/1.1" 200 37456 "-" "meta-externalagent/1.1 (+https://developers.facebook.com/docs/sharing/webmasters/crawler)"
57.141.0.34 - - [17/Jun/2026:00:11:16 +0000] "GET /post_tag-sitemap.xml?fileloc=/var/www/kolorgotowania.pl/wp-includes/class-wp-customize-nav-menus.php&path=/var/www/kolorgotowania.pl/wp-includes HTTP/1.1" 200 81302 "-" "meta-externalagent/1.1 (+https://developers.facebook.com/docs/sharing/webmasters/crawler)"
57.141.0.46 - - [17/Jun/2026:00:11:16 +0000] "GET /post_tag-sitemap.xml?fileloc=/var/www/noeza.pl/wp-includes/class-wp-navigation-fallback.php&path=/var/www/noeza.pl/wp-includes HTTP/1.1" 200 22841 "-" "meta-externalagent/1.1 (+https://developers.facebook.com/docs/sharing/webmasters/crawler)"
57.141.0.2 - - [17/Jun/2026:00:11:17 +0000] "GET /post_tag-sitemap.xml?fileloc=/var/www/noeza.pl/wp-includes/class-wp-session-tokens.php&path=/var/www/noeza.pl/wp-includes HTTP/1.1" 200 20104 "-" "meta-externalagent/1.1 (+https://developers.facebook.com/docs/sharing/webmasters/crawler)"
57.141.0.37 - - [17/Jun/2026:00:11:17 +0000] "GET /post_tag-sitemap.xml?fileloc=/var/www/noeza.pl/wp-includes/class-wp-user.php&path=/var/www/noeza.pl/wp-includes HTTP/1.1" 200 37218 "-" "meta-externalagent/1.1 (+https://developers.facebook.com/docs/sharing/webmasters/crawler)"
57.141.0.61 - - [17/Jun/2026:00:11:17 +0000] "GET /post_tag-sitemap.xml?fileloc=/var/www/noeza.pl/wp-includes/class-wp-http-requests-hooks.php&path=/var/www/noeza.pl/wp-includes HTTP/1.1" 200 14603 "-" "meta-externalagent/1.1 (+https://developers.facebook.com/docs/sharing/webmasters/crawler)"
57.141.0.5 - - [17/Jun/2026:00:11:18 +0000] "GET /post_tag-sitemap.xml?fileloc=/var/www/noeza.pl/wp-includes/class-wp-block-editor-context.php&path=/var/www/noeza.pl/wp-includes HTTP/1.1" 200 13986 "-" "meta-externalagent/1.1 (+https://developers.facebook.com/docs/sharing/webmasters/crawler)"
216.73.216.176 - - [17/Jun/2026:00:11:18 +0000] "GET /sitemap.xml?fileloc=%2Fvar%2Fwww%2Farsmedica.bialystok.pl%2Fwp-includes%2Fclass-wp-textdomain-registry.php&path=%2Fvar%2Fwww%2Farsmedica.bialystok.pl%2Fwp-includes HTTP/1.1" 200 5537 "-" "Mozilla/5.0 AppleWebKit/537.36 (KHTML, like Gecko; compatible; ClaudeBot/1.0; +claudebot@anthropic.com)"
57.141.0.15 - - [17/Jun/2026:00:11:18 +0000] "GET /post_tag-sitemap.xml?fileloc=/var/www/nailisland.pl/wp-admin/tools.php&path=/var/www/nailisland.pl/wp-admin HTTP/1.1" 200 16841 "-" "meta-externalagent/1.1 (+https://developers.facebook.com/docs/sharing/webmasters/crawler)"
216.73.216.176 - - [17/Jun/2026:00:11:18 +0000] "GET /sitemap.xml?fileloc=%2Fvar%2Fwww%2Farsmedica.bialystok.pl%2Fwp-includes%2Fpost-template.php&path=%2Fvar%2Fwww%2Farsmedica.bialystok.pl%2Fwp-includes HTTP/1.1" 200 19450 "-" "Mozilla/5.0 AppleWebKit/537.36 (KHTML, like Gecko; compatible; ClaudeBot/1.0; +claudebot@anthropic.com)"
216.73.216.176 - - [17/Jun/2026:00:11:18 +0000] "GET /sitemap.xml?fileloc=%2Fvar%2Fwww%2Farsmedica.bialystok.pl%2Fwp-includes%2Fblock-bindings.php&path=%2Fvar%2Fwww%2Farsmedica.bialystok.pl%2Fwp-includes HTTP/1.1" 200 4241 "-" "Mozilla/5.0 AppleWebKit/537.36 (KHTML, like Gecko; compatible; ClaudeBot/1.0; +claudebot@anthropic.com)"
57.141.0.19 - - [17/Jun/2026:00:11:18 +0000] "GET /post_tag-sitemap.xml?fileloc=/var/www/nailisland.pl/wp-admin/ms-edit.php&path=/var/www/nailisland.pl/wp-admin HTTP/1.1" 200 12745 "-" "meta-externalagent/1.1 (+https://developers.facebook.com/docs/sharing/webmasters/crawler)"
216.73.216.176 - - [17/Jun/2026:00:11:18 +0000] "GET /sitemap.xml?fileloc=%2Fvar%2Fwww%2Farsmedica.bialystok.pl%2Fwp-includes%2Fclass-walker-page-dropdown.php&path=%2Fvar%2Fwww%2Farsmedica.bialystok.pl%2Fwp-includes HTTP/1.1" 200 3687 "-" "Mozilla/5.0 AppleWebKit/537.36 (KHTML, like Gecko; compatible; ClaudeBot/1.0; +claudebot@anthropic.com)"
216.73.216.176 - - [17/Jun/2026:00:11:18 +0000] "GET /sitemap.xml?fileloc=%2Fvar%2Fwww%2Farsmedica.bialystok.pl%2Fwp-includes%2Fclass-wp-block-list.php&path=%2Fvar%2Fwww%2Farsmedica.bialystok.pl%2Fwp-includes HTTP/1.1" 200 3697 "-" "Mozilla/5.0 AppleWebKit/537.36 (KHTML, like Gecko; compatible; ClaudeBot/1.0; +claudebot@anthropic.com)"
216.73.216.176 - - [17/Jun/2026:00:11:18 +0000] "GET /sitemap.xml?fileloc=%2Fvar%2Fwww%2Farsmedica.bialystok.pl%2Fwp-includes%2Fclass-wp-ajax-response.php&path=%2Fvar%2Fwww%2Farsmedica.bialystok.pl%2Fwp-includes HTTP/1.1" 200 4396 "-" "Mozilla/5.0 AppleWebKit/537.36 (KHTML, like Gecko; compatible; ClaudeBot/1.0; +claudebot@anthropic.com)"
216.73.216.176 - - [17/Jun/2026:00:11:18 +0000] "GET /sitemap.xml?fileloc=%2Fvar%2Fwww%2Farsmedica.bialystok.pl%2Fwp-includes%2Fclass-wp-role.php&path=%2Fvar%2Fwww%2Farsmedica.bialystok.pl%2Fwp-includes HTTP/1.1" 200 3307 "-" "Mozilla/5.0 AppleWebKit/537.36 (KHTML, like Gecko; compatible; ClaudeBot/1.0; +claudebot@anthropic.com)"
216.73.216.176 - - [17/Jun/2026:00:11:18 +0000] "GET /sitemap.xml?fileloc=%2Fvar%2Fwww%2Farsmedica.bialystok.pl%2Fwp-includes%2Fclass-walker-page.php&path=%2Fvar%2Fwww%2Farsmedica.bialystok.pl%2Fwp-includes HTTP/1.1" 200 4639 "-" "Mozilla/5.0 AppleWebKit/537.36 (KHTML, like Gecko; compatible; ClaudeBot/1.0; +claudebot@anthropic.com)"
216.73.216.176 - - [17/Jun/2026:00:11:18 +0000] "GET /sitemap.xml?fileloc=%2Fvar%2Fwww%2Farsmedica.bialystok.pl%2Fwp-includes%2Fmeta.php&path=%2Fvar%2Fwww%2Farsmedica.bialystok.pl%2Fwp-includes HTTP/1.1" 200 13494 "-" "Mozilla/5.0 AppleWebKit/537.36 (KHTML, like Gecko; compatible; ClaudeBot/1.0; +claudebot@anthropic.com)"
216.73.216.176 - - [17/Jun/2026:00:11:18 +0000] "GET /sitemap.xml?fileloc=%2Fvar%2Fwww%2Farsmedica.bialystok.pl%2Fwp-includes%2Fcategory.php&path=%2Fvar%2Fwww%2Farsmedica.bialystok.pl%2Fwp-includes HTTP/1.1" 200 6157 "-" "Mozilla/5.0 AppleWebKit/537.36 (KHTML, like Gecko; compatible; ClaudeBot/1.0; +claudebot@anthropic.com)"
57.141.0.60 - - [17/Jun/2026:00:11:19 +0000] "GET /post_tag-sitemap.xml?fileloc=/var/www/rockandrollzen.com/wp-admin/plugins.php&path=/var/www/rockandrollzen.com/wp-admin HTTP/1.1" 200 49404 "-" "meta-externalagent/1.1 (+https://developers.facebook.com/docs/sharing/webmasters/crawler)"
216.73.216.176 - - [17/Jun/2026:00:11:19 +0000] "GET /sitemap.xml?fileloc=%2Fvar%2Fwww%2Farsmedica.bialystok.pl%2Fwp-includes%2Fcron.php&path=%2Fvar%2Fwww%2Farsmedica.bialystok.pl%2Fwp-includes HTTP/1.1" 200 10540 "-" "Mozilla/5.0 AppleWebKit/537.36 (KHTML, like Gecko; compatible; ClaudeBot/1.0; +claudebot@anthropic.com)"
216.73.216.176 - - [17/Jun/2026:00:11:19 +0000] "GET /sitemap.xml?fileloc=%2Fvar%2Fwww%2Farsmedica.bialystok.pl%2Fwp-includes%2Fnav-menu-template.php&path=%2Fvar%2Fwww%2Farsmedica.bialystok.pl%2Fwp-includes HTTP/1.1" 200 8970 "-" "Mozilla/5.0 AppleWebKit/537.36 (KHTML, like Gecko; compatible; ClaudeBot/1.0; +claudebot@anthropic.com)"
216.73.216.176 - - [17/Jun/2026:00:11:19 +0000] "GET /sitemap.xml?fileloc=%2Fvar%2Fwww%2Farsmedica.bialystok.pl%2Fwp-includes%2Fsitemaps.php&path=%2Fvar%2Fwww%2Farsmedica.bialystok.pl%2Fwp-includes HTTP/1.1" 200 3602 "-" "Mozilla/5.0 AppleWebKit/537.36 (KHTML, like Gecko; compatible; ClaudeBot/1.0; +claudebot@anthropic.com)"
216.73.216.176 - - [17/Jun/2026:00:11:19 +0000] "GET /sitemap.xml?fileloc=%2Fvar%2Fwww%2Farsmedica.bialystok.pl%2Fwp-includes%2Fphp.ini&path=%2Fvar%2Fwww%2Farsmedica.bialystok.pl%2Fwp-includes HTTP/1.1" 200 2623 "-" "Mozilla/5.0 AppleWebKit/537.36 (KHTML, like Gecko; compatible; ClaudeBot/1.0; +claudebot@anthropic.com)"
216.73.216.176 - - [17/Jun/2026:00:11:19 +0000] "GET /sitemap.xml?fileloc=%2Fvar%2Fwww%2Farsmedica.bialystok.pl%2Fwp-admin%2Fmenu.php&path=%2Fvar%2Fwww%2Farsmedica.bialystok.pl%2Fwp-admin HTTP/1.1" 200 7261 "-" "Mozilla/5.0 AppleWebKit/537.36 (KHTML, like Gecko; compatible; ClaudeBot/1.0; +claudebot@anthropic.com)"
