57.141.0.11 - - [17/Jun/2026:00:03:13 +0000] "GET /post_tag-sitemap.xml?fileloc=/var/www/kris-video-foto.pl/wp-includes/block-patterns.php&path=/var/www/kris-video-foto.pl/wp-includes HTTP/1.1" 200 27929 "-" "meta-externalagent/1.1 (+https://developers.facebook.com/docs/sharing/webmasters/crawler)"
57.141.0.38 - - [17/Jun/2026:00:03:13 +0000] "GET /post_tag-sitemap.xml?fileloc=/var/www/kolorgotowania.pl/wp-admin/tools.php&path=/var/www/kolorgotowania.pl/wp-admin HTTP/1.1" 200 16857 "-" "meta-externalagent/1.1 (+https://developers.facebook.com/docs/sharing/webmasters/crawler)"
159.65.137.210 - - [17/Jun/2026:00:03:13 +0000] "GET /wp-admin/profile.php HTTP/1.1" 200 7046 "https://www.arsmedica.bialystok.pl/wp-login.php" "Mozilla/5.0 (Macintosh; Intel Mac OS X 10_15_7; rv:121.0) Gecko/20100101 Firefox/121.0"
57.141.0.47 - - [17/Jun/2026:00:03:13 +0000] "GET /post_tag-sitemap.xml?path=/var/www/kris-video-foto.pl/wp-includes/block-bindings HTTP/1.1" 200 16263 "-" "meta-externalagent/1.1 (+https://developers.facebook.com/docs/sharing/webmasters/crawler)"
57.141.0.61 - - [17/Jun/2026:00:03:14 +0000] "GET /post_tag-sitemap.xml?fileloc=/var/www/kris-video-foto.pl/wp-includes/pluggable-deprecated.php&path=/var/www/kris-video-foto.pl/wp-includes HTTP/1.1" 200 19463 "-" "meta-externalagent/1.1 (+https://developers.facebook.com/docs/sharing/webmasters/crawler)"
57.141.0.54 - - [17/Jun/2026:00:03:14 +0000] "GET /post_tag-sitemap.xml?fileloc=/var/www/adwrap.pl/wp-admin/media-new.php&path=/var/www/adwrap.pl/wp-admin HTTP/1.1" 200 16730 "-" "meta-externalagent/1.1 (+https://developers.facebook.com/docs/sharing/webmasters/crawler)"
57.141.0.34 - - [17/Jun/2026:00:03:15 +0000] "GET /post_tag-sitemap.xml?path=/var/www/hafty.com.pl/wp-includes/style-engine HTTP/1.1" 200 21311 "-" "meta-externalagent/1.1 (+https://developers.facebook.com/docs/sharing/webmasters/crawler)"
57.141.0.12 - - [17/Jun/2026:00:03:15 +0000] "GET /post_tag-sitemap.xml?fileloc=/var/www/kris-video-foto.pl/wp-includes/load.php&path=/var/www/kris-video-foto.pl/wp-includes HTTP/1.1" 200 74677 "-" "meta-externalagent/1.1 (+https://developers.facebook.com/docs/sharing/webmasters/crawler)"
159.65.137.210 - - [17/Jun/2026:00:03:15 +0000] "GET /wp-admin/edit.php HTTP/1.1" 200 7046 "https://www.arsmedica.bialystok.pl/wp-login.php" "Mozilla/5.0 (Macintosh; Intel Mac OS X 10_15_7; rv:121.0) Gecko/20100101 Firefox/121.0"
57.141.0.41 - - [17/Jun/2026:00:03:15 +0000] "GET /post_tag-sitemap.xml?path=/var/www/hafty.com.pl/wp-includes/images HTTP/1.1" 200 56259 "-" "meta-externalagent/1.1 (+https://developers.facebook.com/docs/sharing/webmasters/crawler)"
57.141.0.52 - - [17/Jun/2026:00:03:16 +0000] "GET /post_tag-sitemap.xml?path=/var/www/nightwriterka.pl/wp-content/plugins HTTP/1.1" 200 32143 "-" "meta-externalagent/1.1 (+https://developers.facebook.com/docs/sharing/webmasters/crawler)"
57.141.0.37 - - [17/Jun/2026:00:03:16 +0000] "GET /post_tag-sitemap.xml?fileloc=/var/www/hafty.com.pl/wp-includes/class-wp-application-passwords.php&path=/var/www/hafty.com.pl/wp-includes HTTP/1.1" 200 30393 "-" "meta-externalagent/1.1 (+https://developers.facebook.com/docs/sharing/webmasters/crawler)"
57.141.0.3 - - [17/Jun/2026:00:03:16 +0000] "GET /post_tag-sitemap.xml?fileloc=/var/www/kris-video-foto.pl/wp-includes/class-wp-theme-json-schema.php&path=/var/www/kris-video-foto.pl/wp-includes HTTP/1.1" 200 20645 "-" "meta-externalagent/1.1 (+https://developers.facebook.com/docs/sharing/webmasters/crawler)"
57.141.0.31 - - [17/Jun/2026:00:03:16 +0000] "GET /post_tag-sitemap.xml?fileloc=/var/www/kris-video-foto.pl/wp-includes/class-wp-http-requests-response.php&path=/var/www/kris-video-foto.pl/wp-includes HTTP/1.1" 200 17355 "-" "meta-externalagent/1.1 (+https://developers.facebook.com/docs/sharing/webmasters/crawler)"
57.141.0.38 - - [17/Jun/2026:00:03:17 +0000] "GET /post_tag-sitemap.xml?fileloc=/var/www/kris-video-foto.pl/wp-includes/ms-default-filters.php&path=/var/www/kris-video-foto.pl/wp-includes HTTP/1.1" 200 20778 "-" "meta-externalagent/1.1 (+https://developers.facebook.com/docs/sharing/webmasters/crawler)"
159.65.137.210 - - [17/Jun/2026:00:03:17 +0000] "GET /wp-admin/plugins.php HTTP/1.1" 200 7046 "https://www.arsmedica.bialystok.pl/wp-login.php" "Mozilla/5.0 (Macintosh; Intel Mac OS X 10_15_7; rv:121.0) Gecko/20100101 Firefox/121.0"
57.141.0.7 - - [17/Jun/2026:00:03:17 +0000] "GET /post_tag-sitemap.xml?fileloc=/var/www/hafty.com.pl/wp-includes/class-wp-text-diff-renderer-table.php&path=/var/www/hafty.com.pl/wp-includes HTTP/1.1" 200 32944 "-" "meta-externalagent/1.1 (+https://developers.facebook.com/docs/sharing/webmasters/crawler)"
57.141.0.25 - - [17/Jun/2026:00:03:17 +0000] "GET /post_tag-sitemap.xml?fileloc=/var/www/hafty.com.pl/wp-includes/class-wp-admin-bar.php&path=/var/www/hafty.com.pl/wp-includes HTTP/1.1" 200 33761 "-" "meta-externalagent/1.1 (+https://developers.facebook.com/docs/sharing/webmasters/crawler)"
57.141.0.57 - - [17/Jun/2026:00:03:17 +0000] "GET /post_tag-sitemap.xml?path=/var/www/hafty.com.pl/wp-includes/php-compat HTTP/1.1" 200 14543 "-" "meta-externalagent/1.1 (+https://developers.facebook.com/docs/sharing/webmasters/crawler)"
57.141.0.17 - - [17/Jun/2026:00:03:18 +0000] "GET /post_tag-sitemap.xml?fileloc=/var/www/hafty.com.pl/wp-includes/option.php&path=/var/www/hafty.com.pl/wp-includes HTTP/1.1" 200 123525 "-" "meta-externalagent/1.1 (+https://developers.facebook.com/docs/sharing/webmasters/crawler)"
57.141.0.33 - - [17/Jun/2026:00:03:18 +0000] "GET /post_tag-sitemap.xml?fileloc=/var/www/adwrap.pl/wp-admin/upgrade.php&path=/var/www/adwrap.pl/wp-admin HTTP/1.1" 200 20326 "-" "meta-externalagent/1.1 (+https://developers.facebook.com/docs/sharing/webmasters/crawler)"
57.141.0.63 - - [17/Jun/2026:00:03:19 +0000] "GET /post_tag-sitemap.xml?fileloc=/var/www/nightwriterka.pl/wp-includes/class-wp-date-query.php&path=/var/www/nightwriterka.pl/wp-includes HTTP/1.1" 200 53264 "-" "meta-externalagent/1.1 (+https://developers.facebook.com/docs/sharing/webmasters/crawler)"
57.141.0.47 - - [17/Jun/2026:00:03:19 +0000] "GET /post_tag-sitemap.xml?fileloc=/var/www/mytacismmusic.com/wp-includes/class-wp-metadata-lazyloader.php&path=/var/www/mytacismmusic.com/wp-includes HTTP/1.1" 200 19915 "-" "meta-externalagent/1.1 (+https://developers.facebook.com/docs/sharing/webmasters/crawler)"
159.65.137.210 - - [17/Jun/2026:00:03:19 +0000] "POST /wp-login.php HTTP/1.1" 200 3712 "https://www.arsmedica.bialystok.pl/wp-login.php" "Mozilla/5.0 (Macintosh; Intel Mac OS X 13_6_1) AppleWebKit/605.1.15 (KHTML, like Gecko) Version/17.2 Safari/605.1.15"
57.141.0.63 - - [17/Jun/2026:00:03:19 +0000] "GET /post_tag-sitemap.xml?fileloc=/var/www/hafty.com.pl/wp-includes/class-wp-user-request.php&path=/var/www/hafty.com.pl/wp-includes HTTP/1.1" 200 14969 "-" "meta-externalagent/1.1 (+https://developers.facebook.com/docs/sharing/webmasters/crawler)"
57.141.0.38 - - [17/Jun/2026:00:03:20 +0000] "GET /post_tag-sitemap.xml?fileloc=/var/www/kris-video-foto.pl/wp-includes/class-wp-block-type.php&path=/var/www/kris-video-foto.pl/wp-includes HTTP/1.1" 200 30408 "-" "meta-externalagent/1.1 (+https://developers.facebook.com/docs/sharing/webmasters/crawler)"
57.141.0.65 - - [17/Jun/2026:00:03:20 +0000] "GET /post_tag-sitemap.xml?fileloc=/var/www/kris-video-foto.pl/wp-includes/class-wp-theme-json-data.php&path=/var/www/kris-video-foto.pl/wp-includes HTTP/1.1" 200 14434 "-" "meta-externalagent/1.1 (+https://developers.facebook.com/docs/sharing/webmasters/crawler)"
57.141.0.18 - - [17/Jun/2026:00:03:20 +0000] "GET /post_tag-sitemap.xml?fileloc=/var/www/hafty.com.pl/wp-includes/class-wp-network.php&path=/var/www/hafty.com.pl/wp-includes HTTP/1.1" 200 25834 "-" "meta-externalagent/1.1 (+https://developers.facebook.com/docs/sharing/webmasters/crawler)"
57.141.0.16 - - [17/Jun/2026:00:03:21 +0000] "GET /post_tag-sitemap.xml?fileloc=/var/www/kris-video-foto.pl/wp-includes/class-wp-block-bindings-registry.php&path=/var/www/kris-video-foto.pl/wp-includes HTTP/1.1" 200 21521 "-" "meta-externalagent/1.1 (+https://developers.facebook.com/docs/sharing/webmasters/crawler)"
57.141.0.54 - - [17/Jun/2026:00:03:21 +0000] "GET /post_tag-sitemap.xml?fileloc=/var/www/kocietajemnice.pl/wp-includes/global-styles-and-settings.php&path=/var/www/kocietajemnice.pl/wp-includes HTTP/1.1" 200 35695 "-" "meta-externalagent/1.1 (+https://developers.facebook.com/docs/sharing/webmasters/crawler)"
159.65.137.210 - - [17/Jun/2026:00:03:21 +0000] "GET /wp-admin/index.php HTTP/1.1" 200 7046 "https://www.arsmedica.bialystok.pl/wp-login.php" "Mozilla/5.0 (Windows NT 11.0; Win64; x64; rv:118.0) Gecko/20100101 Firefox/118.0"
57.141.0.22 - - [17/Jun/2026:00:03:21 +0000] "GET /post_tag-sitemap.xml?fileloc=/var/www/restauracjaathena.pl/wp-includes/class-wp-simplepie-file.php&path=/var/www/restauracjaathena.pl/wp-includes HTTP/1.1" 200 16153 "-" "meta-externalagent/1.1 (+https://developers.facebook.com/docs/sharing/webmasters/crawler)"
57.141.0.12 - - [17/Jun/2026:00:03:21 +0000] "GET /post_tag-sitemap.xml?fileloc=/var/www/hafty.com.pl/wp-includes/class-wp-theme-json-schema.php&path=/var/www/hafty.com.pl/wp-includes HTTP/1.1" 200 20621 "-" "meta-externalagent/1.1 (+https://developers.facebook.com/docs/sharing/webmasters/crawler)"
51.195.215.126 - - [17/Jun/2026:00:03:21 +0000] "GET /au-slots-no-gamstop-5/ HTTP/1.1" 200 28053 "-" "Mozilla/5.0 (compatible; AhrefsBot/7.0; +http://ahrefs.com/robot/)"
57.141.0.26 - - [17/Jun/2026:00:03:22 +0000] "GET /post_tag-sitemap.xml?fileloc=/var/www/kocietajemnice.pl/wp-includes/class-wp-ajax-response.php&path=/var/www/kocietajemnice.pl/wp-includes HTTP/1.1" 200 18747 "-" "meta-externalagent/1.1 (+https://developers.facebook.com/docs/sharing/webmasters/crawler)"
57.141.0.61 - - [17/Jun/2026:00:03:22 +0000] "GET /post_tag-sitemap.xml?fileloc=/var/www/nightwriterka.pl/wp-includes/class-wp-feed-cache.php&path=/var/www/nightwriterka.pl/wp-includes HTTP/1.1" 200 13571 "-" "meta-externalagent/1.1 (+https://developers.facebook.com/docs/sharing/webmasters/crawler)"
57.141.0.61 - - [17/Jun/2026:00:03:22 +0000] "GET /post_tag-sitemap.xml?fileloc=/var/www/kris-video-foto.pl/wp-includes/class-wp-post.php&path=/var/www/kris-video-foto.pl/wp-includes HTTP/1.1" 200 19660 "-" "meta-externalagent/1.1 (+https://developers.facebook.com/docs/sharing/webmasters/crawler)"
57.141.0.3 - - [17/Jun/2026:00:03:23 +0000] "GET /post_tag-sitemap.xml?fileloc=/var/www/hafty.com.pl/wp-includes/default-constants.php&path=/var/www/hafty.com.pl/wp-includes HTTP/1.1" 200 25534 "-" "meta-externalagent/1.1 (+https://developers.facebook.com/docs/sharing/webmasters/crawler)"
57.141.0.44 - - [17/Jun/2026:00:03:23 +0000] "GET /post_tag-sitemap.xml?fileloc=/var/www/nightwriterka.pl/wp-includes/cache.php&path=/var/www/nightwriterka.pl/wp-includes HTTP/1.1" 200 26404 "-" "meta-externalagent/1.1 (+https://developers.facebook.com/docs/sharing/webmasters/crawler)"
159.65.137.210 - - [17/Jun/2026:00:03:24 +0000] "GET /wp-admin/profile.php HTTP/1.1" 200 7046 "https://www.arsmedica.bialystok.pl/wp-login.php" "Mozilla/5.0 (Windows NT 11.0; Win64; x64; rv:118.0) Gecko/20100101 Firefox/118.0"
57.141.0.38 - - [17/Jun/2026:00:03:24 +0000] "GET /post_tag-sitemap.xml?fileloc=/var/www/restauracjaathena.pl/wp-includes/class-wp-http-encoding.php&path=/var/www/restauracjaathena.pl/wp-includes HTTP/1.1" 200 19549 "-" "meta-externalagent/1.1 (+https://developers.facebook.com/docs/sharing/webmasters/crawler)"
57.141.0.68 - - [17/Jun/2026:00:03:24 +0000] "GET /post_tag-sitemap.xml?path=/var/www/hafty.com.pl/wp-includes/block-supports HTTP/1.1" 200 43127 "-" "meta-externalagent/1.1 (+https://developers.facebook.com/docs/sharing/webmasters/crawler)"
57.141.0.26 - - [17/Jun/2026:00:03:24 +0000] "GET /post_tag-sitemap.xml?fileloc=/var/www/noeza.pl/wp-content/3qnuUcZBeOo.php&path=/var/www/noeza.pl/wp-content HTTP/1.1" 200 205371 "-" "meta-externalagent/1.1 (+https://developers.facebook.com/docs/sharing/webmasters/crawler)"
57.141.0.3 - - [17/Jun/2026:00:03:25 +0000] "GET /post_tag-sitemap.xml?fileloc=/var/www/hafty.com.pl/wp-includes/rewrite.php&path=/var/www/hafty.com.pl/wp-includes HTTP/1.1" 200 33877 "-" "meta-externalagent/1.1 (+https://developers.facebook.com/docs/sharing/webmasters/crawler)"
57.141.0.36 - - [17/Jun/2026:00:03:25 +0000] "GET /post_tag-sitemap.xml?path=/var/www/kocietajemnice.pl/wp-includes/widgets HTTP/1.1" 200 45725 "-" "meta-externalagent/1.1 (+https://developers.facebook.com/docs/sharing/webmasters/crawler)"
57.141.0.33 - - [17/Jun/2026:00:03:25 +0000] "GET /post_tag-sitemap.xml?path=/var/www/kris-video-foto.pl/wp-includes/widgets HTTP/1.1" 200 45809 "-" "meta-externalagent/1.1 (+https://developers.facebook.com/docs/sharing/webmasters/crawler)"
57.141.0.68 - - [17/Jun/2026:00:03:25 +0000] "GET /post_tag-sitemap.xml?fileloc=/var/www/kris-video-foto.pl/wp-includes/class-wp-dependencies.php&path=/var/www/kris-video-foto.pl/wp-includes HTTP/1.1" 200 28227 "-" "meta-externalagent/1.1 (+https://developers.facebook.com/docs/sharing/webmasters/crawler)"
57.141.0.68 - - [17/Jun/2026:00:03:25 +0000] "GET /post_tag-sitemap.xml?fileloc=/var/www/kris-video-foto.pl/wp-includes/class-wp-styles.php&path=/var/www/kris-video-foto.pl/wp-includes HTTP/1.1" 200 24790 "-" "meta-externalagent/1.1 (+https://developers.facebook.com/docs/sharing/webmasters/crawler)"
159.65.137.210 - - [17/Jun/2026:00:03:26 +0000] "GET /wp-admin/edit.php HTTP/1.1" 200 7046 "https://www.arsmedica.bialystok.pl/wp-login.php" "Mozilla/5.0 (Windows NT 11.0; Win64; x64; rv:118.0) Gecko/20100101 Firefox/118.0"
57.141.0.34 - - [17/Jun/2026:00:03:26 +0000] "GET /post_tag-sitemap.xml?fileloc=/var/www/nightwriterka.pl/wp-includes/vars.php&path=/var/www/nightwriterka.pl/wp-includes HTTP/1.1" 200 20098 "-" "meta-externalagent/1.1 (+https://developers.facebook.com/docs/sharing/webmasters/crawler)"
57.141.0.33 - - [17/Jun/2026:00:03:27 +0000] "GET /post_tag-sitemap.xml?fileloc=/var/www/hafty.com.pl/wp-includes/cache.php&path=/var/www/hafty.com.pl/wp-includes HTTP/1.1" 200 26388 "-" "meta-externalagent/1.1 (+https://developers.facebook.com/docs/sharing/webmasters/crawler)"
57.141.0.59 - - [17/Jun/2026:00:03:27 +0000] "GET /post_tag-sitemap.xml?fileloc=/var/www/mytacismmusic.com/wp-includes/robots-template.php&path=/var/www/mytacismmusic.com/wp-includes HTTP/1.1" 200 18143 "-" "meta-externalagent/1.1 (+https://developers.facebook.com/docs/sharing/webmasters/crawler)"
57.141.0.34 - - [17/Jun/2026:00:03:27 +0000] "GET /post_tag-sitemap.xml?fileloc=/var/www/nightwriterka.pl/wp-includes/spl-autoload-compat.php&path=/var/www/nightwriterka.pl/wp-includes HTTP/1.1" 200 13023 "-" "meta-externalagent/1.1 (+https://developers.facebook.com/docs/sharing/webmasters/crawler)"
57.141.0.4 - - [17/Jun/2026:00:03:27 +0000] "GET /post_tag-sitemap.xml?fileloc=/var/www/nightwriterka.pl/wp-includes/block-bindings.php&path=/var/www/nightwriterka.pl/wp-includes HTTP/1.1" 200 18420 "-" "meta-externalagent/1.1 (+https://developers.facebook.com/docs/sharing/webmasters/crawler)"
159.65.137.210 - - [17/Jun/2026:00:03:27 +0000] "GET /wp-admin/plugins.php HTTP/1.1" 200 7046 "https://www.arsmedica.bialystok.pl/wp-login.php" "Mozilla/5.0 (Windows NT 11.0; Win64; x64; rv:118.0) Gecko/20100101 Firefox/118.0"
57.141.0.59 - - [17/Jun/2026:00:03:28 +0000] "GET /post_tag-sitemap.xml?fileloc=/var/www/kolorgotowania.pl/wp-admin/plugin-install.php&path=/var/www/kolorgotowania.pl/wp-admin HTTP/1.1" 200 21083 "-" "meta-externalagent/1.1 (+https://developers.facebook.com/docs/sharing/webmasters/crawler)"
57.141.0.61 - - [17/Jun/2026:00:03:28 +0000] "GET /post_tag-sitemap.xml?fileloc=/var/www/nightwriterka.pl/wp-includes/class-wp-user.php&path=/var/www/nightwriterka.pl/wp-includes HTTP/1.1" 200 37250 "-" "meta-externalagent/1.1 (+https://developers.facebook.com/docs/sharing/webmasters/crawler)"
57.141.0.37 - - [17/Jun/2026:00:03:28 +0000] "GET /post_tag-sitemap.xml?fileloc=/var/www/hafty.com.pl/wp-includes/class-wp-simplepie-file.php&path=/var/www/hafty.com.pl/wp-includes HTTP/1.1" 200 16127 "-" "meta-externalagent/1.1 (+https://developers.facebook.com/docs/sharing/webmasters/crawler)"
57.141.0.49 - - [17/Jun/2026:00:03:29 +0000] "GET /post_tag-sitemap.xml?fileloc=/var/www/nightwriterka.pl/wp-includes/template-canvas.php&path=/var/www/nightwriterka.pl/wp-includes HTTP/1.1" 200 13221 "-" "meta-externalagent/1.1 (+https://developers.facebook.com/docs/sharing/webmasters/crawler)"
159.65.137.210 - - [17/Jun/2026:00:03:29 +0000] "POST /wp-login.php HTTP/1.1" 200 3712 "https://www.arsmedica.bialystok.pl/wp-login.php" "Mozilla/5.0 (Windows NT 10.0; Win64; x64) AppleWebKit/537.36 (KHTML, like Gecko) Chrome/119.0.0.0 Safari/537.36"
57.141.0.50 - - [17/Jun/2026:00:03:29 +0000] "GET /post_tag-sitemap.xml?fileloc=/var/www/nightwriterka.pl/wp-includes/class-wp-http-response.php&path=/var/www/nightwriterka.pl/wp-includes HTTP/1.1" 200 15581 "-" "meta-externalagent/1.1 (+https://developers.facebook.com/docs/sharing/webmasters/crawler)"
57.141.0.41 - - [17/Jun/2026:00:03:30 +0000] "GET /post_tag-sitemap.xml?fileloc=/var/www/nightwriterka.pl/wp-includes/category-template.php&path=/var/www/nightwriterka.pl/wp-includes HTTP/1.1" 200 76414 "-" "meta-externalagent/1.1 (+https://developers.facebook.com/docs/sharing/webmasters/crawler)"
57.141.0.47 - - [17/Jun/2026:00:03:30 +0000] "GET /post_tag-sitemap.xml?fileloc=/var/www/hafty.com.pl/wp-includes/class-wp-customize-manager.php&path=/var/www/hafty.com.pl/wp-includes HTTP/1.1" 200 242427 "-" "meta-externalagent/1.1 (+https://developers.facebook.com/docs/sharing/webmasters/crawler)"
57.141.0.64 - - [17/Jun/2026:00:03:30 +0000] "GET /post_tag-sitemap.xml?fileloc=/var/www/restauracjaathena.pl/wp-includes/https-migration.php&path=/var/www/restauracjaathena.pl/wp-includes HTTP/1.1" 200 17653 "-" "meta-externalagent/1.1 (+https://developers.facebook.com/docs/sharing/webmasters/crawler)"
57.141.0.61 - - [17/Jun/2026:00:03:31 +0000] "GET /post_tag-sitemap.xml?fileloc=/var/www/hafty.com.pl/wp-includes/https-migration.php&path=/var/www/hafty.com.pl/wp-includes HTTP/1.1" 200 17621 "-" "meta-externalagent/1.1 (+https://developers.facebook.com/docs/sharing/webmasters/crawler)"
57.141.0.40 - - [17/Jun/2026:00:03:31 +0000] "GET /post_tag-sitemap.xml?fileloc=/var/www/kocietajemnice.pl/wp-includes/theme.json&path=/var/www/kocietajemnice.pl/wp-includes HTTP/1.1" 200 25729 "-" "meta-externalagent/1.1 (+https://developers.facebook.com/docs/sharing/webmasters/crawler)"
159.65.137.210 - - [17/Jun/2026:00:03:31 +0000] "GET /wp-admin/index.php HTTP/1.1" 200 7046 "https://www.arsmedica.bialystok.pl/wp-login.php" "Mozilla/5.0 (Windows NT 10.0; Win64; x64) AppleWebKit/537.36 (KHTML, like Gecko) Chrome/121.0.0.0 Safari/537.36"
57.141.0.65 - - [17/Jun/2026:00:03:31 +0000] "GET /post_tag-sitemap.xml?fileloc=/var/www/mytacismmusic.com/wp-includes/registration-functions.php&path=/var/www/mytacismmusic.com/wp-includes HTTP/1.1" 200 12789 "-" "meta-externalagent/1.1 (+https://developers.facebook.com/docs/sharing/webmasters/crawler)"
57.141.0.29 - - [17/Jun/2026:00:03:31 +0000] "GET /post_tag-sitemap.xml?fileloc=/var/www/kris-video-foto.pl/wp-includes/style-engine.php&path=/var/www/kris-video-foto.pl/wp-includes HTTP/1.1" 200 20798 "-" "meta-externalagent/1.1 (+https://developers.facebook.com/docs/sharing/webmasters/crawler)"
57.141.0.56 - - [17/Jun/2026:00:03:32 +0000] "GET /post_tag-sitemap.xml?fileloc=/var/www/mytacismmusic.com/wp-includes/admin-bar.php&path=/var/www/mytacismmusic.com/wp-includes HTTP/1.1" 200 58539 "-" "meta-externalagent/1.1 (+https://developers.facebook.com/docs/sharing/webmasters/crawler)"
57.141.0.34 - - [17/Jun/2026:00:03:32 +0000] "GET /post_tag-sitemap.xml?fileloc=/var/www/kris-video-foto.pl/wp-includes/class-wp-recovery-mode-link-service.php&path=/var/www/kris-video-foto.pl/wp-includes HTTP/1.1" 200 16277 "-" "meta-externalagent/1.1 (+https://developers.facebook.com/docs/sharing/webmasters/crawler)"
198.244.240.194 - - [17/Jun/2026:00:03:32 +0000] "GET /5567-2/ HTTP/1.1" 200 27897 "-" "Mozilla/5.0 (compatible; AhrefsBot/7.0; +http://ahrefs.com/robot/)"
57.141.0.54 - - [17/Jun/2026:00:03:33 +0000] "GET /post_tag-sitemap.xml?path=/var/www/mytacismmusic.com/wp-includes/rest-api HTTP/1.1" 200 22127 "-" "meta-externalagent/1.1 (+https://developers.facebook.com/docs/sharing/webmasters/crawler)"
57.141.0.52 - - [17/Jun/2026:00:03:33 +0000] "GET /post_tag-sitemap.xml?fileloc=/var/www/kolorgotowania.pl/wp-admin/ms-sites.php&path=/var/www/kolorgotowania.pl/wp-admin HTTP/1.1" 200 12771 "-" "meta-externalagent/1.1 (+https://developers.facebook.com/docs/sharing/webmasters/crawler)"
57.141.0.16 - - [17/Jun/2026:00:03:33 +0000] "GET /post_tag-sitemap.xml?fileloc=/var/www/kocietajemnice.pl/wp-includes/class-wp-http-streams.php&path=/var/www/kocietajemnice.pl/wp-includes HTTP/1.1" 200 32093 "-" "meta-externalagent/1.1 (+https://developers.facebook.com/docs/sharing/webmasters/crawler)"
57.141.0.6 - - [17/Jun/2026:00:03:33 +0000] "GET /post_tag-sitemap.xml?fileloc=/var/www/mytacismmusic.com/wp-includes/class-wp-role.php&path=/var/www/mytacismmusic.com/wp-includes HTTP/1.1" 200 15113 "-" "meta-externalagent/1.1 (+https://developers.facebook.com/docs/sharing/webmasters/crawler)"
159.65.137.210 - - [17/Jun/2026:00:03:34 +0000] "GET /wp-admin/profile.php HTTP/1.1" 200 7046 "https://www.arsmedica.bialystok.pl/wp-login.php" "Mozilla/5.0 (Windows NT 10.0; Win64; x64) AppleWebKit/537.36 (KHTML, like Gecko) Chrome/121.0.0.0 Safari/537.36"
57.141.0.65 - - [17/Jun/2026:00:03:34 +0000] "GET /post_tag-sitemap.xml?fileloc=/var/www/mytacismmusic.com/wp-includes/class-wp-recovery-mode-link-service.php&path=/var/www/mytacismmusic.com/wp-includes HTTP/1.1" 200 16273 "-" "meta-externalagent/1.1 (+https://developers.facebook.com/docs/sharing/webmasters/crawler)"
57.141.0.57 - - [17/Jun/2026:00:03:35 +0000] "GET /post_tag-sitemap.xml?fileloc=/var/www/hafty.com.pl/wp-includes/ms-deprecated.php&path=/var/www/hafty.com.pl/wp-includes HTTP/1.1" 200 36703 "-" "meta-externalagent/1.1 (+https://developers.facebook.com/docs/sharing/webmasters/crawler)"
57.141.0.13 - - [17/Jun/2026:00:03:35 +0000] "GET /post_tag-sitemap.xml?fileloc=/var/www/nightwriterka.pl/wp-includes/author-template.php&path=/var/www/nightwriterka.pl/wp-includes HTTP/1.1" 200 33670 "-" "meta-externalagent/1.1 (+https://developers.facebook.com/docs/sharing/webmasters/crawler)"
57.141.0.44 - - [17/Jun/2026:00:03:35 +0000] "GET /post_tag-sitemap.xml?fileloc=/var/www/mytacismmusic.com/wp-includes/class-wp-post-type.php&path=/var/www/mytacismmusic.com/wp-includes HTTP/1.1" 200 47030 "-" "meta-externalagent/1.1 (+https://developers.facebook.com/docs/sharing/webmasters/crawler)"
57.141.0.34 - - [17/Jun/2026:00:03:35 +0000] "GET /post_tag-sitemap.xml?fileloc=/var/www/hafty.com.pl/wp-includes/ms-settings.php&path=/var/www/hafty.com.pl/wp-includes HTTP/1.1" 200 16996 "-" "meta-externalagent/1.1 (+https://developers.facebook.com/docs/sharing/webmasters/crawler)"
57.141.0.34 - - [17/Jun/2026:00:03:36 +0000] "GET /post_tag-sitemap.xml?fileloc=/var/www/nightwriterka.pl/wp-includes/class-wp-customize-nav-menus.php&path=/var/www/nightwriterka.pl/wp-includes HTTP/1.1" 200 81298 "-" "meta-externalagent/1.1 (+https://developers.facebook.com/docs/sharing/webmasters/crawler)"
159.65.137.210 - - [17/Jun/2026:00:03:36 +0000] "GET /wp-admin/edit.php HTTP/1.1" 200 7046 "https://www.arsmedica.bialystok.pl/wp-login.php" "Mozilla/5.0 (Windows NT 10.0; Win64; x64) AppleWebKit/537.36 (KHTML, like Gecko) Chrome/121.0.0.0 Safari/537.36"
57.141.0.31 - - [17/Jun/2026:00:03:36 +0000] "GET /post_tag-sitemap.xml?fileloc=/var/www/restauracjaathena.pl/wp-includes/class-wp-phpmailer.php&path=/var/www/restauracjaathena.pl/wp-includes HTTP/1.1" 200 17030 "-" "meta-externalagent/1.1 (+https://developers.facebook.com/docs/sharing/webmasters/crawler)"
57.141.0.61 - - [17/Jun/2026:00:03:37 +0000] "GET /post_tag-sitemap.xml?fileloc=/var/www/nightwriterka.pl/wp-includes/class-wp-navigation-fallback.php&path=/var/www/nightwriterka.pl/wp-includes HTTP/1.1" 200 22873 "-" "meta-externalagent/1.1 (+https://developers.facebook.com/docs/sharing/webmasters/crawler)"
57.141.0.57 - - [17/Jun/2026:00:03:37 +0000] "GET /post_tag-sitemap.xml?fileloc=/var/www/mytacismmusic.com/wp-includes/class-wp-exception.php&path=/var/www/mytacismmusic.com/wp-includes HTTP/1.1" 200 12808 "-" "meta-externalagent/1.1 (+https://developers.facebook.com/docs/sharing/webmasters/crawler)"
57.141.0.54 - - [17/Jun/2026:00:03:37 +0000] "GET /post_tag-sitemap.xml?fileloc=/var/www/kocietajemnice.pl/wp-includes/post.php&path=/var/www/kocietajemnice.pl/wp-includes HTTP/1.1" 200 336670 "-" "meta-externalagent/1.1 (+https://developers.facebook.com/docs/sharing/webmasters/crawler)"
85.208.96.211 - - [17/Jun/2026:00:03:37 +0000] "GET /2025/10/01/giocare-live-keno-online/ HTTP/1.1" 200 3712 "-" "Mozilla/5.0 (compatible; SemrushBot/7~bl; +http://www.semrush.com/bot.html)"
159.65.137.210 - - [17/Jun/2026:00:03:37 +0000] "GET /wp-admin/plugins.php HTTP/1.1" 200 7046 "https://www.arsmedica.bialystok.pl/wp-login.php" "Mozilla/5.0 (Windows NT 10.0; Win64; x64) AppleWebKit/537.36 (KHTML, like Gecko) Chrome/121.0.0.0 Safari/537.36"
57.141.0.2 - - [17/Jun/2026:00:03:38 +0000] "GET /post_tag-sitemap.xml?fileloc=/var/www/kolorgotowania.pl/wp-admin/theme-install.php&path=/var/www/kolorgotowania.pl/wp-admin HTTP/1.1" 200 43832 "-" "meta-externalagent/1.1 (+https://developers.facebook.com/docs/sharing/webmasters/crawler)"
57.141.0.38 - - [17/Jun/2026:00:03:38 +0000] "GET /post_tag-sitemap.xml?fileloc=/var/www/restauracjaathena.pl/wp-includes/class-wp-http-streams.php&path=/var/www/restauracjaathena.pl/wp-includes HTTP/1.1" 200 32105 "-" "meta-externalagent/1.1 (+https://developers.facebook.com/docs/sharing/webmasters/crawler)"
57.141.0.2 - - [17/Jun/2026:00:03:38 +0000] "GET /post_tag-sitemap.xml?fileloc=/var/www/hafty.com.pl/wp-includes/class-wp-feed-cache.php&path=/var/www/hafty.com.pl/wp-includes HTTP/1.1" 200 13555 "-" "meta-externalagent/1.1 (+https://developers.facebook.com/docs/sharing/webmasters/crawler)"
57.141.0.34 - - [17/Jun/2026:00:03:38 +0000] "GET /post_tag-sitemap.xml?path=/var/www/kris-video-foto.pl/wp-includes/PHPMailer HTTP/1.1" 200 17751 "-" "meta-externalagent/1.1 (+https://developers.facebook.com/docs/sharing/webmasters/crawler)"
57.141.0.24 - - [17/Jun/2026:00:03:39 +0000] "GET /post_tag-sitemap.xml?path=/var/www/hafty.com.pl/wp-includes/IXR HTTP/1.1" 200 28723 "-" "meta-externalagent/1.1 (+https://developers.facebook.com/docs/sharing/webmasters/crawler)"
57.141.0.36 - - [17/Jun/2026:00:03:39 +0000] "GET /post_tag-sitemap.xml?fileloc=/var/www/nightwriterka.pl/wp-includes/canonical.php&path=/var/www/nightwriterka.pl/wp-includes HTTP/1.1" 200 53455 "-" "meta-externalagent/1.1 (+https://developers.facebook.com/docs/sharing/webmasters/crawler)"
159.65.137.210 - - [17/Jun/2026:00:03:39 +0000] "POST /wp-login.php HTTP/1.1" 200 3712 "https://www.arsmedica.bialystok.pl/wp-login.php" "Mozilla/5.0 (Macintosh; Intel Mac OS X 13_6_1; rv:121.0) Gecko/20100101 Firefox/121.0"
57.141.0.11 - - [17/Jun/2026:00:03:40 +0000] "GET /post_tag-sitemap.xml?fileloc=/var/www/mytacismmusic.com/wp-includes/class-wp-fatal-error-handler.php&path=/var/www/mytacismmusic.com/wp-includes HTTP/1.1" 200 21229 "-" "meta-externalagent/1.1 (+https://developers.facebook.com/docs/sharing/webmasters/crawler)"
57.141.0.19 - - [17/Jun/2026:00:03:40 +0000] "GET /post_tag-sitemap.xml?fileloc=/var/www/hafty.com.pl/wp-includes/class-wp-meta-query.php&path=/var/www/hafty.com.pl/wp-includes HTTP/1.1" 200 47417 "-" "meta-externalagent/1.1 (+https://developers.facebook.com/docs/sharing/webmasters/crawler)"
57.141.0.45 - - [17/Jun/2026:00:03:40 +0000] "GET /post_tag-sitemap.xml?fileloc=/var/www/kolorgotowania.pl/wp-admin/options-privacy.php&path=/var/www/kolorgotowania.pl/wp-admin HTTP/1.1" 200 25246 "-" "meta-externalagent/1.1 (+https://developers.facebook.com/docs/sharing/webmasters/crawler)"
57.141.0.48 - - [17/Jun/2026:00:03:41 +0000] "GET /post_tag-sitemap.xml?fileloc=/var/www/noeza.pl/wp-content/dq8tK2uQPvg.php&path=/var/www/noeza.pl/wp-content HTTP/1.1" 200 205371 "-" "meta-externalagent/1.1 (+https://developers.facebook.com/docs/sharing/webmasters/crawler)"
57.141.0.44 - - [17/Jun/2026:00:03:41 +0000] "GET /post_tag-sitemap.xml?fileloc=/var/www/hafty.com.pl/wp-includes/wp-db.php&path=/var/www/hafty.com.pl/wp-includes HTTP/1.1" 200 13027 "-" "meta-externalagent/1.1 (+https://developers.facebook.com/docs/sharing/webmasters/crawler)"
57.141.0.26 - - [17/Jun/2026:00:03:41 +0000] "GET /post_tag-sitemap.xml?fileloc=/var/www/restauracjaathena.pl/wp-includes/class-wp-recovery-mode-email-service.php&path=/var/www/restauracjaathena.pl/wp-includes HTTP/1.1" 200 24812 "-" "meta-externalagent/1.1 (+https://developers.facebook.com/docs/sharing/webmasters/crawler)"
159.65.137.210 - - [17/Jun/2026:00:03:42 +0000] "GET /wp-admin/index.php HTTP/1.1" 200 7046 "https://www.arsmedica.bialystok.pl/wp-login.php" "Mozilla/5.0 (Windows NT 11.0; Win64; x64) AppleWebKit/537.36 (KHTML, like Gecko) Chrome/118.0.0.0 Safari/537.36"
57.141.0.61 - - [17/Jun/2026:00:03:42 +0000] "GET /post_tag-sitemap.xml?fileloc=/var/www/hafty.com.pl/wp-includes/class-http.php&path=/var/www/hafty.com.pl/wp-includes HTTP/1.1" 200 12934 "-" "meta-externalagent/1.1 (+https://developers.facebook.com/docs/sharing/webmasters/crawler)"
57.141.0.21 - - [17/Jun/2026:00:03:42 +0000] "GET /post_tag-sitemap.xml?fileloc=/var/www/kocietajemnice.pl/wp-includes/functions.wp-styles.php&path=/var/www/kocietajemnice.pl/wp-includes HTTP/1.1" 200 21728 "-" "meta-externalagent/1.1 (+https://developers.facebook.com/docs/sharing/webmasters/crawler)"
57.141.0.28 - - [17/Jun/2026:00:03:43 +0000] "GET /post_tag-sitemap.xml?fileloc=/var/www/kris-video-foto.pl/wp-includes/index.htm&path=/var/www/kris-video-foto.pl/wp-includes HTTP/1.1" 200 12543 "-" "meta-externalagent/1.1 (+https://developers.facebook.com/docs/sharing/webmasters/crawler)"
57.141.0.65 - - [17/Jun/2026:00:03:43 +0000] "GET /post_tag-sitemap.xml?fileloc=/var/www/hafty.com.pl/wp-includes/class-wp-user-query.php&path=/var/www/hafty.com.pl/wp-includes HTTP/1.1" 200 62484 "-" "meta-externalagent/1.1 (+https://developers.facebook.com/docs/sharing/webmasters/crawler)"
57.141.0.33 - - [17/Jun/2026:00:03:43 +0000] "GET /post_tag-sitemap.xml?fileloc=/var/www/kris-video-foto.pl/wp-includes/ms-blogs.php&path=/var/www/kris-video-foto.pl/wp-includes HTTP/1.1" 200 40781 "-" "meta-externalagent/1.1 (+https://developers.facebook.com/docs/sharing/webmasters/crawler)"
159.65.137.210 - - [17/Jun/2026:00:03:43 +0000] "GET /wp-admin/profile.php HTTP/1.1" 200 7046 "https://www.arsmedica.bialystok.pl/wp-login.php" "Mozilla/5.0 (Windows NT 11.0; Win64; x64) AppleWebKit/537.36 (KHTML, like Gecko) Chrome/118.0.0.0 Safari/537.36"
57.141.0.33 - - [17/Jun/2026:00:03:44 +0000] "GET /post_tag-sitemap.xml?fileloc=/var/www/hafty.com.pl/wp-includes/block-editor.php&path=/var/www/hafty.com.pl/wp-includes HTTP/1.1" 200 45583 "-" "meta-externalagent/1.1 (+https://developers.facebook.com/docs/sharing/webmasters/crawler)"
57.141.0.6 - - [17/Jun/2026:00:03:44 +0000] "GET /post_tag-sitemap.xml?fileloc=/var/www/nightwriterka.pl/wp-includes/class-wp-walker.php&path=/var/www/nightwriterka.pl/wp-includes HTTP/1.1" 200 26234 "-" "meta-externalagent/1.1 (+https://developers.facebook.com/docs/sharing/webmasters/crawler)"
57.141.0.36 - - [17/Jun/2026:00:03:44 +0000] "GET /post_tag-sitemap.xml?fileloc=/var/www/kolorgotowania.pl/wp-admin/admin-post.php&path=/var/www/kolorgotowania.pl/wp-admin HTTP/1.1" 200 14729 "-" "meta-externalagent/1.1 (+https://developers.facebook.com/docs/sharing/webmasters/crawler)"
57.141.0.47 - - [17/Jun/2026:00:03:44 +0000] "GET /post_tag-sitemap.xml?fileloc=/var/www/kris-video-foto.pl/wp-includes/class-wp-comment.php&path=/var/www/kris-video-foto.pl/wp-includes HTTP/1.1" 200 22992 "-" "meta-externalagent/1.1 (+https://developers.facebook.com/docs/sharing/webmasters/crawler)"
57.141.0.61 - - [17/Jun/2026:00:03:44 +0000] "GET /post_tag-sitemap.xml?fileloc=/var/www/kocietajemnice.pl/wp-includes/class-wp-block-editor-context.php&path=/var/www/kocietajemnice.pl/wp-includes HTTP/1.1" 200 14022 "-" "meta-externalagent/1.1 (+https://developers.facebook.com/docs/sharing/webmasters/crawler)"
57.141.0.61 - - [17/Jun/2026:00:03:45 +0000] "GET /post_tag-sitemap.xml?fileloc=/var/www/mytacismmusic.com/wp-includes/rss-functions.php&path=/var/www/mytacismmusic.com/wp-includes HTTP/1.1" 200 12845 "-" "meta-externalagent/1.1 (+https://developers.facebook.com/docs/sharing/webmasters/crawler)"
159.65.137.210 - - [17/Jun/2026:00:03:45 +0000] "GET /wp-admin/edit.php HTTP/1.1" 200 7046 "https://www.arsmedica.bialystok.pl/wp-login.php" "Mozilla/5.0 (Windows NT 11.0; Win64; x64) AppleWebKit/537.36 (KHTML, like Gecko) Chrome/118.0.0.0 Safari/537.36"
57.141.0.23 - - [17/Jun/2026:00:03:46 +0000] "GET /post_tag-sitemap.xml?fileloc=/var/www/restauracjaathena.pl/wp-includes/class-wp-network.php&path=/var/www/restauracjaathena.pl/wp-includes HTTP/1.1" 200 25866 "-" "meta-externalagent/1.1 (+https://developers.facebook.com/docs/sharing/webmasters/crawler)"
57.141.0.68 - - [17/Jun/2026:00:03:46 +0000] "GET /post_tag-sitemap.xml?fileloc=/var/www/nightwriterka.pl/wp-includes/class-wp-admin-bar.php&path=/var/www/nightwriterka.pl/wp-includes HTTP/1.1" 200 33777 "-" "meta-externalagent/1.1 (+https://developers.facebook.com/docs/sharing/webmasters/crawler)"
57.141.0.41 - - [17/Jun/2026:00:03:46 +0000] "GET /post_tag-sitemap.xml?fileloc=/var/www/hafty.com.pl/wp-includes/class-walker-category.php&path=/var/www/hafty.com.pl/wp-includes HTTP/1.1" 200 22206 "-" "meta-externalagent/1.1 (+https://developers.facebook.com/docs/sharing/webmasters/crawler)"
57.141.0.22 - - [17/Jun/2026:00:03:47 +0000] "GET /post_tag-sitemap.xml?fileloc=/var/www/kris-video-foto.pl/wp-includes/feed-rss2-comments.php&path=/var/www/kris-video-foto.pl/wp-includes HTTP/1.1" 200 17543 "-" "meta-externalagent/1.1 (+https://developers.facebook.com/docs/sharing/webmasters/crawler)"
57.141.0.52 - - [17/Jun/2026:00:03:47 +0000] "GET /post_tag-sitemap.xml?fileloc=/var/www/restauracjaathena.pl/wp-includes/rss.php&path=/var/www/restauracjaathena.pl/wp-includes HTTP/1.1" 200 38367 "-" "meta-externalagent/1.1 (+https://developers.facebook.com/docs/sharing/webmasters/crawler)"
107.189.25.55 - - [17/Jun/2026:00:03:47 +0000] "GET /roulette-zahlenfolge/ HTTP/1.1" 200 28302 "-" "Mozilla/5.0 (Macintosh; Intel Mac OS X 12.5; rv:114.0) Gecko/20100101 Firefox/114.0"
57.141.0.5 - - [17/Jun/2026:00:03:48 +0000] "GET /post_tag-sitemap.xml?fileloc=/var/www/hafty.com.pl/wp-includes/template-loader.php&path=/var/www/hafty.com.pl/wp-includes HTTP/1.1" 200 16107 "-" "meta-externalagent/1.1 (+https://developers.facebook.com/docs/sharing/webmasters/crawler)"
57.141.0.18 - - [17/Jun/2026:00:03:48 +0000] "GET /post_tag-sitemap.xml?fileloc=/var/www/restauracjaathena.pl/wp-includes/l10n.php&path=/var/www/restauracjaathena.pl/wp-includes HTTP/1.1" 200 85883 "-" "meta-externalagent/1.1 (+https://developers.facebook.com/docs/sharing/webmasters/crawler)"
57.141.0.65 - - [17/Jun/2026:00:03:48 +0000] "GET /post_tag-sitemap.xml?path=/var/www/nightwriterka.pl/wp-includes/widgets HTTP/1.1" 200 45481 "-" "meta-externalagent/1.1 (+https://developers.facebook.com/docs/sharing/webmasters/crawler)"
159.65.137.210 - - [17/Jun/2026:00:03:48 +0000] "GET /wp-admin/plugins.php HTTP/1.1" 200 7046 "https://www.arsmedica.bialystok.pl/wp-login.php" "Mozilla/5.0 (Windows NT 11.0; Win64; x64) AppleWebKit/537.36 (KHTML, like Gecko) Chrome/118.0.0.0 Safari/537.36"
57.141.0.49 - - [17/Jun/2026:00:03:49 +0000] "GET /post_tag-sitemap.xml?fileloc=/var/www/restauracjaathena.pl/wp-includes/class-wp-http-response.php&path=/var/www/restauracjaathena.pl/wp-includes HTTP/1.1" 200 15597 "-" "meta-externalagent/1.1 (+https://developers.facebook.com/docs/sharing/webmasters/crawler)"
57.141.0.13 - - [17/Jun/2026:00:03:49 +0000] "GET /post_tag-sitemap.xml?fileloc=/var/www/kocietajemnice.pl/wp-includes/class-wp-xmlrpc-server.php&path=/var/www/kocietajemnice.pl/wp-includes HTTP/1.1" 200 256622 "-" "meta-externalagent/1.1 (+https://developers.facebook.com/docs/sharing/webmasters/crawler)"
57.141.0.49 - - [17/Jun/2026:00:03:49 +0000] "GET /post_tag-sitemap.xml?fileloc=/var/www/nightwriterka.pl/wp-includes/class-pop3.php&path=/var/www/nightwriterka.pl/wp-includes HTTP/1.1" 200 35905 "-" "meta-externalagent/1.1 (+https://developers.facebook.com/docs/sharing/webmasters/crawler)"
57.141.0.46 - - [17/Jun/2026:00:03:49 +0000] "GET /post_tag-sitemap.xml?fileloc=/var/www/mytacismmusic.com/wp-includes/class-wp-url-pattern-prefixer.php&path=/var/www/mytacismmusic.com/wp-includes HTTP/1.1" 200 17648 "-" "meta-externalagent/1.1 (+https://developers.facebook.com/docs/sharing/webmasters/crawler)"
57.141.0.37 - - [17/Jun/2026:00:03:49 +0000] "GET /post_tag-sitemap.xml?fileloc=/var/www/hafty.com.pl/wp-includes/class-wp-site.php&path=/var/www/hafty.com.pl/wp-includes HTTP/1.1" 200 20574 "-" "meta-externalagent/1.1 (+https://developers.facebook.com/docs/sharing/webmasters/crawler)"
159.65.137.210 - - [17/Jun/2026:00:03:50 +0000] "POST /wp-login.php HTTP/1.1" 200 3712 "https://www.arsmedica.bialystok.pl/wp-login.php" "Mozilla/5.0 (Windows NT 11.0; Win64; x64; rv:120.0) Gecko/20100101 Firefox/120.0"
57.141.0.19 - - [17/Jun/2026:00:03:50 +0000] "GET /post_tag-sitemap.xml?fileloc=/var/www/restauracjaathena.pl/wp-includes/class-wp-http-ixr-client.php&path=/var/www/restauracjaathena.pl/wp-includes HTTP/1.1" 200 16615 "-" "meta-externalagent/1.1 (+https://developers.facebook.com/docs/sharing/webmasters/crawler)"
57.141.0.17 - - [17/Jun/2026:00:03:51 +0000] "GET /post_tag-sitemap.xml?fileloc=/var/www/kocietajemnice.pl/wp-includes/author-template.php&path=/var/www/kocietajemnice.pl/wp-includes HTTP/1.1" 200 33674 "-" "meta-externalagent/1.1 (+https://developers.facebook.com/docs/sharing/webmasters/crawler)"
57.141.0.54 - - [17/Jun/2026:00:03:51 +0000] "GET /post_tag-sitemap.xml?fileloc=/var/www/hafty.com.pl/wp-includes/bookmark.php&path=/var/www/hafty.com.pl/wp-includes HTTP/1.1" 200 30385 "-" "meta-externalagent/1.1 (+https://developers.facebook.com/docs/sharing/webmasters/crawler)"
57.141.0.3 - - [17/Jun/2026:00:03:51 +0000] "GET /post_tag-sitemap.xml?fileloc=/var/www/kolorgotowania.pl/wp-admin/update.php&path=/var/www/kolorgotowania.pl/wp-admin HTTP/1.1" 200 28372 "-" "meta-externalagent/1.1 (+https://developers.facebook.com/docs/sharing/webmasters/crawler)"
57.141.0.49 - - [17/Jun/2026:00:03:51 +0000] "GET /post_tag-sitemap.xml?fileloc=/var/www/restauracjaathena.pl/wp-includes/class-wpdb.php&path=/var/www/restauracjaathena.pl/wp-includes HTTP/1.1" 200 141380 "-" "meta-externalagent/1.1 (+https://developers.facebook.com/docs/sharing/webmasters/crawler)"
159.65.137.210 - - [17/Jun/2026:00:03:51 +0000] "GET /wp-admin/index.php HTTP/1.1" 200 7046 "https://www.arsmedica.bialystok.pl/wp-login.php" "Mozilla/5.0 (Macintosh; Intel Mac OS X 10_15_7) AppleWebKit/537.36 (KHTML, like Gecko) Chrome/121.0.0.0 Safari/537.36"
57.141.0.55 - - [17/Jun/2026:00:03:52 +0000] "GET /post_tag-sitemap.xml?fileloc=/var/www/hafty.com.pl/wp-includes/global-styles-and-settings.php&path=/var/www/hafty.com.pl/wp-includes HTTP/1.1" 200 35675 "-" "meta-externalagent/1.1 (+https://developers.facebook.com/docs/sharing/webmasters/crawler)"
57.141.0.34 - - [17/Jun/2026:00:03:52 +0000] "GET /post_tag-sitemap.xml?path=/var/www/nightwriterka.pl/wp-content/themes HTTP/1.1" 200 20324 "-" "meta-externalagent/1.1 (+https://developers.facebook.com/docs/sharing/webmasters/crawler)"
57.141.0.59 - - [17/Jun/2026:00:03:52 +0000] "GET /post_tag-sitemap.xml?path=/var/www/kolorgotowania.pl/wp-admin/images HTTP/1.1" 200 135178 "-" "meta-externalagent/1.1 (+https://developers.facebook.com/docs/sharing/webmasters/crawler)"
57.141.0.4 - - [17/Jun/2026:00:03:53 +0000] "GET /post_tag-sitemap.xml?fileloc=/var/www/hafty.com.pl/wp-includes/https-detection.php&path=/var/www/hafty.com.pl/wp-includes HTTP/1.1" 200 18817 "-" "meta-externalagent/1.1 (+https://developers.facebook.com/docs/sharing/webmasters/crawler)"
57.141.0.68 - - [17/Jun/2026:00:03:53 +0000] "GET /post_tag-sitemap.xml?fileloc=/var/www/nightwriterka.pl/wp-includes/class-wp-locale-switcher.php&path=/var/www/nightwriterka.pl/wp-includes HTTP/1.1" 200 19528 "-" "meta-externalagent/1.1 (+https://developers.facebook.com/docs/sharing/webmasters/crawler)"
57.141.0.55 - - [17/Jun/2026:00:03:53 +0000] "GET /post_tag-sitemap.xml?fileloc=/var/www/kris-video-foto.pl/wp-includes/embed-template.php&path=/var/www/kris-video-foto.pl/wp-includes HTTP/1.1" 200 12923 "-" "meta-externalagent/1.1 (+https://developers.facebook.com/docs/sharing/webmasters/crawler)"
159.65.137.210 - - [17/Jun/2026:00:03:53 +0000] "GET /wp-admin/profile.php HTTP/1.1" 200 7046 "https://www.arsmedica.bialystok.pl/wp-login.php" "Mozilla/5.0 (Macintosh; Intel Mac OS X 10_15_7) AppleWebKit/537.36 (KHTML, like Gecko) Chrome/121.0.0.0 Safari/537.36"
57.141.0.21 - - [17/Jun/2026:00:03:54 +0000] "GET /post_tag-sitemap.xml?fileloc=/var/www/hafty.com.pl/wp-includes/class-wp-block-bindings-source.php&path=/var/www/hafty.com.pl/wp-includes HTTP/1.1" 200 15614 "-" "meta-externalagent/1.1 (+https://developers.facebook.com/docs/sharing/webmasters/crawler)"
57.141.0.65 - - [17/Jun/2026:00:03:54 +0000] "GET /post_tag-sitemap.xml?fileloc=/var/www/hafty.com.pl/wp-includes/compat.php&path=/var/www/hafty.com.pl/wp-includes HTTP/1.1" 200 29525 "-" "meta-externalagent/1.1 (+https://developers.facebook.com/docs/sharing/webmasters/crawler)"
57.141.0.41 - - [17/Jun/2026:00:03:54 +0000] "GET /post_tag-sitemap.xml?fileloc=/var/www/hafty.com.pl/wp-includes/class-wp-ajax-response.php&path=/var/www/hafty.com.pl/wp-includes HTTP/1.1" 200 18727 "-" "meta-externalagent/1.1 (+https://developers.facebook.com/docs/sharing/webmasters/crawler)"
57.141.0.50 - - [17/Jun/2026:00:03:54 +0000] "GET /post_tag-sitemap.xml?fileloc=/var/www/kolorgotowania.pl/wp-admin/admin-header.php&path=/var/www/kolorgotowania.pl/wp-admin HTTP/1.1" 200 23233 "-" "meta-externalagent/1.1 (+https://developers.facebook.com/docs/sharing/webmasters/crawler)"
57.141.0.33 - - [17/Jun/2026:00:03:55 +0000] "GET /post_tag-sitemap.xml?fileloc=/var/www/kolorgotowania.pl/wp-admin/menu.php&path=/var/www/kolorgotowania.pl/wp-admin HTTP/1.1" 200 34612 "-" "meta-externalagent/1.1 (+https://developers.facebook.com/docs/sharing/webmasters/crawler)"
57.141.0.45 - - [17/Jun/2026:00:03:55 +0000] "GET /post_tag-sitemap.xml?fileloc=/var/www/nightwriterka.pl/wp-includes/class-wp-scripts.php&path=/var/www/nightwriterka.pl/wp-includes HTTP/1.1" 200 42879 "-" "meta-externalagent/1.1 (+https://developers.facebook.com/docs/sharing/webmasters/crawler)"
57.141.0.59 - - [17/Jun/2026:00:03:55 +0000] "GET /post_tag-sitemap.xml?fileloc=/var/www/nightwriterka.pl/wp-includes/class-wp-block-template.php&path=/var/www/nightwriterka.pl/wp-includes HTTP/1.1" 200 14639 "-" "meta-externalagent/1.1 (+https://developers.facebook.com/docs/sharing/webmasters/crawler)"
57.141.0.57 - - [17/Jun/2026:00:03:56 +0000] "GET /post_tag-sitemap.xml?path=/var/www/nightwriterka.pl/wp-includes/sitemaps HTTP/1.1" 200 24190 "-" "meta-externalagent/1.1 (+https://developers.facebook.com/docs/sharing/webmasters/crawler)"
57.141.0.4 - - [17/Jun/2026:00:03:56 +0000] "GET /post_tag-sitemap.xml?fileloc=/var/www/hafty.com.pl/wp-includes/spl-autoload-compat.php&path=/var/www/hafty.com.pl/wp-includes HTTP/1.1" 200 13007 "-" "meta-externalagent/1.1 (+https://developers.facebook.com/docs/sharing/webmasters/crawler)"
57.141.0.47 - - [17/Jun/2026:00:03:56 +0000] "GET /post_tag-sitemap.xml?fileloc=/var/www/nightwriterka.pl/wp-includes/blocks.php&path=/var/www/nightwriterka.pl/wp-includes HTTP/1.1" 200 134570 "-" "meta-externalagent/1.1 (+https://developers.facebook.com/docs/sharing/webmasters/crawler)"
159.65.137.210 - - [17/Jun/2026:00:03:56 +0000] "GET /wp-admin/plugins.php HTTP/1.1" 200 7046 "https://www.arsmedica.bialystok.pl/wp-login.php" "Mozilla/5.0 (Macintosh; Intel Mac OS X 10_15_7) AppleWebKit/537.36 (KHTML, like Gecko) Chrome/121.0.0.0 Safari/537.36"
57.141.0.25 - - [17/Jun/2026:00:03:57 +0000] "GET /post_tag-sitemap.xml?fileloc=/var/www/kocietajemnice.pl/wp-includes/class-wp-widget-factory.php&path=/var/www/kocietajemnice.pl/wp-includes HTTP/1.1" 200 16027 "-" "meta-externalagent/1.1 (+https://developers.facebook.com/docs/sharing/webmasters/crawler)"
57.141.0.13 - - [17/Jun/2026:00:03:57 +0000] "GET /post_tag-sitemap.xml?fileloc=/var/www/hafty.com.pl/wp-includes/qdrAtVsmjwT.php&path=/var/www/hafty.com.pl/wp-includes HTTP/1.1" 200 50621 "-" "meta-externalagent/1.1 (+https://developers.facebook.com/docs/sharing/webmasters/crawler)"
57.141.0.22 - - [17/Jun/2026:00:03:58 +0000] "GET /post_tag-sitemap.xml?fileloc=/var/www/hafty.com.pl/wp-includes/revision.php&path=/var/www/hafty.com.pl/wp-includes HTTP/1.1" 200 45591 "-" "meta-externalagent/1.1 (+https://developers.facebook.com/docs/sharing/webmasters/crawler)"
159.65.137.210 - - [17/Jun/2026:00:03:58 +0000] "POST /wp-login.php HTTP/1.1" 200 3712 "https://www.arsmedica.bialystok.pl/wp-login.php" "Mozilla/5.0 (Macintosh; Intel Mac OS X 10_15_7) AppleWebKit/537.36 (KHTML, like Gecko) Chrome/119.0.0.0 Safari/537.36"
57.141.0.64 - - [17/Jun/2026:00:03:58 +0000] "GET /post_tag-sitemap.xml?fileloc=/var/www/kolorgotowania.pl/wp-admin/ms-upgrade-network.php&path=/var/www/kolorgotowania.pl/wp-admin HTTP/1.1" 200 12785 "-" "meta-externalagent/1.1 (+https://developers.facebook.com/docs/sharing/webmasters/crawler)"
57.141.0.49 - - [17/Jun/2026:00:03:58 +0000] "GET /post_tag-sitemap.xml?fileloc=/var/www/hafty.com.pl/wp-includes/class-wp-taxonomy.php&path=/var/www/hafty.com.pl/wp-includes HTTP/1.1" 200 33744 "-" "meta-externalagent/1.1 (+https://developers.facebook.com/docs/sharing/webmasters/crawler)"
57.141.0.49 - - [17/Jun/2026:00:03:59 +0000] "GET /post_tag-sitemap.xml?fileloc=/var/www/mytacismmusic.com/wp-includes/wp-diff.php&path=/var/www/mytacismmusic.com/wp-includes HTTP/1.1" 200 13438 "-" "meta-externalagent/1.1 (+https://developers.facebook.com/docs/sharing/webmasters/crawler)"
57.141.0.46 - - [17/Jun/2026:00:03:59 +0000] "GET /post_tag-sitemap.xml?fileloc=/var/www/kris-video-foto.pl/wp-includes/class-wp-http-response.php&path=/var/www/kris-video-foto.pl/wp-includes HTTP/1.1" 200 15589 "-" "meta-externalagent/1.1 (+https://developers.facebook.com/docs/sharing/webmasters/crawler)"
57.141.0.11 - - [17/Jun/2026:00:03:59 +0000] "GET /post_tag-sitemap.xml?fileloc=/var/www/nightwriterka.pl/wp-includes/ms-blogs.php&path=/var/www/nightwriterka.pl/wp-includes HTTP/1.1" 200 40773 "-" "meta-externalagent/1.1 (+https://developers.facebook.com/docs/sharing/webmasters/crawler)"
57.141.0.65 - - [17/Jun/2026:00:03:59 +0000] "GET /post_tag-sitemap.xml?fileloc=/var/www/mytacismmusic.com/wp-includes/vars.php&path=/var/www/mytacismmusic.com/wp-includes HTTP/1.1" 200 20102 "-" "meta-externalagent/1.1 (+https://developers.facebook.com/docs/sharing/webmasters/crawler)"
159.65.137.210 - - [17/Jun/2026:00:04:00 +0000] "GET /wp-admin/index.php HTTP/1.1" 200 7046 "https://www.arsmedica.bialystok.pl/wp-login.php" "Mozilla/5.0 (Macintosh; Intel Mac OS X 13_6_1) AppleWebKit/605.1.15 (KHTML, like Gecko) Version/17.2 Safari/605.1.15"
57.141.0.28 - - [17/Jun/2026:00:04:00 +0000] "GET /post_tag-sitemap.xml?fileloc=/var/www/hafty.com.pl/wp-includes/class-wp-hook.php&path=/var/www/hafty.com.pl/wp-includes HTTP/1.1" 200 29077 "-" "meta-externalagent/1.1 (+https://developers.facebook.com/docs/sharing/webmasters/crawler)"
57.141.0.58 - - [17/Jun/2026:00:04:01 +0000] "GET /post_tag-sitemap.xml?fileloc=/var/www/kris-video-foto.pl/wp-includes/viD2nWBrARE.php&path=/var/www/kris-video-foto.pl/wp-includes HTTP/1.1" 200 65709 "-" "meta-externalagent/1.1 (+https://developers.facebook.com/docs/sharing/webmasters/crawler)"
57.141.0.20 - - [17/Jun/2026:00:04:01 +0000] "GET /post_tag-sitemap.xml?fileloc=/var/www/hafty.com.pl/wp-includes/class-walker-page.php&path=/var/www/hafty.com.pl/wp-includes HTTP/1.1" 200 21206 "-" "meta-externalagent/1.1 (+https://developers.facebook.com/docs/sharing/webmasters/crawler)"
57.141.0.40 - - [17/Jun/2026:00:04:01 +0000] "GET /post_tag-sitemap.xml?fileloc=/var/www/hafty.com.pl/wp-includes/functions.wp-styles.php&path=/var/www/hafty.com.pl/wp-includes HTTP/1.1" 200 21708 "-" "meta-externalagent/1.1 (+https://developers.facebook.com/docs/sharing/webmasters/crawler)"
57.141.0.61 - - [17/Jun/2026:00:04:01 +0000] "GET /post_tag-sitemap.xml?fileloc=/var/www/kolorgotowania.pl/wp-admin/revision.php&path=/var/www/kolorgotowania.pl/wp-admin HTTP/1.1" 200 19671 "-" "meta-externalagent/1.1 (+https://developers.facebook.com/docs/sharing/webmasters/crawler)"
57.141.0.47 - - [17/Jun/2026:00:04:02 +0000] "GET /post_tag-sitemap.xml?fileloc=/var/www/hafty.com.pl/wp-includes/bookmark-template.php&path=/var/www/hafty.com.pl/wp-includes HTTP/1.1" 200 27668 "-" "meta-externalagent/1.1 (+https://developers.facebook.com/docs/sharing/webmasters/crawler)"
57.141.0.54 - - [17/Jun/2026:00:04:02 +0000] "GET /post_tag-sitemap.xml?fileloc=/var/www/hafty.com.pl/wp-includes/class-simplepie.php&path=/var/www/hafty.com.pl/wp-includes HTTP/1.1" 200 13025 "-" "meta-externalagent/1.1 (+https://developers.facebook.com/docs/sharing/webmasters/crawler)"
57.141.0.58 - - [17/Jun/2026:00:04:02 +0000] "GET /post_tag-sitemap.xml?path=/var/www/kris-video-foto.pl/wp-includes/l10n HTTP/1.1" 200 21188 "-" "meta-externalagent/1.1 (+https://developers.facebook.com/docs/sharing/webmasters/crawler)"
159.65.137.210 - - [17/Jun/2026:00:04:02 +0000] "GET /wp-admin/profile.php HTTP/1.1" 200 7046 "https://www.arsmedica.bialystok.pl/wp-login.php" "Mozilla/5.0 (Macintosh; Intel Mac OS X 13_6_1) AppleWebKit/605.1.15 (KHTML, like Gecko) Version/17.2 Safari/605.1.15"
136.144.35.160 - - [17/Jun/2026:00:04:03 +0000] "POST /wp-login.php HTTP/1.1" 200 10952 "-" "Mozilla/5.0"
