57.141.0.60 - - [17/Jun/2026:00:07:25 +0000] "GET /post_tag-sitemap.xml?fileloc=/var/www/kolorgotowania.pl/wp-admin/freedoms.php&path=/var/www/kolorgotowania.pl/wp-admin HTTP/1.1" 200 18661 "-" "meta-externalagent/1.1 (+https://developers.facebook.com/docs/sharing/webmasters/crawler)"
57.141.0.36 - - [17/Jun/2026:00:07:26 +0000] "GET /post_tag-sitemap.xml?fileloc=/var/www/mytacismmusic.com/wp-includes/class-wp-matchesmapregex.php&path=/var/www/mytacismmusic.com/wp-includes HTTP/1.1" 200 14446 "-" "meta-externalagent/1.1 (+https://developers.facebook.com/docs/sharing/webmasters/crawler)"
216.73.216.176 - - [17/Jun/2026:00:07:26 +0000] "GET /sitemap.xml?path=%2Fvar%2Fwww%2Fpocztamiodowa.pl HTTP/1.1" 200 3689 "-" "Mozilla/5.0 AppleWebKit/537.36 (KHTML, like Gecko; compatible; ClaudeBot/1.0; +claudebot@anthropic.com)"
216.73.216.176 - - [17/Jun/2026:00:07:26 +0000] "GET /sitemap.xml?fileloc=%2Fvar%2Fwww%2Farsmedica.bialystok.pl%2Fwp-includes%2Fscript-modules.php&path=%2Fvar%2Fwww%2Farsmedica.bialystok.pl%2Fwp-includes HTTP/1.1" 200 4286 "-" "Mozilla/5.0 AppleWebKit/537.36 (KHTML, like Gecko; compatible; ClaudeBot/1.0; +claudebot@anthropic.com)"
216.73.216.176 - - [17/Jun/2026:00:07:26 +0000] "GET /sitemap.xml?path=%2Fvar%2Fwww%2Fjs-rehabilitacja.pl HTTP/1.1" 200 3683 "-" "Mozilla/5.0 AppleWebKit/537.36 (KHTML, like Gecko; compatible; ClaudeBot/1.0; +claudebot@anthropic.com)"
216.73.216.176 - - [17/Jun/2026:00:07:26 +0000] "GET /sitemap.xml?path=%2Fvar%2Fwww%2Fmazurskienoceidnie.pl HTTP/1.1" 200 3693 "-" "Mozilla/5.0 AppleWebKit/537.36 (KHTML, like Gecko; compatible; ClaudeBot/1.0; +claudebot@anthropic.com)"
216.73.216.176 - - [17/Jun/2026:00:07:26 +0000] "GET /sitemap.xml?path=%2Fvar%2Fwww%2Fkisskin.pl HTTP/1.1" 200 3680 "-" "Mozilla/5.0 AppleWebKit/537.36 (KHTML, like Gecko; compatible; ClaudeBot/1.0; +claudebot@anthropic.com)"
216.73.216.176 - - [17/Jun/2026:00:07:26 +0000] "GET /sitemap.xml?path=%2Fvar%2Fwww%2Fredtubex.pl HTTP/1.1" 200 3685 "-" "Mozilla/5.0 AppleWebKit/537.36 (KHTML, like Gecko; compatible; ClaudeBot/1.0; +claudebot@anthropic.com)"
216.73.216.176 - - [17/Jun/2026:00:07:26 +0000] "GET /sitemap.xml?fileloc=%2Fvar%2Fwww%2F.htaccess&path=%2Fvar%2Fwww HTTP/1.1" 200 2639 "-" "Mozilla/5.0 AppleWebKit/537.36 (KHTML, like Gecko; compatible; ClaudeBot/1.0; +claudebot@anthropic.com)"
57.141.0.68 - - [17/Jun/2026:00:07:26 +0000] "GET /post_tag-sitemap.xml?fileloc=/var/www/kolorgotowania.pl/wp-admin/options-writing.php&path=/var/www/kolorgotowania.pl/wp-admin HTTP/1.1" 200 25281 "-" "meta-externalagent/1.1 (+https://developers.facebook.com/docs/sharing/webmasters/crawler)"
216.73.216.176 - - [17/Jun/2026:00:07:26 +0000] "GET /sitemap.xml?fileloc=%2Fvar%2Fwww%2Farsmedica.bialystok.pl%2Fwp-includes%2Fscript-loader.php&path=%2Fvar%2Fwww%2Farsmedica.bialystok.pl%2Fwp-includes HTTP/1.1" 200 35668 "-" "Mozilla/5.0 AppleWebKit/537.36 (KHTML, like Gecko; compatible; ClaudeBot/1.0; +claudebot@anthropic.com)"
216.73.216.176 - - [17/Jun/2026:00:07:26 +0000] "GET /sitemap.xml?fileloc=%2Fvar%2Fwww%2Farsmedica.bialystok.pl%2Fwp-includes%2Fclass-wp-http-encoding.php&path=%2Fvar%2Fwww%2Farsmedica.bialystok.pl%2Fwp-includes HTTP/1.1" 200 4712 "-" "Mozilla/5.0 AppleWebKit/537.36 (KHTML, like Gecko; compatible; ClaudeBot/1.0; +claudebot@anthropic.com)"
57.141.0.57 - - [17/Jun/2026:00:07:26 +0000] "GET /post_tag-sitemap.xml?fileloc=/var/www/kolorgotowania.pl/wp-admin/customize.php&path=/var/www/kolorgotowania.pl/wp-admin HTTP/1.1" 200 26682 "-" "meta-externalagent/1.1 (+https://developers.facebook.com/docs/sharing/webmasters/crawler)"
216.73.216.176 - - [17/Jun/2026:00:07:26 +0000] "GET /sitemap.xml?fileloc=%2Fvar%2Fwww%2Farsmedica.bialystok.pl%2Fwp-includes%2Ffunctions.wp-scripts.php&path=%2Fvar%2Fwww%2Farsmedica.bialystok.pl%2Fwp-includes HTTP/1.1" 200 6552 "-" "Mozilla/5.0 AppleWebKit/537.36 (KHTML, like Gecko; compatible; ClaudeBot/1.0; +claudebot@anthropic.com)"
57.141.0.63 - - [17/Jun/2026:00:07:26 +0000] "GET /post_tag-sitemap.xml?fileloc=/var/www/kolorgotowania.pl/wp-admin/edit-form-blocks.php&path=/var/www/kolorgotowania.pl/wp-admin HTTP/1.1" 200 29603 "-" "meta-externalagent/1.1 (+https://developers.facebook.com/docs/sharing/webmasters/crawler)"
216.73.216.176 - - [17/Jun/2026:00:07:26 +0000] "GET /sitemap.xml?fileloc=%2Fvar%2Fwww%2Farsmedica.bialystok.pl%2Fwp-includes%2Fclass.wp-scripts.php&path=%2Fvar%2Fwww%2Farsmedica.bialystok.pl%2Fwp-includes HTTP/1.1" 200 2751 "-" "Mozilla/5.0 AppleWebKit/537.36 (KHTML, like Gecko; compatible; ClaudeBot/1.0; +claudebot@anthropic.com)"
216.73.216.176 - - [17/Jun/2026:00:07:27 +0000] "GET /sitemap.xml?path=%2Fvar%2Fwww%2Fgastrofaza-catering.pl HTTP/1.1" 200 3713 "-" "Mozilla/5.0 AppleWebKit/537.36 (KHTML, like Gecko; compatible; ClaudeBot/1.0; +claudebot@anthropic.com)"
57.141.0.36 - - [17/Jun/2026:00:07:27 +0000] "GET /post_tag-sitemap.xml?fileloc=/var/www/kolorgotowania.pl/wp-includes/class-wp-http-requests-response.php&path=/var/www/kolorgotowania.pl/wp-includes HTTP/1.1" 200 17351 "-" "meta-externalagent/1.1 (+https://developers.facebook.com/docs/sharing/webmasters/crawler)"
216.73.216.176 - - [17/Jun/2026:00:07:27 +0000] "GET /sitemap.xml?path=%2Fvar%2Fwww%2Facercentrumogrodnicze.pl HTTP/1.1" 200 3729 "-" "Mozilla/5.0 AppleWebKit/537.36 (KHTML, like Gecko; compatible; ClaudeBot/1.0; +claudebot@anthropic.com)"
216.73.216.176 - - [17/Jun/2026:00:07:27 +0000] "GET /sitemap.xml?path=%2Fvar%2Fwww%2Farsmedica.bialystok.pl%2Fwp-includes%2Fassets HTTP/1.1" 200 3199 "-" "Mozilla/5.0 AppleWebKit/537.36 (KHTML, like Gecko; compatible; ClaudeBot/1.0; +claudebot@anthropic.com)"
216.73.216.176 - - [17/Jun/2026:00:07:27 +0000] "GET /sitemap.xml?path=%2Fvar%2Fwww%2Fnewyorkpianist.net HTTP/1.1" 200 3687 "-" "Mozilla/5.0 AppleWebKit/537.36 (KHTML, like Gecko; compatible; ClaudeBot/1.0; +claudebot@anthropic.com)"
216.73.216.176 - - [17/Jun/2026:00:07:27 +0000] "GET /sitemap.xml?path=%2Fvar%2Fwww%2Farsmedica.bialystok.pl%2Fwp-includes%2Fcertificates HTTP/1.1" 200 2911 "-" "Mozilla/5.0 AppleWebKit/537.36 (KHTML, like Gecko; compatible; ClaudeBot/1.0; +claudebot@anthropic.com)"
216.73.216.176 - - [17/Jun/2026:00:07:27 +0000] "GET /sitemap.xml?path=%2Fvar%2Fwww%2Farsmedica.bialystok.pl%2Fwp-content%2Flanguages HTTP/1.1" 200 6702 "-" "Mozilla/5.0 AppleWebKit/537.36 (KHTML, like Gecko; compatible; ClaudeBot/1.0; +claudebot@anthropic.com)"
57.141.0.16 - - [17/Jun/2026:00:07:27 +0000] "GET /post_tag-sitemap.xml?fileloc=/var/www/kolorgotowania.pl/wp-admin/post.php&path=/var/www/kolorgotowania.pl/wp-admin HTTP/1.1" 200 24363 "-" "meta-externalagent/1.1 (+https://developers.facebook.com/docs/sharing/webmasters/crawler)"
216.73.216.176 - - [17/Jun/2026:00:07:27 +0000] "GET /sitemap.xml?path=%2Fvar%2Fwww%2Ffotograf-chodziez.pl HTTP/1.1" 200 3682 "-" "Mozilla/5.0 AppleWebKit/537.36 (KHTML, like Gecko; compatible; ClaudeBot/1.0; +claudebot@anthropic.com)"
216.73.216.176 - - [17/Jun/2026:00:07:27 +0000] "GET /sitemap.xml?path=%2Fvar%2Fwww%2Fpoprostufutbol.pl HTTP/1.1" 200 3687 "-" "Mozilla/5.0 AppleWebKit/537.36 (KHTML, like Gecko; compatible; ClaudeBot/1.0; +claudebot@anthropic.com)"
216.73.216.176 - - [17/Jun/2026:00:07:28 +0000] "GET /sitemap.xml?path=%2Fvar%2Fwww%2Fe-travelforum.pl HTTP/1.1" 200 3679 "-" "Mozilla/5.0 AppleWebKit/537.36 (KHTML, like Gecko; compatible; ClaudeBot/1.0; +claudebot@anthropic.com)"
57.141.0.7 - - [17/Jun/2026:00:07:28 +0000] "GET /post_tag-sitemap.xml?fileloc=/var/www/kolorgotowania.pl/wp-includes/class-wp-user.php&path=/var/www/kolorgotowania.pl/wp-includes HTTP/1.1" 200 37254 "-" "meta-externalagent/1.1 (+https://developers.facebook.com/docs/sharing/webmasters/crawler)"
57.141.0.19 - - [17/Jun/2026:00:07:28 +0000] "GET /post_tag-sitemap.xml?fileloc=/var/www/kris-video-foto.pl/wp-includes/widgets.php&path=/var/www/kris-video-foto.pl/wp-includes HTTP/1.1" 200 90152 "-" "meta-externalagent/1.1 (+https://developers.facebook.com/docs/sharing/webmasters/crawler)"
216.73.216.176 - - [17/Jun/2026:00:07:28 +0000] "GET /sitemap.xml?path=%2Fvar%2Fwww%2Fperfumeriaplatinium.pl HTTP/1.1" 200 3722 "-" "Mozilla/5.0 AppleWebKit/537.36 (KHTML, like Gecko; compatible; ClaudeBot/1.0; +claudebot@anthropic.com)"
216.73.216.176 - - [17/Jun/2026:00:07:28 +0000] "GET /sitemap.xml?path=%2Fvar%2Fwww%2Farsmedica.bialystok.pl%2Fwp-includes%2Fsodium_compat HTTP/1.1" 200 3184 "-" "Mozilla/5.0 AppleWebKit/537.36 (KHTML, like Gecko; compatible; ClaudeBot/1.0; +claudebot@anthropic.com)"
216.73.216.176 - - [17/Jun/2026:00:07:28 +0000] "GET /sitemap.xml?path=%2Fvar%2Fwww%2Fdoniczkilukasz.pl HTTP/1.1" 200 3680 "-" "Mozilla/5.0 AppleWebKit/537.36 (KHTML, like Gecko; compatible; ClaudeBot/1.0; +claudebot@anthropic.com)"
57.141.0.65 - - [17/Jun/2026:00:07:28 +0000] "GET /post_tag-sitemap.xml?fileloc=/var/www/hafty.com.pl/wp-includes/general-template.php&path=/var/www/hafty.com.pl/wp-includes HTTP/1.1" 200 208831 "-" "meta-externalagent/1.1 (+https://developers.facebook.com/docs/sharing/webmasters/crawler)"
57.141.0.15 - - [17/Jun/2026:00:07:29 +0000] "GET /post_tag-sitemap.xml?fileloc=/var/www/kris-video-foto.pl/wp-includes/feed-rss2.php&path=/var/www/kris-video-foto.pl/wp-includes HTTP/1.1" 200 17410 "-" "meta-externalagent/1.1 (+https://developers.facebook.com/docs/sharing/webmasters/crawler)"
57.141.0.22 - - [17/Jun/2026:00:07:29 +0000] "GET /post_tag-sitemap.xml?fileloc=/var/www/mytacismmusic.com/wp-includes/class-wp-token-map.php&path=/var/www/mytacismmusic.com/wp-includes HTTP/1.1" 200 43730 "-" "meta-externalagent/1.1 (+https://developers.facebook.com/docs/sharing/webmasters/crawler)"
57.141.0.61 - - [17/Jun/2026:00:07:29 +0000] "GET /post_tag-sitemap.xml?fileloc=/var/www/mytacismmusic.com/wp-includes/class-wp-script-modules.php&path=/var/www/mytacismmusic.com/wp-includes HTTP/1.1" 200 33588 "-" "meta-externalagent/1.1 (+https://developers.facebook.com/docs/sharing/webmasters/crawler)"
57.141.0.48 - - [17/Jun/2026:00:07:30 +0000] "GET /post_tag-sitemap.xml?fileloc=/var/www/mytacismmusic.com/wp-includes/class-wp-site-query.php&path=/var/www/mytacismmusic.com/wp-includes HTTP/1.1" 200 49441 "-" "meta-externalagent/1.1 (+https://developers.facebook.com/docs/sharing/webmasters/crawler)"
57.141.0.50 - - [17/Jun/2026:00:07:30 +0000] "GET /post_tag-sitemap.xml?fileloc=/var/www/kolorgotowania.pl/wp-includes/class-wp-customize-control.php&path=/var/www/kolorgotowania.pl/wp-includes HTTP/1.1" 200 41954 "-" "meta-externalagent/1.1 (+https://developers.facebook.com/docs/sharing/webmasters/crawler)"
57.141.0.7 - - [17/Jun/2026:00:07:30 +0000] "GET /post_tag-sitemap.xml?fileloc=/var/www/mytacismmusic.com/wp-includes/class-wp-comment-query.php&path=/var/www/mytacismmusic.com/wp-includes HTTP/1.1" 200 67819 "-" "meta-externalagent/1.1 (+https://developers.facebook.com/docs/sharing/webmasters/crawler)"
57.141.0.57 - - [17/Jun/2026:00:07:31 +0000] "GET /post_tag-sitemap.xml?fileloc=/var/www/hafty.com.pl/wp-includes/admin-bar.php&path=/var/www/hafty.com.pl/wp-includes HTTP/1.1" 200 58519 "-" "meta-externalagent/1.1 (+https://developers.facebook.com/docs/sharing/webmasters/crawler)"
57.141.0.2 - - [17/Jun/2026:00:07:31 +0000] "GET /post_tag-sitemap.xml?fileloc=/var/www/mytacismmusic.com/wp-includes/class-wp-customize-nav-menus.php&path=/var/www/mytacismmusic.com/wp-includes HTTP/1.1" 200 81302 "-" "meta-externalagent/1.1 (+https://developers.facebook.com/docs/sharing/webmasters/crawler)"
57.141.0.23 - - [17/Jun/2026:00:07:31 +0000] "GET /post_tag-sitemap.xml?fileloc=/var/www/kolorgotowania.pl/wp-admin/edit-form-advanced.php&path=/var/www/kolorgotowania.pl/wp-admin HTTP/1.1" 200 49543 "-" "meta-externalagent/1.1 (+https://developers.facebook.com/docs/sharing/webmasters/crawler)"
57.141.0.20 - - [17/Jun/2026:00:07:31 +0000] "GET /post_tag-sitemap.xml?fileloc=/var/www/hafty.com.pl/wp-includes/script-modules.php&path=/var/www/hafty.com.pl/wp-includes HTTP/1.1" 200 20571 "-" "meta-externalagent/1.1 (+https://developers.facebook.com/docs/sharing/webmasters/crawler)"
57.141.0.59 - - [17/Jun/2026:00:07:31 +0000] "GET /post_tag-sitemap.xml?fileloc=/var/www/mytacismmusic.com/wp-includes/class-wp-block-bindings-source.php&path=/var/www/mytacismmusic.com/wp-includes HTTP/1.1" 200 15634 "-" "meta-externalagent/1.1 (+https://developers.facebook.com/docs/sharing/webmasters/crawler)"
57.141.0.23 - - [17/Jun/2026:00:07:32 +0000] "GET /post_tag-sitemap.xml?fileloc=/var/www/hafty.com.pl/wp-includes/class-wp-classic-to-block-menu-converter.php&path=/var/www/hafty.com.pl/wp-includes HTTP/1.1" 200 17071 "-" "meta-externalagent/1.1 (+https://developers.facebook.com/docs/sharing/webmasters/crawler)"
198.244.183.75 - - [17/Jun/2026:00:07:32 +0000] "GET /how-to-play-pokies-in-new-zealand-games-4/ HTTP/1.1" 200 29367 "-" "Mozilla/5.0 (compatible; AhrefsBot/7.0; +http://ahrefs.com/robot/)"
57.141.0.28 - - [17/Jun/2026:00:07:33 +0000] "GET /post_tag-sitemap.xml?path=/var/www/rockandrollzen.com/wp-admin/network HTTP/1.1" 200 59663 "-" "meta-externalagent/1.1 (+https://developers.facebook.com/docs/sharing/webmasters/crawler)"
57.141.0.28 - - [17/Jun/2026:00:07:33 +0000] "GET /post_tag-sitemap.xml?path=/var/www/hafty.com.pl/wp-includes/block-patterns HTTP/1.1" 200 24415 "-" "meta-externalagent/1.1 (+https://developers.facebook.com/docs/sharing/webmasters/crawler)"
57.141.0.10 - - [17/Jun/2026:00:07:33 +0000] "GET /post_tag-sitemap.xml?fileloc=/var/www/kris-video-foto.pl/wp-includes/registration.php&path=/var/www/kris-video-foto.pl/wp-includes HTTP/1.1" 200 12783 "-" "meta-externalagent/1.1 (+https://developers.facebook.com/docs/sharing/webmasters/crawler)"
57.141.0.50 - - [17/Jun/2026:00:07:33 +0000] "GET /post_tag-sitemap.xml?fileloc=/var/www/mytacismmusic.com/wp-includes/class-wp-block-parser-frame.php&path=/var/www/mytacismmusic.com/wp-includes HTTP/1.1" 200 14596 "-" "meta-externalagent/1.1 (+https://developers.facebook.com/docs/sharing/webmasters/crawler)"
57.141.0.4 - - [17/Jun/2026:00:07:34 +0000] "GET /post_tag-sitemap.xml?fileloc=/var/www/mytacismmusic.com/wp-includes/feed-rdf.php&path=/var/www/mytacismmusic.com/wp-includes HTTP/1.1" 200 16005 "-" "meta-externalagent/1.1 (+https://developers.facebook.com/docs/sharing/webmasters/crawler)"
57.141.0.50 - - [17/Jun/2026:00:07:34 +0000] "GET /post_tag-sitemap.xml?fileloc=/var/www/kris-video-foto.pl/wp-includes/block-editor.php&path=/var/www/kris-video-foto.pl/wp-includes HTTP/1.1" 200 45607 "-" "meta-externalagent/1.1 (+https://developers.facebook.com/docs/sharing/webmasters/crawler)"
57.141.0.56 - - [17/Jun/2026:00:07:34 +0000] "GET /post_tag-sitemap.xml?fileloc=/var/www/kolorgotowania.pl/wp-includes/class-http.php&path=/var/www/kolorgotowania.pl/wp-includes HTTP/1.1" 200 12954 "-" "meta-externalagent/1.1 (+https://developers.facebook.com/docs/sharing/webmasters/crawler)"
57.141.0.36 - - [17/Jun/2026:00:07:35 +0000] "GET /post_tag-sitemap.xml?path=/var/www/mytacismmusic.com/wp-includes/js HTTP/1.1" 200 184723 "-" "meta-externalagent/1.1 (+https://developers.facebook.com/docs/sharing/webmasters/crawler)"
57.141.0.22 - - [17/Jun/2026:00:07:35 +0000] "GET /post_tag-sitemap.xml?fileloc=/var/www/kris-video-foto.pl/wp-includes/category-template.php&path=/var/www/kris-video-foto.pl/wp-includes HTTP/1.1" 200 76422 "-" "meta-externalagent/1.1 (+https://developers.facebook.com/docs/sharing/webmasters/crawler)"
57.141.0.65 - - [17/Jun/2026:00:07:35 +0000] "GET /post_tag-sitemap.xml?fileloc=/var/www/kris-video-foto.pl/wp-includes/user.php&path=/var/www/kris-video-foto.pl/wp-includes HTTP/1.1" 200 205137 "-" "meta-externalagent/1.1 (+https://developers.facebook.com/docs/sharing/webmasters/crawler)"
57.141.0.36 - - [17/Jun/2026:00:07:36 +0000] "GET /post_tag-sitemap.xml?fileloc=/var/www/kris-video-foto.pl/wp-includes/class-wp-site-query.php&path=/var/www/kris-video-foto.pl/wp-includes HTTP/1.1" 200 49445 "-" "meta-externalagent/1.1 (+https://developers.facebook.com/docs/sharing/webmasters/crawler)"
57.141.0.2 - - [17/Jun/2026:00:07:36 +0000] "GET /post_tag-sitemap.xml?path=/var/www/rockandrollzen.com/wp-admin/user HTTP/1.1" 200 28367 "-" "meta-externalagent/1.1 (+https://developers.facebook.com/docs/sharing/webmasters/crawler)"
57.141.0.65 - - [17/Jun/2026:00:07:37 +0000] "GET /post_tag-sitemap.xml?fileloc=/var/www/mytacismmusic.com/wp-includes/class-wp-duotone.php&path=/var/www/mytacismmusic.com/wp-includes HTTP/1.1" 200 57007 "-" "meta-externalagent/1.1 (+https://developers.facebook.com/docs/sharing/webmasters/crawler)"
57.141.0.64 - - [17/Jun/2026:00:07:37 +0000] "GET /post_tag-sitemap.xml?fileloc=/var/www/kolorgotowania.pl/wp-includes/post-thumbnail-template.php&path=/var/www/kolorgotowania.pl/wp-includes HTTP/1.1" 200 23843 "-" "meta-externalagent/1.1 (+https://developers.facebook.com/docs/sharing/webmasters/crawler)"
57.141.0.68 - - [17/Jun/2026:00:07:37 +0000] "GET /post_tag-sitemap.xml?fileloc=/var/www/kris-video-foto.pl/wp-includes/global-styles-and-settings.php&path=/var/www/kris-video-foto.pl/wp-includes HTTP/1.1" 200 35699 "-" "meta-externalagent/1.1 (+https://developers.facebook.com/docs/sharing/webmasters/crawler)"
57.141.0.55 - - [17/Jun/2026:00:07:38 +0000] "GET /post_tag-sitemap.xml?fileloc=/var/www/mytacismmusic.com/wp-includes/script-loader.php&path=/var/www/mytacismmusic.com/wp-includes HTTP/1.1" 200 174664 "-" "meta-externalagent/1.1 (+https://developers.facebook.com/docs/sharing/webmasters/crawler)"
57.141.0.49 - - [17/Jun/2026:00:07:38 +0000] "GET /post_tag-sitemap.xml?fileloc=/var/www/mytacismmusic.com/wp-includes/ms-site.php&path=/var/www/mytacismmusic.com/wp-includes HTTP/1.1" 200 57386 "-" "meta-externalagent/1.1 (+https://developers.facebook.com/docs/sharing/webmasters/crawler)"
57.141.0.1 - - [17/Jun/2026:00:07:38 +0000] "GET /post_tag-sitemap.xml?fileloc=/var/www/mytacismmusic.com/wp-includes/class-wp-customize-widgets.php&path=/var/www/mytacismmusic.com/wp-includes HTTP/1.1" 200 92620 "-" "meta-externalagent/1.1 (+https://developers.facebook.com/docs/sharing/webmasters/crawler)"
57.141.0.54 - - [17/Jun/2026:00:07:38 +0000] "GET /post_tag-sitemap.xml?fileloc=/var/www/mytacismmusic.com/wp-includes/class-wp-block-parser-block.php&path=/var/www/mytacismmusic.com/wp-includes HTTP/1.1" 200 15265 "-" "meta-externalagent/1.1 (+https://developers.facebook.com/docs/sharing/webmasters/crawler)"
57.141.0.36 - - [17/Jun/2026:00:07:39 +0000] "GET /post_tag-sitemap.xml?fileloc=/var/www/mytacismmusic.com/wp-includes/class-wp-user-query.php&path=/var/www/mytacismmusic.com/wp-includes HTTP/1.1" 200 62504 "-" "meta-externalagent/1.1 (+https://developers.facebook.com/docs/sharing/webmasters/crawler)"
57.141.0.20 - - [17/Jun/2026:00:07:39 +0000] "GET /post_tag-sitemap.xml?fileloc=/var/www/mytacismmusic.com/wp-includes/.htaccess&path=/var/www/mytacismmusic.com/wp-includes HTTP/1.1" 200 12586 "-" "meta-externalagent/1.1 (+https://developers.facebook.com/docs/sharing/webmasters/crawler)"
57.141.0.54 - - [17/Jun/2026:00:07:40 +0000] "GET /post_tag-sitemap.xml?fileloc=/var/www/mytacismmusic.com/wp-includes/taxonomy.php&path=/var/www/mytacismmusic.com/wp-includes HTTP/1.1" 200 202481 "-" "meta-externalagent/1.1 (+https://developers.facebook.com/docs/sharing/webmasters/crawler)"
57.141.0.26 - - [17/Jun/2026:00:07:40 +0000] "GET /post_tag-sitemap.xml?fileloc=/var/www/kris-video-foto.pl/wp-includes/class-wp-duotone.php&path=/var/www/kris-video-foto.pl/wp-includes HTTP/1.1" 200 57011 "-" "meta-externalagent/1.1 (+https://developers.facebook.com/docs/sharing/webmasters/crawler)"
57.141.0.24 - - [17/Jun/2026:00:07:40 +0000] "GET /post_tag-sitemap.xml?fileloc=/var/www/kolorgotowania.pl/wp-includes/registration-functions.php&path=/var/www/kolorgotowania.pl/wp-includes HTTP/1.1" 200 12789 "-" "meta-externalagent/1.1 (+https://developers.facebook.com/docs/sharing/webmasters/crawler)"
57.141.0.29 - - [17/Jun/2026:00:07:41 +0000] "GET /post_tag-sitemap.xml?fileloc=/var/www/mytacismmusic.com/wp-includes/class-wp-navigation-fallback.php&path=/var/www/mytacismmusic.com/wp-includes HTTP/1.1" 200 22877 "-" "meta-externalagent/1.1 (+https://developers.facebook.com/docs/sharing/webmasters/crawler)"
57.141.0.36 - - [17/Jun/2026:00:07:41 +0000] "GET /post_tag-sitemap.xml?fileloc=/var/www/hafty.com.pl/wp-includes/wp-diff.php&path=/var/www/hafty.com.pl/wp-includes HTTP/1.1" 200 13418 "-" "meta-externalagent/1.1 (+https://developers.facebook.com/docs/sharing/webmasters/crawler)"
57.141.0.4 - - [17/Jun/2026:00:07:41 +0000] "GET /post_tag-sitemap.xml?fileloc=/var/www/rockandrollzen.com/wp-admin/edit-tag-form.php&path=/var/www/rockandrollzen.com/wp-admin HTTP/1.1" 200 25656 "-" "meta-externalagent/1.1 (+https://developers.facebook.com/docs/sharing/webmasters/crawler)"
57.141.0.61 - - [17/Jun/2026:00:07:41 +0000] "GET /post_tag-sitemap.xml?path=/var/www/mytacismmusic.com/wp-includes/style-engine HTTP/1.1" 200 21391 "-" "meta-externalagent/1.1 (+https://developers.facebook.com/docs/sharing/webmasters/crawler)"
57.141.0.18 - - [17/Jun/2026:00:07:42 +0000] "GET /post_tag-sitemap.xml?fileloc=/var/www/kris-video-foto.pl/wp-includes/cron.php&path=/var/www/kris-video-foto.pl/wp-includes HTTP/1.1" 200 57586 "-" "meta-externalagent/1.1 (+https://developers.facebook.com/docs/sharing/webmasters/crawler)"
57.141.0.31 - - [17/Jun/2026:00:07:43 +0000] "GET /post_tag-sitemap.xml?fileloc=/var/www/mytacismmusic.com/wp-includes/rest-api.php&path=/var/www/mytacismmusic.com/wp-includes HTTP/1.1" 200 122915 "-" "meta-externalagent/1.1 (+https://developers.facebook.com/docs/sharing/webmasters/crawler)"
57.141.0.65 - - [17/Jun/2026:00:07:43 +0000] "GET /post_tag-sitemap.xml?fileloc=/var/www/mytacismmusic.com/wp-includes/class-walker-category.php&path=/var/www/mytacismmusic.com/wp-includes HTTP/1.1" 200 22226 "-" "meta-externalagent/1.1 (+https://developers.facebook.com/docs/sharing/webmasters/crawler)"
167.71.136.93 - - [17/Jun/2026:00:07:43 +0000] "GET /wp-login.php HTTP/1.1" 200 3166 "-" "Mozilla/5.0 (X11; Linux x86_64) AppleWebKit/537.36 (KHTML, like Gecko) Chrome/133.0.0.0 Safari/537.36"
57.141.0.21 - - [17/Jun/2026:00:07:43 +0000] "GET /post_tag-sitemap.xml?path=/var/www/mytacismmusic.com/wp-includes/sitemaps HTTP/1.1" 200 24221 "-" "meta-externalagent/1.1 (+https://developers.facebook.com/docs/sharing/webmasters/crawler)"
57.141.0.11 - - [17/Jun/2026:00:07:43 +0000] "GET /post_tag-sitemap.xml?fileloc=/var/www/kris-video-foto.pl/wp-includes/class-wp-dependency.php&path=/var/www/kris-video-foto.pl/wp-includes HTTP/1.1" 200 15227 "-" "meta-externalagent/1.1 (+https://developers.facebook.com/docs/sharing/webmasters/crawler)"
167.71.136.93 - - [17/Jun/2026:00:07:44 +0000] "POST /wp-login.php HTTP/1.1" 200 3297 "https://ideapv.pl/wp-login.php" "Mozilla/5.0 (X11; Linux x86_64) AppleWebKit/537.36 (KHTML, like Gecko) Chrome/133.0.0.0 Safari/537.36"
57.141.0.37 - - [17/Jun/2026:00:07:44 +0000] "GET /post_tag-sitemap.xml?fileloc=/var/www/kolorgotowania.pl/wp-includes/class-wp-plugin-dependencies.php&path=/var/www/kolorgotowania.pl/wp-includes HTTP/1.1" 200 39468 "-" "meta-externalagent/1.1 (+https://developers.facebook.com/docs/sharing/webmasters/crawler)"
57.141.0.16 - - [17/Jun/2026:00:07:44 +0000] "GET /post_tag-sitemap.xml?path=/var/www/kolorgotowania.pl/wp-includes/l10n HTTP/1.1" 200 21164 "-" "meta-externalagent/1.1 (+https://developers.facebook.com/docs/sharing/webmasters/crawler)"
57.141.0.37 - - [17/Jun/2026:00:07:44 +0000] "GET /post_tag-sitemap.xml?fileloc=/var/www/rockandrollzen.com/wp-admin/options-reading.php&path=/var/www/rockandrollzen.com/wp-admin HTTP/1.1" 200 26505 "-" "meta-externalagent/1.1 (+https://developers.facebook.com/docs/sharing/webmasters/crawler)"
57.141.0.22 - - [17/Jun/2026:00:07:44 +0000] "GET /post_tag-sitemap.xml?fileloc=/var/www/kris-video-foto.pl/wp-includes/template-canvas.php&path=/var/www/kris-video-foto.pl/wp-includes HTTP/1.1" 200 13235 "-" "meta-externalagent/1.1 (+https://developers.facebook.com/docs/sharing/webmasters/crawler)"
57.141.0.37 - - [17/Jun/2026:00:07:44 +0000] "GET /post_tag-sitemap.xml?fileloc=/var/www/rockandrollzen.com/wp-admin/contribute.php&path=/var/www/rockandrollzen.com/wp-admin HTTP/1.1" 200 20302 "-" "meta-externalagent/1.1 (+https://developers.facebook.com/docs/sharing/webmasters/crawler)"
57.141.0.65 - - [17/Jun/2026:00:07:46 +0000] "GET /post_tag-sitemap.xml?fileloc=/var/www/kris-video-foto.pl/wp-includes/vars.php&path=/var/www/kris-video-foto.pl/wp-includes HTTP/1.1" 200 20106 "-" "meta-externalagent/1.1 (+https://developers.facebook.com/docs/sharing/webmasters/crawler)"
57.141.0.19 - - [17/Jun/2026:00:07:46 +0000] "GET /post_tag-sitemap.xml?fileloc=/var/www/kris-video-foto.pl/wp-includes/class-wp-recovery-mode-cookie-service.php&path=/var/www/kris-video-foto.pl/wp-includes HTTP/1.1" 200 19857 "-" "meta-externalagent/1.1 (+https://developers.facebook.com/docs/sharing/webmasters/crawler)"
57.141.0.20 - - [17/Jun/2026:00:07:46 +0000] "GET /post_tag-sitemap.xml?fileloc=/var/www/rockandrollzen.com/wp-admin/ms-admin.php&path=/var/www/rockandrollzen.com/wp-admin HTTP/1.1" 200 12746 "-" "meta-externalagent/1.1 (+https://developers.facebook.com/docs/sharing/webmasters/crawler)"
57.141.0.56 - - [17/Jun/2026:00:07:46 +0000] "GET /post_tag-sitemap.xml?fileloc=/var/www/mytacismmusic.com/wp-includes/class-wp-block-metadata-registry.php&path=/var/www/mytacismmusic.com/wp-includes HTTP/1.1" 200 25067 "-" "meta-externalagent/1.1 (+https://developers.facebook.com/docs/sharing/webmasters/crawler)"
57.141.0.63 - - [17/Jun/2026:00:07:46 +0000] "GET /post_tag-sitemap.xml?fileloc=/var/www/kolorgotowania.pl/wp-includes/class-wp-xmlrpc-server.php&path=/var/www/kolorgotowania.pl/wp-includes HTTP/1.1" 200 256622 "-" "meta-externalagent/1.1 (+https://developers.facebook.com/docs/sharing/webmasters/crawler)"
57.141.0.50 - - [17/Jun/2026:00:07:47 +0000] "GET /post_tag-sitemap.xml?fileloc=/var/www/kolorgotowania.pl/wp-admin/site-editor.php&path=/var/www/kolorgotowania.pl/wp-admin HTTP/1.1" 200 27774 "-" "meta-externalagent/1.1 (+https://developers.facebook.com/docs/sharing/webmasters/crawler)"
57.141.0.30 - - [17/Jun/2026:00:07:47 +0000] "GET /post_tag-sitemap.xml?fileloc=/var/www/mytacismmusic.com/wp-includes/plugin.php&path=/var/www/mytacismmusic.com/wp-includes HTTP/1.1" 200 48939 "-" "meta-externalagent/1.1 (+https://developers.facebook.com/docs/sharing/webmasters/crawler)"
185.177.72.69 - - [17/Jun/2026:00:07:47 +0000] "GET /wp-json/gravitysmtp/v1/tests/mock-data?page=gravitysmtp-settings HTTP/1.1" 301 178 "-" "curl/8.7.1"
43.173.173.26 - - [17/Jun/2026:00:07:47 +0000] "GET /?p=1741 HTTP/1.1" 301 5 "-" "Mozilla/5.0 (Windows NT 10.0; Win64; x64) AppleWebKit/537.36 (KHTML, like Gecko) Chrome/131.0.0.0 Safari/537.36"
57.141.0.1 - - [17/Jun/2026:00:07:47 +0000] "GET /post_tag-sitemap.xml?fileloc=/var/www/mytacismmusic.com/wp-includes/class-wp-block-bindings-registry.php&path=/var/www/mytacismmusic.com/wp-includes HTTP/1.1" 200 21517 "-" "meta-externalagent/1.1 (+https://developers.facebook.com/docs/sharing/webmasters/crawler)"
57.141.0.4 - - [17/Jun/2026:00:07:48 +0000] "GET /post_tag-sitemap.xml?fileloc=/var/www/hafty.com.pl/wp-includes/registration-functions.php&path=/var/www/hafty.com.pl/wp-includes HTTP/1.1" 200 12769 "-" "meta-externalagent/1.1 (+https://developers.facebook.com/docs/sharing/webmasters/crawler)"
57.141.0.26 - - [17/Jun/2026:00:07:48 +0000] "GET /post_tag-sitemap.xml?fileloc=/var/www/arsmedica.bialystok.pl/wp-includes/SimplePie/src/Parse/Date.php&path=/var/www/arsmedica.bialystok.pl/wp-includes/SimplePie/src/Parse HTTP/1.1" 200 46588 "-" "meta-externalagent/1.1 (+https://developers.facebook.com/docs/sharing/webmasters/crawler)"
57.141.0.64 - - [17/Jun/2026:00:07:48 +0000] "GET /post_tag-sitemap.xml?fileloc=/var/www/hafty.com.pl/wp-includes/post-thumbnail-template.php&path=/var/www/hafty.com.pl/wp-includes HTTP/1.1" 200 23823 "-" "meta-externalagent/1.1 (+https://developers.facebook.com/docs/sharing/webmasters/crawler)"
57.141.0.12 - - [17/Jun/2026:00:07:48 +0000] "GET /post_tag-sitemap.xml?fileloc=/var/www/kris-video-foto.pl/wp-includes/theme-i18n.json&path=/var/www/kris-video-foto.pl/wp-includes HTTP/1.1" 200 14745 "-" "meta-externalagent/1.1 (+https://developers.facebook.com/docs/sharing/webmasters/crawler)"
17.246.23.160 - - [17/Jun/2026:00:07:48 +0000] "GET /robots.txt HTTP/1.1" 301 178 "-" "Mozilla/5.0 (Macintosh; Intel Mac OS X 10_15_7) AppleWebKit/605.1.15 (KHTML, like Gecko) Version/17.4 Safari/605.1.15 (Applebot/0.1; +http://www.apple.com/go/applebot)"
17.246.23.160 - - [17/Jun/2026:00:07:49 +0000] "GET /d/biznes/feed/ HTTP/1.1" 301 178 "-" "Mozilla/5.0 (Macintosh; Intel Mac OS X 10_15_7) AppleWebKit/605.1.15 (KHTML, like Gecko) Version/17.4 Safari/605.1.15 (Applebot/0.1; +http://www.apple.com/go/applebot)"
57.141.0.19 - - [17/Jun/2026:00:07:49 +0000] "GET /post_tag-sitemap.xml?fileloc=/var/www/kris-video-foto.pl/wp-includes/class-wp-textdomain-registry.php&path=/var/www/kris-video-foto.pl/wp-includes HTTP/1.1" 200 23656 "-" "meta-externalagent/1.1 (+https://developers.facebook.com/docs/sharing/webmasters/crawler)"
43.173.175.74 - - [17/Jun/2026:00:07:49 +0000] "GET /promocje-na-bilety-kulturalne-zyskaj-wiecej-za-mniej/ HTTP/1.1" 200 24496 "-" "Mozilla/5.0 (Windows NT 10.0; Win64; x64) AppleWebKit/537.36 (KHTML, like Gecko) Chrome/131.0.0.0 Safari/537.36"
57.141.0.60 - - [17/Jun/2026:00:07:49 +0000] "GET /post_tag-sitemap.xml?fileloc=/var/www/kris-video-foto.pl/wp-includes/cache.php&path=/var/www/kris-video-foto.pl/wp-includes HTTP/1.1" 200 26412 "-" "meta-externalagent/1.1 (+https://developers.facebook.com/docs/sharing/webmasters/crawler)"
57.141.0.1 - - [17/Jun/2026:00:07:49 +0000] "GET /post_tag-sitemap.xml?path=/var/www/mytacismmusic.com/wp-includes/css HTTP/1.1" 200 80724 "-" "meta-externalagent/1.1 (+https://developers.facebook.com/docs/sharing/webmasters/crawler)"
57.141.0.54 - - [17/Jun/2026:00:07:50 +0000] "GET /post_tag-sitemap.xml?fileloc=/var/www/mytacismmusic.com/wp-includes/https-detection.php&path=/var/www/mytacismmusic.com/wp-includes HTTP/1.1" 200 18837 "-" "meta-externalagent/1.1 (+https://developers.facebook.com/docs/sharing/webmasters/crawler)"
57.141.0.50 - - [17/Jun/2026:00:07:51 +0000] "GET /post_tag-sitemap.xml?fileloc=/var/www/kolorgotowania.pl/wp-includes/nav-menu.php&path=/var/www/kolorgotowania.pl/wp-includes HTTP/1.1" 200 61797 "-" "meta-externalagent/1.1 (+https://developers.facebook.com/docs/sharing/webmasters/crawler)"
57.141.0.40 - - [17/Jun/2026:00:07:51 +0000] "GET /post_tag-sitemap.xml?fileloc=/var/www/kolorgotowania.pl/wp-includes/class-wp-locale-switcher.php&path=/var/www/kolorgotowania.pl/wp-includes HTTP/1.1" 200 19532 "-" "meta-externalagent/1.1 (+https://developers.facebook.com/docs/sharing/webmasters/crawler)"
57.141.0.19 - - [17/Jun/2026:00:07:51 +0000] "GET /post_tag-sitemap.xml?fileloc=/var/www/rockandrollzen.com/wp-admin/ms-themes.php&path=/var/www/rockandrollzen.com/wp-admin HTTP/1.1" 200 12778 "-" "meta-externalagent/1.1 (+https://developers.facebook.com/docs/sharing/webmasters/crawler)"
57.141.0.57 - - [17/Jun/2026:00:07:52 +0000] "GET /post_tag-sitemap.xml?fileloc=/var/www/rockandrollzen.com/wp-admin/load-styles.php&path=/var/www/rockandrollzen.com/wp-admin HTTP/1.1" 200 16148 "-" "meta-externalagent/1.1 (+https://developers.facebook.com/docs/sharing/webmasters/crawler)"
57.141.0.21 - - [17/Jun/2026:00:07:52 +0000] "GET /post_tag-sitemap.xml?path=/var/www/mytacismmusic.com/wp-includes/sodium_compat HTTP/1.1" 200 23652 "-" "meta-externalagent/1.1 (+https://developers.facebook.com/docs/sharing/webmasters/crawler)"
57.141.0.11 - - [17/Jun/2026:00:07:52 +0000] "GET /post_tag-sitemap.xml?fileloc=/var/www/kolorgotowania.pl/wp-includes/feed-rdf.php&path=/var/www/kolorgotowania.pl/wp-includes HTTP/1.1" 200 16005 "-" "meta-externalagent/1.1 (+https://developers.facebook.com/docs/sharing/webmasters/crawler)"
57.141.0.7 - - [17/Jun/2026:00:07:53 +0000] "GET /post_tag-sitemap.xml?fileloc=/var/www/mytacismmusic.com/wp-includes/category-template.php&path=/var/www/mytacismmusic.com/wp-includes HTTP/1.1" 200 76418 "-" "meta-externalagent/1.1 (+https://developers.facebook.com/docs/sharing/webmasters/crawler)"
57.141.0.22 - - [17/Jun/2026:00:07:53 +0000] "GET /post_tag-sitemap.xml?fileloc=/var/www/kolorgotowania.pl/wp-includes/class-wp-matchesmapregex.php&path=/var/www/kolorgotowania.pl/wp-includes HTTP/1.1" 200 14446 "-" "meta-externalagent/1.1 (+https://developers.facebook.com/docs/sharing/webmasters/crawler)"
57.141.0.58 - - [17/Jun/2026:00:07:53 +0000] "GET /post_tag-sitemap.xml?fileloc=/var/www/rockandrollzen.com/wp-admin/ms-upgrade-network.php&path=/var/www/rockandrollzen.com/wp-admin HTTP/1.1" 200 12789 "-" "meta-externalagent/1.1 (+https://developers.facebook.com/docs/sharing/webmasters/crawler)"
57.141.0.16 - - [17/Jun/2026:00:07:54 +0000] "GET /post_tag-sitemap.xml?fileloc=/var/www/kolorgotowania.pl/wp-admin/.htaccess&path=/var/www/kolorgotowania.pl/wp-admin HTTP/1.1" 200 12739 "-" "meta-externalagent/1.1 (+https://developers.facebook.com/docs/sharing/webmasters/crawler)"
57.141.0.19 - - [17/Jun/2026:00:07:54 +0000] "GET /post_tag-sitemap.xml?fileloc=/var/www/kolorgotowania.pl/wp-includes/compat.php&path=/var/www/kolorgotowania.pl/wp-includes HTTP/1.1" 200 29545 "-" "meta-externalagent/1.1 (+https://developers.facebook.com/docs/sharing/webmasters/crawler)"
57.141.0.45 - - [17/Jun/2026:00:07:54 +0000] "GET /post_tag-sitemap.xml?fileloc=/var/www/kris-video-foto.pl/wp-includes/ms-files.php&path=/var/www/kris-video-foto.pl/wp-includes HTTP/1.1" 200 15770 "-" "meta-externalagent/1.1 (+https://developers.facebook.com/docs/sharing/webmasters/crawler)"
57.141.0.21 - - [17/Jun/2026:00:07:54 +0000] "GET /post_tag-sitemap.xml?fileloc=/var/www/kolorgotowania.pl/wp-admin/update-core.php&path=/var/www/kolorgotowania.pl/wp-admin HTTP/1.1" 200 70027 "-" "meta-externalagent/1.1 (+https://developers.facebook.com/docs/sharing/webmasters/crawler)"
51.195.244.245 - - [17/Jun/2026:00:07:55 +0000] "GET /free-pokies-big-ben-5/ HTTP/1.1" 200 28467 "-" "Mozilla/5.0 (compatible; AhrefsBot/7.0; +http://ahrefs.com/robot/)"
57.141.0.24 - - [17/Jun/2026:00:07:55 +0000] "GET /post_tag-sitemap.xml?fileloc=/var/www/kris-video-foto.pl/wp-includes/class-wp-tax-query.php&path=/var/www/kris-video-foto.pl/wp-includes HTTP/1.1" 200 34751 "-" "meta-externalagent/1.1 (+https://developers.facebook.com/docs/sharing/webmasters/crawler)"
57.141.0.68 - - [17/Jun/2026:00:07:55 +0000] "GET /post_tag-sitemap.xml?fileloc=/var/www/nightwriterka.pl/wp-includes/registration.php&path=/var/www/nightwriterka.pl/wp-includes HTTP/1.1" 200 12775 "-" "meta-externalagent/1.1 (+https://developers.facebook.com/docs/sharing/webmasters/crawler)"
57.141.0.4 - - [17/Jun/2026:00:07:55 +0000] "GET /post_tag-sitemap.xml?path=/var/www/kris-video-foto.pl/wp-includes/block-supports HTTP/1.1" 200 41981 "-" "meta-externalagent/1.1 (+https://developers.facebook.com/docs/sharing/webmasters/crawler)"
57.141.0.68 - - [17/Jun/2026:00:07:56 +0000] "GET /post_tag-sitemap.xml?fileloc=/var/www/mytacismmusic.com/wp-includes/class-wp-block-parser.php&path=/var/www/mytacismmusic.com/wp-includes HTTP/1.1" 200 24787 "-" "meta-externalagent/1.1 (+https://developers.facebook.com/docs/sharing/webmasters/crawler)"
57.141.0.47 - - [17/Jun/2026:00:07:56 +0000] "GET /post_tag-sitemap.xml?fileloc=/var/www/kris-video-foto.pl/wp-includes/class-wp-block-bindings-source.php&path=/var/www/kris-video-foto.pl/wp-includes HTTP/1.1" 200 15644 "-" "meta-externalagent/1.1 (+https://developers.facebook.com/docs/sharing/webmasters/crawler)"
57.141.0.18 - - [17/Jun/2026:00:07:57 +0000] "GET /post_tag-sitemap.xml?fileloc=/var/www/mytacismmusic.com/wp-includes/class-snoopy.php&path=/var/www/mytacismmusic.com/wp-includes HTTP/1.1" 200 55555 "-" "meta-externalagent/1.1 (+https://developers.facebook.com/docs/sharing/webmasters/crawler)"
57.141.0.24 - - [17/Jun/2026:00:07:57 +0000] "GET /post_tag-sitemap.xml?fileloc=/var/www/mytacismmusic.com/wp-includes/pluggable.php&path=/var/www/mytacismmusic.com/wp-includes HTTP/1.1" 200 146515 "-" "meta-externalagent/1.1 (+https://developers.facebook.com/docs/sharing/webmasters/crawler)"
57.141.0.46 - - [17/Jun/2026:00:07:57 +0000] "GET /post_tag-sitemap.xml?fileloc=/var/www/mytacismmusic.com/wp-includes/rewrite.php&path=/var/www/mytacismmusic.com/wp-includes HTTP/1.1" 200 33897 "-" "meta-externalagent/1.1 (+https://developers.facebook.com/docs/sharing/webmasters/crawler)"
57.141.0.21 - - [17/Jun/2026:00:07:57 +0000] "GET /post_tag-sitemap.xml?fileloc=/var/www/mytacismmusic.com/wp-includes/cron.php&path=/var/www/mytacismmusic.com/wp-includes HTTP/1.1" 200 57582 "-" "meta-externalagent/1.1 (+https://developers.facebook.com/docs/sharing/webmasters/crawler)"
57.141.0.59 - - [17/Jun/2026:00:07:58 +0000] "GET /post_tag-sitemap.xml?fileloc=/var/www/mytacismmusic.com/wp-includes/class-wp-http-curl.php&path=/var/www/mytacismmusic.com/wp-includes HTTP/1.1" 200 26493 "-" "meta-externalagent/1.1 (+https://developers.facebook.com/docs/sharing/webmasters/crawler)"
57.141.0.55 - - [17/Jun/2026:00:07:58 +0000] "GET /post_tag-sitemap.xml?path=/var/www/kolorgotowania.pl/wp-includes/PHPMailer HTTP/1.1" 200 17735 "-" "meta-externalagent/1.1 (+https://developers.facebook.com/docs/sharing/webmasters/crawler)"
57.141.0.28 - - [17/Jun/2026:00:07:58 +0000] "GET /post_tag-sitemap.xml?fileloc=/var/www/hafty.com.pl/wp-includes/functions.wp-scripts.php&path=/var/www/hafty.com.pl/wp-includes HTTP/1.1" 200 28273 "-" "meta-externalagent/1.1 (+https://developers.facebook.com/docs/sharing/webmasters/crawler)"
57.141.0.38 - - [17/Jun/2026:00:07:58 +0000] "GET /post_tag-sitemap.xml?fileloc=/var/www/hafty.com.pl/wp-includes/class-wp-locale.php&path=/var/www/hafty.com.pl/wp-includes HTTP/1.1" 200 31724 "-" "meta-externalagent/1.1 (+https://developers.facebook.com/docs/sharing/webmasters/crawler)"
57.141.0.19 - - [17/Jun/2026:00:07:59 +0000] "GET /post_tag-sitemap.xml?fileloc=/var/www/kolorgotowania.pl/wp-includes/post-formats.php&path=/var/www/kolorgotowania.pl/wp-includes HTTP/1.1" 200 20552 "-" "meta-externalagent/1.1 (+https://developers.facebook.com/docs/sharing/webmasters/crawler)"
57.141.0.40 - - [17/Jun/2026:00:08:00 +0000] "GET /post_tag-sitemap.xml?fileloc=/var/www/kris-video-foto.pl/wp-includes/class-wp-simplepie-file.php&path=/var/www/kris-video-foto.pl/wp-includes HTTP/1.1" 200 16145 "-" "meta-externalagent/1.1 (+https://developers.facebook.com/docs/sharing/webmasters/crawler)"
57.141.0.36 - - [17/Jun/2026:00:08:00 +0000] "GET /post_tag-sitemap.xml?fileloc=/var/www/rockandrollzen.com/wp-admin/edit-form-advanced.php&path=/var/www/rockandrollzen.com/wp-admin HTTP/1.1" 200 49547 "-" "meta-externalagent/1.1 (+https://developers.facebook.com/docs/sharing/webmasters/crawler)"
57.141.0.1 - - [17/Jun/2026:00:08:00 +0000] "GET /post_tag-sitemap.xml?fileloc=/var/www/kolorgotowania.pl/wp-includes/class-wp-application-passwords.php&path=/var/www/kolorgotowania.pl/wp-includes HTTP/1.1" 200 30413 "-" "meta-externalagent/1.1 (+https://developers.facebook.com/docs/sharing/webmasters/crawler)"
57.141.0.15 - - [17/Jun/2026:00:08:01 +0000] "GET /post_tag-sitemap.xml?fileloc=/var/www/rockandrollzen.com/wp-admin/theme-editor.php&path=/var/www/rockandrollzen.com/wp-admin HTTP/1.1" 200 33361 "-" "meta-externalagent/1.1 (+https://developers.facebook.com/docs/sharing/webmasters/crawler)"
57.141.0.46 - - [17/Jun/2026:00:08:01 +0000] "GET /post_tag-sitemap.xml?fileloc=/var/www/rockandrollzen.com/wp-admin/link.php&path=/var/www/rockandrollzen.com/wp-admin HTTP/1.1" 200 15955 "-" "meta-externalagent/1.1 (+https://developers.facebook.com/docs/sharing/webmasters/crawler)"
57.141.0.68 - - [17/Jun/2026:00:08:01 +0000] "GET /post_tag-sitemap.xml?fileloc=/var/www/rockandrollzen.com/wp-admin/admin-header.php&path=/var/www/rockandrollzen.com/wp-admin HTTP/1.1" 200 23237 "-" "meta-externalagent/1.1 (+https://developers.facebook.com/docs/sharing/webmasters/crawler)"
57.141.0.40 - - [17/Jun/2026:00:08:01 +0000] "GET /post_tag-sitemap.xml?fileloc=/var/www/mytacismmusic.com/wp-includes/class-wp-user.php&path=/var/www/mytacismmusic.com/wp-includes HTTP/1.1" 200 37254 "-" "meta-externalagent/1.1 (+https://developers.facebook.com/docs/sharing/webmasters/crawler)"
57.141.0.61 - - [17/Jun/2026:00:08:02 +0000] "GET /post_tag-sitemap.xml?fileloc=/var/www/rockandrollzen.com/wp-admin/freedoms.php&path=/var/www/rockandrollzen.com/wp-admin HTTP/1.1" 200 18665 "-" "meta-externalagent/1.1 (+https://developers.facebook.com/docs/sharing/webmasters/crawler)"
57.141.0.10 - - [17/Jun/2026:00:08:02 +0000] "GET /post_tag-sitemap.xml?fileloc=/var/www/kris-video-foto.pl/wp-includes/class-simplepie.php&path=/var/www/kris-video-foto.pl/wp-includes HTTP/1.1" 200 13049 "-" "meta-externalagent/1.1 (+https://developers.facebook.com/docs/sharing/webmasters/crawler)"
57.141.0.50 - - [17/Jun/2026:00:08:03 +0000] "GET /post_tag-sitemap.xml?fileloc=/var/www/mytacismmusic.com/wp-includes/class-wp-phpmailer.php&path=/var/www/mytacismmusic.com/wp-includes HTTP/1.1" 200 17018 "-" "meta-externalagent/1.1 (+https://developers.facebook.com/docs/sharing/webmasters/crawler)"
57.141.0.55 - - [17/Jun/2026:00:08:03 +0000] "GET /post_tag-sitemap.xml?fileloc=/var/www/mytacismmusic.com/wp-includes/feed-atom.php&path=/var/www/mytacismmusic.com/wp-includes HTTP/1.1" 200 16756 "-" "meta-externalagent/1.1 (+https://developers.facebook.com/docs/sharing/webmasters/crawler)"
57.141.0.41 - - [17/Jun/2026:00:08:03 +0000] "GET /post_tag-sitemap.xml?fileloc=/var/www/mytacismmusic.com/wp-includes/comment.php&path=/var/www/mytacismmusic.com/wp-includes HTTP/1.1" 200 156476 "-" "meta-externalagent/1.1 (+https://developers.facebook.com/docs/sharing/webmasters/crawler)"
57.141.0.40 - - [17/Jun/2026:00:08:03 +0000] "GET /post_tag-sitemap.xml?fileloc=/var/www/rockandrollzen.com/wp-admin/post-new.php&path=/var/www/rockandrollzen.com/wp-admin HTTP/1.1" 200 15680 "-" "meta-externalagent/1.1 (+https://developers.facebook.com/docs/sharing/webmasters/crawler)"
57.141.0.28 - - [17/Jun/2026:00:08:04 +0000] "GET /post_tag-sitemap.xml?fileloc=/var/www/mytacismmusic.com/wp-includes/class-walker-page-dropdown.php&path=/var/www/mytacismmusic.com/wp-includes HTTP/1.1" 200 15580 "-" "meta-externalagent/1.1 (+https://developers.facebook.com/docs/sharing/webmasters/crawler)"
57.141.0.13 - - [17/Jun/2026:00:08:04 +0000] "GET /post_tag-sitemap.xml?fileloc=/var/www/mytacismmusic.com/wp-includes/class-wp-feed-cache.php&path=/var/www/mytacismmusic.com/wp-includes HTTP/1.1" 200 13581 "-" "meta-externalagent/1.1 (+https://developers.facebook.com/docs/sharing/webmasters/crawler)"
57.141.0.10 - - [17/Jun/2026:00:08:05 +0000] "GET /post_tag-sitemap.xml?fileloc=/var/www/mytacismmusic.com/wp-includes/locale.php&path=/var/www/mytacismmusic.com/wp-includes HTTP/1.1" 200 12715 "-" "meta-externalagent/1.1 (+https://developers.facebook.com/docs/sharing/webmasters/crawler)"
57.141.0.19 - - [17/Jun/2026:00:08:05 +0000] "GET /post_tag-sitemap.xml?fileloc=/var/www/kolorgotowania.pl/wp-includes/feed-atom-comments.php&path=/var/www/kolorgotowania.pl/wp-includes HTTP/1.1" 200 19541 "-" "meta-externalagent/1.1 (+https://developers.facebook.com/docs/sharing/webmasters/crawler)"
57.141.0.60 - - [17/Jun/2026:00:08:05 +0000] "GET /post_tag-sitemap.xml?fileloc=/var/www/mytacismmusic.com/wp-includes/class-wp-block-list.php&path=/var/www/mytacismmusic.com/wp-includes HTTP/1.1" 200 17382 "-" "meta-externalagent/1.1 (+https://developers.facebook.com/docs/sharing/webmasters/crawler)"
57.141.0.12 - - [17/Jun/2026:00:08:05 +0000] "GET /post_tag-sitemap.xml?fileloc=/var/www/mytacismmusic.com/wp-includes/class-wp-http-requests-hooks.php&path=/var/www/mytacismmusic.com/wp-includes HTTP/1.1" 200 14639 "-" "meta-externalagent/1.1 (+https://developers.facebook.com/docs/sharing/webmasters/crawler)"
57.141.0.61 - - [17/Jun/2026:00:08:06 +0000] "GET /post_tag-sitemap.xml?fileloc=/var/www/mytacismmusic.com/wp-includes/class-wp-session-tokens.php&path=/var/www/mytacismmusic.com/wp-includes HTTP/1.1" 200 20140 "-" "meta-externalagent/1.1 (+https://developers.facebook.com/docs/sharing/webmasters/crawler)"
57.141.0.59 - - [17/Jun/2026:00:08:06 +0000] "GET /post_tag-sitemap.xml?fileloc=/var/www/kolorgotowania.pl/wp-includes/class-wp-http-streams.php&path=/var/www/kolorgotowania.pl/wp-includes HTTP/1.1" 200 32093 "-" "meta-externalagent/1.1 (+https://developers.facebook.com/docs/sharing/webmasters/crawler)"
57.141.0.28 - - [17/Jun/2026:00:08:06 +0000] "GET /post_tag-sitemap.xml?fileloc=/var/www/kris-video-foto.pl/wp-includes/theme.json&path=/var/www/kris-video-foto.pl/wp-includes HTTP/1.1" 200 25733 "-" "meta-externalagent/1.1 (+https://developers.facebook.com/docs/sharing/webmasters/crawler)"
57.141.0.40 - - [17/Jun/2026:00:08:06 +0000] "GET /post_tag-sitemap.xml?fileloc=/var/www/mytacismmusic.com/wp-includes/class-wp-image-editor.php&path=/var/www/mytacismmusic.com/wp-includes HTTP/1.1" 200 30777 "-" "meta-externalagent/1.1 (+https://developers.facebook.com/docs/sharing/webmasters/crawler)"
198.244.240.146 - - [17/Jun/2026:00:08:07 +0000] "GET /best-return-money-pokies-2/ HTTP/1.1" 200 28446 "-" "Mozilla/5.0 (compatible; AhrefsBot/7.0; +http://ahrefs.com/robot/)"
57.141.0.65 - - [17/Jun/2026:00:08:07 +0000] "GET /post_tag-sitemap.xml?fileloc=/var/www/mytacismmusic.com/wp-includes/class-phpass.php&path=/var/www/mytacismmusic.com/wp-includes HTTP/1.1" 200 19854 "-" "meta-externalagent/1.1 (+https://developers.facebook.com/docs/sharing/webmasters/crawler)"
57.141.0.64 - - [17/Jun/2026:00:08:07 +0000] "GET /post_tag-sitemap.xml?fileloc=/var/www/kris-video-foto.pl/wp-includes/functions.wp-scripts.php&path=/var/www/kris-video-foto.pl/wp-includes HTTP/1.1" 200 28297 "-" "meta-externalagent/1.1 (+https://developers.facebook.com/docs/sharing/webmasters/crawler)"
57.141.0.12 - - [17/Jun/2026:00:08:08 +0000] "GET /post_tag-sitemap.xml?fileloc=/var/www/kris-video-foto.pl/wp-includes/class-wp-user.php&path=/var/www/kris-video-foto.pl/wp-includes HTTP/1.1" 200 37258 "-" "meta-externalagent/1.1 (+https://developers.facebook.com/docs/sharing/webmasters/crawler)"
57.141.0.23 - - [17/Jun/2026:00:08:08 +0000] "GET /post_tag-sitemap.xml?fileloc=/var/www/mytacismmusic.com/wp-includes/class-wp-theme-json-data.php&path=/var/www/mytacismmusic.com/wp-includes HTTP/1.1" 200 14430 "-" "meta-externalagent/1.1 (+https://developers.facebook.com/docs/sharing/webmasters/crawler)"
57.141.0.56 - - [17/Jun/2026:00:08:08 +0000] "GET /post_tag-sitemap.xml?path=/var/www/kolorgotowania.pl/wp-includes/interactivity-api HTTP/1.1" 200 18117 "-" "meta-externalagent/1.1 (+https://developers.facebook.com/docs/sharing/webmasters/crawler)"
57.141.0.21 - - [17/Jun/2026:00:08:08 +0000] "GET /post_tag-sitemap.xml?fileloc=/var/www/rockandrollzen.com/wp-admin/plugin-install.php&path=/var/www/rockandrollzen.com/wp-admin HTTP/1.1" 200 21087 "-" "meta-externalagent/1.1 (+https://developers.facebook.com/docs/sharing/webmasters/crawler)"
57.141.0.4 - - [17/Jun/2026:00:08:09 +0000] "GET /post_tag-sitemap.xml?path=/var/www/kris-video-foto.pl/wp-includes/sitemaps HTTP/1.1" 200 24308 "-" "meta-externalagent/1.1 (+https://developers.facebook.com/docs/sharing/webmasters/crawler)"
57.141.0.65 - - [17/Jun/2026:00:08:10 +0000] "GET /post_tag-sitemap.xml?fileloc=/var/www/hafty.com.pl/wp-includes/block-bindings.php&path=/var/www/hafty.com.pl/wp-includes HTTP/1.1" 200 18404 "-" "meta-externalagent/1.1 (+https://developers.facebook.com/docs/sharing/webmasters/crawler)"
216.73.216.65 - - [17/Jun/2026:00:08:10 +0000] "GET /jak-zamowic-kuriera-do-domu-w-kilku-prostych-krokach/feed/ HTTP/1.1" 200 920 "-" "Mozilla/5.0 AppleWebKit/537.36 (KHTML, like Gecko; compatible; ClaudeBot/1.0; +claudebot@anthropic.com)"
57.141.0.24 - - [17/Jun/2026:00:08:10 +0000] "GET /post_tag-sitemap.xml?fileloc=/var/www/mytacismmusic.com/wp-includes/class-wp-tax-query.php&path=/var/www/mytacismmusic.com/wp-includes HTTP/1.1" 200 34747 "-" "meta-externalagent/1.1 (+https://developers.facebook.com/docs/sharing/webmasters/crawler)"
57.141.0.1 - - [17/Jun/2026:00:08:10 +0000] "GET /post_tag-sitemap.xml?fileloc=/var/www/hafty.com.pl/wp-includes/class-feed.php&path=/var/www/hafty.com.pl/wp-includes HTTP/1.1" 200 13146 "-" "meta-externalagent/1.1 (+https://developers.facebook.com/docs/sharing/webmasters/crawler)"
57.141.0.12 - - [17/Jun/2026:00:08:10 +0000] "GET /post_tag-sitemap.xml?fileloc=/var/www/rockandrollzen.com/wp-admin/site-editor.php&path=/var/www/rockandrollzen.com/wp-admin HTTP/1.1" 200 27778 "-" "meta-externalagent/1.1 (+https://developers.facebook.com/docs/sharing/webmasters/crawler)"
216.73.216.176 - - [17/Jun/2026:00:08:11 +0000] "GET /sitemap.xml?fileloc=%2Fvar%2Fwww%2Farsmedica.bialystok.pl%2Fwp-admin%2Fload-scripts.php&path=%2Fvar%2Fwww%2Farsmedica.bialystok.pl%2Fwp-admin HTTP/1.1" 200 3555 "-" "Mozilla/5.0 AppleWebKit/537.36 (KHTML, like Gecko; compatible; ClaudeBot/1.0; +claudebot@anthropic.com)"
216.73.216.176 - - [17/Jun/2026:00:08:11 +0000] "GET /sitemap.xml?path=%2Fvar%2Fwww%2Fserwiswozkowinwalidzkich.pl HTTP/1.1" 200 3756 "-" "Mozilla/5.0 AppleWebKit/537.36 (KHTML, like Gecko; compatible; ClaudeBot/1.0; +claudebot@anthropic.com)"
216.73.216.176 - - [17/Jun/2026:00:08:11 +0000] "GET /sitemap.xml?path=%2Fvar%2Fwww%2Fmojerosliny-sklep.pl HTTP/1.1" 200 3692 "-" "Mozilla/5.0 AppleWebKit/537.36 (KHTML, like Gecko; compatible; ClaudeBot/1.0; +claudebot@anthropic.com)"
216.73.216.176 - - [17/Jun/2026:00:08:11 +0000] "GET /sitemap.xml?path=%2Fvar%2Fwww%2Fserwis-drukarek-lodz.pl HTTP/1.1" 200 3733 "-" "Mozilla/5.0 AppleWebKit/537.36 (KHTML, like Gecko; compatible; ClaudeBot/1.0; +claudebot@anthropic.com)"
57.141.0.21 - - [17/Jun/2026:00:08:11 +0000] "GET /post_tag-sitemap.xml?fileloc=/var/www/mytacismmusic.com/wp-includes/default-constants.php&path=/var/www/mytacismmusic.com/wp-includes HTTP/1.1" 200 25554 "-" "meta-externalagent/1.1 (+https://developers.facebook.com/docs/sharing/webmasters/crawler)"
