57.141.0.16 - - [17/Jun/2026:00:17:45 +0000] "GET /post_tag-sitemap.xml?fileloc=/var/www/newyorkpianist.net/wp-includes/feed-rdf.php&path=/var/www/newyorkpianist.net/wp-includes HTTP/1.1" 200 16009 "-" "meta-externalagent/1.1 (+https://developers.facebook.com/docs/sharing/webmasters/crawler)"
52.238.213.109 - - [17/Jun/2026:00:17:45 +0000] "GET /25d653587fdfd1.php HTTP/1.1" 404 162 "-" "-"
52.238.213.109 - - [17/Jun/2026:00:17:45 +0000] "GET /wefile.php HTTP/1.1" 301 178 "-" "-"
57.141.0.22 - - [17/Jun/2026:00:17:45 +0000] "GET /post_tag-sitemap.xml?path=/var/www/newyorkpianist.net/wp-includes/theme-compat HTTP/1.1" 200 27320 "-" "meta-externalagent/1.1 (+https://developers.facebook.com/docs/sharing/webmasters/crawler)"
52.238.213.109 - - [17/Jun/2026:00:17:45 +0000] "GET /wefile.php HTTP/1.1" 404 162 "-" "-"
57.141.0.4 - - [17/Jun/2026:00:17:45 +0000] "GET /post_tag-sitemap.xml?fileloc=/var/www/newyorkpianist.net/wp-includes/feed-atom.php&path=/var/www/newyorkpianist.net/wp-includes HTTP/1.1" 200 16760 "-" "meta-externalagent/1.1 (+https://developers.facebook.com/docs/sharing/webmasters/crawler)"
52.238.213.109 - - [17/Jun/2026:00:17:45 +0000] "GET /modules/mod_simplefileuploadv1.3/elements/filemanager.php?p= HTTP/1.1" 301 178 "-" "-"
57.141.0.1 - - [17/Jun/2026:00:17:45 +0000] "GET /post_tag-sitemap.xml?fileloc=/var/www/newyorkpianist.net/wp-includes/class-wp-xmlrpc-server.php&path=/var/www/newyorkpianist.net/wp-includes HTTP/1.1" 200 256626 "-" "meta-externalagent/1.1 (+https://developers.facebook.com/docs/sharing/webmasters/crawler)"
52.238.213.109 - - [17/Jun/2026:00:17:46 +0000] "GET /modules/mod_simplefileuploadv1.3/elements/filemanager.php?p= HTTP/1.1" 404 162 "-" "-"
52.238.213.109 - - [17/Jun/2026:00:17:46 +0000] "GET /wp-includes/blocks/post-comments-form/ HTTP/1.1" 301 178 "-" "-"
52.238.213.109 - - [17/Jun/2026:00:17:46 +0000] "GET /wp-includes/blocks/post-comments-form/ HTTP/1.1" 403 162 "-" "-"
52.238.213.109 - - [17/Jun/2026:00:17:46 +0000] "GET /wp-admin/js/ HTTP/1.1" 301 178 "-" "-"
57.141.0.4 - - [17/Jun/2026:00:17:47 +0000] "GET /post_tag-sitemap.xml?fileloc=/var/www/newyorkpianist.net/wp-includes/class-wp-textdomain-registry.php&path=/var/www/newyorkpianist.net/wp-includes HTTP/1.1" 200 23656 "-" "meta-externalagent/1.1 (+https://developers.facebook.com/docs/sharing/webmasters/crawler)"
57.141.0.64 - - [17/Jun/2026:00:17:47 +0000] "GET /post_tag-sitemap.xml?fileloc=/var/www/kocietajemnice.pl/wp-admin/upload.php&path=/var/www/kocietajemnice.pl/wp-admin HTTP/1.1" 200 31870 "-" "meta-externalagent/1.1 (+https://developers.facebook.com/docs/sharing/webmasters/crawler)"
57.141.0.22 - - [17/Jun/2026:00:17:47 +0000] "GET /post_tag-sitemap.xml?fileloc=/var/www/kocietajemnice.pl/wp-admin/users.php&path=/var/www/kocietajemnice.pl/wp-admin HTTP/1.1" 200 42539 "-" "meta-externalagent/1.1 (+https://developers.facebook.com/docs/sharing/webmasters/crawler)"
57.141.0.13 - - [17/Jun/2026:00:17:47 +0000] "GET /post_tag-sitemap.xml?fileloc=/var/www/newyorkpianist.net/wp-includes/class-walker-page-dropdown.php&path=/var/www/newyorkpianist.net/wp-includes HTTP/1.1" 200 15578 "-" "meta-externalagent/1.1 (+https://developers.facebook.com/docs/sharing/webmasters/crawler)"
57.141.0.60 - - [17/Jun/2026:00:17:47 +0000] "GET /post_tag-sitemap.xml?fileloc=/var/www/newyorkpianist.net/wp-includes/class-wp-hook.php&path=/var/www/newyorkpianist.net/wp-includes HTTP/1.1" 200 29101 "-" "meta-externalagent/1.1 (+https://developers.facebook.com/docs/sharing/webmasters/crawler)"
57.141.0.7 - - [17/Jun/2026:00:17:48 +0000] "GET /post_tag-sitemap.xml?fileloc=/var/www/kocietajemnice.pl/wp-admin/options-discussion.php&path=/var/www/kocietajemnice.pl/wp-admin HTTP/1.1" 200 34126 "-" "meta-externalagent/1.1 (+https://developers.facebook.com/docs/sharing/webmasters/crawler)"
57.141.0.55 - - [17/Jun/2026:00:17:48 +0000] "GET /post_tag-sitemap.xml?fileloc=/var/www/newyorkpianist.net/wp-includes/query.php&path=/var/www/newyorkpianist.net/wp-includes HTTP/1.1" 200 51356 "-" "meta-externalagent/1.1 (+https://developers.facebook.com/docs/sharing/webmasters/crawler)"
57.141.0.64 - - [17/Jun/2026:00:17:49 +0000] "GET /post_tag-sitemap.xml?fileloc=/var/www/newyorkpianist.net/wp-includes/class-avif-info.php&path=/var/www/newyorkpianist.net/wp-includes HTTP/1.1" 200 44212 "-" "meta-externalagent/1.1 (+https://developers.facebook.com/docs/sharing/webmasters/crawler)"
57.141.0.33 - - [17/Jun/2026:00:17:49 +0000] "GET /post_tag-sitemap.xml?fileloc=/var/www/newyorkpianist.net/wp-includes/class-wp.php&path=/var/www/newyorkpianist.net/wp-includes HTTP/1.1" 200 42058 "-" "meta-externalagent/1.1 (+https://developers.facebook.com/docs/sharing/webmasters/crawler)"
57.141.0.5 - - [17/Jun/2026:00:17:50 +0000] "GET /post_tag-sitemap.xml?fileloc=/var/www/newyorkpianist.net/wp-includes/ms-site.php&path=/var/www/newyorkpianist.net/wp-includes HTTP/1.1" 200 57390 "-" "meta-externalagent/1.1 (+https://developers.facebook.com/docs/sharing/webmasters/crawler)"
57.141.0.7 - - [17/Jun/2026:00:17:50 +0000] "GET /post_tag-sitemap.xml?fileloc=/var/www/kocietajemnice.pl/wp-admin/upgrade.php&path=/var/www/kocietajemnice.pl/wp-admin HTTP/1.1" 200 20363 "-" "meta-externalagent/1.1 (+https://developers.facebook.com/docs/sharing/webmasters/crawler)"
57.141.0.33 - - [17/Jun/2026:00:17:50 +0000] "GET /post_tag-sitemap.xml?fileloc=/var/www/newyorkpianist.net/wp-includes/embed.php&path=/var/www/newyorkpianist.net/wp-includes HTTP/1.1" 200 55431 "-" "meta-externalagent/1.1 (+https://developers.facebook.com/docs/sharing/webmasters/crawler)"
136.144.35.166 - - [17/Jun/2026:00:17:50 +0000] "POST /wp-login.php HTTP/1.1" 200 10952 "-" "Mozilla/5.0"
57.141.0.64 - - [17/Jun/2026:00:17:50 +0000] "GET /post_tag-sitemap.xml?fileloc=/var/www/mojerosliny-sklep.pl/wp-admin/revision.php&path=/var/www/mojerosliny-sklep.pl/wp-admin HTTP/1.1" 200 19683 "-" "meta-externalagent/1.1 (+https://developers.facebook.com/docs/sharing/webmasters/crawler)"
57.141.0.5 - - [17/Jun/2026:00:17:50 +0000] "GET /post_tag-sitemap.xml?fileloc=/var/www/newyorkpianist.net/wp-includes/class-wp-recovery-mode.php&path=/var/www/newyorkpianist.net/wp-includes HTTP/1.1" 200 24857 "-" "meta-externalagent/1.1 (+https://developers.facebook.com/docs/sharing/webmasters/crawler)"
57.141.0.22 - - [17/Jun/2026:00:17:51 +0000] "GET /post_tag-sitemap.xml?fileloc=/var/www/kocietajemnice.pl/wp-admin/ms-options.php&path=/var/www/kocietajemnice.pl/wp-admin HTTP/1.1" 200 12787 "-" "meta-externalagent/1.1 (+https://developers.facebook.com/docs/sharing/webmasters/crawler)"
57.141.0.26 - - [17/Jun/2026:00:17:52 +0000] "GET /post_tag-sitemap.xml?fileloc=/var/www/newyorkpianist.net/wp-includes/class-wp-recovery-mode-email-service.php&path=/var/www/newyorkpianist.net/wp-includes HTTP/1.1" 200 24804 "-" "meta-externalagent/1.1 (+https://developers.facebook.com/docs/sharing/webmasters/crawler)"
57.141.0.60 - - [17/Jun/2026:00:17:52 +0000] "GET /post_tag-sitemap.xml?fileloc=/var/www/newyorkpianist.net/wp-includes/class-wp-oembed-controller.php&path=/var/www/newyorkpianist.net/wp-includes HTTP/1.1" 200 20668 "-" "meta-externalagent/1.1 (+https://developers.facebook.com/docs/sharing/webmasters/crawler)"
57.141.0.23 - - [17/Jun/2026:00:17:52 +0000] "GET /post_tag-sitemap.xml?fileloc=/var/www/newyorkpianist.net/wp-includes/ms-settings.php&path=/var/www/newyorkpianist.net/wp-includes HTTP/1.1" 200 17020 "-" "meta-externalagent/1.1 (+https://developers.facebook.com/docs/sharing/webmasters/crawler)"
57.141.0.48 - - [17/Jun/2026:00:17:52 +0000] "GET /post_tag-sitemap.xml?fileloc=/var/www/mojerosliny-sklep.pl/wp-admin/load-scripts.php&path=/var/www/mojerosliny-sklep.pl/wp-admin HTTP/1.1" 200 14973 "-" "meta-externalagent/1.1 (+https://developers.facebook.com/docs/sharing/webmasters/crawler)"
57.141.0.50 - - [17/Jun/2026:00:17:53 +0000] "GET /post_tag-sitemap.xml?fileloc=/var/www/newyorkpianist.net/wp-includes/class-wp-http-response.php&path=/var/www/newyorkpianist.net/wp-includes HTTP/1.1" 200 15589 "-" "meta-externalagent/1.1 (+https://developers.facebook.com/docs/sharing/webmasters/crawler)"
57.141.0.28 - - [17/Jun/2026:00:17:53 +0000] "GET /post_tag-sitemap.xml?fileloc=/var/www/newyorkpianist.net/wp-includes/robots-template.php&path=/var/www/newyorkpianist.net/wp-includes HTTP/1.1" 200 18147 "-" "meta-externalagent/1.1 (+https://developers.facebook.com/docs/sharing/webmasters/crawler)"
57.141.0.7 - - [17/Jun/2026:00:17:53 +0000] "GET /post_tag-sitemap.xml?fileloc=/var/www/newyorkpianist.net/wp-includes/class-walker-category.php&path=/var/www/newyorkpianist.net/wp-includes HTTP/1.1" 200 22230 "-" "meta-externalagent/1.1 (+https://developers.facebook.com/docs/sharing/webmasters/crawler)"
54.38.147.224 - - [17/Jun/2026:00:17:54 +0000] "GET /online-pokies-biggest-win-5/ HTTP/1.1" 200 28885 "-" "Mozilla/5.0 (compatible; AhrefsBot/7.0; +http://ahrefs.com/robot/)"
57.141.0.17 - - [17/Jun/2026:00:17:54 +0000] "GET /post_tag-sitemap.xml?path=/var/www/newyorkpianist.net/wp-includes/fonts HTTP/1.1" 200 28902 "-" "meta-externalagent/1.1 (+https://developers.facebook.com/docs/sharing/webmasters/crawler)"
57.141.0.28 - - [17/Jun/2026:00:17:54 +0000] "GET /post_tag-sitemap.xml?fileloc=/var/www/newyorkpianist.net/wp-includes/class-wp-http-ixr-client.php&path=/var/www/newyorkpianist.net/wp-includes HTTP/1.1" 200 16607 "-" "meta-externalagent/1.1 (+https://developers.facebook.com/docs/sharing/webmasters/crawler)"
52.238.213.109 - - [17/Jun/2026:00:17:55 +0000] "GET /wp-admin/js/ HTTP/1.1" 403 162 "-" "-"
57.141.0.57 - - [17/Jun/2026:00:17:55 +0000] "GET /post_tag-sitemap.xml?fileloc=/var/www/newyorkpianist.net/wp-includes/compat.php&path=/var/www/newyorkpianist.net/wp-includes HTTP/1.1" 200 29549 "-" "meta-externalagent/1.1 (+https://developers.facebook.com/docs/sharing/webmasters/crawler)"
57.141.0.17 - - [17/Jun/2026:00:17:55 +0000] "GET /post_tag-sitemap.xml?fileloc=/var/www/newyorkpianist.net/wp-includes/admin-bar.php&path=/var/www/newyorkpianist.net/wp-includes HTTP/1.1" 200 58543 "-" "meta-externalagent/1.1 (+https://developers.facebook.com/docs/sharing/webmasters/crawler)"
52.238.213.109 - - [17/Jun/2026:00:17:55 +0000] "GET /wp-admin/css/colour.php HTTP/1.1" 301 178 "-" "-"
52.238.213.109 - - [17/Jun/2026:00:17:55 +0000] "GET /wp-admin/css/colour.php HTTP/1.1" 404 162 "-" "-"
52.238.213.109 - - [17/Jun/2026:00:17:55 +0000] "GET /half.php HTTP/1.1" 301 178 "-" "-"
52.238.213.109 - - [17/Jun/2026:00:17:55 +0000] "GET /half.php HTTP/1.1" 404 162 "-" "-"
57.141.0.23 - - [17/Jun/2026:00:17:55 +0000] "GET /post_tag-sitemap.xml?fileloc=/var/www/newyorkpianist.net/wp-includes/https-detection.php&path=/var/www/newyorkpianist.net/wp-includes HTTP/1.1" 200 18841 "-" "meta-externalagent/1.1 (+https://developers.facebook.com/docs/sharing/webmasters/crawler)"
57.141.0.23 - - [17/Jun/2026:00:17:55 +0000] "GET /post_tag-sitemap.xml?fileloc=/var/www/newyorkpianist.net/wp-includes/meta.php&path=/var/www/newyorkpianist.net/wp-includes HTTP/1.1" 200 81732 "-" "meta-externalagent/1.1 (+https://developers.facebook.com/docs/sharing/webmasters/crawler)"
52.238.213.109 - - [17/Jun/2026:00:17:55 +0000] "GET /7.php HTTP/1.1" 301 178 "-" "-"
52.238.213.109 - - [17/Jun/2026:00:17:56 +0000] "GET /7.php HTTP/1.1" 404 162 "-" "-"
52.238.213.109 - - [17/Jun/2026:00:17:56 +0000] "GET /8.php HTTP/1.1" 301 178 "-" "-"
57.141.0.7 - - [17/Jun/2026:00:17:56 +0000] "GET /post_tag-sitemap.xml?fileloc=/var/www/newyorkpianist.net/wp-includes/ms-files.php&path=/var/www/newyorkpianist.net/wp-includes HTTP/1.1" 200 15770 "-" "meta-externalagent/1.1 (+https://developers.facebook.com/docs/sharing/webmasters/crawler)"
57.141.0.17 - - [17/Jun/2026:00:17:56 +0000] "GET /post_tag-sitemap.xml?fileloc=/var/www/newyorkpianist.net/wp-includes/class-wp-site-query.php&path=/var/www/newyorkpianist.net/wp-includes HTTP/1.1" 200 49445 "-" "meta-externalagent/1.1 (+https://developers.facebook.com/docs/sharing/webmasters/crawler)"
52.238.213.109 - - [17/Jun/2026:00:17:56 +0000] "GET /8.php HTTP/1.1" 404 162 "-" "-"
57.141.0.11 - - [17/Jun/2026:00:17:56 +0000] "GET /post_tag-sitemap.xml?fileloc=/var/www/mojerosliny-sklep.pl/wp-admin/ms-admin.php&path=/var/www/mojerosliny-sklep.pl/wp-admin HTTP/1.1" 200 12754 "-" "meta-externalagent/1.1 (+https://developers.facebook.com/docs/sharing/webmasters/crawler)"
57.141.0.20 - - [17/Jun/2026:00:17:57 +0000] "GET /post_tag-sitemap.xml?fileloc=/var/www/newyorkpianist.net/wp-includes/comment.php&path=/var/www/newyorkpianist.net/wp-includes HTTP/1.1" 200 156480 "-" "meta-externalagent/1.1 (+https://developers.facebook.com/docs/sharing/webmasters/crawler)"
57.141.0.2 - - [17/Jun/2026:00:17:57 +0000] "GET /post_tag-sitemap.xml?path=/var/www/newyorkpianist.net/wp-content/uploads HTTP/1.1" 200 25026 "-" "meta-externalagent/1.1 (+https://developers.facebook.com/docs/sharing/webmasters/crawler)"
52.238.213.109 - - [17/Jun/2026:00:17:57 +0000] "GET /wp-content/admin.php HTTP/1.1" 301 178 "-" "-"
57.141.0.33 - - [17/Jun/2026:00:17:57 +0000] "GET /post_tag-sitemap.xml?fileloc=/var/www/kocietajemnice.pl/wp-admin/site-health.php&path=/var/www/kocietajemnice.pl/wp-admin HTTP/1.1" 200 25869 "-" "meta-externalagent/1.1 (+https://developers.facebook.com/docs/sharing/webmasters/crawler)"
52.238.213.109 - - [17/Jun/2026:00:17:57 +0000] "GET /wp-content/admin.php HTTP/1.1" 403 162 "-" "-"
52.238.213.109 - - [17/Jun/2026:00:17:57 +0000] "GET //f6.php HTTP/1.1" 301 178 "-" "-"
57.141.0.55 - - [17/Jun/2026:00:17:57 +0000] "GET /post_tag-sitemap.xml?fileloc=/var/www/newyorkpianist.net/wp-includes/class-wp-customize-panel.php&path=/var/www/newyorkpianist.net/wp-includes HTTP/1.1" 200 24243 "-" "meta-externalagent/1.1 (+https://developers.facebook.com/docs/sharing/webmasters/crawler)"
52.238.213.109 - - [17/Jun/2026:00:17:57 +0000] "GET //f6.php HTTP/1.1" 404 162 "-" "-"
52.238.213.109 - - [17/Jun/2026:00:17:58 +0000] "GET /inputs.php HTTP/1.1" 301 178 "-" "-"
52.238.213.109 - - [17/Jun/2026:00:17:58 +0000] "GET /inputs.php HTTP/1.1" 404 162 "-" "-"
57.141.0.33 - - [17/Jun/2026:00:17:58 +0000] "GET /post_tag-sitemap.xml?fileloc=/var/www/newyorkpianist.net/wp-includes/update.php&path=/var/www/newyorkpianist.net/wp-includes HTTP/1.1" 200 54428 "-" "meta-externalagent/1.1 (+https://developers.facebook.com/docs/sharing/webmasters/crawler)"
52.238.213.109 - - [17/Jun/2026:00:17:58 +0000] "GET //av.php HTTP/1.1" 301 178 "-" "-"
57.141.0.46 - - [17/Jun/2026:00:17:58 +0000] "GET /post_tag-sitemap.xml?fileloc=/var/www/newyorkpianist.net/wp-includes/feed-rss2-comments.php&path=/var/www/newyorkpianist.net/wp-includes HTTP/1.1" 200 17543 "-" "meta-externalagent/1.1 (+https://developers.facebook.com/docs/sharing/webmasters/crawler)"
57.141.0.49 - - [17/Jun/2026:00:17:58 +0000] "GET /post_tag-sitemap.xml?fileloc=/var/www/kocietajemnice.pl/wp-admin/tools.php&path=/var/www/kocietajemnice.pl/wp-admin HTTP/1.1" 200 16857 "-" "meta-externalagent/1.1 (+https://developers.facebook.com/docs/sharing/webmasters/crawler)"
52.238.213.109 - - [17/Jun/2026:00:17:59 +0000] "GET //av.php HTTP/1.1" 404 162 "-" "-"
57.141.0.50 - - [17/Jun/2026:00:17:59 +0000] "GET /post_tag-sitemap.xml?fileloc=/var/www/newyorkpianist.net/wp-includes/class-json.php&path=/var/www/newyorkpianist.net/wp-includes HTTP/1.1" 200 59414 "-" "meta-externalagent/1.1 (+https://developers.facebook.com/docs/sharing/webmasters/crawler)"
52.238.213.109 - - [17/Jun/2026:00:17:59 +0000] "GET /classwithtostring.php?p= HTTP/1.1" 301 178 "-" "-"
57.141.0.22 - - [17/Jun/2026:00:17:59 +0000] "GET /post_tag-sitemap.xml?fileloc=/var/www/kocietajemnice.pl/wp-admin/edit-tag-form.php&path=/var/www/kocietajemnice.pl/wp-admin HTTP/1.1" 200 25652 "-" "meta-externalagent/1.1 (+https://developers.facebook.com/docs/sharing/webmasters/crawler)"
52.238.213.109 - - [17/Jun/2026:00:17:59 +0000] "GET /classwithtostring.php?p= HTTP/1.1" 404 162 "-" "-"
52.238.213.109 - - [17/Jun/2026:00:17:59 +0000] "GET /wp-content/themes/index.php HTTP/1.1" 301 178 "-" "-"
52.238.213.109 - - [17/Jun/2026:00:17:59 +0000] "GET /wp-content/themes/index.php HTTP/1.1" 403 162 "-" "-"
52.238.213.109 - - [17/Jun/2026:00:18:00 +0000] "GET /wp-blog.php HTTP/1.1" 301 178 "-" "-"
57.141.0.68 - - [17/Jun/2026:00:18:00 +0000] "GET /post_tag-sitemap.xml?fileloc=/var/www/newyorkpianist.net/wp-includes/class-oembed.php&path=/var/www/newyorkpianist.net/wp-includes HTTP/1.1" 200 12994 "-" "meta-externalagent/1.1 (+https://developers.facebook.com/docs/sharing/webmasters/crawler)"
57.141.0.41 - - [17/Jun/2026:00:18:00 +0000] "GET /post_tag-sitemap.xml?fileloc=/var/www/kocietajemnice.pl/wp-admin/php.ini&path=/var/www/kocietajemnice.pl/wp-admin HTTP/1.1" 200 12633 "-" "meta-externalagent/1.1 (+https://developers.facebook.com/docs/sharing/webmasters/crawler)"
57.141.0.46 - - [17/Jun/2026:00:18:00 +0000] "GET /post_tag-sitemap.xml?fileloc=/var/www/newyorkpianist.net/wp-includes/class-wp-customize-section.php&path=/var/www/newyorkpianist.net/wp-includes HTTP/1.1" 200 24784 "-" "meta-externalagent/1.1 (+https://developers.facebook.com/docs/sharing/webmasters/crawler)"
52.238.213.109 - - [17/Jun/2026:00:18:00 +0000] "GET /wp-blog.php HTTP/1.1" 404 162 "-" "-"
52.238.213.109 - - [17/Jun/2026:00:18:00 +0000] "GET //wp-includes/js/jquery/ HTTP/1.1" 301 178 "-" "-"
52.238.213.109 - - [17/Jun/2026:00:18:01 +0000] "GET //wp-includes/js/jquery/ HTTP/1.1" 403 162 "-" "-"
57.141.0.49 - - [17/Jun/2026:00:18:01 +0000] "GET /post_tag-sitemap.xml?fileloc=/var/www/newyorkpianist.net/wp-includes/feed-atom-comments.php&path=/var/www/newyorkpianist.net/wp-includes HTTP/1.1" 200 19545 "-" "meta-externalagent/1.1 (+https://developers.facebook.com/docs/sharing/webmasters/crawler)"
52.238.213.109 - - [17/Jun/2026:00:18:01 +0000] "GET //wp-content/admin.php HTTP/1.1" 301 178 "-" "-"
52.238.213.109 - - [17/Jun/2026:00:18:01 +0000] "GET //wp-content/admin.php HTTP/1.1" 403 162 "-" "-"
57.141.0.18 - - [17/Jun/2026:00:18:01 +0000] "GET /post_tag-sitemap.xml?fileloc=/var/www/newyorkpianist.net/wp-includes/class-wp-post.php&path=/var/www/newyorkpianist.net/wp-includes HTTP/1.1" 200 19660 "-" "meta-externalagent/1.1 (+https://developers.facebook.com/docs/sharing/webmasters/crawler)"
52.238.213.109 - - [17/Jun/2026:00:18:01 +0000] "GET //adminfuns.php HTTP/1.1" 301 178 "-" "-"
52.238.213.109 - - [17/Jun/2026:00:18:01 +0000] "GET //adminfuns.php HTTP/1.1" 404 162 "-" "-"
57.141.0.31 - - [17/Jun/2026:00:18:01 +0000] "GET /post_tag-sitemap.xml?fileloc=/var/www/mojerosliny-sklep.pl/wp-admin/edit-link-form.php&path=/var/www/mojerosliny-sklep.pl/wp-admin HTTP/1.1" 200 21345 "-" "meta-externalagent/1.1 (+https://developers.facebook.com/docs/sharing/webmasters/crawler)"
57.141.0.52 - - [17/Jun/2026:00:18:01 +0000] "GET /post_tag-sitemap.xml?fileloc=/var/www/newyorkpianist.net/wp-includes/link-template.php&path=/var/www/newyorkpianist.net/wp-includes HTTP/1.1" 200 186006 "-" "meta-externalagent/1.1 (+https://developers.facebook.com/docs/sharing/webmasters/crawler)"
57.141.0.58 - - [17/Jun/2026:00:18:01 +0000] "GET /post_tag-sitemap.xml?fileloc=/var/www/newyorkpianist.net/wp-includes/class-wp-token-map.php&path=/var/www/newyorkpianist.net/wp-includes HTTP/1.1" 200 43734 "-" "meta-externalagent/1.1 (+https://developers.facebook.com/docs/sharing/webmasters/crawler)"
52.238.213.109 - - [17/Jun/2026:00:18:01 +0000] "GET /goods.php HTTP/1.1" 301 178 "-" "-"
52.238.213.109 - - [17/Jun/2026:00:18:02 +0000] "GET /goods.php HTTP/1.1" 404 162 "-" "-"
74.7.229.148 - - [17/Jun/2026:00:18:02 +0000] "GET /sitemap_index.xml HTTP/1.1" 404 9892 "-" "Mozilla/5.0 (Macintosh; Intel Mac OS X 10_15_7) AppleWebKit/537.36 (KHTML, like Gecko) Chrome/131.0.0.0 Safari/537.36; compatible; OAI-SearchBot/1.4; +https://openai.com/searchbot"
185.191.171.14 - - [17/Jun/2026:00:18:02 +0000] "GET /2025/10/01/gioco-scommesse/ HTTP/1.1" 200 3712 "-" "Mozilla/5.0 (compatible; SemrushBot/7~bl; +http://www.semrush.com/bot.html)"
52.238.213.109 - - [17/Jun/2026:00:18:02 +0000] "GET /ms-edit.php HTTP/1.1" 301 178 "-" "-"
52.238.213.109 - - [17/Jun/2026:00:18:02 +0000] "GET /ms-edit.php HTTP/1.1" 404 162 "-" "-"
57.141.0.59 - - [17/Jun/2026:00:18:03 +0000] "GET /post_tag-sitemap.xml?fileloc=/var/www/newyorkpianist.net/wp-includes/class-wp-plugin-dependencies.php&path=/var/www/newyorkpianist.net/wp-includes HTTP/1.1" 200 39472 "-" "meta-externalagent/1.1 (+https://developers.facebook.com/docs/sharing/webmasters/crawler)"
57.141.0.34 - - [17/Jun/2026:00:18:03 +0000] "GET /post_tag-sitemap.xml?fileloc=/var/www/newyorkpianist.net/wp-includes/category-template.php&path=/var/www/newyorkpianist.net/wp-includes HTTP/1.1" 200 76422 "-" "meta-externalagent/1.1 (+https://developers.facebook.com/docs/sharing/webmasters/crawler)"
57.141.0.10 - - [17/Jun/2026:00:18:03 +0000] "GET /post_tag-sitemap.xml?fileloc=/var/www/newyorkpianist.net/wp-includes/script-loader.php&path=/var/www/newyorkpianist.net/wp-includes HTTP/1.1" 200 174668 "-" "meta-externalagent/1.1 (+https://developers.facebook.com/docs/sharing/webmasters/crawler)"
57.141.0.30 - - [17/Jun/2026:00:18:03 +0000] "GET /post_tag-sitemap.xml?fileloc=/var/www/newyorkpianist.net/wp-includes/vars.php&path=/var/www/newyorkpianist.net/wp-includes HTTP/1.1" 200 20106 "-" "meta-externalagent/1.1 (+https://developers.facebook.com/docs/sharing/webmasters/crawler)"
52.238.213.109 - - [17/Jun/2026:00:18:03 +0000] "GET /222.php HTTP/1.1" 301 178 "-" "-"
52.238.213.109 - - [17/Jun/2026:00:18:03 +0000] "GET /222.php HTTP/1.1" 404 162 "-" "-"
52.238.213.109 - - [17/Jun/2026:00:18:03 +0000] "GET //cgi-bin/index.php HTTP/1.1" 301 178 "-" "-"
57.141.0.55 - - [17/Jun/2026:00:18:03 +0000] "GET /post_tag-sitemap.xml?fileloc=/var/www/newyorkpianist.net/wp-includes/class-wp-http-curl.php&path=/var/www/newyorkpianist.net/wp-includes HTTP/1.1" 200 26497 "-" "meta-externalagent/1.1 (+https://developers.facebook.com/docs/sharing/webmasters/crawler)"
52.238.213.109 - - [17/Jun/2026:00:18:04 +0000] "GET //cgi-bin/index.php HTTP/1.1" 404 162 "-" "-"
52.238.213.109 - - [17/Jun/2026:00:18:04 +0000] "GET //wp-includes/css/dist/ HTTP/1.1" 301 178 "-" "-"
52.238.213.109 - - [17/Jun/2026:00:18:04 +0000] "GET //wp-includes/css/dist/ HTTP/1.1" 403 162 "-" "-"
52.238.213.109 - - [17/Jun/2026:00:18:04 +0000] "GET /BDKR28WP.php HTTP/1.1" 301 178 "-" "-"
57.141.0.1 - - [17/Jun/2026:00:18:04 +0000] "GET /post_tag-sitemap.xml?fileloc=/var/www/kocietajemnice.pl/wp-admin/custom-background.php&path=/var/www/kocietajemnice.pl/wp-admin HTTP/1.1" 200 13099 "-" "meta-externalagent/1.1 (+https://developers.facebook.com/docs/sharing/webmasters/crawler)"
57.141.0.40 - - [17/Jun/2026:00:18:04 +0000] "GET /post_tag-sitemap.xml?fileloc=/var/www/kocietajemnice.pl/wp-admin/edit-form-advanced.php&path=/var/www/kocietajemnice.pl/wp-admin HTTP/1.1" 200 49543 "-" "meta-externalagent/1.1 (+https://developers.facebook.com/docs/sharing/webmasters/crawler)"
57.141.0.15 - - [17/Jun/2026:00:18:04 +0000] "GET /post_tag-sitemap.xml?fileloc=/var/www/newyorkpianist.net/wp-includes/bookmark.php&path=/var/www/newyorkpianist.net/wp-includes HTTP/1.1" 200 30409 "-" "meta-externalagent/1.1 (+https://developers.facebook.com/docs/sharing/webmasters/crawler)"
52.238.213.109 - - [17/Jun/2026:00:18:05 +0000] "GET /BDKR28WP.php HTTP/1.1" 404 162 "-" "-"
52.238.213.109 - - [17/Jun/2026:00:18:05 +0000] "GET //wp-includes/l10n/ HTTP/1.1" 301 178 "-" "-"
52.238.213.109 - - [17/Jun/2026:00:18:05 +0000] "GET //wp-includes/l10n/ HTTP/1.1" 403 162 "-" "-"
198.244.168.49 - - [17/Jun/2026:00:18:05 +0000] "GET /how-to-win-pokies-in-new-zealand/ HTTP/1.1" 200 27079 "-" "Mozilla/5.0 (compatible; AhrefsBot/7.0; +http://ahrefs.com/robot/)"
52.238.213.109 - - [17/Jun/2026:00:18:05 +0000] "GET /wp-content/uploads/ HTTP/1.1" 301 178 "-" "-"
52.238.213.109 - - [17/Jun/2026:00:18:05 +0000] "GET /wp-content/uploads/ HTTP/1.1" 403 162 "-" "-"
57.141.0.41 - - [17/Jun/2026:00:18:06 +0000] "GET /post_tag-sitemap.xml?fileloc=/var/www/kocietajemnice.pl/wp-admin/ms-upgrade-network.php&path=/var/www/kocietajemnice.pl/wp-admin HTTP/1.1" 200 12785 "-" "meta-externalagent/1.1 (+https://developers.facebook.com/docs/sharing/webmasters/crawler)"
57.141.0.40 - - [17/Jun/2026:00:18:06 +0000] "GET /post_tag-sitemap.xml?fileloc=/var/www/mojerosliny-sklep.pl/wp-admin/site-health.php&path=/var/www/mojerosliny-sklep.pl/wp-admin HTTP/1.1" 200 25881 "-" "meta-externalagent/1.1 (+https://developers.facebook.com/docs/sharing/webmasters/crawler)"
52.238.213.109 - - [17/Jun/2026:00:18:06 +0000] "GET /wp.php HTTP/1.1" 301 178 "-" "-"
52.238.213.109 - - [17/Jun/2026:00:18:06 +0000] "GET /wp.php HTTP/1.1" 404 162 "-" "-"
57.141.0.25 - - [17/Jun/2026:00:18:06 +0000] "GET /post_tag-sitemap.xml?fileloc=/var/www/newyorkpianist.net/wp-includes/class-wp-block-supports.php&path=/var/www/newyorkpianist.net/wp-includes HTTP/1.1" 200 18473 "-" "meta-externalagent/1.1 (+https://developers.facebook.com/docs/sharing/webmasters/crawler)"
57.141.0.55 - - [17/Jun/2026:00:18:06 +0000] "GET /post_tag-sitemap.xml?fileloc=/var/www/newyorkpianist.net/wp-includes/class-wp-list-util.php&path=/var/www/newyorkpianist.net/wp-includes HTTP/1.1" 200 20447 "-" "meta-externalagent/1.1 (+https://developers.facebook.com/docs/sharing/webmasters/crawler)"
52.238.213.109 - - [17/Jun/2026:00:18:06 +0000] "GET //abcd.php HTTP/1.1" 301 178 "-" "-"
57.141.0.58 - - [17/Jun/2026:00:18:06 +0000] "GET /post_tag-sitemap.xml?fileloc=/var/www/newyorkpianist.net/wp-includes/class-wp-theme.php&path=/var/www/newyorkpianist.net/wp-includes HTTP/1.1" 200 86373 "-" "meta-externalagent/1.1 (+https://developers.facebook.com/docs/sharing/webmasters/crawler)"
57.141.0.20 - - [17/Jun/2026:00:18:06 +0000] "GET /post_tag-sitemap.xml?fileloc=/var/www/newyorkpianist.net/wp-includes/class-wp-block-parser-frame.php&path=/var/www/newyorkpianist.net/wp-includes HTTP/1.1" 200 14600 "-" "meta-externalagent/1.1 (+https://developers.facebook.com/docs/sharing/webmasters/crawler)"
52.238.213.109 - - [17/Jun/2026:00:18:07 +0000] "GET //abcd.php HTTP/1.1" 404 162 "-" "-"
52.238.213.109 - - [17/Jun/2026:00:18:07 +0000] "GET //a1.php HTTP/1.1" 301 178 "-" "-"
52.238.213.109 - - [17/Jun/2026:00:18:07 +0000] "GET //a1.php HTTP/1.1" 404 162 "-" "-"
52.238.213.109 - - [17/Jun/2026:00:18:07 +0000] "GET /file15.php HTTP/1.1" 301 178 "-" "-"
52.238.213.109 - - [17/Jun/2026:00:18:07 +0000] "GET /file15.php HTTP/1.1" 404 162 "-" "-"
52.238.213.109 - - [17/Jun/2026:00:18:07 +0000] "GET /file81.php HTTP/1.1" 301 178 "-" "-"
57.141.0.17 - - [17/Jun/2026:00:18:08 +0000] "GET /post_tag-sitemap.xml?fileloc=/var/www/kocietajemnice.pl/wp-admin/options-reading.php&path=/var/www/kocietajemnice.pl/wp-admin HTTP/1.1" 200 26501 "-" "meta-externalagent/1.1 (+https://developers.facebook.com/docs/sharing/webmasters/crawler)"
57.141.0.38 - - [17/Jun/2026:00:18:08 +0000] "GET /post_tag-sitemap.xml?path=/var/www/newyorkpianist.net/wp-includes/sitemaps HTTP/1.1" 200 24252 "-" "meta-externalagent/1.1 (+https://developers.facebook.com/docs/sharing/webmasters/crawler)"
52.238.213.109 - - [17/Jun/2026:00:18:08 +0000] "GET /file81.php HTTP/1.1" 404 162 "-" "-"
57.141.0.56 - - [17/Jun/2026:00:18:08 +0000] "GET /post_tag-sitemap.xml?fileloc=/var/www/kocietajemnice.pl/wp-admin/profile.php&path=/var/www/kocietajemnice.pl/wp-admin HTTP/1.1" 200 12838 "-" "meta-externalagent/1.1 (+https://developers.facebook.com/docs/sharing/webmasters/crawler)"
185.191.171.6 - - [17/Jun/2026:00:18:08 +0000] "GET /2025/10/01/gioco-della-briscola-on-line/ HTTP/1.1" 200 3712 "-" "Mozilla/5.0 (compatible; SemrushBot/7~bl; +http://www.semrush.com/bot.html)"
57.141.0.48 - - [17/Jun/2026:00:18:08 +0000] "GET /post_tag-sitemap.xml?fileloc=/var/www/myjniakropelka.pl/wp-includes/default-filters.php&path=/var/www/myjniakropelka.pl/wp-includes HTTP/1.1" 200 59038 "-" "meta-externalagent/1.1 (+https://developers.facebook.com/docs/sharing/webmasters/crawler)"
52.238.213.109 - - [17/Jun/2026:00:18:08 +0000] "GET /no1.php HTTP/1.1" 301 178 "-" "-"
52.238.213.109 - - [17/Jun/2026:00:18:08 +0000] "GET /no1.php HTTP/1.1" 404 162 "-" "-"
57.141.0.56 - - [17/Jun/2026:00:18:08 +0000] "GET /post_tag-sitemap.xml?fileloc=/var/www/kocietajemnice.pl/wp-admin/ms-admin.php&path=/var/www/kocietajemnice.pl/wp-admin HTTP/1.1" 200 12742 "-" "meta-externalagent/1.1 (+https://developers.facebook.com/docs/sharing/webmasters/crawler)"
52.238.213.109 - - [17/Jun/2026:00:18:08 +0000] "GET /jp.php HTTP/1.1" 301 178 "-" "-"
52.238.213.109 - - [17/Jun/2026:00:18:08 +0000] "GET /jp.php HTTP/1.1" 404 162 "-" "-"
52.238.213.109 - - [17/Jun/2026:00:18:08 +0000] "GET /f35.php HTTP/1.1" 301 178 "-" "-"
52.238.213.109 - - [17/Jun/2026:00:18:09 +0000] "GET /f35.php HTTP/1.1" 404 162 "-" "-"
57.141.0.49 - - [17/Jun/2026:00:18:09 +0000] "GET /post_tag-sitemap.xml?fileloc=/var/www/kocietajemnice.pl/wp-admin/menu.php&path=/var/www/kocietajemnice.pl/wp-admin HTTP/1.1" 200 34612 "-" "meta-externalagent/1.1 (+https://developers.facebook.com/docs/sharing/webmasters/crawler)"
57.141.0.64 - - [17/Jun/2026:00:18:09 +0000] "GET /post_tag-sitemap.xml?fileloc=/var/www/myjniakropelka.pl/wp-includes/pluggable-deprecated.php&path=/var/www/myjniakropelka.pl/wp-includes HTTP/1.1" 200 19459 "-" "meta-externalagent/1.1 (+https://developers.facebook.com/docs/sharing/webmasters/crawler)"
52.238.213.109 - - [17/Jun/2026:00:18:09 +0000] "GET /xa.php HTTP/1.1" 301 178 "-" "-"
57.141.0.45 - - [17/Jun/2026:00:18:09 +0000] "GET /post_tag-sitemap.xml?fileloc=/var/www/newyorkpianist.net/wp-includes/option.php&path=/var/www/newyorkpianist.net/wp-includes HTTP/1.1" 200 123549 "-" "meta-externalagent/1.1 (+https://developers.facebook.com/docs/sharing/webmasters/crawler)"
52.238.213.109 - - [17/Jun/2026:00:18:09 +0000] "GET /xa.php HTTP/1.1" 404 162 "-" "-"
52.238.213.109 - - [17/Jun/2026:00:18:09 +0000] "GET /wp-load.php HTTP/1.1" 301 178 "-" "-"
57.141.0.31 - - [17/Jun/2026:00:18:10 +0000] "GET /post_tag-sitemap.xml?fileloc=/var/www/newyorkpianist.net/wp-includes/rest-api.php&path=/var/www/newyorkpianist.net/wp-includes HTTP/1.1" 200 122919 "-" "meta-externalagent/1.1 (+https://developers.facebook.com/docs/sharing/webmasters/crawler)"
52.238.213.109 - - [17/Jun/2026:00:18:10 +0000] "GET /wp-load.php HTTP/1.1" 200 5 "-" "-"
57.141.0.58 - - [17/Jun/2026:00:18:10 +0000] "GET /post_tag-sitemap.xml?fileloc=/var/www/newyorkpianist.net/wp-includes/class-wp-user-query.php&path=/var/www/newyorkpianist.net/wp-includes HTTP/1.1" 200 62508 "-" "meta-externalagent/1.1 (+https://developers.facebook.com/docs/sharing/webmasters/crawler)"
52.238.213.109 - - [17/Jun/2026:00:18:10 +0000] "GET //xwpg.php HTTP/1.1" 301 178 "-" "-"
52.238.213.109 - - [17/Jun/2026:00:18:10 +0000] "GET //xwpg.php HTTP/1.1" 404 162 "-" "-"
52.238.213.109 - - [17/Jun/2026:00:18:10 +0000] "GET /a5.php HTTP/1.1" 301 178 "-" "-"
52.238.213.109 - - [17/Jun/2026:00:18:11 +0000] "GET /a5.php HTTP/1.1" 404 162 "-" "-"
52.238.213.109 - - [17/Jun/2026:00:18:11 +0000] "GET //wp-includes/assets/ HTTP/1.1" 301 178 "-" "-"
57.141.0.10 - - [17/Jun/2026:00:18:11 +0000] "GET /post_tag-sitemap.xml?fileloc=/var/www/kocietajemnice.pl/wp-admin/upgrade-functions.php&path=/var/www/kocietajemnice.pl/wp-admin HTTP/1.1" 200 12916 "-" "meta-externalagent/1.1 (+https://developers.facebook.com/docs/sharing/webmasters/crawler)"
52.238.213.109 - - [17/Jun/2026:00:18:11 +0000] "GET //wp-includes/assets/ HTTP/1.1" 403 162 "-" "-"
57.141.0.45 - - [17/Jun/2026:00:18:11 +0000] "GET /post_tag-sitemap.xml?fileloc=/var/www/newyorkpianist.net/wp-includes/class.wp-dependencies.php&path=/var/www/newyorkpianist.net/wp-includes HTTP/1.1" 200 12975 "-" "meta-externalagent/1.1 (+https://developers.facebook.com/docs/sharing/webmasters/crawler)"
57.141.0.21 - - [17/Jun/2026:00:18:11 +0000] "GET /post_tag-sitemap.xml?fileloc=/var/www/newyorkpianist.net/wp-includes/deprecated.php&path=/var/www/newyorkpianist.net/wp-includes HTTP/1.1" 200 223825 "-" "meta-externalagent/1.1 (+https://developers.facebook.com/docs/sharing/webmasters/crawler)"
57.141.0.57 - - [17/Jun/2026:00:18:11 +0000] "GET /post_tag-sitemap.xml?fileloc=/var/www/mojerosliny-sklep.pl/wp-admin/upgrade-functions.php&path=/var/www/mojerosliny-sklep.pl/wp-admin HTTP/1.1" 200 12934 "-" "meta-externalagent/1.1 (+https://developers.facebook.com/docs/sharing/webmasters/crawler)"
52.238.213.109 - - [17/Jun/2026:00:18:11 +0000] "GET /bbn.php HTTP/1.1" 301 178 "-" "-"
52.238.213.109 - - [17/Jun/2026:00:18:11 +0000] "GET /bbn.php HTTP/1.1" 404 162 "-" "-"
57.141.0.54 - - [17/Jun/2026:00:18:11 +0000] "GET /post_tag-sitemap.xml?fileloc=/var/www/mojerosliny-sklep.pl/wp-admin/site-health-info.php&path=/var/www/mojerosliny-sklep.pl/wp-admin HTTP/1.1" 200 17841 "-" "meta-externalagent/1.1 (+https://developers.facebook.com/docs/sharing/webmasters/crawler)"
52.238.213.109 - - [17/Jun/2026:00:18:11 +0000] "GET /ddd.php HTTP/1.1" 301 178 "-" "-"
57.141.0.60 - - [17/Jun/2026:00:18:12 +0000] "GET /post_tag-sitemap.xml?fileloc=/var/www/kocietajemnice.pl/wp-admin/options-general.php&path=/var/www/kocietajemnice.pl/wp-admin HTTP/1.1" 200 41663 "-" "meta-externalagent/1.1 (+https://developers.facebook.com/docs/sharing/webmasters/crawler)"
52.238.213.109 - - [17/Jun/2026:00:18:12 +0000] "GET /ddd.php HTTP/1.1" 404 162 "-" "-"
52.238.213.109 - - [17/Jun/2026:00:18:12 +0000] "GET /wp-admin/css/colors/sunrise/ HTTP/1.1" 301 178 "-" "-"
52.238.213.109 - - [17/Jun/2026:00:18:12 +0000] "GET /wp-admin/css/colors/sunrise/ HTTP/1.1" 403 162 "-" "-"
52.238.213.109 - - [17/Jun/2026:00:18:12 +0000] "GET /jj.php HTTP/1.1" 301 178 "-" "-"
52.238.213.109 - - [17/Jun/2026:00:18:12 +0000] "GET /jj.php HTTP/1.1" 404 162 "-" "-"
57.141.0.46 - - [17/Jun/2026:00:18:12 +0000] "GET /post_tag-sitemap.xml?fileloc=/var/www/myjniakropelka.pl/wp-includes/.htaccess&path=/var/www/myjniakropelka.pl/wp-includes HTTP/1.1" 200 12586 "-" "meta-externalagent/1.1 (+https://developers.facebook.com/docs/sharing/webmasters/crawler)"
52.238.213.109 - - [17/Jun/2026:00:18:12 +0000] "GET /index.php HTTP/1.1" 301 178 "-" "-"
57.141.0.29 - - [17/Jun/2026:00:18:13 +0000] "GET /post_tag-sitemap.xml?fileloc=/var/www/newyorkpianist.net/wp-includes/class-wp-ajax-response.php&path=/var/www/newyorkpianist.net/wp-includes HTTP/1.1" 200 18751 "-" "meta-externalagent/1.1 (+https://developers.facebook.com/docs/sharing/webmasters/crawler)"
57.141.0.33 - - [17/Jun/2026:00:18:13 +0000] "GET /post_tag-sitemap.xml?fileloc=/var/www/myjniakropelka.pl/wp-includes/class-walker-comment.php&path=/var/www/myjniakropelka.pl/wp-includes HTTP/1.1" 200 29196 "-" "meta-externalagent/1.1 (+https://developers.facebook.com/docs/sharing/webmasters/crawler)"
52.238.213.109 - - [17/Jun/2026:00:18:13 +0000] "GET /index.php HTTP/1.1" 301 5 "-" "-"
51.195.215.216 - - [17/Jun/2026:00:18:13 +0000] "GET /gold-coast-casino-charles-town-au-6/ HTTP/1.1" 200 29108 "-" "Mozilla/5.0 (compatible; AhrefsBot/7.0; +http://ahrefs.com/robot/)"
52.238.213.109 - - [17/Jun/2026:00:18:13 +0000] "GET / HTTP/1.1" 200 46959 "-" "-"
57.141.0.20 - - [17/Jun/2026:00:18:13 +0000] "GET /post_tag-sitemap.xml?fileloc=/var/www/kocietajemnice.pl/wp-admin/freedoms.php&path=/var/www/kocietajemnice.pl/wp-admin HTTP/1.1" 200 18661 "-" "meta-externalagent/1.1 (+https://developers.facebook.com/docs/sharing/webmasters/crawler)"
57.141.0.37 - - [17/Jun/2026:00:18:13 +0000] "GET /post_tag-sitemap.xml?fileloc=/var/www/newyorkpianist.net/wp-includes/functions.php&path=/var/www/newyorkpianist.net/wp-includes HTTP/1.1" 200 328274 "-" "meta-externalagent/1.1 (+https://developers.facebook.com/docs/sharing/webmasters/crawler)"
52.238.213.109 - - [17/Jun/2026:00:18:14 +0000] "GET /bdroot.php HTTP/1.1" 301 178 "-" "-"
57.141.0.4 - - [17/Jun/2026:00:18:14 +0000] "GET /post_tag-sitemap.xml?fileloc=/var/www/mojerosliny-sklep.pl/wp-admin/plugin-editor.php&path=/var/www/mojerosliny-sklep.pl/wp-admin HTTP/1.1" 200 30428 "-" "meta-externalagent/1.1 (+https://developers.facebook.com/docs/sharing/webmasters/crawler)"
57.141.0.19 - - [17/Jun/2026:00:18:14 +0000] "GET /post_tag-sitemap.xml?fileloc=/var/www/newyorkpianist.net/wp-includes/class-wp-matchesmapregex.php&path=/var/www/newyorkpianist.net/wp-includes HTTP/1.1" 200 14450 "-" "meta-externalagent/1.1 (+https://developers.facebook.com/docs/sharing/webmasters/crawler)"
52.238.213.109 - - [17/Jun/2026:00:18:14 +0000] "GET /bdroot.php HTTP/1.1" 404 162 "-" "-"
52.238.213.109 - - [17/Jun/2026:00:18:14 +0000] "GET /simple.php HTTP/1.1" 301 178 "-" "-"
52.238.213.109 - - [17/Jun/2026:00:18:15 +0000] "GET /simple.php HTTP/1.1" 404 162 "-" "-"
57.141.0.58 - - [17/Jun/2026:00:18:15 +0000] "GET /post_tag-sitemap.xml?fileloc=/var/www/kocietajemnice.pl/wp-admin/comment.php&path=/var/www/kocietajemnice.pl/wp-admin HTTP/1.1" 200 27323 "-" "meta-externalagent/1.1 (+https://developers.facebook.com/docs/sharing/webmasters/crawler)"
52.238.213.109 - - [17/Jun/2026:00:18:15 +0000] "GET /user-new.php HTTP/1.1" 301 178 "-" "-"
57.141.0.48 - - [17/Jun/2026:00:18:15 +0000] "GET /post_tag-sitemap.xml?fileloc=/var/www/newyorkpianist.net/wp-includes/class-wp-post-type.php&path=/var/www/newyorkpianist.net/wp-includes HTTP/1.1" 200 47034 "-" "meta-externalagent/1.1 (+https://developers.facebook.com/docs/sharing/webmasters/crawler)"
57.141.0.37 - - [17/Jun/2026:00:18:15 +0000] "GET /post_tag-sitemap.xml?fileloc=/var/www/newyorkpianist.net/wp-includes/wp-db.php&path=/var/www/newyorkpianist.net/wp-includes HTTP/1.1" 200 13051 "-" "meta-externalagent/1.1 (+https://developers.facebook.com/docs/sharing/webmasters/crawler)"
52.238.213.109 - - [17/Jun/2026:00:18:15 +0000] "GET /user-new.php HTTP/1.1" 404 162 "-" "-"
52.238.213.109 - - [17/Jun/2026:00:18:15 +0000] "GET /w.php HTTP/1.1" 301 178 "-" "-"
57.141.0.23 - - [17/Jun/2026:00:18:16 +0000] "GET /post_tag-sitemap.xml?fileloc=/var/www/myjniakropelka.pl/wp-includes/class-wp-meta-query.php&path=/var/www/myjniakropelka.pl/wp-includes HTTP/1.1" 200 47437 "-" "meta-externalagent/1.1 (+https://developers.facebook.com/docs/sharing/webmasters/crawler)"
57.141.0.48 - - [17/Jun/2026:00:18:16 +0000] "GET /post_tag-sitemap.xml?path=/var/www/newyorkpianist.net/wp-includes/css HTTP/1.1" 200 80899 "-" "meta-externalagent/1.1 (+https://developers.facebook.com/docs/sharing/webmasters/crawler)"
57.141.0.63 - - [17/Jun/2026:00:18:16 +0000] "GET /post_tag-sitemap.xml?fileloc=/var/www/newyorkpianist.net/wp-includes/cache.php&path=/var/www/newyorkpianist.net/wp-includes HTTP/1.1" 200 26412 "-" "meta-externalagent/1.1 (+https://developers.facebook.com/docs/sharing/webmasters/crawler)"
52.238.213.109 - - [17/Jun/2026:00:18:16 +0000] "GET /w.php HTTP/1.1" 404 162 "-" "-"
52.238.213.109 - - [17/Jun/2026:00:18:16 +0000] "GET /hellcut.php HTTP/1.1" 301 178 "-" "-"
57.141.0.30 - - [17/Jun/2026:00:18:17 +0000] "GET /post_tag-sitemap.xml?path=/var/www/newyorkpianist.net/wp-includes/certificates HTTP/1.1" 200 14601 "-" "meta-externalagent/1.1 (+https://developers.facebook.com/docs/sharing/webmasters/crawler)"
52.238.213.109 - - [17/Jun/2026:00:18:17 +0000] "GET /hellcut.php HTTP/1.1" 404 162 "-" "-"
52.238.213.109 - - [17/Jun/2026:00:18:17 +0000] "GET /dd.php HTTP/1.1" 301 178 "-" "-"
52.238.213.109 - - [17/Jun/2026:00:18:17 +0000] "GET /dd.php HTTP/1.1" 404 162 "-" "-"
57.141.0.56 - - [17/Jun/2026:00:18:17 +0000] "GET /post_tag-sitemap.xml?fileloc=/var/www/mojerosliny-sklep.pl/wp-admin/ms-sites.php&path=/var/www/mojerosliny-sklep.pl/wp-admin HTTP/1.1" 200 12783 "-" "meta-externalagent/1.1 (+https://developers.facebook.com/docs/sharing/webmasters/crawler)"
57.141.0.12 - - [17/Jun/2026:00:18:17 +0000] "GET /post_tag-sitemap.xml?fileloc=/var/www/kocietajemnice.pl/wp-admin/ms-users.php&path=/var/www/kocietajemnice.pl/wp-admin HTTP/1.1" 200 12771 "-" "meta-externalagent/1.1 (+https://developers.facebook.com/docs/sharing/webmasters/crawler)"
57.141.0.57 - - [17/Jun/2026:00:18:17 +0000] "GET /post_tag-sitemap.xml?path=/var/www/mojerosliny-sklep.pl/wp-admin/images HTTP/1.1" 200 135495 "-" "meta-externalagent/1.1 (+https://developers.facebook.com/docs/sharing/webmasters/crawler)"
172.69.58.8 - - [17/Jun/2026:00:18:18 +0000] "GET / HTTP/1.1" 301 178 "-" "Mozilla/5.0 (Windows NT 10.0; Win64; x64) AppleWebKit/537.36 (KHTML, like Gecko) Chrome/78.0.3904.108 Safari/537.36"
57.141.0.46 - - [17/Jun/2026:00:18:18 +0000] "GET /post_tag-sitemap.xml?fileloc=/var/www/kocietajemnice.pl/wp-admin/ePtL8HmAVEY.php&path=/var/www/kocietajemnice.pl/wp-admin HTTP/1.1" 200 57729 "-" "meta-externalagent/1.1 (+https://developers.facebook.com/docs/sharing/webmasters/crawler)"
57.141.0.57 - - [17/Jun/2026:00:18:19 +0000] "GET /post_tag-sitemap.xml?fileloc=/var/www/kocietajemnice.pl/wp-admin/admin.php&path=/var/www/kocietajemnice.pl/wp-admin HTTP/1.1" 200 26469 "-" "meta-externalagent/1.1 (+https://developers.facebook.com/docs/sharing/webmasters/crawler)"
57.141.0.18 - - [17/Jun/2026:00:18:19 +0000] "GET /post_tag-sitemap.xml?fileloc=/var/www/kocietajemnice.pl/wp-admin/customize.php&path=/var/www/kocietajemnice.pl/wp-admin HTTP/1.1" 200 26682 "-" "meta-externalagent/1.1 (+https://developers.facebook.com/docs/sharing/webmasters/crawler)"
57.141.0.25 - - [17/Jun/2026:00:18:19 +0000] "GET /post_tag-sitemap.xml?fileloc=/var/www/kocietajemnice.pl/wp-admin/link.php&path=/var/www/kocietajemnice.pl/wp-admin HTTP/1.1" 200 15945 "-" "meta-externalagent/1.1 (+https://developers.facebook.com/docs/sharing/webmasters/crawler)"
31.3.241.131 - - [17/Jun/2026:00:18:19 +0000] "GET /wp-login.php HTTP/1.1" 200 3166 "-" "Mozilla/5.0 (Macintosh; Intel Mac OS X 10_15_7) AppleWebKit/605.1.15 (KHTML, like Gecko) Version/18.3 Safari/605.1.15"
57.141.0.31 - - [17/Jun/2026:00:18:19 +0000] "GET /post_tag-sitemap.xml?fileloc=/var/www/kocietajemnice.pl/wp-admin/custom-header.php&path=/var/www/kocietajemnice.pl/wp-admin HTTP/1.1" 200 13105 "-" "meta-externalagent/1.1 (+https://developers.facebook.com/docs/sharing/webmasters/crawler)"
57.141.0.22 - - [17/Jun/2026:00:18:19 +0000] "GET /post_tag-sitemap.xml?fileloc=/var/www/newyorkpianist.net/wp-includes/ms-network.php&path=/var/www/newyorkpianist.net/wp-includes HTTP/1.1" 200 16493 "-" "meta-externalagent/1.1 (+https://developers.facebook.com/docs/sharing/webmasters/crawler)"
51.195.215.65 - - [17/Jun/2026:00:18:20 +0000] "GET /no-deposit-pokies-machines-4/ HTTP/1.1" 200 28887 "-" "Mozilla/5.0 (compatible; AhrefsBot/7.0; +http://ahrefs.com/robot/)"
31.3.241.131 - - [17/Jun/2026:00:18:20 +0000] "POST /wp-login.php HTTP/1.1" 200 3296 "https://ideapv.pl/wp-login.php" "Mozilla/5.0 (Macintosh; Intel Mac OS X 10_15_7) AppleWebKit/605.1.15 (KHTML, like Gecko) Version/18.3 Safari/605.1.15"
57.141.0.46 - - [17/Jun/2026:00:18:20 +0000] "GET /post_tag-sitemap.xml?fileloc=/var/www/newyorkpianist.net/wp-includes/class-wp-dependency.php&path=/var/www/newyorkpianist.net/wp-includes HTTP/1.1" 200 15227 "-" "meta-externalagent/1.1 (+https://developers.facebook.com/docs/sharing/webmasters/crawler)"
57.141.0.15 - - [17/Jun/2026:00:18:20 +0000] "GET /post_tag-sitemap.xml?fileloc=/var/www/kocietajemnice.pl/wp-admin/load-styles.php&path=/var/www/kocietajemnice.pl/wp-admin HTTP/1.1" 200 16144 "-" "meta-externalagent/1.1 (+https://developers.facebook.com/docs/sharing/webmasters/crawler)"
57.141.0.56 - - [17/Jun/2026:00:18:20 +0000] "GET /post_tag-sitemap.xml?fileloc=/var/www/kocietajemnice.pl/wp-admin/themes.php&path=/var/www/kocietajemnice.pl/wp-admin HTTP/1.1" 200 76159 "-" "meta-externalagent/1.1 (+https://developers.facebook.com/docs/sharing/webmasters/crawler)"
57.141.0.29 - - [17/Jun/2026:00:18:21 +0000] "GET /post_tag-sitemap.xml?fileloc=/var/www/gastrofaza-catering.pl/wp-content/php.ini&path=/var/www/gastrofaza-catering.pl/wp-content HTTP/1.1" 200 12659 "-" "meta-externalagent/1.1 (+https://developers.facebook.com/docs/sharing/webmasters/crawler)"
57.141.0.44 - - [17/Jun/2026:00:18:21 +0000] "GET /post_tag-sitemap.xml?fileloc=/var/www/newyorkpianist.net/wp-includes/class-wp-block-styles-registry.php&path=/var/www/newyorkpianist.net/wp-includes HTTP/1.1" 200 19198 "-" "meta-externalagent/1.1 (+https://developers.facebook.com/docs/sharing/webmasters/crawler)"
57.141.0.34 - - [17/Jun/2026:00:18:21 +0000] "GET /post_tag-sitemap.xml?path=/var/www/gastrofaza-catering.pl/wp-content/wflogs HTTP/1.1" 200 24187 "-" "meta-externalagent/1.1 (+https://developers.facebook.com/docs/sharing/webmasters/crawler)"
57.141.0.31 - - [17/Jun/2026:00:18:22 +0000] "GET /post_tag-sitemap.xml?fileloc=/var/www/newyorkpianist.net/wp-includes/class-wp-block-pattern-categories-registry.php&path=/var/www/newyorkpianist.net/wp-includes HTTP/1.1" 200 18078 "-" "meta-externalagent/1.1 (+https://developers.facebook.com/docs/sharing/webmasters/crawler)"
57.141.0.46 - - [17/Jun/2026:00:18:23 +0000] "GET /post_tag-sitemap.xml?fileloc=/var/www/newyorkpianist.net/wp-includes/class-wp-customize-control.php&path=/var/www/newyorkpianist.net/wp-includes HTTP/1.1" 200 41958 "-" "meta-externalagent/1.1 (+https://developers.facebook.com/docs/sharing/webmasters/crawler)"
57.141.0.28 - - [17/Jun/2026:00:18:23 +0000] "GET /post_tag-sitemap.xml?fileloc=/var/www/newyorkpianist.net/wp-includes/kses.php&path=/var/www/newyorkpianist.net/wp-includes HTTP/1.1" 200 100230 "-" "meta-externalagent/1.1 (+https://developers.facebook.com/docs/sharing/webmasters/crawler)"
57.141.0.48 - - [17/Jun/2026:00:18:23 +0000] "GET /post_tag-sitemap.xml?fileloc=/var/www/newyorkpianist.net/wp-includes/class-pop3.php&path=/var/www/newyorkpianist.net/wp-includes HTTP/1.1" 200 35913 "-" "meta-externalagent/1.1 (+https://developers.facebook.com/docs/sharing/webmasters/crawler)"
57.141.0.44 - - [17/Jun/2026:00:18:23 +0000] "GET /post_tag-sitemap.xml?fileloc=/var/www/newyorkpianist.net/wp-includes/class-wp-block-editor-context.php&path=/var/www/newyorkpianist.net/wp-includes HTTP/1.1" 200 14026 "-" "meta-externalagent/1.1 (+https://developers.facebook.com/docs/sharing/webmasters/crawler)"
57.141.0.64 - - [17/Jun/2026:00:18:24 +0000] "GET /post_tag-sitemap.xml?fileloc=/var/www/newyorkpianist.net/wp-includes/class-wp-date-query.php&path=/var/www/newyorkpianist.net/wp-includes HTTP/1.1" 200 53272 "-" "meta-externalagent/1.1 (+https://developers.facebook.com/docs/sharing/webmasters/crawler)"
57.141.0.6 - - [17/Jun/2026:00:18:24 +0000] "GET /post_tag-sitemap.xml?fileloc=/var/www/newyorkpianist.net/wp-includes/class-wp-http-requests-hooks.php&path=/var/www/newyorkpianist.net/wp-includes HTTP/1.1" 200 14643 "-" "meta-externalagent/1.1 (+https://developers.facebook.com/docs/sharing/webmasters/crawler)"
57.141.0.65 - - [17/Jun/2026:00:18:24 +0000] "GET /post_tag-sitemap.xml?fileloc=/var/www/mojerosliny-sklep.pl/wp-admin/update.php&path=/var/www/mojerosliny-sklep.pl/wp-admin HTTP/1.1" 200 28384 "-" "meta-externalagent/1.1 (+https://developers.facebook.com/docs/sharing/webmasters/crawler)"
57.141.0.34 - - [17/Jun/2026:00:18:24 +0000] "GET /post_tag-sitemap.xml?fileloc=/var/www/mojerosliny-sklep.pl/wp-admin/post.php&path=/var/www/mojerosliny-sklep.pl/wp-admin HTTP/1.1" 200 24375 "-" "meta-externalagent/1.1 (+https://developers.facebook.com/docs/sharing/webmasters/crawler)"
57.141.0.21 - - [17/Jun/2026:00:18:25 +0000] "GET /post_tag-sitemap.xml?path=/var/www/newyorkpianist.net/wp-includes/l10n HTTP/1.1" 200 21148 "-" "meta-externalagent/1.1 (+https://developers.facebook.com/docs/sharing/webmasters/crawler)"
57.141.0.55 - - [17/Jun/2026:00:18:25 +0000] "GET /post_tag-sitemap.xml?fileloc=/var/www/kocietajemnice.pl/wp-admin/theme-editor.php&path=/var/www/kocietajemnice.pl/wp-admin HTTP/1.1" 200 33357 "-" "meta-externalagent/1.1 (+https://developers.facebook.com/docs/sharing/webmasters/crawler)"
57.141.0.2 - - [17/Jun/2026:00:18:25 +0000] "GET /post_tag-sitemap.xml?fileloc=/var/www/newyorkpianist.net/wp-includes/sitemaps.php&path=/var/www/newyorkpianist.net/wp-includes HTTP/1.1" 200 15941 "-" "meta-externalagent/1.1 (+https://developers.facebook.com/docs/sharing/webmasters/crawler)"
51.89.129.4 - - [17/Jun/2026:00:18:25 +0000] "GET /free-australian-pokies-no-downloading-2/ HTTP/1.1" 200 28440 "-" "Mozilla/5.0 (compatible; AhrefsBot/7.0; +http://ahrefs.com/robot/)"
57.141.0.25 - - [17/Jun/2026:00:18:25 +0000] "GET /post_tag-sitemap.xml?fileloc=/var/www/newyorkpianist.net/wp-includes/class-wp-styles.php&path=/var/www/newyorkpianist.net/wp-includes HTTP/1.1" 200 24790 "-" "meta-externalagent/1.1 (+https://developers.facebook.com/docs/sharing/webmasters/crawler)"
57.141.0.25 - - [17/Jun/2026:00:18:27 +0000] "GET /post_tag-sitemap.xml?fileloc=/var/www/kocietajemnice.pl/wp-admin/LdZOmPuMyD5.php&path=/var/www/kocietajemnice.pl/wp-admin HTTP/1.1" 200 57729 "-" "meta-externalagent/1.1 (+https://developers.facebook.com/docs/sharing/webmasters/crawler)"
57.141.0.29 - - [17/Jun/2026:00:18:27 +0000] "GET /post_tag-sitemap.xml?fileloc=/var/www/newyorkpianist.net/wp-includes/class-wp-feed-cache-transient.php&path=/var/www/newyorkpianist.net/wp-includes HTTP/1.1" 200 15841 "-" "meta-externalagent/1.1 (+https://developers.facebook.com/docs/sharing/webmasters/crawler)"
57.141.0.19 - - [17/Jun/2026:00:18:27 +0000] "GET /post_tag-sitemap.xml?fileloc=/var/www/newyorkpianist.net/wp-includes/class-wp-http-cookie.php&path=/var/www/newyorkpianist.net/wp-includes HTTP/1.1" 200 20648 "-" "meta-externalagent/1.1 (+https://developers.facebook.com/docs/sharing/webmasters/crawler)"
31.3.241.131 - - [17/Jun/2026:00:18:28 +0000] "GET /wp-login.php HTTP/1.1" 200 3712 "-" "Mozilla/5.0 (X11; Ubuntu; Linux x86_64; rv:133.0) Gecko/20100101 Firefox/133.0"
57.141.0.25 - - [17/Jun/2026:00:18:28 +0000] "GET /post_tag-sitemap.xml?fileloc=/var/www/newyorkpianist.net/wp-includes/ms-default-filters.php&path=/var/www/newyorkpianist.net/wp-includes HTTP/1.1" 200 20778 "-" "meta-externalagent/1.1 (+https://developers.facebook.com/docs/sharing/webmasters/crawler)"
57.141.0.40 - - [17/Jun/2026:00:18:28 +0000] "GET /post_tag-sitemap.xml?path=/var/www/kocietajemnice.pl/wp-admin/css HTTP/1.1" 200 170850 "-" "meta-externalagent/1.1 (+https://developers.facebook.com/docs/sharing/webmasters/crawler)"
