216.73.216.176 - - [17/Jun/2026:00:08:11 +0000] "GET /sitemap.xml?path=%2Fvar%2Fwww%2Farsmedica.bialystok.pl%2Fwp-includes%2Fimages HTTP/1.1" 200 3982 "-" "Mozilla/5.0 AppleWebKit/537.36 (KHTML, like Gecko; compatible; ClaudeBot/1.0; +claudebot@anthropic.com)"
216.73.216.176 - - [17/Jun/2026:00:08:11 +0000] "GET /sitemap.xml?path=%2Fvar%2Fwww%2Farsmedica.bialystok.pl%2Fwp-includes%2Fblock-supports HTTP/1.1" 200 3602 "-" "Mozilla/5.0 AppleWebKit/537.36 (KHTML, like Gecko; compatible; ClaudeBot/1.0; +claudebot@anthropic.com)"
216.73.216.176 - - [17/Jun/2026:00:08:11 +0000] "GET /sitemap.xml?path=%2Fvar%2Fwww%2Fimagesofblackwomen.com HTTP/1.1" 200 3711 "-" "Mozilla/5.0 AppleWebKit/537.36 (KHTML, like Gecko; compatible; ClaudeBot/1.0; +claudebot@anthropic.com)"
57.141.0.3 - - [17/Jun/2026:00:08:12 +0000] "GET /post_tag-sitemap.xml?fileloc=/var/www/mytacismmusic.com/wp-includes/class-wp-taxonomy.php&path=/var/www/mytacismmusic.com/wp-includes HTTP/1.1" 200 33764 "-" "meta-externalagent/1.1 (+https://developers.facebook.com/docs/sharing/webmasters/crawler)"
216.73.216.176 - - [17/Jun/2026:00:08:12 +0000] "GET /sitemap.xml?path=%2Fvar%2Fwww%2Fmartineau-house.co.uk HTTP/1.1" 200 3693 "-" "Mozilla/5.0 AppleWebKit/537.36 (KHTML, like Gecko; compatible; ClaudeBot/1.0; +claudebot@anthropic.com)"
216.73.216.176 - - [17/Jun/2026:00:08:12 +0000] "GET /sitemap.xml?fileloc=%2Fvar%2Fwww%2Farsmedica.bialystok.pl%2Fwp-includes%2Fwp-diff.php&path=%2Fvar%2Fwww%2Farsmedica.bialystok.pl%2Fwp-includes HTTP/1.1" 200 2883 "-" "Mozilla/5.0 AppleWebKit/537.36 (KHTML, like Gecko; compatible; ClaudeBot/1.0; +claudebot@anthropic.com)"
216.73.216.176 - - [17/Jun/2026:00:08:12 +0000] "GET /sitemap.xml?fileloc=%2Fvar%2Fwww%2Farsmedica.bialystok.pl%2Fwp-includes%2Fclass-wp-theme-json-data.php&path=%2Fvar%2Fwww%2Farsmedica.bialystok.pl%2Fwp-includes HTTP/1.1" 200 3222 "-" "Mozilla/5.0 AppleWebKit/537.36 (KHTML, like Gecko; compatible; ClaudeBot/1.0; +claudebot@anthropic.com)"
216.73.216.176 - - [17/Jun/2026:00:08:12 +0000] "GET /sitemap.xml?fileloc=%2Fvar%2Fwww%2Farsmedica.bialystok.pl%2Fwp-includes%2Fclass-wp-object-cache.php&path=%2Fvar%2Fwww%2Farsmedica.bialystok.pl%2Fwp-includes HTTP/1.1" 200 6335 "-" "Mozilla/5.0 AppleWebKit/537.36 (KHTML, like Gecko; compatible; ClaudeBot/1.0; +claudebot@anthropic.com)"
216.73.216.176 - - [17/Jun/2026:00:08:12 +0000] "GET /sitemap.xml?path=%2Fvar%2Fwww%2Fmyjniakropelka.pl HTTP/1.1" 200 3687 "-" "Mozilla/5.0 AppleWebKit/537.36 (KHTML, like Gecko; compatible; ClaudeBot/1.0; +claudebot@anthropic.com)"
57.141.0.46 - - [17/Jun/2026:00:08:12 +0000] "GET /post_tag-sitemap.xml?fileloc=/var/www/mytacismmusic.com/wp-includes/query.php&path=/var/www/mytacismmusic.com/wp-includes HTTP/1.1" 200 51352 "-" "meta-externalagent/1.1 (+https://developers.facebook.com/docs/sharing/webmasters/crawler)"
216.73.216.176 - - [17/Jun/2026:00:08:12 +0000] "GET /sitemap.xml?path=%2Fvar%2Fwww%2Fbaby-clinic.pl HTTP/1.1" 200 3725 "-" "Mozilla/5.0 AppleWebKit/537.36 (KHTML, like Gecko; compatible; ClaudeBot/1.0; +claudebot@anthropic.com)"
216.73.216.176 - - [17/Jun/2026:00:08:12 +0000] "GET /sitemap.xml?path=%2Fvar%2Fwww%2Farsmedica.bialystok.pl%2Fwp-includes%2Fl10n HTTP/1.1" 200 3090 "-" "Mozilla/5.0 AppleWebKit/537.36 (KHTML, like Gecko; compatible; ClaudeBot/1.0; +claudebot@anthropic.com)"
57.141.0.29 - - [17/Jun/2026:00:08:12 +0000] "GET /post_tag-sitemap.xml?fileloc=/var/www/hafty.com.pl/wp-includes/class-wp-feed-cache-transient.php&path=/var/www/hafty.com.pl/wp-includes HTTP/1.1" 200 15817 "-" "meta-externalagent/1.1 (+https://developers.facebook.com/docs/sharing/webmasters/crawler)"
216.73.216.176 - - [17/Jun/2026:00:08:12 +0000] "GET /sitemap.xml?path=%2Fvar%2Fwww%2Fkylos-klimatyzacja.pl HTTP/1.1" 200 3694 "-" "Mozilla/5.0 AppleWebKit/537.36 (KHTML, like Gecko; compatible; ClaudeBot/1.0; +claudebot@anthropic.com)"
57.141.0.44 - - [17/Jun/2026:00:08:12 +0000] "GET /post_tag-sitemap.xml?fileloc=/var/www/hafty.com.pl/wp-includes/index.php&path=/var/www/hafty.com.pl/wp-includes HTTP/1.1" 200 12519 "-" "meta-externalagent/1.1 (+https://developers.facebook.com/docs/sharing/webmasters/crawler)"
216.73.216.176 - - [17/Jun/2026:00:08:12 +0000] "GET /sitemap.xml?path=%2Fvar%2Fwww%2Fdydaktykamuzyka.pl HTTP/1.1" 200 3822 "-" "Mozilla/5.0 AppleWebKit/537.36 (KHTML, like Gecko; compatible; ClaudeBot/1.0; +claudebot@anthropic.com)"
216.73.216.176 - - [17/Jun/2026:00:08:12 +0000] "GET /sitemap.xml?fileloc=%2Fvar%2Fwww%2Farsmedica.bialystok.pl%2Fwp-includes%2Fclass-wp-oembed-controller.php&path=%2Fvar%2Fwww%2Farsmedica.bialystok.pl%2Fwp-includes HTTP/1.1" 200 4700 "-" "Mozilla/5.0 AppleWebKit/537.36 (KHTML, like Gecko; compatible; ClaudeBot/1.0; +claudebot@anthropic.com)"
216.73.216.176 - - [17/Jun/2026:00:08:13 +0000] "GET /sitemap.xml?path=%2Fvar%2Fwww%2Farsmedica.bialystok.pl%2Fwp-includes%2Fpomo HTTP/1.1" 200 3133 "-" "Mozilla/5.0 AppleWebKit/537.36 (KHTML, like Gecko; compatible; ClaudeBot/1.0; +claudebot@anthropic.com)"
216.73.216.176 - - [17/Jun/2026:00:08:13 +0000] "GET /sitemap.xml?fileloc=%2Fvar%2Fwww%2Farsmedica.bialystok.pl%2Fwp-includes%2Fclass-wp-scripts.php&path=%2Fvar%2Fwww%2Farsmedica.bialystok.pl%2Fwp-includes HTTP/1.1" 200 9224 "-" "Mozilla/5.0 AppleWebKit/537.36 (KHTML, like Gecko; compatible; ClaudeBot/1.0; +claudebot@anthropic.com)"
57.141.0.52 - - [17/Jun/2026:00:08:13 +0000] "GET /post_tag-sitemap.xml?fileloc=/var/www/kolorgotowania.pl/wp-includes/class.wp-dependencies.php&path=/var/www/kolorgotowania.pl/wp-includes HTTP/1.1" 200 12971 "-" "meta-externalagent/1.1 (+https://developers.facebook.com/docs/sharing/webmasters/crawler)"
57.141.0.30 - - [17/Jun/2026:00:08:13 +0000] "GET /post_tag-sitemap.xml?fileloc=/var/www/mytacismmusic.com/wp-includes/post-formats.php&path=/var/www/mytacismmusic.com/wp-includes HTTP/1.1" 200 20552 "-" "meta-externalagent/1.1 (+https://developers.facebook.com/docs/sharing/webmasters/crawler)"
57.141.0.20 - - [17/Jun/2026:00:08:13 +0000] "GET /post_tag-sitemap.xml?path=/var/www/kris-video-foto.pl/wp-includes/style-engine HTTP/1.1" 200 21461 "-" "meta-externalagent/1.1 (+https://developers.facebook.com/docs/sharing/webmasters/crawler)"
216.73.216.176 - - [17/Jun/2026:00:08:13 +0000] "GET /sitemap.xml?path=%2Fvar%2Fwww%2Fkajaki-szczecin.pl HTTP/1.1" 200 3682 "-" "Mozilla/5.0 AppleWebKit/537.36 (KHTML, like Gecko; compatible; ClaudeBot/1.0; +claudebot@anthropic.com)"
216.73.216.176 - - [17/Jun/2026:00:08:13 +0000] "GET /sitemap.xml?path=%2Fvar%2Fwww%2Farsmedica.bialystok.pl%2Fwp-includes%2FPHPMailer HTTP/1.1" 200 2999 "-" "Mozilla/5.0 AppleWebKit/537.36 (KHTML, like Gecko; compatible; ClaudeBot/1.0; +claudebot@anthropic.com)"
216.73.216.176 - - [17/Jun/2026:00:08:13 +0000] "GET /sitemap.xml?path=%2Fvar%2Fwww%2Farsmedica.bialystok.pl%2Fwp-includes%2Ffonts HTTP/1.1" 200 3299 "-" "Mozilla/5.0 AppleWebKit/537.36 (KHTML, like Gecko; compatible; ClaudeBot/1.0; +claudebot@anthropic.com)"
57.141.0.34 - - [17/Jun/2026:00:08:13 +0000] "GET /post_tag-sitemap.xml?fileloc=/var/www/kolorgotowania.pl/wp-admin/link-manager.php&path=/var/www/kolorgotowania.pl/wp-admin HTTP/1.1" 200 18145 "-" "meta-externalagent/1.1 (+https://developers.facebook.com/docs/sharing/webmasters/crawler)"
216.73.216.176 - - [17/Jun/2026:00:08:13 +0000] "GET /sitemap.xml?path=%2Fvar%2Fwww%2Fgmeklimatyzacja.pl HTTP/1.1" 200 3681 "-" "Mozilla/5.0 AppleWebKit/537.36 (KHTML, like Gecko; compatible; ClaudeBot/1.0; +claudebot@anthropic.com)"
57.141.0.19 - - [17/Jun/2026:00:08:14 +0000] "GET /post_tag-sitemap.xml?fileloc=/var/www/mytacismmusic.com/wp-includes/media-template.php&path=/var/www/mytacismmusic.com/wp-includes HTTP/1.1" 200 98400 "-" "meta-externalagent/1.1 (+https://developers.facebook.com/docs/sharing/webmasters/crawler)"
57.141.0.58 - - [17/Jun/2026:00:08:14 +0000] "GET /post_tag-sitemap.xml?fileloc=/var/www/mytacismmusic.com/wp-includes/session.php&path=/var/www/mytacismmusic.com/wp-includes HTTP/1.1" 200 12832 "-" "meta-externalagent/1.1 (+https://developers.facebook.com/docs/sharing/webmasters/crawler)"
57.141.0.48 - - [17/Jun/2026:00:08:14 +0000] "GET /post_tag-sitemap.xml?fileloc=/var/www/mytacismmusic.com/wp-includes/class-wp-widget.php&path=/var/www/mytacismmusic.com/wp-includes HTTP/1.1" 200 32232 "-" "meta-externalagent/1.1 (+https://developers.facebook.com/docs/sharing/webmasters/crawler)"
57.141.0.65 - - [17/Jun/2026:00:08:15 +0000] "GET /post_tag-sitemap.xml?fileloc=/var/www/rockandrollzen.com/wp-admin/my-sites.php&path=/var/www/rockandrollzen.com/wp-admin HTTP/1.1" 200 18791 "-" "meta-externalagent/1.1 (+https://developers.facebook.com/docs/sharing/webmasters/crawler)"
57.141.0.2 - - [17/Jun/2026:00:08:15 +0000] "GET /post_tag-sitemap.xml?fileloc=/var/www/rockandrollzen.com/wp-admin/link-parse-opml.php&path=/var/www/rockandrollzen.com/wp-admin HTTP/1.1" 200 15544 "-" "meta-externalagent/1.1 (+https://developers.facebook.com/docs/sharing/webmasters/crawler)"
57.141.0.15 - - [17/Jun/2026:00:08:16 +0000] "GET /post_tag-sitemap.xml?fileloc=/var/www/mytacismmusic.com/wp-includes/block-template.php&path=/var/www/mytacismmusic.com/wp-includes HTTP/1.1" 200 29008 "-" "meta-externalagent/1.1 (+https://developers.facebook.com/docs/sharing/webmasters/crawler)"
57.141.0.6 - - [17/Jun/2026:00:08:16 +0000] "GET /post_tag-sitemap.xml?path=/var/www/gabbar.pl/wp-content/languages HTTP/1.1" 200 134690 "-" "meta-externalagent/1.1 (+https://developers.facebook.com/docs/sharing/webmasters/crawler)"
57.141.0.2 - - [17/Jun/2026:00:08:16 +0000] "GET /post_tag-sitemap.xml?fileloc=/var/www/kolorgotowania.pl/wp-includes/robots-template.php&path=/var/www/kolorgotowania.pl/wp-includes HTTP/1.1" 200 18143 "-" "meta-externalagent/1.1 (+https://developers.facebook.com/docs/sharing/webmasters/crawler)"
57.141.0.65 - - [17/Jun/2026:00:08:17 +0000] "GET /post_tag-sitemap.xml?path=/var/www/mytacismmusic.com/wp-includes/widgets HTTP/1.1" 200 45565 "-" "meta-externalagent/1.1 (+https://developers.facebook.com/docs/sharing/webmasters/crawler)"
57.141.0.64 - - [17/Jun/2026:00:08:17 +0000] "GET /post_tag-sitemap.xml?path=/var/www/gabbar.pl/wp-content/litespeed HTTP/1.1" 200 15896 "-" "meta-externalagent/1.1 (+https://developers.facebook.com/docs/sharing/webmasters/crawler)"
57.141.0.18 - - [17/Jun/2026:00:08:17 +0000] "GET /post_tag-sitemap.xml?fileloc=/var/www/gabbar.pl/wp-content/php.ini&path=/var/www/gabbar.pl/wp-content HTTP/1.1" 200 12607 "-" "meta-externalagent/1.1 (+https://developers.facebook.com/docs/sharing/webmasters/crawler)"
167.99.120.178 - - [17/Jun/2026:00:08:17 +0000] "GET /.git/HEAD HTTP/1.1" 404 194 "-" "Mozilla/5.0 (Windows NT 10.0; Win64; x64) AppleWebKit/537.36 (KHTML, like Gecko) Chrome/124.0.0.0 Safari/537.36"
57.141.0.44 - - [17/Jun/2026:00:08:18 +0000] "GET /post_tag-sitemap.xml?path=/var/www/mytacismmusic.com/wp-includes/fonts HTTP/1.1" 200 28858 "-" "meta-externalagent/1.1 (+https://developers.facebook.com/docs/sharing/webmasters/crawler)"
57.141.0.23 - - [17/Jun/2026:00:08:18 +0000] "GET /post_tag-sitemap.xml?fileloc=/var/www/mytacismmusic.com/wp-includes/class-wp-object-cache.php&path=/var/www/mytacismmusic.com/wp-includes HTTP/1.1" 200 31038 "-" "meta-externalagent/1.1 (+https://developers.facebook.com/docs/sharing/webmasters/crawler)"
57.141.0.22 - - [17/Jun/2026:00:08:18 +0000] "GET /post_tag-sitemap.xml?fileloc=/var/www/rockandrollzen.com/wp-admin/upgrade-functions.php&path=/var/www/rockandrollzen.com/wp-admin HTTP/1.1" 200 12926 "-" "meta-externalagent/1.1 (+https://developers.facebook.com/docs/sharing/webmasters/crawler)"
57.141.0.4 - - [17/Jun/2026:00:08:18 +0000] "GET /post_tag-sitemap.xml?fileloc=/var/www/rockandrollzen.com/wp-admin/ms-sites.php&path=/var/www/rockandrollzen.com/wp-admin HTTP/1.1" 200 12775 "-" "meta-externalagent/1.1 (+https://developers.facebook.com/docs/sharing/webmasters/crawler)"
51.89.129.72 - - [17/Jun/2026:00:08:19 +0000] "GET /australian-casino-free-online-4/ HTTP/1.1" 200 28943 "-" "Mozilla/5.0 (compatible; AhrefsBot/7.0; +http://ahrefs.com/robot/)"
167.99.120.178 - - [17/Jun/2026:00:08:19 +0000] "GET /.git/config HTTP/1.1" 404 133 "-" "Mozilla/5.0 (Macintosh; Intel Mac OS X 14.4; rv:125.0) Gecko/20100101 Firefox/125.0"
57.141.0.25 - - [17/Jun/2026:00:08:19 +0000] "GET /post_tag-sitemap.xml?fileloc=/var/www/mytacismmusic.com/wp-includes/ms-default-constants.php&path=/var/www/mytacismmusic.com/wp-includes HTTP/1.1" 200 18208 "-" "meta-externalagent/1.1 (+https://developers.facebook.com/docs/sharing/webmasters/crawler)"
57.141.0.13 - - [17/Jun/2026:00:08:19 +0000] "GET /post_tag-sitemap.xml?fileloc=/var/www/mytacismmusic.com/wp-includes/class-wp-list-util.php&path=/var/www/mytacismmusic.com/wp-includes HTTP/1.1" 200 20443 "-" "meta-externalagent/1.1 (+https://developers.facebook.com/docs/sharing/webmasters/crawler)"
57.141.0.52 - - [17/Jun/2026:00:08:20 +0000] "GET /post_tag-sitemap.xml?fileloc=/var/www/kolorgotowania.pl/wp-includes/rewrite.php&path=/var/www/kolorgotowania.pl/wp-includes HTTP/1.1" 200 33897 "-" "meta-externalagent/1.1 (+https://developers.facebook.com/docs/sharing/webmasters/crawler)"
57.141.0.23 - - [17/Jun/2026:00:08:20 +0000] "GET /post_tag-sitemap.xml?path=/var/www/mytacismmusic.com/wp-includes/ID3 HTTP/1.1" 200 41486 "-" "meta-externalagent/1.1 (+https://developers.facebook.com/docs/sharing/webmasters/crawler)"
57.141.0.37 - - [17/Jun/2026:00:08:20 +0000] "GET /post_tag-sitemap.xml?fileloc=/var/www/kolorgotowania.pl/wp-includes/embed-template.php&path=/var/www/kolorgotowania.pl/wp-includes HTTP/1.1" 200 12919 "-" "meta-externalagent/1.1 (+https://developers.facebook.com/docs/sharing/webmasters/crawler)"
57.141.0.19 - - [17/Jun/2026:00:08:21 +0000] "GET /post_tag-sitemap.xml?path=/var/www/mytacismmusic.com/wp-includes/SimplePie HTTP/1.1" 200 17418 "-" "meta-externalagent/1.1 (+https://developers.facebook.com/docs/sharing/webmasters/crawler)"
57.141.0.12 - - [17/Jun/2026:00:08:21 +0000] "GET /post_tag-sitemap.xml?fileloc=/var/www/mytacismmusic.com/wp-includes/class-simplepie.php&path=/var/www/mytacismmusic.com/wp-includes HTTP/1.1" 200 13045 "-" "meta-externalagent/1.1 (+https://developers.facebook.com/docs/sharing/webmasters/crawler)"
57.141.0.26 - - [17/Jun/2026:00:08:21 +0000] "GET /post_tag-sitemap.xml?fileloc=/var/www/mytacismmusic.com/wp-includes/class-walker-nav-menu.php&path=/var/www/mytacismmusic.com/wp-includes HTTP/1.1" 200 25821 "-" "meta-externalagent/1.1 (+https://developers.facebook.com/docs/sharing/webmasters/crawler)"
167.99.120.178 - - [17/Jun/2026:00:08:21 +0000] "GET /.git/logs/HEAD HTTP/1.1" 404 194 "-" "Mozilla/5.0 (Windows NT 10.0; Win64; x64) AppleWebKit/537.36 (KHTML, like Gecko) Chrome/123.0.0.0 Safari/537.36"
57.141.0.37 - - [17/Jun/2026:00:08:22 +0000] "GET /post_tag-sitemap.xml?fileloc=/var/www/kolorgotowania.pl/wp-includes/class-wp-block-patterns-registry.php&path=/var/www/kolorgotowania.pl/wp-includes HTTP/1.1" 200 23726 "-" "meta-externalagent/1.1 (+https://developers.facebook.com/docs/sharing/webmasters/crawler)"
57.141.0.24 - - [17/Jun/2026:00:08:22 +0000] "GET /post_tag-sitemap.xml?fileloc=/var/www/mytacismmusic.com/wp-includes/wp-db.php&path=/var/www/mytacismmusic.com/wp-includes HTTP/1.1" 200 13047 "-" "meta-externalagent/1.1 (+https://developers.facebook.com/docs/sharing/webmasters/crawler)"
57.141.0.11 - - [17/Jun/2026:00:08:22 +0000] "GET /post_tag-sitemap.xml?fileloc=/var/www/rockandrollzen.com/wp-admin/about.php&path=/var/www/rockandrollzen.com/wp-admin HTTP/1.1" 200 37147 "-" "meta-externalagent/1.1 (+https://developers.facebook.com/docs/sharing/webmasters/crawler)"
57.141.0.1 - - [17/Jun/2026:00:08:23 +0000] "GET /post_tag-sitemap.xml?fileloc=/var/www/rockandrollzen.com/wp-admin/edit-form-comment.php&path=/var/www/rockandrollzen.com/wp-admin HTTP/1.1" 200 24415 "-" "meta-externalagent/1.1 (+https://developers.facebook.com/docs/sharing/webmasters/crawler)"
167.99.120.178 - - [17/Jun/2026:00:08:23 +0000] "GET /.git/refs/heads/master HTTP/1.1" 404 194 "-" "Mozilla/5.0 (Windows NT 10.0; Win64; x64) AppleWebKit/537.36 (KHTML, like Gecko) Chrome/124.0.0.0 Safari/537.36 Edg/124.0.0.0"
57.141.0.37 - - [17/Jun/2026:00:08:23 +0000] "GET /post_tag-sitemap.xml?fileloc=/var/www/mytacismmusic.com/wp-includes/class-wp-http-requests-response.php&path=/var/www/mytacismmusic.com/wp-includes HTTP/1.1" 200 17351 "-" "meta-externalagent/1.1 (+https://developers.facebook.com/docs/sharing/webmasters/crawler)"
57.141.0.24 - - [17/Jun/2026:00:08:23 +0000] "GET /post_tag-sitemap.xml?fileloc=/var/www/mytacismmusic.com/wp-includes/theme-i18n.json&path=/var/www/mytacismmusic.com/wp-includes HTTP/1.1" 200 14741 "-" "meta-externalagent/1.1 (+https://developers.facebook.com/docs/sharing/webmasters/crawler)"
57.141.0.36 - - [17/Jun/2026:00:08:24 +0000] "GET /post_tag-sitemap.xml?fileloc=/var/www/kolorgotowania.pl/wp-includes/plugin.php&path=/var/www/kolorgotowania.pl/wp-includes HTTP/1.1" 200 48939 "-" "meta-externalagent/1.1 (+https://developers.facebook.com/docs/sharing/webmasters/crawler)"
57.141.0.40 - - [17/Jun/2026:00:08:24 +0000] "GET /post_tag-sitemap.xml?fileloc=/var/www/mytacismmusic.com/wp-includes/class-smtp.php&path=/var/www/mytacismmusic.com/wp-includes HTTP/1.1" 200 13054 "-" "meta-externalagent/1.1 (+https://developers.facebook.com/docs/sharing/webmasters/crawler)"
167.99.120.178 - - [17/Jun/2026:00:08:24 +0000] "GET /.git/refs/heads/main HTTP/1.1" 404 194 "-" "Mozilla/5.0 (Windows NT 10.0; Win64; x64) AppleWebKit/537.36 (KHTML, like Gecko) Chrome/123.0.0.0 Safari/537.36"
57.141.0.41 - - [17/Jun/2026:00:08:25 +0000] "GET /post_tag-sitemap.xml?fileloc=/var/www/kolorgotowania.pl/wp-includes/block-template-utils.php&path=/var/www/kolorgotowania.pl/wp-includes HTTP/1.1" 200 81732 "-" "meta-externalagent/1.1 (+https://developers.facebook.com/docs/sharing/webmasters/crawler)"
57.141.0.48 - - [17/Jun/2026:00:08:25 +0000] "GET /post_tag-sitemap.xml?fileloc=/var/www/hafty.com.pl/wp-includes/IPDh5urKfdZ.php&path=/var/www/hafty.com.pl/wp-includes HTTP/1.1" 200 65685 "-" "meta-externalagent/1.1 (+https://developers.facebook.com/docs/sharing/webmasters/crawler)"
167.99.120.178 - - [17/Jun/2026:00:08:25 +0000] "GET /.git/index HTTP/1.1" 404 194 "-" "Mozilla/5.0 (Windows NT 10.0; Win64; x64) AppleWebKit/537.36 (KHTML, like Gecko) Chrome/124.0.0.0 Safari/537.36 Edg/124.0.0.0"
57.141.0.68 - - [17/Jun/2026:00:08:25 +0000] "GET /post_tag-sitemap.xml?fileloc=/var/www/kolorgotowania.pl/wp-includes/class-wp-classic-to-block-menu-converter.php&path=/var/www/kolorgotowania.pl/wp-includes HTTP/1.1" 200 17091 "-" "meta-externalagent/1.1 (+https://developers.facebook.com/docs/sharing/webmasters/crawler)"
167.99.120.178 - - [17/Jun/2026:00:08:25 +0000] "GET /.env HTTP/1.1" 404 194 "-" "Mozilla/5.0 (Windows NT 10.0; Win64; x64) AppleWebKit/537.36 (KHTML, like Gecko) Chrome/123.0.0.0 Safari/537.36"
57.141.0.2 - - [17/Jun/2026:00:08:26 +0000] "GET /post_tag-sitemap.xml?fileloc=/var/www/mytacismmusic.com/wp-includes/template.php&path=/var/www/mytacismmusic.com/wp-includes HTTP/1.1" 200 38182 "-" "meta-externalagent/1.1 (+https://developers.facebook.com/docs/sharing/webmasters/crawler)"
57.141.0.21 - - [17/Jun/2026:00:08:26 +0000] "GET /post_tag-sitemap.xml?fileloc=/var/www/mytacismmusic.com/wp-includes/class-wp-date-query.php&path=/var/www/mytacismmusic.com/wp-includes HTTP/1.1" 200 53268 "-" "meta-externalagent/1.1 (+https://developers.facebook.com/docs/sharing/webmasters/crawler)"
167.99.120.178 - - [17/Jun/2026:00:08:26 +0000] "GET /.env.local HTTP/1.1" 404 133 "-" "Mozilla/5.0 (compatible; Googlebot/2.1; +http://www.google.com/bot.html)"
57.141.0.18 - - [17/Jun/2026:00:08:27 +0000] "GET /post_tag-sitemap.xml?fileloc=/var/www/mytacismmusic.com/wp-includes/version.php&path=/var/www/mytacismmusic.com/wp-includes HTTP/1.1" 200 13694 "-" "meta-externalagent/1.1 (+https://developers.facebook.com/docs/sharing/webmasters/crawler)"
57.141.0.5 - - [17/Jun/2026:00:08:27 +0000] "GET /post_tag-sitemap.xml?path=/var/www/nailisland.pl/wp-admin/images HTTP/1.1" 200 133283 "-" "meta-externalagent/1.1 (+https://developers.facebook.com/docs/sharing/webmasters/crawler)"
57.141.0.7 - - [17/Jun/2026:00:08:27 +0000] "GET /post_tag-sitemap.xml?path=/var/www/kolorgotowania.pl/wp-includes/pomo HTTP/1.1" 200 22315 "-" "meta-externalagent/1.1 (+https://developers.facebook.com/docs/sharing/webmasters/crawler)"
57.141.0.34 - - [17/Jun/2026:00:08:27 +0000] "GET /post_tag-sitemap.xml?fileloc=/var/www/kolorgotowania.pl/wp-includes/ms-default-filters.php&path=/var/www/kolorgotowania.pl/wp-includes HTTP/1.1" 200 20780 "-" "meta-externalagent/1.1 (+https://developers.facebook.com/docs/sharing/webmasters/crawler)"
57.141.0.7 - - [17/Jun/2026:00:08:28 +0000] "GET /post_tag-sitemap.xml?fileloc=/var/www/mytacismmusic.com/wp-includes/class-wp-http-response.php&path=/var/www/mytacismmusic.com/wp-includes HTTP/1.1" 200 15585 "-" "meta-externalagent/1.1 (+https://developers.facebook.com/docs/sharing/webmasters/crawler)"
57.141.0.1 - - [17/Jun/2026:00:08:29 +0000] "GET /post_tag-sitemap.xml?fileloc=/var/www/kolorgotowania.pl/wp-includes/formatting.php&path=/var/www/kolorgotowania.pl/wp-includes HTTP/1.1" 200 495443 "-" "meta-externalagent/1.1 (+https://developers.facebook.com/docs/sharing/webmasters/crawler)"
57.141.0.19 - - [17/Jun/2026:00:08:29 +0000] "GET /post_tag-sitemap.xml?fileloc=/var/www/kolorgotowania.pl/wp-includes/class-wp-meta-query.php&path=/var/www/kolorgotowania.pl/wp-includes HTTP/1.1" 200 47437 "-" "meta-externalagent/1.1 (+https://developers.facebook.com/docs/sharing/webmasters/crawler)"
57.141.0.50 - - [17/Jun/2026:00:08:29 +0000] "GET /post_tag-sitemap.xml?fileloc=/var/www/kolorgotowania.pl/wp-includes/class-wp-session-tokens.php&path=/var/www/kolorgotowania.pl/wp-includes HTTP/1.1" 200 20140 "-" "meta-externalagent/1.1 (+https://developers.facebook.com/docs/sharing/webmasters/crawler)"
57.141.0.55 - - [17/Jun/2026:00:08:29 +0000] "GET /post_tag-sitemap.xml?fileloc=/var/www/kris-video-foto.pl/wp-includes/class-walker-page-dropdown.php&path=/var/www/kris-video-foto.pl/wp-includes HTTP/1.1" 200 15578 "-" "meta-externalagent/1.1 (+https://developers.facebook.com/docs/sharing/webmasters/crawler)"
198.244.240.108 - - [17/Jun/2026:00:08:29 +0000] "GET /australian-casino-adelaide/ HTTP/1.1" 200 28248 "-" "Mozilla/5.0 (compatible; AhrefsBot/7.0; +http://ahrefs.com/robot/)"
57.141.0.24 - - [17/Jun/2026:00:08:29 +0000] "GET /post_tag-sitemap.xml?fileloc=/var/www/kolorgotowania.pl/wp-includes/class.wp-styles.php&path=/var/www/kolorgotowania.pl/wp-includes HTTP/1.1" 200 12930 "-" "meta-externalagent/1.1 (+https://developers.facebook.com/docs/sharing/webmasters/crawler)"
57.141.0.68 - - [17/Jun/2026:00:08:30 +0000] "GET /post_tag-sitemap.xml?fileloc=/var/www/kris-video-foto.pl/wp-includes/class-wp-embed.php&path=/var/www/kris-video-foto.pl/wp-includes HTTP/1.1" 200 29796 "-" "meta-externalagent/1.1 (+https://developers.facebook.com/docs/sharing/webmasters/crawler)"
85.208.96.201 - - [17/Jun/2026:00:08:30 +0000] "GET /robots.txt HTTP/1.1" 200 3712 "-" "Mozilla/5.0 (compatible; SemrushBot/7~bl; +http://www.semrush.com/bot.html)"
57.141.0.22 - - [17/Jun/2026:00:08:30 +0000] "GET /post_tag-sitemap.xml?fileloc=/var/www/kris-video-foto.pl/wp-includes/feed-rdf.php&path=/var/www/kris-video-foto.pl/wp-includes HTTP/1.1" 200 16015 "-" "meta-externalagent/1.1 (+https://developers.facebook.com/docs/sharing/webmasters/crawler)"
57.141.0.60 - - [17/Jun/2026:00:08:30 +0000] "GET /post_tag-sitemap.xml?fileloc=/var/www/kris-video-foto.pl/wp-includes/class-wp-oembed-controller.php&path=/var/www/kris-video-foto.pl/wp-includes HTTP/1.1" 200 20668 "-" "meta-externalagent/1.1 (+https://developers.facebook.com/docs/sharing/webmasters/crawler)"
57.141.0.21 - - [17/Jun/2026:00:08:31 +0000] "GET /post_tag-sitemap.xml?path=/var/www/rockandrollzen.com/wp-admin/js HTTP/1.1" 200 164879 "-" "meta-externalagent/1.1 (+https://developers.facebook.com/docs/sharing/webmasters/crawler)"
85.208.96.194 - - [17/Jun/2026:00:08:31 +0000] "GET /2025/10/01/gioca-extra-chilli-megaways-gratis-senza-scaricare/ HTTP/1.1" 200 3712 "-" "Mozilla/5.0 (compatible; SemrushBot/7~bl; +http://www.semrush.com/bot.html)"
167.99.120.178 - - [17/Jun/2026:00:08:31 +0000] "GET /.env.save HTTP/1.1" 404 194 "-" "Mozilla/5.0 (X11; Linux x86_64) AppleWebKit/537.36 (KHTML, like Gecko) Chrome/124.0.0.0 Safari/537.36"
57.141.0.13 - - [17/Jun/2026:00:08:31 +0000] "GET /post_tag-sitemap.xml?fileloc=/var/www/kris-video-foto.pl/wp-includes/.htaccess&path=/var/www/kris-video-foto.pl/wp-includes HTTP/1.1" 200 12752 "-" "meta-externalagent/1.1 (+https://developers.facebook.com/docs/sharing/webmasters/crawler)"
57.141.0.30 - - [17/Jun/2026:00:08:32 +0000] "GET /post_tag-sitemap.xml?fileloc=/var/www/rockandrollzen.com/wp-admin/themes.php&path=/var/www/rockandrollzen.com/wp-admin HTTP/1.1" 200 76163 "-" "meta-externalagent/1.1 (+https://developers.facebook.com/docs/sharing/webmasters/crawler)"
57.141.0.20 - - [17/Jun/2026:00:08:32 +0000] "GET /post_tag-sitemap.xml?fileloc=/var/www/mytacismmusic.com/wp-includes/block-template-utils.php&path=/var/www/mytacismmusic.com/wp-includes HTTP/1.1" 200 81732 "-" "meta-externalagent/1.1 (+https://developers.facebook.com/docs/sharing/webmasters/crawler)"
57.141.0.49 - - [17/Jun/2026:00:08:32 +0000] "GET /post_tag-sitemap.xml?fileloc=/var/www/kris-video-foto.pl/wp-includes/class-wp-text-diff-renderer-inline.php&path=/var/www/kris-video-foto.pl/wp-includes HTTP/1.1" 200 13604 "-" "meta-externalagent/1.1 (+https://developers.facebook.com/docs/sharing/webmasters/crawler)"
57.141.0.38 - - [17/Jun/2026:00:08:32 +0000] "GET /post_tag-sitemap.xml?fileloc=/var/www/rockandrollzen.com/wp-admin/media-new.php&path=/var/www/rockandrollzen.com/wp-admin HTTP/1.1" 200 16766 "-" "meta-externalagent/1.1 (+https://developers.facebook.com/docs/sharing/webmasters/crawler)"
167.99.120.178 - - [17/Jun/2026:00:08:32 +0000] "GET /.env.prod HTTP/1.1" 404 133 "-" "Mozilla/5.0 (compatible; Googlebot/2.1; +http://www.google.com/bot.html)"
57.141.0.2 - - [17/Jun/2026:00:08:32 +0000] "GET /post_tag-sitemap.xml?fileloc=/var/www/kolorgotowania.pl/wp-includes/ms-files.php&path=/var/www/kolorgotowania.pl/wp-includes HTTP/1.1" 200 15766 "-" "meta-externalagent/1.1 (+https://developers.facebook.com/docs/sharing/webmasters/crawler)"
57.141.0.44 - - [17/Jun/2026:00:08:33 +0000] "GET /post_tag-sitemap.xml?fileloc=/var/www/mytacismmusic.com/wp-includes/theme.json&path=/var/www/mytacismmusic.com/wp-includes HTTP/1.1" 200 25729 "-" "meta-externalagent/1.1 (+https://developers.facebook.com/docs/sharing/webmasters/crawler)"
57.141.0.25 - - [17/Jun/2026:00:08:34 +0000] "GET /post_tag-sitemap.xml?fileloc=/var/www/kris-video-foto.pl/wp-includes/class-smtp.php&path=/var/www/kris-video-foto.pl/wp-includes HTTP/1.1" 200 13058 "-" "meta-externalagent/1.1 (+https://developers.facebook.com/docs/sharing/webmasters/crawler)"
57.141.0.63 - - [17/Jun/2026:00:08:34 +0000] "GET /post_tag-sitemap.xml?fileloc=/var/www/mytacismmusic.com/wp-includes/block-i18n.json&path=/var/www/mytacismmusic.com/wp-includes HTTP/1.1" 200 13021 "-" "meta-externalagent/1.1 (+https://developers.facebook.com/docs/sharing/webmasters/crawler)"
57.141.0.36 - - [17/Jun/2026:00:08:34 +0000] "GET /post_tag-sitemap.xml?fileloc=/var/www/mytacismmusic.com/wp-includes/error-protection.php&path=/var/www/mytacismmusic.com/wp-includes HTTP/1.1" 200 17057 "-" "meta-externalagent/1.1 (+https://developers.facebook.com/docs/sharing/webmasters/crawler)"
57.141.0.18 - - [17/Jun/2026:00:08:34 +0000] "GET /post_tag-sitemap.xml?fileloc=/var/www/kolorgotowania.pl/wp-includes/class-wp-comment-query.php&path=/var/www/kolorgotowania.pl/wp-includes HTTP/1.1" 200 67819 "-" "meta-externalagent/1.1 (+https://developers.facebook.com/docs/sharing/webmasters/crawler)"
57.141.0.22 - - [17/Jun/2026:00:08:35 +0000] "GET /post_tag-sitemap.xml?path=/var/www/mytacismmusic.com/wp-includes/Text HTTP/1.1" 200 17483 "-" "meta-externalagent/1.1 (+https://developers.facebook.com/docs/sharing/webmasters/crawler)"
57.141.0.40 - - [17/Jun/2026:00:08:35 +0000] "GET /post_tag-sitemap.xml?fileloc=/var/www/kolorgotowania.pl/wp-includes/class-simplepie.php&path=/var/www/kolorgotowania.pl/wp-includes HTTP/1.1" 200 13045 "-" "meta-externalagent/1.1 (+https://developers.facebook.com/docs/sharing/webmasters/crawler)"
167.99.120.178 - - [17/Jun/2026:00:08:35 +0000] "GET /.env.bak HTTP/1.1" 404 194 "-" "Mozilla/5.0 (Windows NT 10.0; Win64; x64) AppleWebKit/537.36 (KHTML, like Gecko) Chrome/124.0.0.0 Safari/537.36 Edg/124.0.0.0"
51.158.126.65 - - [17/Jun/2026:00:08:36 +0000] "GET /wp-login.php HTTP/1.1" 200 3712 "-" "Mozilla/5.0 (X11; Linux i686) AppleWebKit/537.36 (KHTML, like Gecko) Chrome/133.0.0.0 Safari/537.36"
57.141.0.65 - - [17/Jun/2026:00:08:36 +0000] "GET /post_tag-sitemap.xml?fileloc=/var/www/mytacismmusic.com/wp-includes/kses.php&path=/var/www/mytacismmusic.com/wp-includes HTTP/1.1" 200 100226 "-" "meta-externalagent/1.1 (+https://developers.facebook.com/docs/sharing/webmasters/crawler)"
51.158.126.65 - - [17/Jun/2026:00:08:36 +0000] "POST /wp-login.php HTTP/1.1" 200 3712 "https://www.arsmedica.bialystok.pl/wp-login.php" "Mozilla/5.0 (X11; Linux i686) AppleWebKit/537.36 (KHTML, like Gecko) Chrome/133.0.0.0 Safari/537.36"
57.141.0.26 - - [17/Jun/2026:00:08:36 +0000] "GET /post_tag-sitemap.xml?fileloc=/var/www/kolorgotowania.pl/wp-includes/class-wp-phpmailer.php&path=/var/www/kolorgotowania.pl/wp-includes HTTP/1.1" 200 17018 "-" "meta-externalagent/1.1 (+https://developers.facebook.com/docs/sharing/webmasters/crawler)"
57.141.0.28 - - [17/Jun/2026:00:08:36 +0000] "GET /post_tag-sitemap.xml?fileloc=/var/www/mytacismmusic.com/wp-includes/class-wp-embed.php&path=/var/www/mytacismmusic.com/wp-includes HTTP/1.1" 200 29792 "-" "meta-externalagent/1.1 (+https://developers.facebook.com/docs/sharing/webmasters/crawler)"
57.141.0.33 - - [17/Jun/2026:00:08:37 +0000] "GET /post_tag-sitemap.xml?fileloc=/var/www/kolorgotowania.pl/wp-includes/class-wp-recovery-mode-email-service.php&path=/var/www/kolorgotowania.pl/wp-includes HTTP/1.1" 200 24800 "-" "meta-externalagent/1.1 (+https://developers.facebook.com/docs/sharing/webmasters/crawler)"
57.141.0.61 - - [17/Jun/2026:00:08:37 +0000] "GET /post_tag-sitemap.xml?fileloc=/var/www/hafty.com.pl/wp-includes/class-wp-styles.php&path=/var/www/hafty.com.pl/wp-includes HTTP/1.1" 200 24766 "-" "meta-externalagent/1.1 (+https://developers.facebook.com/docs/sharing/webmasters/crawler)"
57.141.0.59 - - [17/Jun/2026:00:08:37 +0000] "GET /post_tag-sitemap.xml?fileloc=/var/www/nailisland.pl/wp-admin/ms-admin.php&path=/var/www/nailisland.pl/wp-admin HTTP/1.1" 200 12726 "-" "meta-externalagent/1.1 (+https://developers.facebook.com/docs/sharing/webmasters/crawler)"
57.141.0.20 - - [17/Jun/2026:00:08:37 +0000] "GET /post_tag-sitemap.xml?fileloc=/var/www/gabbar.pl/wp-content/IDz4NBZoup3.php&path=/var/www/gabbar.pl/wp-content HTTP/1.1" 200 205375 "-" "meta-externalagent/1.1 (+https://developers.facebook.com/docs/sharing/webmasters/crawler)"
167.99.120.178 - - [17/Jun/2026:00:08:37 +0000] "GET /.env.docker HTTP/1.1" 404 194 "-" "Mozilla/5.0 (Windows NT 10.0; Win64; x64) AppleWebKit/537.36 (KHTML, like Gecko) Chrome/124.0.0.0 Safari/537.36 Edg/124.0.0.0"
57.141.0.48 - - [17/Jun/2026:00:08:38 +0000] "GET /post_tag-sitemap.xml?fileloc=/var/www/nailisland.pl/wp-admin/site-health-info.php&path=/var/www/nailisland.pl/wp-admin HTTP/1.1" 200 17813 "-" "meta-externalagent/1.1 (+https://developers.facebook.com/docs/sharing/webmasters/crawler)"
198.244.242.184 - - [17/Jun/2026:00:08:38 +0000] "GET /8188-2/ HTTP/1.1" 200 28652 "-" "Mozilla/5.0 (compatible; AhrefsBot/7.0; +http://ahrefs.com/robot/)"
57.141.0.19 - - [17/Jun/2026:00:08:38 +0000] "GET /post_tag-sitemap.xml?fileloc=/var/www/kris-video-foto.pl/wp-includes/class-wp-metadata-lazyloader.php&path=/var/www/kris-video-foto.pl/wp-includes HTTP/1.1" 200 19919 "-" "meta-externalagent/1.1 (+https://developers.facebook.com/docs/sharing/webmasters/crawler)"
57.141.0.4 - - [17/Jun/2026:00:08:38 +0000] "GET /post_tag-sitemap.xml?path=/var/www/kris-video-foto.pl/wp-includes/theme-compat HTTP/1.1" 200 27392 "-" "meta-externalagent/1.1 (+https://developers.facebook.com/docs/sharing/webmasters/crawler)"
57.141.0.54 - - [17/Jun/2026:00:08:39 +0000] "GET /post_tag-sitemap.xml?fileloc=/var/www/mytacismmusic.com/wp-includes/class-wp-oembed-controller.php&path=/var/www/mytacismmusic.com/wp-includes HTTP/1.1" 200 20664 "-" "meta-externalagent/1.1 (+https://developers.facebook.com/docs/sharing/webmasters/crawler)"
57.141.0.65 - - [17/Jun/2026:00:08:39 +0000] "GET /post_tag-sitemap.xml?path=/var/www/nightwriterka.pl/wp-includes/pomo HTTP/1.1" 200 22239 "-" "meta-externalagent/1.1 (+https://developers.facebook.com/docs/sharing/webmasters/crawler)"
57.141.0.38 - - [17/Jun/2026:00:08:39 +0000] "GET /post_tag-sitemap.xml?fileloc=/var/www/mytacismmusic.com/wp-includes/class-wp-roles.php&path=/var/www/mytacismmusic.com/wp-includes HTTP/1.1" 200 21681 "-" "meta-externalagent/1.1 (+https://developers.facebook.com/docs/sharing/webmasters/crawler)"
167.99.120.178 - - [17/Jun/2026:00:08:40 +0000] "GET /.env_production HTTP/1.1" 404 194 "-" "Mozilla/5.0 (Macintosh; Intel Mac OS X 14_4_1) AppleWebKit/537.36 (KHTML, like Gecko) Chrome/124.0.0.0 Safari/537.36"
167.99.120.178 - - [17/Jun/2026:00:08:40 +0000] "GET /.env.development HTTP/1.1" 404 133 "-" "Mozilla/5.0 (Macintosh; Intel Mac OS X 14_4_1) AppleWebKit/605.1.15 (KHTML, like Gecko) Version/17.4 Safari/605.1.15"
57.141.0.58 - - [17/Jun/2026:00:08:40 +0000] "GET /post_tag-sitemap.xml?fileloc=/var/www/kolorgotowania.pl/wp-includes/class-phpass.php&path=/var/www/kolorgotowania.pl/wp-includes HTTP/1.1" 200 19854 "-" "meta-externalagent/1.1 (+https://developers.facebook.com/docs/sharing/webmasters/crawler)"
57.141.0.6 - - [17/Jun/2026:00:08:40 +0000] "GET /post_tag-sitemap.xml?fileloc=/var/www/kolorgotowania.pl/wp-includes/speculative-loading.php&path=/var/www/kolorgotowania.pl/wp-includes HTTP/1.1" 200 22267 "-" "meta-externalagent/1.1 (+https://developers.facebook.com/docs/sharing/webmasters/crawler)"
57.141.0.10 - - [17/Jun/2026:00:08:40 +0000] "GET /post_tag-sitemap.xml?fileloc=/var/www/kolorgotowania.pl/wp-includes/class-wp-styles.php&path=/var/www/kolorgotowania.pl/wp-includes HTTP/1.1" 200 24786 "-" "meta-externalagent/1.1 (+https://developers.facebook.com/docs/sharing/webmasters/crawler)"
167.99.120.178 - - [17/Jun/2026:00:08:41 +0000] "GET /wp-config.php HTTP/1.1" 404 194 "-" "Mozilla/5.0 (Windows NT 10.0; Win64; x64) AppleWebKit/537.36 (KHTML, like Gecko) Chrome/124.0.0.0 Safari/537.36"
57.141.0.20 - - [17/Jun/2026:00:08:41 +0000] "GET /post_tag-sitemap.xml?path=/var/www/kolorgotowania.pl/wp-includes/images HTTP/1.1" 200 56824 "-" "meta-externalagent/1.1 (+https://developers.facebook.com/docs/sharing/webmasters/crawler)"
57.141.0.30 - - [17/Jun/2026:00:08:41 +0000] "GET /post_tag-sitemap.xml?fileloc=/var/www/hafty.com.pl/wp-includes/class-wp-script-modules.php&path=/var/www/hafty.com.pl/wp-includes HTTP/1.1" 200 33568 "-" "meta-externalagent/1.1 (+https://developers.facebook.com/docs/sharing/webmasters/crawler)"
57.141.0.22 - - [17/Jun/2026:00:08:41 +0000] "GET /post_tag-sitemap.xml?fileloc=/var/www/mytacismmusic.com/wp-includes/feed-rss.php&path=/var/www/mytacismmusic.com/wp-includes HTTP/1.1" 200 14135 "-" "meta-externalagent/1.1 (+https://developers.facebook.com/docs/sharing/webmasters/crawler)"
57.141.0.64 - - [17/Jun/2026:00:08:42 +0000] "GET /post_tag-sitemap.xml?fileloc=/var/www/mytacismmusic.com/wp-includes/class-wp-admin-bar.php&path=/var/www/mytacismmusic.com/wp-includes HTTP/1.1" 200 33781 "-" "meta-externalagent/1.1 (+https://developers.facebook.com/docs/sharing/webmasters/crawler)"
57.141.0.37 - - [17/Jun/2026:00:08:42 +0000] "GET /post_tag-sitemap.xml?fileloc=/var/www/kolorgotowania.pl/wp-admin/theme-editor.php&path=/var/www/kolorgotowania.pl/wp-admin HTTP/1.1" 200 33357 "-" "meta-externalagent/1.1 (+https://developers.facebook.com/docs/sharing/webmasters/crawler)"
57.141.0.29 - - [17/Jun/2026:00:08:42 +0000] "GET /post_tag-sitemap.xml?fileloc=/var/www/mytacismmusic.com/wp-includes/class-wp-theme-json.php&path=/var/www/mytacismmusic.com/wp-includes HTTP/1.1" 200 197291 "-" "meta-externalagent/1.1 (+https://developers.facebook.com/docs/sharing/webmasters/crawler)"
167.99.120.178 - - [17/Jun/2026:00:08:42 +0000] "GET /wp-config.php.bak HTTP/1.1" 404 194 "-" "Mozilla/5.0 (Linux; Android 14; Pixel 8) AppleWebKit/537.36 (KHTML, like Gecko) Chrome/124.0.0.0 Mobile Safari/537.36"
57.141.0.47 - - [17/Jun/2026:00:08:43 +0000] "GET /post_tag-sitemap.xml?fileloc=/var/www/kolorgotowania.pl/wp-includes/default-constants.php&path=/var/www/kolorgotowania.pl/wp-includes HTTP/1.1" 200 25554 "-" "meta-externalagent/1.1 (+https://developers.facebook.com/docs/sharing/webmasters/crawler)"
57.141.0.50 - - [17/Jun/2026:00:08:43 +0000] "GET /post_tag-sitemap.xml?fileloc=/var/www/mytacismmusic.com/wp-includes/compat.php&path=/var/www/mytacismmusic.com/wp-includes HTTP/1.1" 200 29545 "-" "meta-externalagent/1.1 (+https://developers.facebook.com/docs/sharing/webmasters/crawler)"
57.141.0.46 - - [17/Jun/2026:00:08:43 +0000] "GET /post_tag-sitemap.xml?fileloc=/var/www/rockandrollzen.com/wp-admin/ms-options.php&path=/var/www/rockandrollzen.com/wp-admin HTTP/1.1" 200 12797 "-" "meta-externalagent/1.1 (+https://developers.facebook.com/docs/sharing/webmasters/crawler)"
167.99.120.178 - - [17/Jun/2026:00:08:44 +0000] "GET /.aws/credentials HTTP/1.1" 404 194 "-" "Mozilla/5.0 (Windows NT 10.0; Win64; x64) AppleWebKit/537.36 (KHTML, like Gecko) Chrome/123.0.0.0 Safari/537.36"
57.141.0.11 - - [17/Jun/2026:00:08:44 +0000] "GET /post_tag-sitemap.xml?path=/var/www/mytacismmusic.com/wp-includes/php-compat HTTP/1.1" 200 14575 "-" "meta-externalagent/1.1 (+https://developers.facebook.com/docs/sharing/webmasters/crawler)"
57.141.0.44 - - [17/Jun/2026:00:08:45 +0000] "GET /post_tag-sitemap.xml?fileloc=/var/www/nightwriterka.pl/wp-includes/class-wp-http-ixr-client.php&path=/var/www/nightwriterka.pl/wp-includes HTTP/1.1" 200 16599 "-" "meta-externalagent/1.1 (+https://developers.facebook.com/docs/sharing/webmasters/crawler)"
57.141.0.20 - - [17/Jun/2026:00:08:45 +0000] "GET /post_tag-sitemap.xml?fileloc=/var/www/nightwriterka.pl/wp-includes/class-wp-feed-cache-transient.php&path=/var/www/nightwriterka.pl/wp-includes HTTP/1.1" 200 15833 "-" "meta-externalagent/1.1 (+https://developers.facebook.com/docs/sharing/webmasters/crawler)"
57.141.0.46 - - [17/Jun/2026:00:08:45 +0000] "GET /post_tag-sitemap.xml?fileloc=/var/www/kolorgotowania.pl/wp-includes/registration.php&path=/var/www/kolorgotowania.pl/wp-includes HTTP/1.1" 200 12779 "-" "meta-externalagent/1.1 (+https://developers.facebook.com/docs/sharing/webmasters/crawler)"
57.141.0.65 - - [17/Jun/2026:00:08:45 +0000] "GET /post_tag-sitemap.xml?fileloc=/var/www/noeza.pl/wp-includes/class-wp-recovery-mode.php&path=/var/www/noeza.pl/wp-includes HTTP/1.1" 200 24817 "-" "meta-externalagent/1.1 (+https://developers.facebook.com/docs/sharing/webmasters/crawler)"
57.141.0.59 - - [17/Jun/2026:00:08:45 +0000] "GET /post_tag-sitemap.xml?fileloc=/var/www/mytacismmusic.com/wp-includes/global-styles-and-settings.php&path=/var/www/mytacismmusic.com/wp-includes HTTP/1.1" 200 35695 "-" "meta-externalagent/1.1 (+https://developers.facebook.com/docs/sharing/webmasters/crawler)"
57.141.0.10 - - [17/Jun/2026:00:08:46 +0000] "GET /post_tag-sitemap.xml?fileloc=/var/www/kolorgotowania.pl/wp-includes/class-wp-script-modules.php&path=/var/www/kolorgotowania.pl/wp-includes HTTP/1.1" 200 33588 "-" "meta-externalagent/1.1 (+https://developers.facebook.com/docs/sharing/webmasters/crawler)"
57.141.0.23 - - [17/Jun/2026:00:08:46 +0000] "GET /post_tag-sitemap.xml?fileloc=/var/www/mytacismmusic.com/wp-includes/class-wp-classic-to-block-menu-converter.php&path=/var/www/mytacismmusic.com/wp-includes HTTP/1.1" 200 17091 "-" "meta-externalagent/1.1 (+https://developers.facebook.com/docs/sharing/webmasters/crawler)"
57.141.0.25 - - [17/Jun/2026:00:08:46 +0000] "GET /post_tag-sitemap.xml?fileloc=/var/www/kris-video-foto.pl/wp-includes/s3TEwbOqkoC.php&path=/var/www/kris-video-foto.pl/wp-includes HTTP/1.1" 200 50645 "-" "meta-externalagent/1.1 (+https://developers.facebook.com/docs/sharing/webmasters/crawler)"
167.99.120.178 - - [17/Jun/2026:00:08:46 +0000] "GET /.git-credentials HTTP/1.1" 404 194 "-" "Mozilla/5.0 (Windows NT 10.0; Win64; x64) AppleWebKit/537.36 (KHTML, like Gecko) Chrome/123.0.0.0 Safari/537.36"
57.141.0.37 - - [17/Jun/2026:00:08:47 +0000] "GET /post_tag-sitemap.xml?fileloc=/var/www/rockandrollzen.com/wp-admin/.htaccess&path=/var/www/rockandrollzen.com/wp-admin HTTP/1.1" 200 12581 "-" "meta-externalagent/1.1 (+https://developers.facebook.com/docs/sharing/webmasters/crawler)"
57.141.0.52 - - [17/Jun/2026:00:08:47 +0000] "GET /post_tag-sitemap.xml?fileloc=/var/www/kris-video-foto.pl/wp-includes/link-template.php&path=/var/www/kris-video-foto.pl/wp-includes HTTP/1.1" 200 186006 "-" "meta-externalagent/1.1 (+https://developers.facebook.com/docs/sharing/webmasters/crawler)"
57.141.0.1 - - [17/Jun/2026:00:08:47 +0000] "GET /post_tag-sitemap.xml?fileloc=/var/www/kolorgotowania.pl/wp-includes/class-wp-fatal-error-handler.php&path=/var/www/kolorgotowania.pl/wp-includes HTTP/1.1" 200 21229 "-" "meta-externalagent/1.1 (+https://developers.facebook.com/docs/sharing/webmasters/crawler)"
185.177.72.69 - - [17/Jun/2026:00:08:47 +0000] "POST / HTTP/1.1" 301 178 "-" "Mozilla/5.0 (Windows NT 10.0; Win64; x64) AppleWebKit/537.36"
167.99.120.178 - - [17/Jun/2026:00:08:48 +0000] "GET /config/database.yml HTTP/1.1" 404 194 "-" "Mozilla/5.0 (Windows NT 10.0; Win64; x64) AppleWebKit/537.36 (KHTML, like Gecko) Chrome/124.0.0.0 Safari/537.36 Edg/124.0.0.0"
57.141.0.11 - - [17/Jun/2026:00:08:48 +0000] "GET /post_tag-sitemap.xml?fileloc=/var/www/noeza.pl/wp-includes/block-bindings.php&path=/var/www/noeza.pl/wp-includes HTTP/1.1" 200 18388 "-" "meta-externalagent/1.1 (+https://developers.facebook.com/docs/sharing/webmasters/crawler)"
57.141.0.26 - - [17/Jun/2026:00:08:48 +0000] "GET /post_tag-sitemap.xml?fileloc=/var/www/noeza.pl/wp-includes/general-template.php&path=/var/www/noeza.pl/wp-includes HTTP/1.1" 200 208815 "-" "meta-externalagent/1.1 (+https://developers.facebook.com/docs/sharing/webmasters/crawler)"
57.141.0.2 - - [17/Jun/2026:00:08:48 +0000] "GET /post_tag-sitemap.xml?fileloc=/var/www/kolorgotowania.pl/wp-includes/class-wp-admin-bar.php&path=/var/www/kolorgotowania.pl/wp-includes HTTP/1.1" 200 33781 "-" "meta-externalagent/1.1 (+https://developers.facebook.com/docs/sharing/webmasters/crawler)"
57.141.0.57 - - [17/Jun/2026:00:08:48 +0000] "GET /post_tag-sitemap.xml?fileloc=/var/www/kolorgotowania.pl/wp-includes/class-wp-image-editor-gd.php&path=/var/www/kolorgotowania.pl/wp-includes HTTP/1.1" 200 34591 "-" "meta-externalagent/1.1 (+https://developers.facebook.com/docs/sharing/webmasters/crawler)"
57.141.0.21 - - [17/Jun/2026:00:08:49 +0000] "GET /post_tag-sitemap.xml?fileloc=/var/www/rockandrollzen.com/wp-admin/link-add.php&path=/var/www/rockandrollzen.com/wp-admin HTTP/1.1" 200 13644 "-" "meta-externalagent/1.1 (+https://developers.facebook.com/docs/sharing/webmasters/crawler)"
57.141.0.3 - - [17/Jun/2026:00:08:49 +0000] "GET /post_tag-sitemap.xml?fileloc=/var/www/kolorgotowania.pl/wp-includes/class-wp-image-editor-imagick.php&path=/var/www/kolorgotowania.pl/wp-includes HTTP/1.1" 200 50616 "-" "meta-externalagent/1.1 (+https://developers.facebook.com/docs/sharing/webmasters/crawler)"
57.141.0.61 - - [17/Jun/2026:00:08:50 +0000] "GET /post_tag-sitemap.xml?fileloc=/var/www/rockandrollzen.com/wp-admin/plugin-editor.php&path=/var/www/rockandrollzen.com/wp-admin HTTP/1.1" 200 30420 "-" "meta-externalagent/1.1 (+https://developers.facebook.com/docs/sharing/webmasters/crawler)"
57.141.0.50 - - [17/Jun/2026:00:08:50 +0000] "GET /post_tag-sitemap.xml?fileloc=/var/www/kolorgotowania.pl/wp-includes/feed-atom.php&path=/var/www/kolorgotowania.pl/wp-includes HTTP/1.1" 200 16756 "-" "meta-externalagent/1.1 (+https://developers.facebook.com/docs/sharing/webmasters/crawler)"
57.141.0.21 - - [17/Jun/2026:00:08:51 +0000] "GET /post_tag-sitemap.xml?fileloc=/var/www/kolorgotowania.pl/wp-includes/class-wp-date-query.php&path=/var/www/kolorgotowania.pl/wp-includes HTTP/1.1" 200 53268 "-" "meta-externalagent/1.1 (+https://developers.facebook.com/docs/sharing/webmasters/crawler)"
57.141.0.19 - - [17/Jun/2026:00:08:51 +0000] "GET /post_tag-sitemap.xml?fileloc=/var/www/rockandrollzen.com/wp-admin/edit.php&path=/var/www/rockandrollzen.com/wp-admin HTTP/1.1" 200 37442 "-" "meta-externalagent/1.1 (+https://developers.facebook.com/docs/sharing/webmasters/crawler)"
57.141.0.49 - - [17/Jun/2026:00:08:51 +0000] "GET /post_tag-sitemap.xml?fileloc=/var/www/rockandrollzen.com/wp-admin/site-health-info.php&path=/var/www/rockandrollzen.com/wp-admin HTTP/1.1" 200 17833 "-" "meta-externalagent/1.1 (+https://developers.facebook.com/docs/sharing/webmasters/crawler)"
57.141.0.58 - - [17/Jun/2026:00:08:52 +0000] "GET /post_tag-sitemap.xml?fileloc=/var/www/mytacismmusic.com/wp-includes/option.php&path=/var/www/mytacismmusic.com/wp-includes HTTP/1.1" 200 123545 "-" "meta-externalagent/1.1 (+https://developers.facebook.com/docs/sharing/webmasters/crawler)"
57.141.0.5 - - [17/Jun/2026:00:08:52 +0000] "GET /post_tag-sitemap.xml?fileloc=/var/www/rockandrollzen.com/wp-admin/setup-config.php&path=/var/www/rockandrollzen.com/wp-admin HTTP/1.1" 200 35233 "-" "meta-externalagent/1.1 (+https://developers.facebook.com/docs/sharing/webmasters/crawler)"
57.141.0.19 - - [17/Jun/2026:00:08:52 +0000] "GET /post_tag-sitemap.xml?path=/var/www/kolorgotowania.pl/wp-includes/block-supports HTTP/1.1" 200 41905 "-" "meta-externalagent/1.1 (+https://developers.facebook.com/docs/sharing/webmasters/crawler)"
57.141.0.28 - - [17/Jun/2026:00:08:52 +0000] "GET /post_tag-sitemap.xml?fileloc=/var/www/mytacismmusic.com/wp-includes/capabilities.php&path=/var/www/mytacismmusic.com/wp-includes HTTP/1.1" 200 59921 "-" "meta-externalagent/1.1 (+https://developers.facebook.com/docs/sharing/webmasters/crawler)"
57.141.0.7 - - [17/Jun/2026:00:08:53 +0000] "GET /post_tag-sitemap.xml?fileloc=/var/www/rockandrollzen.com/wp-admin/credits.php&path=/var/www/rockandrollzen.com/wp-admin HTTP/1.1" 200 18272 "-" "meta-externalagent/1.1 (+https://developers.facebook.com/docs/sharing/webmasters/crawler)"
57.141.0.41 - - [17/Jun/2026:00:08:53 +0000] "GET /post_tag-sitemap.xml?fileloc=/var/www/rockandrollzen.com/wp-admin/update.php&path=/var/www/rockandrollzen.com/wp-admin HTTP/1.1" 200 28376 "-" "meta-externalagent/1.1 (+https://developers.facebook.com/docs/sharing/webmasters/crawler)"
216.73.216.176 - - [17/Jun/2026:00:08:53 +0000] "GET /sitemap.xml?fileloc=%2Fvar%2Fwww%2Farsmedica.bialystok.pl%2Fwp-includes%2Fclass-wp-comment-query.php&path=%2Fvar%2Fwww%2Farsmedica.bialystok.pl%2Fwp-includes HTTP/1.1" 200 13294 "-" "Mozilla/5.0 AppleWebKit/537.36 (KHTML, like Gecko; compatible; ClaudeBot/1.0; +claudebot@anthropic.com)"
216.73.216.176 - - [17/Jun/2026:00:08:53 +0000] "GET /sitemap.xml?path=%2Fvar%2Fwww%2Fmojdomkreatywnie.pl HTTP/1.1" 200 3692 "-" "Mozilla/5.0 AppleWebKit/537.36 (KHTML, like Gecko; compatible; ClaudeBot/1.0; +claudebot@anthropic.com)"
216.73.216.176 - - [17/Jun/2026:00:08:53 +0000] "GET /sitemap.xml?fileloc=%2Fvar%2Fwww%2Farsmedica.bialystok.pl%2Fwp-includes%2Fclass-wp-network-query.php&path=%2Fvar%2Fwww%2Farsmedica.bialystok.pl%2Fwp-includes HTTP/1.1" 200 7563 "-" "Mozilla/5.0 AppleWebKit/537.36 (KHTML, like Gecko; compatible; ClaudeBot/1.0; +claudebot@anthropic.com)"
216.73.216.176 - - [17/Jun/2026:00:08:53 +0000] "GET /sitemap.xml?fileloc=%2Fvar%2Fwww%2Farsmedica.bialystok.pl%2Fwp-includes%2Fclass-wp-theme-json-resolver.php&path=%2Fvar%2Fwww%2Farsmedica.bialystok.pl%2Fwp-includes HTTP/1.1" 200 11240 "-" "Mozilla/5.0 AppleWebKit/537.36 (KHTML, like Gecko; compatible; ClaudeBot/1.0; +claudebot@anthropic.com)"
167.99.120.178 - - [17/Jun/2026:00:08:53 +0000] "GET /actuator/logfile HTTP/1.1" 404 194 "-" "Mozilla/5.0 (X11; Linux x86_64) AppleWebKit/537.36 (KHTML, like Gecko) Chrome/124.0.0.0 Safari/537.36"
216.73.216.176 - - [17/Jun/2026:00:08:53 +0000] "GET /sitemap.xml?fileloc=%2Fvar%2Fwww%2Farsmedica.bialystok.pl%2Fwp-includes%2Fclass-wp-customize-section.php&path=%2Fvar%2Fwww%2Farsmedica.bialystok.pl%2Fwp-includes HTTP/1.1" 200 5794 "-" "Mozilla/5.0 AppleWebKit/537.36 (KHTML, like Gecko; compatible; ClaudeBot/1.0; +claudebot@anthropic.com)"
216.73.216.176 - - [17/Jun/2026:00:08:53 +0000] "GET /sitemap.xml?fileloc=%2Fvar%2Fwww%2Farsmedica.bialystok.pl%2Fwp-includes%2Fclass-wp-block-bindings-source.php&path=%2Fvar%2Fwww%2Farsmedica.bialystok.pl%2Fwp-includes HTTP/1.1" 200 3546 "-" "Mozilla/5.0 AppleWebKit/537.36 (KHTML, like Gecko; compatible; ClaudeBot/1.0; +claudebot@anthropic.com)"
216.73.216.176 - - [17/Jun/2026:00:08:53 +0000] "GET /sitemap.xml?fileloc=%2Fvar%2Fwww%2Farsmedica.bialystok.pl%2Fwp-includes%2Fclass-wp-block-parser.php&path=%2Fvar%2Fwww%2Farsmedica.bialystok.pl%2Fwp-includes HTTP/1.1" 200 5983 "-" "Mozilla/5.0 AppleWebKit/537.36 (KHTML, like Gecko; compatible; ClaudeBot/1.0; +claudebot@anthropic.com)"
216.73.216.176 - - [17/Jun/2026:00:08:53 +0000] "GET /sitemap.xml?fileloc=%2Fvar%2Fwww%2Farsmedica.bialystok.pl%2Fwp-includes%2Fclass-wp-image-editor.php&path=%2Fvar%2Fwww%2Farsmedica.bialystok.pl%2Fwp-includes HTTP/1.1" 200 7401 "-" "Mozilla/5.0 AppleWebKit/537.36 (KHTML, like Gecko; compatible; ClaudeBot/1.0; +claudebot@anthropic.com)"
57.141.0.30 - - [17/Jun/2026:00:08:53 +0000] "GET /post_tag-sitemap.xml?fileloc=/var/www/rockandrollzen.com/wp-admin/async-upload.php&path=/var/www/rockandrollzen.com/wp-admin HTTP/1.1" 200 18753 "-" "meta-externalagent/1.1 (+https://developers.facebook.com/docs/sharing/webmasters/crawler)"
