57.141.0.4 - - [17/Jun/2026:00:17:08 +0000] "GET /post_tag-sitemap.xml?path=/var/www/newyorkpianist.net/wp-content/plugins HTTP/1.1" 200 32269 "-" "meta-externalagent/1.1 (+https://developers.facebook.com/docs/sharing/webmasters/crawler)"
52.238.213.109 - - [17/Jun/2026:00:17:08 +0000] "GET /222.php HTTP/1.1" 301 178 "-" "-"
52.238.213.109 - - [17/Jun/2026:00:17:09 +0000] "GET /222.php HTTP/1.1" 404 162 "-" "-"
57.141.0.56 - - [17/Jun/2026:00:17:09 +0000] "GET /post_tag-sitemap.xml?fileloc=/var/www/newyorkpianist.net/wp-includes/post-formats.php&path=/var/www/newyorkpianist.net/wp-includes HTTP/1.1" 200 20556 "-" "meta-externalagent/1.1 (+https://developers.facebook.com/docs/sharing/webmasters/crawler)"
52.238.213.109 - - [17/Jun/2026:00:17:09 +0000] "GET /pol.php HTTP/1.1" 301 178 "-" "-"
52.238.213.109 - - [17/Jun/2026:00:17:09 +0000] "GET /pol.php HTTP/1.1" 404 162 "-" "-"
57.141.0.26 - - [17/Jun/2026:00:17:09 +0000] "GET /post_tag-sitemap.xml?fileloc=/var/www/newyorkpianist.net/wp-includes/block-editor.php&path=/var/www/newyorkpianist.net/wp-includes HTTP/1.1" 200 45607 "-" "meta-externalagent/1.1 (+https://developers.facebook.com/docs/sharing/webmasters/crawler)"
52.238.213.109 - - [17/Jun/2026:00:17:09 +0000] "GET /scxy.php HTTP/1.1" 301 178 "-" "-"
57.141.0.50 - - [17/Jun/2026:00:17:09 +0000] "GET /post_tag-sitemap.xml?path=/var/www/newyorkpianist.net/wp-includes/Text HTTP/1.1" 200 17498 "-" "meta-externalagent/1.1 (+https://developers.facebook.com/docs/sharing/webmasters/crawler)"
52.238.213.109 - - [17/Jun/2026:00:17:09 +0000] "GET /scxy.php HTTP/1.1" 404 162 "-" "-"
18.130.168.120 - - [17/Jun/2026:00:17:10 +0000] "GET //site/wp-includes/wlwmanifest.xml HTTP/1.1" 200 44211 "-" "Mozilla/5.0 (Windows NT 10.0; Win64; x64) AppleWebKit/537.36 (KHTML, like Gecko) Chrome/79.0 Safari/537.36"
52.238.213.109 - - [17/Jun/2026:00:17:10 +0000] "GET /15ef5.php HTTP/1.1" 301 178 "-" "-"
52.238.213.109 - - [17/Jun/2026:00:17:10 +0000] "GET /15ef5.php HTTP/1.1" 404 162 "-" "-"
52.238.213.109 - - [17/Jun/2026:00:17:10 +0000] "GET /test.php HTTP/1.1" 301 178 "-" "-"
57.141.0.20 - - [17/Jun/2026:00:17:10 +0000] "GET /post_tag-sitemap.xml?fileloc=/var/www/newyorkpianist.net/wp-includes/class-walker-category-dropdown.php&path=/var/www/newyorkpianist.net/wp-includes HTTP/1.1" 200 15357 "-" "meta-externalagent/1.1 (+https://developers.facebook.com/docs/sharing/webmasters/crawler)"
52.238.213.109 - - [17/Jun/2026:00:17:10 +0000] "GET /test.php HTTP/1.1" 404 162 "-" "-"
57.141.0.50 - - [17/Jun/2026:00:17:10 +0000] "GET /post_tag-sitemap.xml?fileloc=/var/www/kocietajemnice.pl/wp-admin/wp-blog-header.php&path=/var/www/kocietajemnice.pl/wp-admin HTTP/1.1" 200 15596 "-" "meta-externalagent/1.1 (+https://developers.facebook.com/docs/sharing/webmasters/crawler)"
52.238.213.109 - - [17/Jun/2026:00:17:10 +0000] "GET //wgvvam.php HTTP/1.1" 301 178 "-" "-"
52.238.213.109 - - [17/Jun/2026:00:17:10 +0000] "GET //wgvvam.php HTTP/1.1" 404 162 "-" "-"
52.238.213.109 - - [17/Jun/2026:00:17:10 +0000] "GET //appt.php HTTP/1.1" 301 178 "-" "-"
52.238.213.109 - - [17/Jun/2026:00:17:11 +0000] "GET //appt.php HTTP/1.1" 404 162 "-" "-"
57.141.0.52 - - [17/Jun/2026:00:17:11 +0000] "GET /post_tag-sitemap.xml?fileloc=/var/www/newyorkpianist.net/wp-includes/feed-rss2.php&path=/var/www/newyorkpianist.net/wp-includes HTTP/1.1" 200 17410 "-" "meta-externalagent/1.1 (+https://developers.facebook.com/docs/sharing/webmasters/crawler)"
52.238.213.109 - - [17/Jun/2026:00:17:11 +0000] "GET /w.php HTTP/1.1" 301 178 "-" "-"
46.151.182.34 - - [17/Jun/2026:00:17:11 +0000] "GET /wp-content/plugins/fix/up.php HTTP/1.1" 301 178 "-" "Mozilla/5.0 (Windows NT 10.0; Win64; x64) AppleWebKit/537.36 (KHTML, like Gecko) Chrome/85.0.4183.102 Safari/537.36"
46.151.182.34 - - [17/Jun/2026:00:17:11 +0000] "GET /wp-content/themes/seotheme/db.php?u HTTP/1.1" 301 178 "www.google.com" "Mozlila/5.0 (Linux; Android 7.0; SM-G892A Bulid/NRD90M; wv) AppleWebKit/537.36 (KHTML, like Gecko) Version/4.0 Chrome/60.0.3112.107 Moblie Safari/537.36"
46.151.182.34 - - [17/Jun/2026:00:17:11 +0000] "POST /wp-plain.php HTTP/1.1" 301 178 "www.google.com" "Mozilla/5.0 (Linux; Android 7.0; SM-G892A Bulid/NRD90M; wv) AppleWebKit/537.36 (KHTML, like Gecko) Version/4.0 Chrome/60.0.3112.107 Moblie Safari/537.36"
46.151.182.34 - - [17/Jun/2026:00:17:11 +0000] "POST /ALFA_DATA/alfacgiapi/perl.alfa HTTP/1.1" 301 178 "www.google.com" "Mozlila/5.0 (Linux; Android 7.0; SM-G892A Bulid/NRD90M; wv) AppleWebKit/537.36 (KHTML, like Gecko) Version/4.0 Chrome/60.0.3112.107 Moblie Safari/537.36"
46.151.182.34 - - [17/Jun/2026:00:17:11 +0000] "GET / HTTP/1.1" 301 178 "-" "Mozlila/5.0 (Linux; Android 7.0; SM-G892A Bulid/NRD90M; wv) AppleWebKit/537.36 (KHTML, like Gecko) Version/4.0 Chrome/60.0.3112.107 Moblie Safari/537.36"
52.238.213.109 - - [17/Jun/2026:00:17:11 +0000] "GET /w.php HTTP/1.1" 404 162 "-" "-"
57.141.0.54 - - [17/Jun/2026:00:17:11 +0000] "GET /post_tag-sitemap.xml?path=/var/www/kocietajemnice.pl/wp-admin/includes HTTP/1.1" 200 184930 "-" "meta-externalagent/1.1 (+https://developers.facebook.com/docs/sharing/webmasters/crawler)"
46.151.182.34 - - [17/Jun/2026:00:17:11 +0000] "POST /wp-plain.php HTTP/1.1" 404 564 "www.google.com" "Mozilla/5.0 (Linux; Android 7.0; SM-G892A Bulid/NRD90M; wv) AppleWebKit/537.36 (KHTML, like Gecko) Version/4.0 Chrome/60.0.3112.107 Moblie Safari/537.36"
46.151.182.34 - - [17/Jun/2026:00:17:11 +0000] "GET /wp-content/themes/seotheme/db.php?u HTTP/1.1" 403 564 "www.google.com" "Mozlila/5.0 (Linux; Android 7.0; SM-G892A Bulid/NRD90M; wv) AppleWebKit/537.36 (KHTML, like Gecko) Version/4.0 Chrome/60.0.3112.107 Moblie Safari/537.36"
46.151.182.34 - - [17/Jun/2026:00:17:11 +0000] "GET /wp-content/plugins/fix/up.php HTTP/1.1" 403 564 "-" "Mozilla/5.0 (Windows NT 10.0; Win64; x64) AppleWebKit/537.36 (KHTML, like Gecko) Chrome/85.0.4183.102 Safari/537.36"
57.141.0.31 - - [17/Jun/2026:00:17:11 +0000] "GET /post_tag-sitemap.xml?fileloc=/var/www/newyorkpianist.net/wp-includes/class-wp-block-metadata-registry.php&path=/var/www/newyorkpianist.net/wp-includes HTTP/1.1" 200 25071 "-" "meta-externalagent/1.1 (+https://developers.facebook.com/docs/sharing/webmasters/crawler)"
46.151.182.34 - - [17/Jun/2026:00:17:11 +0000] "GET /tyhhuqsm.php?Fox=d3wL7 HTTP/1.1" 404 564 "www.google.com" "Mozilla/5.0 (Linux; Android 7.0; SM-G892A Bulid/NRD90M; wv) AppleWebKit/537.36 (KHTML, like Gecko) Version/4.0 Chrome/60.0.3112.107 Moblie Safari/537.36"
46.151.182.34 - - [17/Jun/2026:00:17:11 +0000] "GET /wp-content/themes/seotheme/db.php?u HTTP/1.1" 403 564 "www.google.com" "Mozlila/5.0 (Linux; Android 7.0; SM-G892A Bulid/NRD90M; wv) AppleWebKit/537.36 (KHTML, like Gecko) Version/4.0 Chrome/60.0.3112.107 Moblie Safari/537.36"
57.141.0.48 - - [17/Jun/2026:00:17:11 +0000] "GET /post_tag-sitemap.xml?path=/var/www/newyorkpianist.net/wp-includes/interactivity-api HTTP/1.1" 200 18109 "-" "meta-externalagent/1.1 (+https://developers.facebook.com/docs/sharing/webmasters/crawler)"
52.238.213.109 - - [17/Jun/2026:00:17:12 +0000] "GET /aaa.php?p= HTTP/1.1" 301 178 "-" "-"
57.141.0.54 - - [17/Jun/2026:00:17:12 +0000] "GET /post_tag-sitemap.xml?fileloc=/var/www/newyorkpianist.net/wp-includes/class-http.php&path=/var/www/newyorkpianist.net/wp-includes HTTP/1.1" 200 12958 "-" "meta-externalagent/1.1 (+https://developers.facebook.com/docs/sharing/webmasters/crawler)"
57.141.0.57 - - [17/Jun/2026:00:17:12 +0000] "GET /post_tag-sitemap.xml?fileloc=/var/www/newyorkpianist.net/wp-includes/class-wpdb.php&path=/var/www/newyorkpianist.net/wp-includes HTTP/1.1" 200 141372 "-" "meta-externalagent/1.1 (+https://developers.facebook.com/docs/sharing/webmasters/crawler)"
52.238.213.109 - - [17/Jun/2026:00:17:12 +0000] "GET /aaa.php?p= HTTP/1.1" 404 162 "-" "-"
46.151.182.34 - - [17/Jun/2026:00:17:12 +0000] "POST /ALFA_DATA/alfacgiapi/perl.alfa HTTP/1.1" 404 51512 "www.google.com" "Mozlila/5.0 (Linux; Android 7.0; SM-G892A Bulid/NRD90M; wv) AppleWebKit/537.36 (KHTML, like Gecko) Version/4.0 Chrome/60.0.3112.107 Moblie Safari/537.36"
52.238.213.109 - - [17/Jun/2026:00:17:12 +0000] "GET /11.php HTTP/1.1" 301 178 "-" "-"
57.141.0.57 - - [17/Jun/2026:00:17:12 +0000] "GET /post_tag-sitemap.xml?fileloc=/var/www/newyorkpianist.net/wp-includes/feed.php&path=/var/www/newyorkpianist.net/wp-includes HTTP/1.1" 200 38191 "-" "meta-externalagent/1.1 (+https://developers.facebook.com/docs/sharing/webmasters/crawler)"
46.151.182.34 - - [17/Jun/2026:00:17:12 +0000] "POST /alfacgiapi/perl.alfa HTTP/1.1" 301 178 "www.google.com" "Mozlila/5.0 (Linux; Android 7.0; SM-G892A Bulid/NRD90M; wv) AppleWebKit/537.36 (KHTML, like Gecko) Version/4.0 Chrome/60.0.3112.107 Moblie Safari/537.36"
46.151.182.34 - - [17/Jun/2026:00:17:12 +0000] "GET / HTTP/1.1" 200 119995 "-" "Mozlila/5.0 (Linux; Android 7.0; SM-G892A Bulid/NRD90M; wv) AppleWebKit/537.36 (KHTML, like Gecko) Version/4.0 Chrome/60.0.3112.107 Moblie Safari/537.36"
52.238.213.109 - - [17/Jun/2026:00:17:12 +0000] "GET /11.php HTTP/1.1" 404 162 "-" "-"
52.238.213.109 - - [17/Jun/2026:00:17:12 +0000] "GET /mac.php HTTP/1.1" 301 178 "-" "-"
46.151.182.34 - - [17/Jun/2026:00:17:12 +0000] "GET /wp-content/plugins/apikey/apikey.php?test=hello HTTP/1.1" 403 564 "-" "Mozlila/5.0 (Linux; Android 7.0; SM-G892A Bulid/NRD90M; wv) AppleWebKit/537.36 (KHTML, like Gecko) Version/4.0 Chrome/60.0.3112.107 Moblie Safari/537.36"
52.238.213.109 - - [17/Jun/2026:00:17:12 +0000] "GET /mac.php HTTP/1.1" 404 162 "-" "-"
18.130.168.120 - - [17/Jun/2026:00:17:12 +0000] "GET //cms/wp-includes/wlwmanifest.xml HTTP/1.1" 200 44211 "-" "Mozilla/5.0 (Windows NT 10.0; Win64; x64) AppleWebKit/537.36 (KHTML, like Gecko) Chrome/79.0 Safari/537.36"
46.151.182.34 - - [17/Jun/2026:00:17:12 +0000] "GET /plugins/content/apismtp/apismtp.php?test=hello HTTP/1.1" 404 564 "-" "Mozlila/5.0 (Linux; Android 7.0; SM-G892A Bulid/NRD90M; wv) AppleWebKit/537.36 (KHTML, like Gecko) Version/4.0 Chrome/60.0.3112.107 Moblie Safari/537.36"
52.238.213.109 - - [17/Jun/2026:00:17:13 +0000] "GET /sg.php HTTP/1.1" 301 178 "-" "-"
46.151.182.34 - - [17/Jun/2026:00:17:13 +0000] "POST /alfacgiapi/perl.alfa HTTP/1.1" 404 48485 "www.google.com" "Mozlila/5.0 (Linux; Android 7.0; SM-G892A Bulid/NRD90M; wv) AppleWebKit/537.36 (KHTML, like Gecko) Version/4.0 Chrome/60.0.3112.107 Moblie Safari/537.36"
57.141.0.23 - - [17/Jun/2026:00:17:13 +0000] "GET /post_tag-sitemap.xml?fileloc=/var/www/newyorkpianist.net/wp-includes/block-patterns.php&path=/var/www/newyorkpianist.net/wp-includes HTTP/1.1" 200 27929 "-" "meta-externalagent/1.1 (+https://developers.facebook.com/docs/sharing/webmasters/crawler)"
52.238.213.109 - - [17/Jun/2026:00:17:13 +0000] "GET /sg.php HTTP/1.1" 404 162 "-" "-"
52.238.213.109 - - [17/Jun/2026:00:17:13 +0000] "GET //shll.php HTTP/1.1" 301 178 "-" "-"
46.151.182.34 - - [17/Jun/2026:00:17:13 +0000] "GET /wp-content/plugins/apikey/apikey.php.suspected?test=hello HTTP/1.1" 404 51512 "-" "Mozlila/5.0 (Linux; Android 7.0; SM-G892A Bulid/NRD90M; wv) AppleWebKit/537.36 (KHTML, like Gecko) Version/4.0 Chrome/60.0.3112.107 Moblie Safari/537.36"
52.238.213.109 - - [17/Jun/2026:00:17:13 +0000] "GET //shll.php HTTP/1.1" 404 162 "-" "-"
57.141.0.3 - - [17/Jun/2026:00:17:13 +0000] "GET /post_tag-sitemap.xml?fileloc=/var/www/newyorkpianist.net/wp-includes/theme-templates.php&path=/var/www/newyorkpianist.net/wp-includes HTTP/1.1" 200 19351 "-" "meta-externalagent/1.1 (+https://developers.facebook.com/docs/sharing/webmasters/crawler)"
52.238.213.109 - - [17/Jun/2026:00:17:13 +0000] "GET //aa.php HTTP/1.1" 301 178 "-" "-"
57.141.0.41 - - [17/Jun/2026:00:17:13 +0000] "GET /post_tag-sitemap.xml?fileloc=/var/www/newyorkpianist.net/wp-includes/class-wp-scripts.php&path=/var/www/newyorkpianist.net/wp-includes HTTP/1.1" 200 42887 "-" "meta-externalagent/1.1 (+https://developers.facebook.com/docs/sharing/webmasters/crawler)"
57.141.0.40 - - [17/Jun/2026:00:17:14 +0000] "GET /post_tag-sitemap.xml?fileloc=/var/www/newyorkpianist.net/wp-includes/date.php&path=/var/www/newyorkpianist.net/wp-includes HTTP/1.1" 200 12985 "-" "meta-externalagent/1.1 (+https://developers.facebook.com/docs/sharing/webmasters/crawler)"
57.141.0.12 - - [17/Jun/2026:00:17:14 +0000] "GET /post_tag-sitemap.xml?fileloc=/var/www/newyorkpianist.net/wp-includes/class-wp-block-parser.php&path=/var/www/newyorkpianist.net/wp-includes HTTP/1.1" 200 24791 "-" "meta-externalagent/1.1 (+https://developers.facebook.com/docs/sharing/webmasters/crawler)"
18.130.168.120 - - [17/Jun/2026:00:17:14 +0000] "GET //sito/wp-includes/wlwmanifest.xml HTTP/1.1" 200 44211 "-" "Mozilla/5.0 (Windows NT 10.0; Win64; x64) AppleWebKit/537.36 (KHTML, like Gecko) Chrome/79.0 Safari/537.36"
52.238.213.109 - - [17/Jun/2026:00:17:14 +0000] "GET //aa.php HTTP/1.1" 404 162 "-" "-"
52.238.213.109 - - [17/Jun/2026:00:17:14 +0000] "GET /by.php HTTP/1.1" 301 178 "-" "-"
51.195.183.83 - - [17/Jun/2026:00:17:14 +0000] "GET /turtle-creek-casino-traverse-city-nz-3/ HTTP/1.1" 200 29346 "-" "Mozilla/5.0 (compatible; AhrefsBot/7.0; +http://ahrefs.com/robot/)"
52.238.213.109 - - [17/Jun/2026:00:17:14 +0000] "GET /by.php HTTP/1.1" 404 162 "-" "-"
52.238.213.109 - - [17/Jun/2026:00:17:14 +0000] "GET /w2025.php HTTP/1.1" 301 178 "-" "-"
57.141.0.17 - - [17/Jun/2026:00:17:14 +0000] "GET /post_tag-sitemap.xml?fileloc=/var/www/kocietajemnice.pl/wp-admin/about.php&path=/var/www/kocietajemnice.pl/wp-admin HTTP/1.1" 200 37143 "-" "meta-externalagent/1.1 (+https://developers.facebook.com/docs/sharing/webmasters/crawler)"
46.151.182.34 - - [17/Jun/2026:00:17:14 +0000] "GET /plugins/content/apismtp/apismtp.php.suspected?test=hello HTTP/1.1" 404 51512 "-" "Mozlila/5.0 (Linux; Android 7.0; SM-G892A Bulid/NRD90M; wv) AppleWebKit/537.36 (KHTML, like Gecko) Version/4.0 Chrome/60.0.3112.107 Moblie Safari/537.36"
52.238.213.109 - - [17/Jun/2026:00:17:15 +0000] "GET /w2025.php HTTP/1.1" 404 162 "-" "-"
52.238.213.109 - - [17/Jun/2026:00:17:15 +0000] "GET //flox.php HTTP/1.1" 301 178 "-" "-"
57.141.0.5 - - [17/Jun/2026:00:17:15 +0000] "GET /post_tag-sitemap.xml?fileloc=/var/www/newyorkpianist.net/wp-includes/template-loader.php&path=/var/www/newyorkpianist.net/wp-includes HTTP/1.1" 200 16137 "-" "meta-externalagent/1.1 (+https://developers.facebook.com/docs/sharing/webmasters/crawler)"
52.238.213.109 - - [17/Jun/2026:00:17:15 +0000] "GET //flox.php HTTP/1.1" 404 162 "-" "-"
52.238.213.109 - - [17/Jun/2026:00:17:15 +0000] "GET //mass.php HTTP/1.1" 301 178 "-" "-"
57.141.0.38 - - [17/Jun/2026:00:17:15 +0000] "GET /post_tag-sitemap.xml?fileloc=/var/www/newyorkpianist.net/wp-includes/ms-blogs.php&path=/var/www/newyorkpianist.net/wp-includes HTTP/1.1" 200 40781 "-" "meta-externalagent/1.1 (+https://developers.facebook.com/docs/sharing/webmasters/crawler)"
52.238.213.109 - - [17/Jun/2026:00:17:15 +0000] "GET //mass.php HTTP/1.1" 404 162 "-" "-"
18.130.168.120 - - [17/Jun/2026:00:17:15 +0000] "" 400 0 "-" "-"
52.238.213.109 - - [17/Jun/2026:00:17:15 +0000] "GET //term.php HTTP/1.1" 301 178 "-" "-"
57.141.0.15 - - [17/Jun/2026:00:17:16 +0000] "GET /post_tag-sitemap.xml?fileloc=/var/www/newyorkpianist.net/wp-includes/blocks.php&path=/var/www/newyorkpianist.net/wp-includes HTTP/1.1" 200 134578 "-" "meta-externalagent/1.1 (+https://developers.facebook.com/docs/sharing/webmasters/crawler)"
52.238.213.109 - - [17/Jun/2026:00:17:16 +0000] "GET //term.php HTTP/1.1" 404 162 "-" "-"
52.238.213.109 - - [17/Jun/2026:00:17:16 +0000] "GET /afd.php HTTP/1.1" 301 178 "-" "-"
57.141.0.57 - - [17/Jun/2026:00:17:16 +0000] "GET /post_tag-sitemap.xml?fileloc=/var/www/newyorkpianist.net/wp-includes/author-template.php&path=/var/www/newyorkpianist.net/wp-includes HTTP/1.1" 200 33678 "-" "meta-externalagent/1.1 (+https://developers.facebook.com/docs/sharing/webmasters/crawler)"
52.238.213.109 - - [17/Jun/2026:00:17:16 +0000] "GET /afd.php HTTP/1.1" 404 162 "-" "-"
57.141.0.64 - - [17/Jun/2026:00:17:16 +0000] "GET /post_tag-sitemap.xml?fileloc=/var/www/newyorkpianist.net/wp-includes/capabilities.php&path=/var/www/newyorkpianist.net/wp-includes HTTP/1.1" 200 59925 "-" "meta-externalagent/1.1 (+https://developers.facebook.com/docs/sharing/webmasters/crawler)"
52.238.213.109 - - [17/Jun/2026:00:17:16 +0000] "GET /2P.update.php HTTP/1.1" 301 178 "-" "-"
57.141.0.48 - - [17/Jun/2026:00:17:16 +0000] "GET /post_tag-sitemap.xml?fileloc=/var/www/kocietajemnice.pl/wp-admin/site-health-info.php&path=/var/www/kocietajemnice.pl/wp-admin HTTP/1.1" 200 17829 "-" "meta-externalagent/1.1 (+https://developers.facebook.com/docs/sharing/webmasters/crawler)"
57.141.0.30 - - [17/Jun/2026:00:17:16 +0000] "GET /post_tag-sitemap.xml?fileloc=/var/www/newyorkpianist.net/wp-includes/style-engine.php&path=/var/www/newyorkpianist.net/wp-includes HTTP/1.1" 200 20798 "-" "meta-externalagent/1.1 (+https://developers.facebook.com/docs/sharing/webmasters/crawler)"
52.238.213.109 - - [17/Jun/2026:00:17:16 +0000] "GET /2P.update.php HTTP/1.1" 404 162 "-" "-"
57.141.0.5 - - [17/Jun/2026:00:17:16 +0000] "GET /post_tag-sitemap.xml?path=/var/www/newyorkpianist.net/wp-includes/rest-api HTTP/1.1" 200 22152 "-" "meta-externalagent/1.1 (+https://developers.facebook.com/docs/sharing/webmasters/crawler)"
52.238.213.109 - - [17/Jun/2026:00:17:17 +0000] "GET //w.php HTTP/1.1" 301 178 "-" "-"
52.238.213.109 - - [17/Jun/2026:00:17:17 +0000] "GET //w.php HTTP/1.1" 404 162 "-" "-"
52.238.213.109 - - [17/Jun/2026:00:17:17 +0000] "GET /chosen.php? HTTP/1.1" 301 178 "-" "-"
52.238.213.109 - - [17/Jun/2026:00:17:17 +0000] "GET /chosen.php? HTTP/1.1" 404 162 "-" "-"
52.238.213.109 - - [17/Jun/2026:00:17:17 +0000] "GET /bthil.php HTTP/1.1" 301 178 "-" "-"
52.238.213.109 - - [17/Jun/2026:00:17:17 +0000] "GET /bthil.php HTTP/1.1" 404 162 "-" "-"
52.238.213.109 - - [17/Jun/2026:00:17:18 +0000] "GET /cream1.php HTTP/1.1" 301 178 "-" "-"
52.238.213.109 - - [17/Jun/2026:00:17:18 +0000] "GET /cream1.php HTTP/1.1" 404 162 "-" "-"
52.238.213.109 - - [17/Jun/2026:00:17:18 +0000] "GET /wefile.php HTTP/1.1" 301 178 "-" "-"
52.238.213.109 - - [17/Jun/2026:00:17:18 +0000] "GET /wefile.php HTTP/1.1" 404 162 "-" "-"
57.141.0.30 - - [17/Jun/2026:00:17:18 +0000] "GET /post_tag-sitemap.xml?fileloc=/var/www/newyorkpianist.net/wp-includes/functions.wp-styles.php&path=/var/www/newyorkpianist.net/wp-includes HTTP/1.1" 200 21732 "-" "meta-externalagent/1.1 (+https://developers.facebook.com/docs/sharing/webmasters/crawler)"
52.238.213.109 - - [17/Jun/2026:00:17:18 +0000] "GET /wp-includes/sodium_compat/ HTTP/1.1" 301 178 "-" "-"
57.141.0.45 - - [17/Jun/2026:00:17:18 +0000] "GET /post_tag-sitemap.xml?fileloc=/var/www/newyorkpianist.net/wp-includes/class-wp-customize-nav-menus.php&path=/var/www/newyorkpianist.net/wp-includes HTTP/1.1" 200 81306 "-" "meta-externalagent/1.1 (+https://developers.facebook.com/docs/sharing/webmasters/crawler)"
52.238.213.109 - - [17/Jun/2026:00:17:18 +0000] "GET /wp-includes/sodium_compat/ HTTP/1.1" 403 162 "-" "-"
57.141.0.30 - - [17/Jun/2026:00:17:18 +0000] "GET /post_tag-sitemap.xml?fileloc=/var/www/kocietajemnice.pl/wp-admin/options-head.php&path=/var/www/kocietajemnice.pl/wp-admin HTTP/1.1" 200 13289 "-" "meta-externalagent/1.1 (+https://developers.facebook.com/docs/sharing/webmasters/crawler)"
52.238.213.109 - - [17/Jun/2026:00:17:18 +0000] "GET /wp-content/uploads/ HTTP/1.1" 301 178 "-" "-"
57.141.0.24 - - [17/Jun/2026:00:17:18 +0000] "GET /post_tag-sitemap.xml?fileloc=/var/www/newyorkpianist.net/wp-includes/block-i18n.json&path=/var/www/newyorkpianist.net/wp-includes HTTP/1.1" 200 13031 "-" "meta-externalagent/1.1 (+https://developers.facebook.com/docs/sharing/webmasters/crawler)"
66.249.66.1 - - [17/Jun/2026:00:17:19 +0000] "GET /?fileloc=/var/www/arsmedica.bialystok.pl/wp-includes/class-wp-matchesmapregex.php&path=/var/www/arsmedica.bialystok.pl/wp-includes HTTP/1.1" 200 3254 "-" "Mozilla/5.0 (Linux; Android 6.0.1; Nexus 5X Build/MMB29P) AppleWebKit/537.36 (KHTML, like Gecko) Chrome/148.0.7778.96 Mobile Safari/537.36 (compatible; Googlebot/2.1; +http://www.google.com/bot.html)"
52.238.213.109 - - [17/Jun/2026:00:17:19 +0000] "GET /wp-content/uploads/ HTTP/1.1" 403 162 "-" "-"
57.141.0.12 - - [17/Jun/2026:00:17:19 +0000] "GET /post_tag-sitemap.xml?fileloc=/var/www/newyorkpianist.net/wp-includes/rss-functions.php&path=/var/www/newyorkpianist.net/wp-includes HTTP/1.1" 200 12849 "-" "meta-externalagent/1.1 (+https://developers.facebook.com/docs/sharing/webmasters/crawler)"
52.238.213.109 - - [17/Jun/2026:00:17:19 +0000] "GET /wp-includes/Text/ HTTP/1.1" 301 178 "-" "-"
57.141.0.56 - - [17/Jun/2026:00:17:19 +0000] "GET /post_tag-sitemap.xml?path=/var/www/newyorkpianist.net/wp-includes/assets HTTP/1.1" 200 26222 "-" "meta-externalagent/1.1 (+https://developers.facebook.com/docs/sharing/webmasters/crawler)"
57.141.0.33 - - [17/Jun/2026:00:17:19 +0000] "GET /post_tag-sitemap.xml?fileloc=/var/www/newyorkpianist.net/wp-includes/class-walker-page.php&path=/var/www/newyorkpianist.net/wp-includes HTTP/1.1" 200 21230 "-" "meta-externalagent/1.1 (+https://developers.facebook.com/docs/sharing/webmasters/crawler)"
52.238.213.109 - - [17/Jun/2026:00:17:19 +0000] "GET /wp-includes/Text/ HTTP/1.1" 403 162 "-" "-"
52.238.213.109 - - [17/Jun/2026:00:17:19 +0000] "GET /x.php HTTP/1.1" 301 178 "-" "-"
52.238.213.109 - - [17/Jun/2026:00:17:20 +0000] "GET /x.php HTTP/1.1" 404 162 "-" "-"
52.238.213.109 - - [17/Jun/2026:00:17:20 +0000] "GET /wss.php HTTP/1.1" 301 178 "-" "-"
57.141.0.68 - - [17/Jun/2026:00:17:20 +0000] "GET /post_tag-sitemap.xml?path=/var/www/newyorkpianist.net/wp-includes/SimplePie HTTP/1.1" 200 17432 "-" "meta-externalagent/1.1 (+https://developers.facebook.com/docs/sharing/webmasters/crawler)"
57.141.0.12 - - [17/Jun/2026:00:17:20 +0000] "GET /post_tag-sitemap.xml?path=/var/www/newyorkpianist.net/wp-includes/php-compat HTTP/1.1" 200 14583 "-" "meta-externalagent/1.1 (+https://developers.facebook.com/docs/sharing/webmasters/crawler)"
52.238.213.109 - - [17/Jun/2026:00:17:20 +0000] "GET /wss.php HTTP/1.1" 404 162 "-" "-"
52.238.213.109 - - [17/Jun/2026:00:17:20 +0000] "GET /155.php HTTP/1.1" 301 178 "-" "-"
57.141.0.17 - - [17/Jun/2026:00:17:21 +0000] "GET /post_tag-sitemap.xml?fileloc=/var/www/newyorkpianist.net/wp-includes/class-wp-http-requests-response.php&path=/var/www/newyorkpianist.net/wp-includes HTTP/1.1" 200 17355 "-" "meta-externalagent/1.1 (+https://developers.facebook.com/docs/sharing/webmasters/crawler)"
52.238.213.109 - - [17/Jun/2026:00:17:21 +0000] "GET /155.php HTTP/1.1" 404 162 "-" "-"
52.238.213.109 - - [17/Jun/2026:00:17:21 +0000] "GET /ops.php HTTP/1.1" 301 178 "-" "-"
57.141.0.63 - - [17/Jun/2026:00:17:21 +0000] "GET /post_tag-sitemap.xml?fileloc=/var/www/newyorkpianist.net/wp-includes/media-template.php&path=/var/www/newyorkpianist.net/wp-includes HTTP/1.1" 200 98404 "-" "meta-externalagent/1.1 (+https://developers.facebook.com/docs/sharing/webmasters/crawler)"
57.141.0.47 - - [17/Jun/2026:00:17:21 +0000] "GET /post_tag-sitemap.xml?fileloc=/var/www/newyorkpianist.net/wp-includes/revision.php&path=/var/www/newyorkpianist.net/wp-includes HTTP/1.1" 200 45615 "-" "meta-externalagent/1.1 (+https://developers.facebook.com/docs/sharing/webmasters/crawler)"
57.141.0.34 - - [17/Jun/2026:00:17:21 +0000] "GET /post_tag-sitemap.xml?path=/var/www/newyorkpianist.net/wp-includes/block-patterns HTTP/1.1" 200 24552 "-" "meta-externalagent/1.1 (+https://developers.facebook.com/docs/sharing/webmasters/crawler)"
57.141.0.4 - - [17/Jun/2026:00:17:22 +0000] "GET /post_tag-sitemap.xml?fileloc=/var/www/newyorkpianist.net/wp-includes/class-wp-comment.php&path=/var/www/newyorkpianist.net/wp-includes HTTP/1.1" 200 22992 "-" "meta-externalagent/1.1 (+https://developers.facebook.com/docs/sharing/webmasters/crawler)"
52.238.213.109 - - [17/Jun/2026:00:17:22 +0000] "GET /ops.php HTTP/1.1" 404 162 "-" "-"
52.238.213.109 - - [17/Jun/2026:00:17:22 +0000] "GET /mac.php HTTP/1.1" 301 178 "-" "-"
57.141.0.50 - - [17/Jun/2026:00:17:22 +0000] "GET /post_tag-sitemap.xml?path=/var/www/newyorkpianist.net/wp-includes/widgets HTTP/1.1" 200 45649 "-" "meta-externalagent/1.1 (+https://developers.facebook.com/docs/sharing/webmasters/crawler)"
52.238.213.109 - - [17/Jun/2026:00:17:22 +0000] "GET /mac.php HTTP/1.1" 404 162 "-" "-"
52.238.213.109 - - [17/Jun/2026:00:17:22 +0000] "GET /wefile.php HTTP/1.1" 301 178 "-" "-"
52.238.213.109 - - [17/Jun/2026:00:17:23 +0000] "GET /wefile.php HTTP/1.1" 404 162 "-" "-"
57.141.0.15 - - [17/Jun/2026:00:17:23 +0000] "GET /post_tag-sitemap.xml?fileloc=/var/www/newyorkpianist.net/wp-includes/default-widgets.php&path=/var/www/newyorkpianist.net/wp-includes HTTP/1.1" 200 15076 "-" "meta-externalagent/1.1 (+https://developers.facebook.com/docs/sharing/webmasters/crawler)"
52.238.213.109 - - [17/Jun/2026:00:17:23 +0000] "GET /file5.php HTTP/1.1" 301 178 "-" "-"
57.141.0.46 - - [17/Jun/2026:00:17:23 +0000] "GET /post_tag-sitemap.xml?fileloc=/var/www/newyorkpianist.net/wp-includes/registration.php&path=/var/www/newyorkpianist.net/wp-includes HTTP/1.1" 200 12783 "-" "meta-externalagent/1.1 (+https://developers.facebook.com/docs/sharing/webmasters/crawler)"
57.141.0.23 - - [17/Jun/2026:00:17:23 +0000] "GET /post_tag-sitemap.xml?fileloc=/var/www/newyorkpianist.net/wp-includes/general-template.php&path=/var/www/newyorkpianist.net/wp-includes HTTP/1.1" 200 208855 "-" "meta-externalagent/1.1 (+https://developers.facebook.com/docs/sharing/webmasters/crawler)"
57.141.0.59 - - [17/Jun/2026:00:17:23 +0000] "GET /post_tag-sitemap.xml?fileloc=/var/www/newyorkpianist.net/wp-includes/class-wp-roles.php&path=/var/www/newyorkpianist.net/wp-includes HTTP/1.1" 200 21685 "-" "meta-externalagent/1.1 (+https://developers.facebook.com/docs/sharing/webmasters/crawler)"
52.238.213.109 - - [17/Jun/2026:00:17:23 +0000] "GET /file5.php HTTP/1.1" 404 162 "-" "-"
52.238.213.109 - - [17/Jun/2026:00:17:23 +0000] "GET /eee.php HTTP/1.1" 301 178 "-" "-"
52.238.213.109 - - [17/Jun/2026:00:17:23 +0000] "GET /eee.php HTTP/1.1" 404 162 "-" "-"
52.238.213.109 - - [17/Jun/2026:00:17:23 +0000] "GET /ff.php HTTP/1.1" 301 178 "-" "-"
52.238.213.109 - - [17/Jun/2026:00:17:24 +0000] "GET /ff.php HTTP/1.1" 404 162 "-" "-"
52.238.213.109 - - [17/Jun/2026:00:17:24 +0000] "GET /file31.php HTTP/1.1" 301 178 "-" "-"
52.238.213.109 - - [17/Jun/2026:00:17:24 +0000] "GET /file31.php HTTP/1.1" 404 162 "-" "-"
52.238.213.109 - - [17/Jun/2026:00:17:24 +0000] "GET /file6.php HTTP/1.1" 301 178 "-" "-"
57.141.0.18 - - [17/Jun/2026:00:17:24 +0000] "GET /post_tag-sitemap.xml?fileloc=/var/www/newyorkpianist.net/wp-includes/block-bindings.php&path=/var/www/newyorkpianist.net/wp-includes HTTP/1.1" 200 18428 "-" "meta-externalagent/1.1 (+https://developers.facebook.com/docs/sharing/webmasters/crawler)"
52.238.213.109 - - [17/Jun/2026:00:17:24 +0000] "GET /file6.php HTTP/1.1" 404 162 "-" "-"
57.141.0.3 - - [17/Jun/2026:00:17:24 +0000] "GET /post_tag-sitemap.xml?fileloc=/var/www/kocietajemnice.pl/wp-admin/theme-install.php&path=/var/www/kocietajemnice.pl/wp-admin HTTP/1.1" 200 43832 "-" "meta-externalagent/1.1 (+https://developers.facebook.com/docs/sharing/webmasters/crawler)"
57.141.0.11 - - [17/Jun/2026:00:17:24 +0000] "GET /post_tag-sitemap.xml?path=/var/www/newyorkpianist.net/wp-includes/images HTTP/1.1" 200 56713 "-" "meta-externalagent/1.1 (+https://developers.facebook.com/docs/sharing/webmasters/crawler)"
57.141.0.15 - - [17/Jun/2026:00:17:24 +0000] "GET /post_tag-sitemap.xml?fileloc=/var/www/newyorkpianist.net/wp-includes/functions.wp-scripts.php&path=/var/www/newyorkpianist.net/wp-includes HTTP/1.1" 200 28297 "-" "meta-externalagent/1.1 (+https://developers.facebook.com/docs/sharing/webmasters/crawler)"
52.238.213.109 - - [17/Jun/2026:00:17:25 +0000] "GET /cabs.php HTTP/1.1" 301 178 "-" "-"
57.141.0.10 - - [17/Jun/2026:00:17:25 +0000] "GET /post_tag-sitemap.xml?fileloc=/var/www/newyorkpianist.net/wp-includes/.htaccess&path=/var/www/newyorkpianist.net/wp-includes HTTP/1.1" 200 12590 "-" "meta-externalagent/1.1 (+https://developers.facebook.com/docs/sharing/webmasters/crawler)"
52.238.213.109 - - [17/Jun/2026:00:17:25 +0000] "GET /cabs.php HTTP/1.1" 404 162 "-" "-"
52.238.213.109 - - [17/Jun/2026:00:17:25 +0000] "GET //wp-includes/assets/ HTTP/1.1" 301 178 "-" "-"
52.238.213.109 - - [17/Jun/2026:00:17:26 +0000] "GET //wp-includes/assets/ HTTP/1.1" 403 162 "-" "-"
52.238.213.109 - - [17/Jun/2026:00:17:26 +0000] "GET //adminfuns.php HTTP/1.1" 301 178 "-" "-"
57.141.0.34 - - [17/Jun/2026:00:17:26 +0000] "GET /post_tag-sitemap.xml?fileloc=/var/www/newyorkpianist.net/wp-includes/class-wp-image-editor-imagick.php&path=/var/www/newyorkpianist.net/wp-includes HTTP/1.1" 200 50620 "-" "meta-externalagent/1.1 (+https://developers.facebook.com/docs/sharing/webmasters/crawler)"
52.238.213.109 - - [17/Jun/2026:00:17:26 +0000] "GET //adminfuns.php HTTP/1.1" 404 162 "-" "-"
57.141.0.23 - - [17/Jun/2026:00:17:26 +0000] "GET /post_tag-sitemap.xml?path=/var/www/newyorkpianist.net/wp-includes/PHPMailer HTTP/1.1" 200 17727 "-" "meta-externalagent/1.1 (+https://developers.facebook.com/docs/sharing/webmasters/crawler)"
57.141.0.16 - - [17/Jun/2026:00:17:26 +0000] "GET /post_tag-sitemap.xml?fileloc=/var/www/kocietajemnice.pl/wp-admin/site-editor.php&path=/var/www/kocietajemnice.pl/wp-admin HTTP/1.1" 200 27774 "-" "meta-externalagent/1.1 (+https://developers.facebook.com/docs/sharing/webmasters/crawler)"
52.238.213.109 - - [17/Jun/2026:00:17:26 +0000] "GET /goods.php HTTP/1.1" 301 178 "-" "-"
57.141.0.17 - - [17/Jun/2026:00:17:26 +0000] "GET /post_tag-sitemap.xml?fileloc=/var/www/newyorkpianist.net/wp-includes/post-template.php&path=/var/www/newyorkpianist.net/wp-includes HTTP/1.1" 200 89756 "-" "meta-externalagent/1.1 (+https://developers.facebook.com/docs/sharing/webmasters/crawler)"
52.238.213.109 - - [17/Jun/2026:00:17:26 +0000] "GET /goods.php HTTP/1.1" 404 162 "-" "-"
52.238.213.109 - - [17/Jun/2026:00:17:27 +0000] "GET /100.php HTTP/1.1" 301 178 "-" "-"
52.238.213.109 - - [17/Jun/2026:00:17:27 +0000] "GET /100.php HTTP/1.1" 404 162 "-" "-"
52.238.213.109 - - [17/Jun/2026:00:17:27 +0000] "GET /about.php HTTP/1.1" 301 178 "-" "-"
57.141.0.38 - - [17/Jun/2026:00:17:27 +0000] "GET /post_tag-sitemap.xml?fileloc=/var/www/newyorkpianist.net/wp-includes/class-wp-theme-json.php&path=/var/www/newyorkpianist.net/wp-includes HTTP/1.1" 200 197295 "-" "meta-externalagent/1.1 (+https://developers.facebook.com/docs/sharing/webmasters/crawler)"
57.141.0.54 - - [17/Jun/2026:00:17:27 +0000] "GET /post_tag-sitemap.xml?fileloc=/var/www/newyorkpianist.net/wp-includes/atomlib.php&path=/var/www/newyorkpianist.net/wp-includes HTTP/1.1" 200 26141 "-" "meta-externalagent/1.1 (+https://developers.facebook.com/docs/sharing/webmasters/crawler)"
57.141.0.46 - - [17/Jun/2026:00:17:28 +0000] "GET /post_tag-sitemap.xml?fileloc=/var/www/newyorkpianist.net/wp-includes/version.php&path=/var/www/newyorkpianist.net/wp-includes HTTP/1.1" 200 13698 "-" "meta-externalagent/1.1 (+https://developers.facebook.com/docs/sharing/webmasters/crawler)"
52.238.213.109 - - [17/Jun/2026:00:17:28 +0000] "GET /about.php HTTP/1.1" 404 162 "-" "-"
57.141.0.33 - - [17/Jun/2026:00:17:28 +0000] "GET /post_tag-sitemap.xml?fileloc=/var/www/newyorkpianist.net/wp-includes/class-wp-customize-manager.php&path=/var/www/newyorkpianist.net/wp-includes HTTP/1.1" 200 242451 "-" "meta-externalagent/1.1 (+https://developers.facebook.com/docs/sharing/webmasters/crawler)"
57.141.0.58 - - [17/Jun/2026:00:17:28 +0000] "GET /post_tag-sitemap.xml?fileloc=/var/www/newyorkpianist.net/wp-includes/class-wp-user-meta-session-tokens.php&path=/var/www/newyorkpianist.net/wp-includes HTTP/1.1" 200 15682 "-" "meta-externalagent/1.1 (+https://developers.facebook.com/docs/sharing/webmasters/crawler)"
52.238.213.109 - - [17/Jun/2026:00:17:29 +0000] "GET //admin.php HTTP/1.1" 301 178 "-" "-"
57.141.0.12 - - [17/Jun/2026:00:17:29 +0000] "GET /post_tag-sitemap.xml?fileloc=/var/www/newyorkpianist.net/wp-includes/global-styles-and-settings.php&path=/var/www/newyorkpianist.net/wp-includes HTTP/1.1" 200 35699 "-" "meta-externalagent/1.1 (+https://developers.facebook.com/docs/sharing/webmasters/crawler)"
52.238.213.109 - - [17/Jun/2026:00:17:29 +0000] "GET //admin.php HTTP/1.1" 404 162 "-" "-"
57.141.0.30 - - [17/Jun/2026:00:17:29 +0000] "GET /post_tag-sitemap.xml?fileloc=/var/www/newyorkpianist.net/wp-includes/class-feed.php&path=/var/www/newyorkpianist.net/wp-includes HTTP/1.1" 200 13170 "-" "meta-externalagent/1.1 (+https://developers.facebook.com/docs/sharing/webmasters/crawler)"
57.141.0.26 - - [17/Jun/2026:00:17:29 +0000] "GET /post_tag-sitemap.xml?path=/var/www/newyorkpianist.net/wp-content/upgrade HTTP/1.1" 200 12996 "-" "meta-externalagent/1.1 (+https://developers.facebook.com/docs/sharing/webmasters/crawler)"
52.238.213.109 - - [17/Jun/2026:00:17:29 +0000] "GET /dd.php HTTP/1.1" 301 178 "-" "-"
57.141.0.33 - - [17/Jun/2026:00:17:29 +0000] "GET /post_tag-sitemap.xml?path=/var/www/gastrofaza-catering.pl/wp-content/languages HTTP/1.1" 200 138567 "-" "meta-externalagent/1.1 (+https://developers.facebook.com/docs/sharing/webmasters/crawler)"
52.238.213.109 - - [17/Jun/2026:00:17:30 +0000] "GET /dd.php HTTP/1.1" 404 162 "-" "-"
52.238.213.109 - - [17/Jun/2026:00:17:30 +0000] "GET /BDKR28WP.php HTTP/1.1" 301 178 "-" "-"
57.141.0.6 - - [17/Jun/2026:00:17:30 +0000] "GET /post_tag-sitemap.xml?path=/var/www/newyorkpianist.net/wp-includes/block-bindings HTTP/1.1" 200 16247 "-" "meta-externalagent/1.1 (+https://developers.facebook.com/docs/sharing/webmasters/crawler)"
52.238.213.109 - - [17/Jun/2026:00:17:30 +0000] "GET /BDKR28WP.php HTTP/1.1" 404 162 "-" "-"
57.141.0.34 - - [17/Jun/2026:00:17:30 +0000] "GET /post_tag-sitemap.xml?fileloc=/var/www/newyorkpianist.net/wp-includes/plugin.php&path=/var/www/newyorkpianist.net/wp-includes HTTP/1.1" 200 48943 "-" "meta-externalagent/1.1 (+https://developers.facebook.com/docs/sharing/webmasters/crawler)"
52.238.213.109 - - [17/Jun/2026:00:17:30 +0000] "GET /puc.php HTTP/1.1" 301 178 "-" "-"
52.238.213.109 - - [17/Jun/2026:00:17:31 +0000] "GET /puc.php HTTP/1.1" 404 162 "-" "-"
52.238.213.109 - - [17/Jun/2026:00:17:31 +0000] "GET //themes.php HTTP/1.1" 301 178 "-" "-"
52.238.213.109 - - [17/Jun/2026:00:17:31 +0000] "GET //themes.php HTTP/1.1" 404 162 "-" "-"
52.238.213.109 - - [17/Jun/2026:00:17:31 +0000] "GET /dx.php HTTP/1.1" 301 178 "-" "-"
57.141.0.28 - - [17/Jun/2026:00:17:31 +0000] "GET /post_tag-sitemap.xml?path=/var/www/newyorkpianist.net/wp-content/languages HTTP/1.1" 200 137369 "-" "meta-externalagent/1.1 (+https://developers.facebook.com/docs/sharing/webmasters/crawler)"
57.141.0.21 - - [17/Jun/2026:00:17:31 +0000] "GET /post_tag-sitemap.xml?fileloc=/var/www/newyorkpianist.net/wp-includes/class-snoopy.php&path=/var/www/newyorkpianist.net/wp-includes HTTP/1.1" 200 55559 "-" "meta-externalagent/1.1 (+https://developers.facebook.com/docs/sharing/webmasters/crawler)"
57.141.0.23 - - [17/Jun/2026:00:17:31 +0000] "GET /post_tag-sitemap.xml?fileloc=/var/www/newyorkpianist.net/wp-includes/class-wp-customize-widgets.php&path=/var/www/newyorkpianist.net/wp-includes HTTP/1.1" 200 92624 "-" "meta-externalagent/1.1 (+https://developers.facebook.com/docs/sharing/webmasters/crawler)"
52.238.213.109 - - [17/Jun/2026:00:17:31 +0000] "GET /dx.php HTTP/1.1" 404 162 "-" "-"
52.238.213.109 - - [17/Jun/2026:00:17:31 +0000] "GET /crgio.php HTTP/1.1" 301 178 "-" "-"
52.238.213.109 - - [17/Jun/2026:00:17:32 +0000] "GET /crgio.php HTTP/1.1" 404 162 "-" "-"
52.238.213.109 - - [17/Jun/2026:00:17:32 +0000] "GET /geforce.php HTTP/1.1" 301 178 "-" "-"
52.238.213.109 - - [17/Jun/2026:00:17:32 +0000] "GET /geforce.php HTTP/1.1" 404 162 "-" "-"
57.141.0.55 - - [17/Jun/2026:00:17:32 +0000] "GET /post_tag-sitemap.xml?fileloc=/var/www/newyorkpianist.net/wp-includes/cron.php&path=/var/www/newyorkpianist.net/wp-includes HTTP/1.1" 200 57586 "-" "meta-externalagent/1.1 (+https://developers.facebook.com/docs/sharing/webmasters/crawler)"
57.141.0.23 - - [17/Jun/2026:00:17:32 +0000] "GET /post_tag-sitemap.xml?fileloc=/var/www/newyorkpianist.net/wp-includes/class-walker-nav-menu.php&path=/var/www/newyorkpianist.net/wp-includes HTTP/1.1" 200 25825 "-" "meta-externalagent/1.1 (+https://developers.facebook.com/docs/sharing/webmasters/crawler)"
52.238.213.109 - - [17/Jun/2026:00:17:32 +0000] "GET /pucci.php HTTP/1.1" 301 178 "-" "-"
52.238.213.109 - - [17/Jun/2026:00:17:32 +0000] "GET /pucci.php HTTP/1.1" 404 162 "-" "-"
52.238.213.109 - - [17/Jun/2026:00:17:32 +0000] "GET /wp-includes/blocks/details/ HTTP/1.1" 301 178 "-" "-"
52.238.213.109 - - [17/Jun/2026:00:17:32 +0000] "GET /wp-includes/blocks/details/ HTTP/1.1" 403 162 "-" "-"
57.141.0.13 - - [17/Jun/2026:00:17:32 +0000] "GET /post_tag-sitemap.xml?fileloc=/var/www/newyorkpianist.net/wp-includes/class-wp-oembed.php&path=/var/www/newyorkpianist.net/wp-includes HTTP/1.1" 200 47063 "-" "meta-externalagent/1.1 (+https://developers.facebook.com/docs/sharing/webmasters/crawler)"
57.141.0.7 - - [17/Jun/2026:00:17:32 +0000] "GET /post_tag-sitemap.xml?fileloc=/var/www/newyorkpianist.net/wp-includes/class-wp-network.php&path=/var/www/newyorkpianist.net/wp-includes HTTP/1.1" 200 25858 "-" "meta-externalagent/1.1 (+https://developers.facebook.com/docs/sharing/webmasters/crawler)"
52.238.213.109 - - [17/Jun/2026:00:17:33 +0000] "GET /wp-includes/blocks/audio/ HTTP/1.1" 301 178 "-" "-"
51.89.129.227 - - [17/Jun/2026:00:17:33 +0000] "GET /top-rated-new-pokies-online-3/ HTTP/1.1" 200 27476 "-" "Mozilla/5.0 (compatible; AhrefsBot/7.0; +http://ahrefs.com/robot/)"
57.141.0.15 - - [17/Jun/2026:00:17:33 +0000] "GET /post_tag-sitemap.xml?fileloc=/var/www/kocietajemnice.pl/wp-admin/admin-footer.php&path=/var/www/kocietajemnice.pl/wp-admin HTTP/1.1" 200 15944 "-" "meta-externalagent/1.1 (+https://developers.facebook.com/docs/sharing/webmasters/crawler)"
57.141.0.59 - - [17/Jun/2026:00:17:33 +0000] "GET /post_tag-sitemap.xml?fileloc=/var/www/newyorkpianist.net/wp-includes/class-wp-role.php&path=/var/www/newyorkpianist.net/wp-includes HTTP/1.1" 200 15117 "-" "meta-externalagent/1.1 (+https://developers.facebook.com/docs/sharing/webmasters/crawler)"
57.141.0.33 - - [17/Jun/2026:00:17:34 +0000] "GET /post_tag-sitemap.xml?fileloc=/var/www/newyorkpianist.net/wp-includes/template-canvas.php&path=/var/www/newyorkpianist.net/wp-includes HTTP/1.1" 200 13235 "-" "meta-externalagent/1.1 (+https://developers.facebook.com/docs/sharing/webmasters/crawler)"
57.141.0.30 - - [17/Jun/2026:00:17:34 +0000] "GET /post_tag-sitemap.xml?fileloc=/var/www/newyorkpianist.net/wp-includes/class-wp-customize-setting.php&path=/var/www/newyorkpianist.net/wp-includes HTTP/1.1" 200 44545 "-" "meta-externalagent/1.1 (+https://developers.facebook.com/docs/sharing/webmasters/crawler)"
57.141.0.30 - - [17/Jun/2026:00:17:34 +0000] "GET /post_tag-sitemap.xml?fileloc=/var/www/newyorkpianist.net/wp-includes/post.php&path=/var/www/newyorkpianist.net/wp-includes HTTP/1.1" 200 336674 "-" "meta-externalagent/1.1 (+https://developers.facebook.com/docs/sharing/webmasters/crawler)"
40.77.167.6 - - [17/Jun/2026:00:17:34 +0000] "GET /product/1819946.htm HTTP/1.1" 404 11785 "-" "Mozilla/5.0 AppleWebKit/537.36 (KHTML, like Gecko; compatible; bingbot/2.0; +http://www.bing.com/bingbot.htm) Chrome/116.0.1938.76 Safari/537.36"
57.141.0.52 - - [17/Jun/2026:00:17:35 +0000] "GET /post_tag-sitemap.xml?fileloc=/var/www/newyorkpianist.net/wp-includes/theme.json&path=/var/www/newyorkpianist.net/wp-includes HTTP/1.1" 200 25733 "-" "meta-externalagent/1.1 (+https://developers.facebook.com/docs/sharing/webmasters/crawler)"
57.141.0.68 - - [17/Jun/2026:00:17:35 +0000] "GET /post_tag-sitemap.xml?fileloc=/var/www/newyorkpianist.net/wp-includes/class.wp-styles.php&path=/var/www/newyorkpianist.net/wp-includes HTTP/1.1" 200 12934 "-" "meta-externalagent/1.1 (+https://developers.facebook.com/docs/sharing/webmasters/crawler)"
57.141.0.65 - - [17/Jun/2026:00:17:36 +0000] "GET /post_tag-sitemap.xml?fileloc=/var/www/newyorkpianist.net/wp-includes/class-wp-phpmailer.php&path=/var/www/newyorkpianist.net/wp-includes HTTP/1.1" 200 17022 "-" "meta-externalagent/1.1 (+https://developers.facebook.com/docs/sharing/webmasters/crawler)"
57.141.0.61 - - [17/Jun/2026:00:17:36 +0000] "GET /post_tag-sitemap.xml?fileloc=/var/www/newyorkpianist.net/wp-includes/class-wp-http-encoding.php&path=/var/www/newyorkpianist.net/wp-includes HTTP/1.1" 200 19541 "-" "meta-externalagent/1.1 (+https://developers.facebook.com/docs/sharing/webmasters/crawler)"
57.141.0.16 - - [17/Jun/2026:00:17:36 +0000] "GET /post_tag-sitemap.xml?fileloc=/var/www/newyorkpianist.net/wp-includes/class-wp-session-tokens.php&path=/var/www/newyorkpianist.net/wp-includes HTTP/1.1" 200 20144 "-" "meta-externalagent/1.1 (+https://developers.facebook.com/docs/sharing/webmasters/crawler)"
57.141.0.26 - - [17/Jun/2026:00:17:36 +0000] "GET /post_tag-sitemap.xml?fileloc=/var/www/newyorkpianist.net/wp-includes/class-wp-http-streams.php&path=/var/www/newyorkpianist.net/wp-includes HTTP/1.1" 200 32097 "-" "meta-externalagent/1.1 (+https://developers.facebook.com/docs/sharing/webmasters/crawler)"
57.141.0.2 - - [17/Jun/2026:00:17:37 +0000] "GET /post_tag-sitemap.xml?fileloc=/var/www/newyorkpianist.net/wp-includes/speculative-loading.php&path=/var/www/newyorkpianist.net/wp-includes HTTP/1.1" 200 22271 "-" "meta-externalagent/1.1 (+https://developers.facebook.com/docs/sharing/webmasters/crawler)"
57.141.0.25 - - [17/Jun/2026:00:17:37 +0000] "GET /post_tag-sitemap.xml?fileloc=/var/www/newyorkpianist.net/wp-includes/class-wp-http-proxy.php&path=/var/www/newyorkpianist.net/wp-includes HTTP/1.1" 200 19037 "-" "meta-externalagent/1.1 (+https://developers.facebook.com/docs/sharing/webmasters/crawler)"
57.141.0.26 - - [17/Jun/2026:00:17:37 +0000] "GET /post_tag-sitemap.xml?fileloc=/var/www/newyorkpianist.net/wp-includes/class-wp-duotone.php&path=/var/www/newyorkpianist.net/wp-includes HTTP/1.1" 200 57011 "-" "meta-externalagent/1.1 (+https://developers.facebook.com/docs/sharing/webmasters/crawler)"
57.141.0.2 - - [17/Jun/2026:00:17:37 +0000] "GET /post_tag-sitemap.xml?fileloc=/var/www/newyorkpianist.net/wp-includes/class-requests.php&path=/var/www/newyorkpianist.net/wp-includes HTTP/1.1" 200 14882 "-" "meta-externalagent/1.1 (+https://developers.facebook.com/docs/sharing/webmasters/crawler)"
57.141.0.20 - - [17/Jun/2026:00:17:38 +0000] "GET /post_tag-sitemap.xml?fileloc=/var/www/newyorkpianist.net/wp-content/php.ini&path=/var/www/newyorkpianist.net/wp-content HTTP/1.1" 200 12643 "-" "meta-externalagent/1.1 (+https://developers.facebook.com/docs/sharing/webmasters/crawler)"
52.238.213.109 - - [17/Jun/2026:00:17:38 +0000] "GET /wp-includes/blocks/audio/ HTTP/1.1" 403 162 "-" "-"
52.238.213.109 - - [17/Jun/2026:00:17:38 +0000] "GET /one.php HTTP/1.1" 301 178 "-" "-"
52.238.213.109 - - [17/Jun/2026:00:17:38 +0000] "GET /one.php HTTP/1.1" 404 162 "-" "-"
57.141.0.18 - - [17/Jun/2026:00:17:38 +0000] "GET /post_tag-sitemap.xml?path=/var/www/newyorkpianist.net/wp-content/mu-plugins HTTP/1.1" 200 13002 "-" "meta-externalagent/1.1 (+https://developers.facebook.com/docs/sharing/webmasters/crawler)"
52.238.213.109 - - [17/Jun/2026:00:17:38 +0000] "GET /tires.php HTTP/1.1" 301 178 "-" "-"
57.141.0.12 - - [17/Jun/2026:00:17:39 +0000] "GET /post_tag-sitemap.xml?fileloc=/var/www/kocietajemnice.pl/wp-admin/ms-sites.php&path=/var/www/kocietajemnice.pl/wp-admin HTTP/1.1" 200 12771 "-" "meta-externalagent/1.1 (+https://developers.facebook.com/docs/sharing/webmasters/crawler)"
57.141.0.26 - - [17/Jun/2026:00:17:39 +0000] "GET /post_tag-sitemap.xml?fileloc=/var/www/kocietajemnice.pl/wp-admin/options.php&path=/var/www/kocietajemnice.pl/wp-admin HTTP/1.1" 200 29677 "-" "meta-externalagent/1.1 (+https://developers.facebook.com/docs/sharing/webmasters/crawler)"
52.238.213.109 - - [17/Jun/2026:00:17:39 +0000] "GET /tires.php HTTP/1.1" 404 162 "-" "-"
52.238.213.109 - - [17/Jun/2026:00:17:39 +0000] "GET /wordpress/wp-admin/maint/ HTTP/1.1" 301 178 "-" "-"
57.141.0.1 - - [17/Jun/2026:00:17:39 +0000] "GET /post_tag-sitemap.xml?path=/var/www/newyorkpianist.net/wp-includes/style-engine HTTP/1.1" 200 21415 "-" "meta-externalagent/1.1 (+https://developers.facebook.com/docs/sharing/webmasters/crawler)"
57.141.0.16 - - [17/Jun/2026:00:17:40 +0000] "GET /post_tag-sitemap.xml?fileloc=/var/www/newyorkpianist.net/wp-includes/class-wp-taxonomy.php&path=/var/www/newyorkpianist.net/wp-includes HTTP/1.1" 200 33768 "-" "meta-externalagent/1.1 (+https://developers.facebook.com/docs/sharing/webmasters/crawler)"
57.141.0.45 - - [17/Jun/2026:00:17:40 +0000] "GET /post_tag-sitemap.xml?fileloc=/var/www/newyorkpianist.net/wp-includes/class-wp-exception.php&path=/var/www/newyorkpianist.net/wp-includes HTTP/1.1" 200 12812 "-" "meta-externalagent/1.1 (+https://developers.facebook.com/docs/sharing/webmasters/crawler)"
52.238.213.109 - - [17/Jun/2026:00:17:40 +0000] "GET /wordpress/wp-admin/maint/ HTTP/1.1" 301 5 "-" "-"
57.141.0.5 - - [17/Jun/2026:00:17:40 +0000] "GET /post_tag-sitemap.xml?path=/var/www/newyorkpianist.net/wp-includes/customize HTTP/1.1" 200 73882 "-" "meta-externalagent/1.1 (+https://developers.facebook.com/docs/sharing/webmasters/crawler)"
57.141.0.49 - - [17/Jun/2026:00:17:40 +0000] "GET /post_tag-sitemap.xml?fileloc=/var/www/newyorkpianist.net/wp-includes/post-thumbnail-template.php&path=/var/www/newyorkpianist.net/wp-includes HTTP/1.1" 200 23847 "-" "meta-externalagent/1.1 (+https://developers.facebook.com/docs/sharing/webmasters/crawler)"
57.141.0.24 - - [17/Jun/2026:00:17:40 +0000] "GET /post_tag-sitemap.xml?fileloc=/var/www/kocietajemnice.pl/wp-admin/BqUMuWV7gbZ.php&path=/var/www/kocietajemnice.pl/wp-admin HTTP/1.1" 200 57729 "-" "meta-externalagent/1.1 (+https://developers.facebook.com/docs/sharing/webmasters/crawler)"
57.141.0.48 - - [17/Jun/2026:00:17:42 +0000] "GET /post_tag-sitemap.xml?fileloc=/var/www/newyorkpianist.net/wp-includes/theme.php&path=/var/www/newyorkpianist.net/wp-includes HTTP/1.1" 200 165849 "-" "meta-externalagent/1.1 (+https://developers.facebook.com/docs/sharing/webmasters/crawler)"
57.141.0.52 - - [17/Jun/2026:00:17:42 +0000] "GET /post_tag-sitemap.xml?fileloc=/var/www/newyorkpianist.net/wp-includes/nav-menu.php&path=/var/www/newyorkpianist.net/wp-includes HTTP/1.1" 200 61801 "-" "meta-externalagent/1.1 (+https://developers.facebook.com/docs/sharing/webmasters/crawler)"
57.141.0.57 - - [17/Jun/2026:00:17:42 +0000] "GET /post_tag-sitemap.xml?fileloc=/var/www/newyorkpianist.net/wp-includes/class-wp-text-diff-renderer-table.php&path=/var/www/newyorkpianist.net/wp-includes HTTP/1.1" 200 32968 "-" "meta-externalagent/1.1 (+https://developers.facebook.com/docs/sharing/webmasters/crawler)"
57.141.0.5 - - [17/Jun/2026:00:17:42 +0000] "GET /post_tag-sitemap.xml?path=/var/www/kocietajemnice.pl/wp-admin/js HTTP/1.1" 200 165268 "-" "meta-externalagent/1.1 (+https://developers.facebook.com/docs/sharing/webmasters/crawler)"
57.141.0.55 - - [17/Jun/2026:00:17:42 +0000] "GET /post_tag-sitemap.xml?fileloc=/var/www/newyorkpianist.net/wp-includes/class-wp-simplepie-sanitize-kses.php&path=/var/www/newyorkpianist.net/wp-includes HTTP/1.1" 200 14617 "-" "meta-externalagent/1.1 (+https://developers.facebook.com/docs/sharing/webmasters/crawler)"
52.238.213.109 - - [17/Jun/2026:00:17:43 +0000] "GET /wordpress/wp-admin/maint/ HTTP/1.1" 404 40130 "-" "-"
57.141.0.22 - - [17/Jun/2026:00:17:43 +0000] "GET /post_tag-sitemap.xml?fileloc=/var/www/mojerosliny-sklep.pl/wp-admin/admin-footer.php&path=/var/www/mojerosliny-sklep.pl/wp-admin HTTP/1.1" 200 15956 "-" "meta-externalagent/1.1 (+https://developers.facebook.com/docs/sharing/webmasters/crawler)"
52.238.213.109 - - [17/Jun/2026:00:17:43 +0000] "GET /like.php HTTP/1.1" 301 178 "-" "-"
52.238.213.109 - - [17/Jun/2026:00:17:43 +0000] "GET /like.php HTTP/1.1" 404 162 "-" "-"
57.141.0.25 - - [17/Jun/2026:00:17:43 +0000] "GET /post_tag-sitemap.xml?fileloc=/var/www/newyorkpianist.net/wp-includes/class-wp-walker.php&path=/var/www/newyorkpianist.net/wp-includes HTTP/1.1" 200 26242 "-" "meta-externalagent/1.1 (+https://developers.facebook.com/docs/sharing/webmasters/crawler)"
52.238.213.109 - - [17/Jun/2026:00:17:43 +0000] "GET /.well-known/about.php HTTP/1.1" 301 178 "-" "-"
52.238.213.109 - - [17/Jun/2026:00:17:43 +0000] "GET /.well-known/about.php HTTP/1.1" 404 162 "-" "-"
52.238.213.109 - - [17/Jun/2026:00:17:43 +0000] "GET /wp-includes/ID3/about.php HTTP/1.1" 301 178 "-" "-"
57.141.0.11 - - [17/Jun/2026:00:17:43 +0000] "GET /post_tag-sitemap.xml?fileloc=/var/www/newyorkpianist.net/wp-includes/class-wp-fatal-error-handler.php&path=/var/www/newyorkpianist.net/wp-includes HTTP/1.1" 200 21233 "-" "meta-externalagent/1.1 (+https://developers.facebook.com/docs/sharing/webmasters/crawler)"
57.141.0.6 - - [17/Jun/2026:00:17:43 +0000] "GET /post_tag-sitemap.xml?fileloc=/var/www/newyorkpianist.net/wp-includes/class-wp-block-templates-registry.php&path=/var/www/newyorkpianist.net/wp-includes HTTP/1.1" 200 20375 "-" "meta-externalagent/1.1 (+https://developers.facebook.com/docs/sharing/webmasters/crawler)"
52.238.213.109 - - [17/Jun/2026:00:17:44 +0000] "GET /wp-includes/ID3/about.php HTTP/1.1" 403 162 "-" "-"
57.141.0.19 - - [17/Jun/2026:00:17:44 +0000] "GET /post_tag-sitemap.xml?fileloc=/var/www/newyorkpianist.net/wp-includes/nav-menu-template.php&path=/var/www/newyorkpianist.net/wp-includes HTTP/1.1" 200 41212 "-" "meta-externalagent/1.1 (+https://developers.facebook.com/docs/sharing/webmasters/crawler)"
52.238.213.109 - - [17/Jun/2026:00:17:44 +0000] "GET /bob.php HTTP/1.1" 301 178 "-" "-"
52.238.213.109 - - [17/Jun/2026:00:17:44 +0000] "GET /bob.php HTTP/1.1" 404 162 "-" "-"
52.238.213.109 - - [17/Jun/2026:00:17:45 +0000] "GET /25d653587fdfd1.php HTTP/1.1" 301 178 "-" "-"
57.141.0.59 - - [17/Jun/2026:00:17:45 +0000] "GET /post_tag-sitemap.xml?fileloc=/var/www/newyorkpianist.net/wp-includes/class-wp-widget-factory.php&path=/var/www/newyorkpianist.net/wp-includes HTTP/1.1" 200 16031 "-" "meta-externalagent/1.1 (+https://developers.facebook.com/docs/sharing/webmasters/crawler)"
