104.23.175.82 - - [16/Jun/2026:23:11:05 +0000] "POST /xmlrpc.php HTTP/1.1" 403 133 "-" "Mozilla/5.0 (Windows NT 10.0; Win64; x64; rv:46.0) Gecko/20100101 Firefox/46.0"
172.69.176.141 - - [16/Jun/2026:23:11:05 +0000] "GET / HTTP/1.1" 200 28960 "-" "Mozilla/5.0 (Windows NT 10.0; Win64; x64; rv:70.0) Gecko/20100101 Firefox/70.0"
172.69.166.56 - - [16/Jun/2026:23:11:06 +0000] "GET /author/admin/ HTTP/1.1" 200 23662 "-" "Mozilla/5.0 (Windows NT 10.0; Win64; x64; rv:68.0) Gecko/20100101 Firefox/68.0"
172.69.166.57 - - [16/Jun/2026:23:11:06 +0000] "POST /wp-login.php HTTP/1.1" 200 3301 "-" "Mozilla/5.0 (Windows NT 10.0; Win64; x64; rv:60.0) Gecko/20100101 Firefox/60.0"
162.158.170.198 - - [16/Jun/2026:23:11:06 +0000] "GET / HTTP/1.1" 200 28962 "-" "Mozilla/5.0 (Windows NT 10.0; Win64; x64; rv:76.0) Gecko/20100101 Firefox/76.0"
172.70.208.116 - - [16/Jun/2026:23:11:06 +0000] "GET / HTTP/1.1" 200 28960 "-" "Mozilla/5.0 (Windows NT 10.0; Win64; x64; rv:47.0) Gecko/20100101 Firefox/47.0"
162.158.108.151 - - [16/Jun/2026:23:11:07 +0000] "GET /wp-json/wp/v2/users HTTP/1.1" 200 495 "-" "Mozilla/5.0 (Windows NT 10.0; Win64; x64; rv:57.0) Gecko/20100101 Firefox/57.0"
172.69.176.141 - - [16/Jun/2026:23:11:07 +0000] "POST /wp-login.php HTTP/1.1" 200 3299 "-" "Mozilla/5.0 (Windows NT 10.0; Win64; x64; rv:60.0) Gecko/20100101 Firefox/60.0"
172.71.124.60 - - [16/Jun/2026:23:11:07 +0000] "GET /?author=2 HTTP/1.1" 200 19023 "-" "Mozilla/5.0 (Windows NT 10.0; Win64; x64; rv:99.0) Gecko/20100101 Firefox/99.0"
172.71.81.12 - - [16/Jun/2026:23:11:08 +0000] "GET /wp-json/wp/v2/users HTTP/1.1" 200 495 "-" "Mozilla/5.0 (Windows NT 10.0; Win64; x64; rv:59.0) Gecko/20100101 Firefox/59.0"
104.23.175.83 - - [16/Jun/2026:23:11:08 +0000] "GET /wp-json/wp/v2/users HTTP/1.1" 200 495 "-" "Mozilla/5.0 (Windows NT 10.0; Win64; x64; rv:89.0) Gecko/20100101 Firefox/89.0"
162.158.170.199 - - [16/Jun/2026:23:11:08 +0000] "GET /?author=1 HTTP/1.1" 301 5 "-" "Mozilla/5.0 (Windows NT 10.0; Win64; x64; rv:76.0) Gecko/20100101 Firefox/76.0"
172.69.166.56 - - [16/Jun/2026:23:11:08 +0000] "GET /?author=3 HTTP/1.1" 200 19023 "-" "Mozilla/5.0 (Windows NT 10.0; Win64; x64; rv:86.0) Gecko/20100101 Firefox/86.0"
108.162.226.169 - - [16/Jun/2026:23:11:09 +0000] "GET /?author=1 HTTP/1.1" 301 5 "-" "Mozilla/5.0 (Windows NT 10.0; Win64; x64; rv:44.0) Gecko/20100101 Firefox/44.0"
104.23.175.82 - - [16/Jun/2026:23:11:09 +0000] "GET /?author=1 HTTP/1.1" 301 5 "-" "Mozilla/5.0 (Windows NT 10.0; Win64; x64; rv:84.0) Gecko/20100101 Firefox/84.0"
162.158.162.248 - - [16/Jun/2026:23:11:09 +0000] "POST /xmlrpc.php HTTP/1.1" 403 133 "-" "Mozilla/5.0 (Windows NT 10.0; Win64; x64; rv:76.0) Gecko/20100101 Firefox/76.0"
162.158.170.198 - - [16/Jun/2026:23:11:09 +0000] "GET /author/admin/ HTTP/1.1" 200 23662 "-" "Mozilla/5.0 (Windows NT 10.0; Win64; x64; rv:76.0) Gecko/20100101 Firefox/76.0"
172.70.92.132 - - [16/Jun/2026:23:11:09 +0000] "GET / HTTP/1.1" 200 28961 "-" "Mozilla/5.0 (Windows NT 10.0; Win64; x64; rv:97.0) Gecko/20100101 Firefox/97.0"
172.69.166.57 - - [16/Jun/2026:23:11:09 +0000] "GET / HTTP/1.1" 200 28962 "-" "Mozilla/5.0 (Windows NT 10.0; Win64; x64; rv:76.0) Gecko/20100101 Firefox/76.0"
162.158.162.249 - - [16/Jun/2026:23:11:09 +0000] "GET / HTTP/1.1" 200 28962 "-" "Mozilla/5.0 (Windows NT 10.0; Win64; x64; rv:81.0) Gecko/20100101 Firefox/81.0"
108.162.226.169 - - [16/Jun/2026:23:11:09 +0000] "GET /author/admin/ HTTP/1.1" 200 23662 "-" "Mozilla/5.0 (Windows NT 10.0; Win64; x64; rv:44.0) Gecko/20100101 Firefox/44.0"
172.70.92.132 - - [16/Jun/2026:23:11:10 +0000] "POST /wp-login.php HTTP/1.1" 200 3301 "-" "Mozilla/5.0 (Windows NT 10.0; Win64; x64; rv:56.0) Gecko/20100101 Firefox/56.0"
104.23.175.82 - - [16/Jun/2026:23:11:10 +0000] "GET /author/admin/ HTTP/1.1" 200 23662 "-" "Mozilla/5.0 (Windows NT 10.0; Win64; x64; rv:84.0) Gecko/20100101 Firefox/84.0"
104.22.66.50 - - [16/Jun/2026:23:11:10 +0000] "GET /?author=2 HTTP/1.1" 200 19023 "-" "Mozilla/5.0 (Windows NT 10.0; Win64; x64; rv:79.0) Gecko/20100101 Firefox/79.0"
162.158.106.174 - - [16/Jun/2026:23:11:10 +0000] "GET /wp-json/wp/v2/users HTTP/1.1" 200 495 "-" "Mozilla/5.0 (Windows NT 10.0; Win64; x64; rv:78.0) Gecko/20100101 Firefox/78.0"
162.158.88.65 - - [16/Jun/2026:23:11:11 +0000] "GET /wp-json/wp/v2/users HTTP/1.1" 200 495 "-" "Mozilla/5.0 (Windows NT 10.0; Win64; x64; rv:51.0) Gecko/20100101 Firefox/51.0"
162.158.108.151 - - [16/Jun/2026:23:11:11 +0000] "GET /wp-json/wp/v2/users HTTP/1.1" 200 495 "-" "Mozilla/5.0 (Windows NT 10.0; Win64; x64; rv:80.0) Gecko/20100101 Firefox/80.0"
172.68.164.135 - - [16/Jun/2026:23:11:11 +0000] "GET /?author=2 HTTP/1.1" 200 19023 "-" "Mozilla/5.0 (Windows NT 10.0; Win64; x64; rv:89.0) Gecko/20100101 Firefox/89.0"
162.158.189.199 - - [16/Jun/2026:23:11:11 +0000] "POST /wp-login.php HTTP/1.1" 200 3299 "-" "Mozilla/5.0 (Windows NT 10.0; Win64; x64; rv:78.0) Gecko/20100101 Firefox/78.0"
104.22.66.51 - - [16/Jun/2026:23:11:11 +0000] "GET /?author=2 HTTP/1.1" 200 19023 "-" "Mozilla/5.0 (Windows NT 10.0; Win64; x64; rv:100.0) Gecko/20100101 Firefox/100.0"
162.158.162.248 - - [16/Jun/2026:23:11:11 +0000] "GET /?author=1 HTTP/1.1" 301 5 "-" "Mozilla/5.0 (Windows NT 10.0; Win64; x64; rv:63.0) Gecko/20100101 Firefox/63.0"
172.69.166.57 - - [16/Jun/2026:23:11:11 +0000] "GET /?author=1 HTTP/1.1" 301 5 "-" "Mozilla/5.0 (Windows NT 10.0; Win64; x64; rv:84.0) Gecko/20100101 Firefox/84.0"
162.158.88.65 - - [16/Jun/2026:23:11:12 +0000] "GET /?author=3 HTTP/1.1" 200 19023 "-" "Mozilla/5.0 (Windows NT 10.0; Win64; x64; rv:81.0) Gecko/20100101 Firefox/81.0"
104.23.175.82 - - [16/Jun/2026:23:11:12 +0000] "GET /?author=1 HTTP/1.1" 301 5 "-" "Mozilla/5.0 (Windows NT 10.0; Win64; x64; rv:74.0) Gecko/20100101 Firefox/74.0"
162.158.88.64 - - [16/Jun/2026:23:11:12 +0000] "POST /xmlrpc.php HTTP/1.1" 403 133 "-" "Mozilla/5.0 (Windows NT 10.0; Win64; x64; rv:55.0) Gecko/20100101 Firefox/55.0"
162.158.162.249 - - [16/Jun/2026:23:11:12 +0000] "GET /?author=3 HTTP/1.1" 200 19023 "-" "Mozilla/5.0 (Windows NT 10.0; Win64; x64; rv:99.0) Gecko/20100101 Firefox/99.0"
172.69.176.141 - - [16/Jun/2026:23:11:12 +0000] "GET /?author=3 HTTP/1.1" 200 19023 "-" "Mozilla/5.0 (Windows NT 10.0; Win64; x64; rv:97.0) Gecko/20100101 Firefox/97.0"
162.158.162.248 - - [16/Jun/2026:23:11:12 +0000] "GET /author/admin/ HTTP/1.1" 200 23662 "-" "Mozilla/5.0 (Windows NT 10.0; Win64; x64; rv:63.0) Gecko/20100101 Firefox/63.0"
172.69.166.56 - - [16/Jun/2026:23:11:13 +0000] "GET /author/admin/ HTTP/1.1" 200 23662 "-" "Mozilla/5.0 (Windows NT 10.0; Win64; x64; rv:84.0) Gecko/20100101 Firefox/84.0"
172.71.124.61 - - [16/Jun/2026:23:11:13 +0000] "POST /xmlrpc.php HTTP/1.1" 403 133 "-" "Mozilla/5.0 (Windows NT 10.0; Win64; x64; rv:46.0) Gecko/20100101 Firefox/46.0"
104.23.175.83 - - [16/Jun/2026:23:11:13 +0000] "GET /author/admin/ HTTP/1.1" 200 23662 "-" "Mozilla/5.0 (Windows NT 10.0; Win64; x64; rv:74.0) Gecko/20100101 Firefox/74.0"
104.22.66.50 - - [16/Jun/2026:23:11:13 +0000] "POST /xmlrpc.php HTTP/1.1" 403 133 "-" "Mozilla/5.0 (Windows NT 10.0; Win64; x64; rv:63.0) Gecko/20100101 Firefox/63.0"
172.69.166.56 - - [16/Jun/2026:23:11:13 +0000] "POST /wp-login.php HTTP/1.1" 200 3301 "-" "Mozilla/5.0 (Windows NT 10.0; Win64; x64; rv:87.0) Gecko/20100101 Firefox/87.0"
172.70.92.132 - - [16/Jun/2026:23:11:13 +0000] "GET / HTTP/1.1" 200 28959 "-" "Mozilla/5.0 (Windows NT 10.0; Win64; x64; rv:63.0) Gecko/20100101 Firefox/63.0"
172.70.208.117 - - [16/Jun/2026:23:11:13 +0000] "GET / HTTP/1.1" 200 28961 "-" "Mozilla/5.0 (Windows NT 10.0; Win64; x64; rv:96.0) Gecko/20100101 Firefox/96.0"
162.158.88.64 - - [16/Jun/2026:23:11:14 +0000] "POST /wp-login.php HTTP/1.1" 200 3301 "-" "Mozilla/5.0 (Windows NT 10.0; Win64; x64; rv:79.0) Gecko/20100101 Firefox/79.0"
172.68.164.134 - - [16/Jun/2026:23:11:14 +0000] "GET /?author=2 HTTP/1.1" 200 19023 "-" "Mozilla/5.0 (Windows NT 10.0; Win64; x64; rv:69.0) Gecko/20100101 Firefox/69.0"
104.23.175.82 - - [16/Jun/2026:23:11:14 +0000] "GET /?author=2 HTTP/1.1" 200 19023 "-" "Mozilla/5.0 (Windows NT 10.0; Win64; x64; rv:69.0) Gecko/20100101 Firefox/69.0"
104.23.175.82 - - [16/Jun/2026:23:11:14 +0000] "POST /wp-login.php HTTP/1.1" 200 3301 "-" "Mozilla/5.0 (Windows NT 10.0; Win64; x64; rv:87.0) Gecko/20100101 Firefox/87.0"
104.22.66.50 - - [16/Jun/2026:23:11:14 +0000] "GET /?author=2 HTTP/1.1" 200 19023 "-" "Mozilla/5.0 (Windows NT 10.0; Win64; x64; rv:62.0) Gecko/20100101 Firefox/62.0"
172.69.176.141 - - [16/Jun/2026:23:11:14 +0000] "POST /wp-login.php HTTP/1.1" 200 3299 "-" "Mozilla/5.0 (Windows NT 10.0; Win64; x64; rv:62.0) Gecko/20100101 Firefox/62.0"
172.69.166.57 - - [16/Jun/2026:23:11:14 +0000] "GET /wp-json/wp/v2/users HTTP/1.1" 200 495 "-" "Mozilla/5.0 (Windows NT 10.0; Win64; x64; rv:94.0) Gecko/20100101 Firefox/94.0"
172.70.189.21 - - [16/Jun/2026:23:11:14 +0000] "GET /wp-json/wp/v2/users HTTP/1.1" 200 495 "-" "Mozilla/5.0 (Windows NT 10.0; Win64; x64; rv:97.0) Gecko/20100101 Firefox/97.0"
172.70.208.117 - - [16/Jun/2026:23:11:15 +0000] "POST /wp-login.php HTTP/1.1" 200 3299 "-" "Mozilla/5.0 (Windows NT 10.0; Win64; x64; rv:85.0) Gecko/20100101 Firefox/85.0"
172.69.166.56 - - [16/Jun/2026:23:11:15 +0000] "GET /?author=3 HTTP/1.1" 200 19023 "-" "Mozilla/5.0 (Windows NT 10.0; Win64; x64; rv:58.0) Gecko/20100101 Firefox/58.0"
172.69.166.57 - - [16/Jun/2026:23:11:15 +0000] "GET /?author=3 HTTP/1.1" 200 19023 "-" "Mozilla/5.0 (Windows NT 10.0; Win64; x64; rv:93.0) Gecko/20100101 Firefox/93.0"
172.69.166.56 - - [16/Jun/2026:23:11:15 +0000] "GET /?author=1 HTTP/1.1" 301 5 "-" "Mozilla/5.0 (Windows NT 10.0; Win64; x64; rv:92.0) Gecko/20100101 Firefox/92.0"
172.71.124.61 - - [16/Jun/2026:23:11:15 +0000] "GET /?author=3 HTTP/1.1" 200 19023 "-" "Mozilla/5.0 (Windows NT 10.0; Win64; x64; rv:76.0) Gecko/20100101 Firefox/76.0"
172.70.189.22 - - [16/Jun/2026:23:11:15 +0000] "POST /wp-login.php HTTP/1.1" 200 3299 "-" "Mozilla/5.0 (Windows NT 10.0; Win64; x64; rv:54.0) Gecko/20100101 Firefox/54.0"
162.158.189.199 - - [16/Jun/2026:23:11:15 +0000] "GET /?author=1 HTTP/1.1" 301 5 "-" "Mozilla/5.0 (Windows NT 10.0; Win64; x64; rv:68.0) Gecko/20100101 Firefox/68.0"
162.158.88.65 - - [16/Jun/2026:23:11:16 +0000] "POST /xmlrpc.php HTTP/1.1" 403 133 "-" "Mozilla/5.0 (Windows NT 10.0; Win64; x64; rv:77.0) Gecko/20100101 Firefox/77.0"
172.70.92.132 - - [16/Jun/2026:23:11:16 +0000] "POST /xmlrpc.php HTTP/1.1" 403 133 "-" "Mozilla/5.0 (Windows NT 10.0; Win64; x64; rv:88.0) Gecko/20100101 Firefox/88.0"
172.69.176.141 - - [16/Jun/2026:23:11:16 +0000] "POST /xmlrpc.php HTTP/1.1" 403 133 "-" "Mozilla/5.0 (Windows NT 10.0; Win64; x64; rv:88.0) Gecko/20100101 Firefox/88.0"
172.69.166.57 - - [16/Jun/2026:23:11:16 +0000] "GET /author/admin/ HTTP/1.1" 200 23662 "-" "Mozilla/5.0 (Windows NT 10.0; Win64; x64; rv:92.0) Gecko/20100101 Firefox/92.0"
162.158.189.199 - - [16/Jun/2026:23:11:16 +0000] "GET /author/admin/ HTTP/1.1" 200 23662 "-" "Mozilla/5.0 (Windows NT 10.0; Win64; x64; rv:68.0) Gecko/20100101 Firefox/68.0"
172.69.176.141 - - [16/Jun/2026:23:11:17 +0000] "POST /wp-login.php HTTP/1.1" 200 3301 "-" "Mozilla/5.0 (Windows NT 10.0; Win64; x64; rv:44.0) Gecko/20100101 Firefox/44.0"
172.69.166.56 - - [16/Jun/2026:23:11:17 +0000] "POST /wp-login.php HTTP/1.1" 200 3301 "-" "Mozilla/5.0 (Windows NT 10.0; Win64; x64; rv:57.0) Gecko/20100101 Firefox/57.0"
172.70.189.21 - - [16/Jun/2026:23:11:17 +0000] "POST /wp-login.php HTTP/1.1" 200 3301 "-" "Mozilla/5.0 (Windows NT 10.0; Win64; x64; rv:100.0) Gecko/20100101 Firefox/100.0"
172.69.176.141 - - [16/Jun/2026:23:11:18 +0000] "GET /?author=2 HTTP/1.1" 200 19023 "-" "Mozilla/5.0 (Windows NT 10.0; Win64; x64; rv:87.0) Gecko/20100101 Firefox/87.0"
172.71.124.60 - - [16/Jun/2026:23:11:18 +0000] "POST /wp-login.php HTTP/1.1" 200 3299 "-" "Mozilla/5.0 (Windows NT 10.0; Win64; x64; rv:91.0) Gecko/20100101 Firefox/91.0"
162.158.106.174 - - [16/Jun/2026:23:11:18 +0000] "GET /?author=2 HTTP/1.1" 200 19023 "-" "Mozilla/5.0 (Windows NT 10.0; Win64; x64; rv:49.0) Gecko/20100101 Firefox/49.0"
104.23.175.82 - - [16/Jun/2026:23:11:18 +0000] "POST /wp-login.php HTTP/1.1" 200 3299 "-" "Mozilla/5.0 (Windows NT 10.0; Win64; x64; rv:66.0) Gecko/20100101 Firefox/66.0"
172.69.176.141 - - [16/Jun/2026:23:11:18 +0000] "POST /wp-login.php HTTP/1.1" 200 3299 "-" "Mozilla/5.0 (Windows NT 10.0; Win64; x64; rv:64.0) Gecko/20100101 Firefox/64.0"
104.22.66.51 - - [16/Jun/2026:23:11:19 +0000] "GET /?author=3 HTTP/1.1" 200 19023 "-" "Mozilla/5.0 (Windows NT 10.0; Win64; x64; rv:72.0) Gecko/20100101 Firefox/72.0"
172.69.176.141 - - [16/Jun/2026:23:11:19 +0000] "GET / HTTP/1.1" 200 28961 "-" "Mozilla/5.0 (Windows NT 10.0; Win64; x64; rv:84.0) Gecko/20100101 Firefox/84.0"
172.68.164.134 - - [16/Jun/2026:23:11:19 +0000] "GET /?author=3 HTTP/1.1" 200 19023 "-" "Mozilla/5.0 (Windows NT 10.0; Win64; x64; rv:80.0) Gecko/20100101 Firefox/80.0"
104.23.175.83 - - [16/Jun/2026:23:11:19 +0000] "GET / HTTP/1.1" 200 28961 "-" "Mozilla/5.0 (Windows NT 10.0; Win64; x64; rv:65.0) Gecko/20100101 Firefox/65.0"
104.22.66.50 - - [16/Jun/2026:23:11:19 +0000] "POST /xmlrpc.php HTTP/1.1" 403 133 "-" "Mozilla/5.0 (Windows NT 10.0; Win64; x64; rv:68.0) Gecko/20100101 Firefox/68.0"
172.68.164.135 - - [16/Jun/2026:23:11:20 +0000] "POST /xmlrpc.php HTTP/1.1" 403 133 "-" "Mozilla/5.0 (Windows NT 10.0; Win64; x64; rv:86.0) Gecko/20100101 Firefox/86.0"
172.69.176.141 - - [16/Jun/2026:23:11:20 +0000] "GET / HTTP/1.1" 200 28960 "-" "Mozilla/5.0 (Windows NT 10.0; Win64; x64; rv:90.0) Gecko/20100101 Firefox/90.0"
104.23.175.82 - - [16/Jun/2026:23:11:20 +0000] "GET /wp-json/wp/v2/users HTTP/1.1" 200 495 "-" "Mozilla/5.0 (Windows NT 10.0; Win64; x64; rv:94.0) Gecko/20100101 Firefox/94.0"
172.69.166.56 - - [16/Jun/2026:23:11:20 +0000] "GET /wp-json/wp/v2/users HTTP/1.1" 200 495 "-" "Mozilla/5.0 (Windows NT 10.0; Win64; x64; rv:84.0) Gecko/20100101 Firefox/84.0"
104.23.175.82 - - [16/Jun/2026:23:11:20 +0000] "POST /wp-login.php HTTP/1.1" 200 3301 "-" "Mozilla/5.0 (Windows NT 10.0; Win64; x64; rv:82.0) Gecko/20100101 Firefox/82.0"
104.23.175.82 - - [16/Jun/2026:23:11:20 +0000] "POST /wp-login.php HTTP/1.1" 200 3301 "-" "Mozilla/5.0 (Windows NT 10.0; Win64; x64; rv:43.0) Gecko/20100101 Firefox/43.0"
172.70.92.132 - - [16/Jun/2026:23:11:21 +0000] "GET /wp-json/wp/v2/users HTTP/1.1" 200 495 "-" "Mozilla/5.0 (Windows NT 10.0; Win64; x64; rv:53.0) Gecko/20100101 Firefox/53.0"
162.158.88.65 - - [16/Jun/2026:23:11:21 +0000] "GET / HTTP/1.1" 200 28964 "-" "Mozilla/5.0 (Windows NT 10.0; Win64; x64; rv:66.0) Gecko/20100101 Firefox/66.0"
104.22.66.50 - - [16/Jun/2026:23:11:21 +0000] "GET /?author=1 HTTP/1.1" 301 5 "-" "Mozilla/5.0 (Windows NT 10.0; Win64; x64; rv:66.0) Gecko/20100101 Firefox/66.0"
172.71.124.60 - - [16/Jun/2026:23:11:21 +0000] "GET /?author=1 HTTP/1.1" 301 5 "-" "Mozilla/5.0 (Windows NT 10.0; Win64; x64; rv:88.0) Gecko/20100101 Firefox/88.0"
172.71.195.96 - - [16/Jun/2026:23:11:21 +0000] "GET /gioca-top-cat-gratis-senza-scaricare/ HTTP/1.1" 404 18248 "-" "meta-externalagent/1.1 (+https://developers.facebook.com/docs/sharing/webmasters/crawler)"
172.68.164.134 - - [16/Jun/2026:23:11:21 +0000] "POST /wp-login.php HTTP/1.1" 200 3299 "-" "Mozilla/5.0 (Windows NT 10.0; Win64; x64; rv:71.0) Gecko/20100101 Firefox/71.0"
104.23.175.83 - - [16/Jun/2026:23:11:21 +0000] "POST /wp-login.php HTTP/1.1" 200 3299 "-" "Mozilla/5.0 (Windows NT 10.0; Win64; x64; rv:48.0) Gecko/20100101 Firefox/48.0"
172.69.176.141 - - [16/Jun/2026:23:11:21 +0000] "GET /?author=1 HTTP/1.1" 301 5 "-" "Mozilla/5.0 (Windows NT 10.0; Win64; x64; rv:82.0) Gecko/20100101 Firefox/82.0"
172.71.124.61 - - [16/Jun/2026:23:11:22 +0000] "GET /author/admin/ HTTP/1.1" 200 23662 "-" "Mozilla/5.0 (Windows NT 10.0; Win64; x64; rv:88.0) Gecko/20100101 Firefox/88.0"
104.22.66.50 - - [16/Jun/2026:23:11:22 +0000] "GET /wp-json/wp/v2/users HTTP/1.1" 200 495 "-" "Mozilla/5.0 (Windows NT 10.0; Win64; x64; rv:76.0) Gecko/20100101 Firefox/76.0"
104.22.66.51 - - [16/Jun/2026:23:11:22 +0000] "GET /author/admin/ HTTP/1.1" 200 23662 "-" "Mozilla/5.0 (Windows NT 10.0; Win64; x64; rv:66.0) Gecko/20100101 Firefox/66.0"
172.69.176.141 - - [16/Jun/2026:23:11:22 +0000] "GET /author/admin/ HTTP/1.1" 200 23662 "-" "Mozilla/5.0 (Windows NT 10.0; Win64; x64; rv:82.0) Gecko/20100101 Firefox/82.0"
172.69.166.57 - - [16/Jun/2026:23:11:23 +0000] "GET /?author=1 HTTP/1.1" 301 5 "-" "Mozilla/5.0 (Windows NT 10.0; Win64; x64; rv:71.0) Gecko/20100101 Firefox/71.0"
162.158.108.151 - - [16/Jun/2026:23:11:23 +0000] "GET /?author=2 HTTP/1.1" 200 19023 "-" "Mozilla/5.0 (Windows NT 10.0; Win64; x64; rv:49.0) Gecko/20100101 Firefox/49.0"
162.158.189.199 - - [16/Jun/2026:23:11:23 +0000] "GET /?author=2 HTTP/1.1" 200 19023 "-" "Mozilla/5.0 (Windows NT 10.0; Win64; x64; rv:72.0) Gecko/20100101 Firefox/72.0"
162.158.170.199 - - [16/Jun/2026:23:11:24 +0000] "GET /?author=2 HTTP/1.1" 200 19023 "-" "Mozilla/5.0 (Windows NT 10.0; Win64; x64; rv:64.0) Gecko/20100101 Firefox/64.0"
172.69.166.57 - - [16/Jun/2026:23:11:24 +0000] "GET /author/admin/ HTTP/1.1" 200 23662 "-" "Mozilla/5.0 (Windows NT 10.0; Win64; x64; rv:71.0) Gecko/20100101 Firefox/71.0"
104.23.175.82 - - [16/Jun/2026:23:11:24 +0000] "GET /?author=3 HTTP/1.1" 200 19023 "-" "Mozilla/5.0 (Windows NT 10.0; Win64; x64; rv:97.0) Gecko/20100101 Firefox/97.0"
162.158.189.199 - - [16/Jun/2026:23:11:24 +0000] "GET /?author=3 HTTP/1.1" 200 19023 "-" "Mozilla/5.0 (Windows NT 10.0; Win64; x64; rv:97.0) Gecko/20100101 Firefox/97.0"
172.71.124.61 - - [16/Jun/2026:23:11:25 +0000] "POST /xmlrpc.php HTTP/1.1" 403 133 "-" "Mozilla/5.0 (Windows NT 10.0; Win64; x64; rv:41.0) Gecko/20100101 Firefox/41.0"
172.69.166.56 - - [16/Jun/2026:23:11:25 +0000] "GET /?author=3 HTTP/1.1" 200 19023 "-" "Mozilla/5.0 (Windows NT 10.0; Win64; x64; rv:87.0) Gecko/20100101 Firefox/87.0"
162.158.88.64 - - [16/Jun/2026:23:11:25 +0000] "GET /?author=2 HTTP/1.1" 200 19023 "-" "Mozilla/5.0 (Windows NT 10.0; Win64; x64; rv:53.0) Gecko/20100101 Firefox/53.0"
162.158.162.249 - - [16/Jun/2026:23:11:25 +0000] "POST /xmlrpc.php HTTP/1.1" 403 133 "-" "Mozilla/5.0 (Windows NT 10.0; Win64; x64; rv:49.0) Gecko/20100101 Firefox/49.0"
172.71.124.60 - - [16/Jun/2026:23:11:25 +0000] "POST /xmlrpc.php HTTP/1.1" 403 133 "-" "Mozilla/5.0 (Windows NT 10.0; Win64; x64; rv:98.0) Gecko/20100101 Firefox/98.0"
172.71.81.12 - - [16/Jun/2026:23:11:26 +0000] "POST /wp-login.php HTTP/1.1" 200 3301 "-" "Mozilla/5.0 (Windows NT 10.0; Win64; x64; rv:93.0) Gecko/20100101 Firefox/93.0"
162.158.88.64 - - [16/Jun/2026:23:11:26 +0000] "POST /wp-login.php HTTP/1.1" 200 3301 "-" "Mozilla/5.0 (Windows NT 10.0; Win64; x64; rv:94.0) Gecko/20100101 Firefox/94.0"
104.23.175.82 - - [16/Jun/2026:23:11:26 +0000] "GET /?author=3 HTTP/1.1" 200 19023 "-" "Mozilla/5.0 (Windows NT 10.0; Win64; x64; rv:52.0) Gecko/20100101 Firefox/52.0"
104.22.66.50 - - [16/Jun/2026:23:11:26 +0000] "POST /wp-login.php HTTP/1.1" 200 3301 "-" "Mozilla/5.0 (Windows NT 10.0; Win64; x64; rv:89.0) Gecko/20100101 Firefox/89.0"
162.158.88.65 - - [16/Jun/2026:23:11:27 +0000] "POST /wp-login.php HTTP/1.1" 200 3299 "-" "Mozilla/5.0 (Windows NT 10.0; Win64; x64; rv:60.0) Gecko/20100101 Firefox/60.0"
162.158.88.64 - - [16/Jun/2026:23:11:27 +0000] "POST /xmlrpc.php HTTP/1.1" 403 133 "-" "Mozilla/5.0 (Windows NT 10.0; Win64; x64; rv:77.0) Gecko/20100101 Firefox/77.0"
172.70.208.117 - - [16/Jun/2026:23:11:27 +0000] "GET / HTTP/1.1" 200 28964 "-" "Mozilla/5.0 (Windows NT 10.0; Win64; x64; rv:66.0) Gecko/20100101 Firefox/66.0"
162.158.88.65 - - [16/Jun/2026:23:11:27 +0000] "POST /wp-login.php HTTP/1.1" 200 3299 "-" "Mozilla/5.0 (Windows NT 10.0; Win64; x64; rv:72.0) Gecko/20100101 Firefox/72.0"
162.158.170.198 - - [16/Jun/2026:23:11:27 +0000] "POST /wp-login.php HTTP/1.1" 200 3299 "-" "Mozilla/5.0 (Windows NT 10.0; Win64; x64; rv:79.0) Gecko/20100101 Firefox/79.0"
162.158.162.248 - - [16/Jun/2026:23:11:28 +0000] "POST /wp-login.php HTTP/1.1" 200 3301 "-" "Mozilla/5.0 (Windows NT 10.0; Win64; x64; rv:62.0) Gecko/20100101 Firefox/62.0"
172.71.81.12 - - [16/Jun/2026:23:11:28 +0000] "GET / HTTP/1.1" 200 28961 "-" "Mozilla/5.0 (Windows NT 10.0; Win64; x64; rv:45.0) Gecko/20100101 Firefox/45.0"
162.158.106.174 - - [16/Jun/2026:23:11:28 +0000] "GET / HTTP/1.1" 200 28961 "-" "Mozilla/5.0 (Windows NT 10.0; Win64; x64; rv:54.0) Gecko/20100101 Firefox/54.0"
104.23.175.82 - - [16/Jun/2026:23:11:28 +0000] "GET /wp-json/wp/v2/users HTTP/1.1" 200 495 "-" "Mozilla/5.0 (Windows NT 10.0; Win64; x64; rv:93.0) Gecko/20100101 Firefox/93.0"
172.69.166.56 - - [16/Jun/2026:23:11:28 +0000] "POST /wp-login.php HTTP/1.1" 200 3299 "-" "Mozilla/5.0 (Windows NT 10.0; Win64; x64; rv:41.0) Gecko/20100101 Firefox/41.0"
172.70.208.116 - - [16/Jun/2026:23:11:29 +0000] "GET /?author=1 HTTP/1.1" 301 5 "-" "Mozilla/5.0 (Windows NT 10.0; Win64; x64; rv:76.0) Gecko/20100101 Firefox/76.0"
162.158.88.64 - - [16/Jun/2026:23:11:29 +0000] "GET /wp-json/wp/v2/users HTTP/1.1" 200 495 "-" "Mozilla/5.0 (Windows NT 10.0; Win64; x64; rv:55.0) Gecko/20100101 Firefox/55.0"
162.158.88.65 - - [16/Jun/2026:23:11:29 +0000] "GET /wp-json/wp/v2/users HTTP/1.1" 200 495 "-" "Mozilla/5.0 (Windows NT 10.0; Win64; x64; rv:98.0) Gecko/20100101 Firefox/98.0"
172.71.81.12 - - [16/Jun/2026:23:11:29 +0000] "GET / HTTP/1.1" 200 28964 "-" "Mozilla/5.0 (Windows NT 10.0; Win64; x64; rv:99.0) Gecko/20100101 Firefox/99.0"
104.22.66.50 - - [16/Jun/2026:23:11:30 +0000] "GET /?author=1 HTTP/1.1" 301 5 "-" "Mozilla/5.0 (Windows NT 10.0; Win64; x64; rv:60.0) Gecko/20100101 Firefox/60.0"
172.70.208.116 - - [16/Jun/2026:23:11:30 +0000] "GET /author/admin/ HTTP/1.1" 200 23662 "-" "Mozilla/5.0 (Windows NT 10.0; Win64; x64; rv:76.0) Gecko/20100101 Firefox/76.0"
172.71.124.60 - - [16/Jun/2026:23:11:30 +0000] "GET /?author=1 HTTP/1.1" 301 5 "-" "Mozilla/5.0 (Windows NT 10.0; Win64; x64; rv:40.0) Gecko/20100101 Firefox/40.0"
172.71.124.61 - - [16/Jun/2026:23:11:30 +0000] "GET /wp-json/wp/v2/users HTTP/1.1" 200 495 "-" "Mozilla/5.0 (Windows NT 10.0; Win64; x64; rv:57.0) Gecko/20100101 Firefox/57.0"
104.22.66.51 - - [16/Jun/2026:23:11:31 +0000] "GET /author/admin/ HTTP/1.1" 200 23662 "-" "Mozilla/5.0 (Windows NT 10.0; Win64; x64; rv:60.0) Gecko/20100101 Firefox/60.0"
162.158.108.151 - - [16/Jun/2026:23:11:31 +0000] "GET /?author=2 HTTP/1.1" 200 19023 "-" "Mozilla/5.0 (Windows NT 10.0; Win64; x64; rv:71.0) Gecko/20100101 Firefox/71.0"
172.71.124.61 - - [16/Jun/2026:23:11:31 +0000] "GET /author/admin/ HTTP/1.1" 200 23662 "-" "Mozilla/5.0 (Windows NT 10.0; Win64; x64; rv:40.0) Gecko/20100101 Firefox/40.0"
172.69.176.141 - - [16/Jun/2026:23:11:31 +0000] "GET /?author=1 HTTP/1.1" 301 5 "-" "Mozilla/5.0 (Windows NT 10.0; Win64; x64; rv:44.0) Gecko/20100101 Firefox/44.0"
104.23.175.83 - - [16/Jun/2026:23:11:32 +0000] "GET / HTTP/1.1" 200 28960 "-" "Mozilla/5.0 (Windows NT 10.0; Win64; x64; rv:91.0) Gecko/20100101 Firefox/91.0"
162.158.88.64 - - [16/Jun/2026:23:11:32 +0000] "GET /?author=2 HTTP/1.1" 200 19023 "-" "Mozilla/5.0 (Windows NT 10.0; Win64; x64; rv:82.0) Gecko/20100101 Firefox/82.0"
172.71.124.60 - - [16/Jun/2026:23:11:32 +0000] "GET /?author=3 HTTP/1.1" 200 19023 "-" "Mozilla/5.0 (Windows NT 10.0; Win64; x64; rv:58.0) Gecko/20100101 Firefox/58.0"
172.69.176.141 - - [16/Jun/2026:23:11:32 +0000] "GET /author/admin/ HTTP/1.1" 200 23662 "-" "Mozilla/5.0 (Windows NT 10.0; Win64; x64; rv:44.0) Gecko/20100101 Firefox/44.0"
104.22.66.50 - - [16/Jun/2026:23:11:32 +0000] "GET /?author=2 HTTP/1.1" 200 19023 "-" "Mozilla/5.0 (Windows NT 10.0; Win64; x64; rv:63.0) Gecko/20100101 Firefox/63.0"
172.70.208.117 - - [16/Jun/2026:23:11:33 +0000] "POST /xmlrpc.php HTTP/1.1" 403 133 "-" "Mozilla/5.0 (Windows NT 10.0; Win64; x64; rv:56.0) Gecko/20100101 Firefox/56.0"
162.158.162.249 - - [16/Jun/2026:23:11:33 +0000] "GET /wp-json/wp/v2/users HTTP/1.1" 200 495 "-" "Mozilla/5.0 (Windows NT 10.0; Win64; x64; rv:70.0) Gecko/20100101 Firefox/70.0"
172.71.124.60 - - [16/Jun/2026:23:11:33 +0000] "GET /?author=3 HTTP/1.1" 200 19023 "-" "Mozilla/5.0 (Windows NT 10.0; Win64; x64; rv:73.0) Gecko/20100101 Firefox/73.0"
104.23.175.82 - - [16/Jun/2026:23:11:33 +0000] "GET /?author=2 HTTP/1.1" 200 19023 "-" "Mozilla/5.0 (Windows NT 10.0; Win64; x64; rv:63.0) Gecko/20100101 Firefox/63.0"
172.69.166.57 - - [16/Jun/2026:23:11:33 +0000] "POST /wp-login.php HTTP/1.1" 200 3301 "-" "Mozilla/5.0 (Windows NT 10.0; Win64; x64; rv:65.0) Gecko/20100101 Firefox/65.0"
162.158.88.65 - - [16/Jun/2026:23:11:33 +0000] "GET /?author=3 HTTP/1.1" 200 19023 "-" "Mozilla/5.0 (Windows NT 10.0; Win64; x64; rv:41.0) Gecko/20100101 Firefox/41.0"
172.69.166.56 - - [16/Jun/2026:23:11:34 +0000] "POST /xmlrpc.php HTTP/1.1" 403 133 "-" "Mozilla/5.0 (Windows NT 10.0; Win64; x64; rv:77.0) Gecko/20100101 Firefox/77.0"
172.69.166.57 - - [16/Jun/2026:23:11:34 +0000] "GET / HTTP/1.1" 200 28959 "-" "Mozilla/5.0 (Windows NT 10.0; Win64; x64; rv:86.0) Gecko/20100101 Firefox/86.0"
104.23.175.82 - - [16/Jun/2026:23:11:34 +0000] "GET /?author=1 HTTP/1.1" 301 5 "-" "Mozilla/5.0 (Windows NT 10.0; Win64; x64; rv:77.0) Gecko/20100101 Firefox/77.0"
172.69.166.56 - - [16/Jun/2026:23:11:34 +0000] "POST /xmlrpc.php HTTP/1.1" 403 133 "-" "Mozilla/5.0 (Windows NT 10.0; Win64; x64; rv:87.0) Gecko/20100101 Firefox/87.0"
162.158.88.64 - - [16/Jun/2026:23:11:34 +0000] "POST /wp-login.php HTTP/1.1" 200 3299 "-" "Mozilla/5.0 (Windows NT 10.0; Win64; x64; rv:76.0) Gecko/20100101 Firefox/76.0"
162.158.88.65 - - [16/Jun/2026:23:11:35 +0000] "POST /wp-login.php HTTP/1.1" 200 3301 "-" "Mozilla/5.0 (Windows NT 10.0; Win64; x64; rv:88.0) Gecko/20100101 Firefox/88.0"
172.71.124.61 - - [16/Jun/2026:23:11:35 +0000] "GET /?author=3 HTTP/1.1" 200 19023 "-" "Mozilla/5.0 (Windows NT 10.0; Win64; x64; rv:61.0) Gecko/20100101 Firefox/61.0"
104.23.175.82 - - [16/Jun/2026:23:11:35 +0000] "GET /author/admin/ HTTP/1.1" 200 23662 "-" "Mozilla/5.0 (Windows NT 10.0; Win64; x64; rv:77.0) Gecko/20100101 Firefox/77.0"
172.71.124.61 - - [16/Jun/2026:23:11:35 +0000] "GET /wp-json/wp/v2/users HTTP/1.1" 200 495 "-" "Mozilla/5.0 (Windows NT 10.0; Win64; x64; rv:97.0) Gecko/20100101 Firefox/97.0"
172.69.166.57 - - [16/Jun/2026:23:11:35 +0000] "POST /wp-login.php HTTP/1.1" 200 3301 "-" "Mozilla/5.0 (Windows NT 10.0; Win64; x64; rv:43.0) Gecko/20100101 Firefox/43.0"
104.22.66.50 - - [16/Jun/2026:23:11:35 +0000] "POST /xmlrpc.php HTTP/1.1" 403 133 "-" "Mozilla/5.0 (Windows NT 10.0; Win64; x64; rv:61.0) Gecko/20100101 Firefox/61.0"
172.71.81.12 - - [16/Jun/2026:23:11:35 +0000] "POST /wp-login.php HTTP/1.1" 200 3299 "-" "Mozilla/5.0 (Windows NT 10.0; Win64; x64; rv:42.0) Gecko/20100101 Firefox/42.0"
172.70.92.132 - - [16/Jun/2026:23:11:36 +0000] "GET /?author=1 HTTP/1.1" 301 5 "-" "Mozilla/5.0 (Windows NT 10.0; Win64; x64; rv:68.0) Gecko/20100101 Firefox/68.0"
162.158.162.248 - - [16/Jun/2026:23:11:36 +0000] "GET /?author=2 HTTP/1.1" 200 19023 "-" "Mozilla/5.0 (Windows NT 10.0; Win64; x64; rv:43.0) Gecko/20100101 Firefox/43.0"
172.71.81.12 - - [16/Jun/2026:23:11:36 +0000] "POST /wp-login.php HTTP/1.1" 200 3299 "-" "Mozilla/5.0 (Windows NT 10.0; Win64; x64; rv:41.0) Gecko/20100101 Firefox/41.0"
162.158.162.249 - - [16/Jun/2026:23:11:36 +0000] "POST /wp-login.php HTTP/1.1" 200 3301 "-" "Mozilla/5.0 (Windows NT 10.0; Win64; x64; rv:64.0) Gecko/20100101 Firefox/64.0"
172.70.92.132 - - [16/Jun/2026:23:11:37 +0000] "GET /author/admin/ HTTP/1.1" 200 23662 "-" "Mozilla/5.0 (Windows NT 10.0; Win64; x64; rv:68.0) Gecko/20100101 Firefox/68.0"
172.68.164.134 - - [16/Jun/2026:23:11:37 +0000] "GET /?author=3 HTTP/1.1" 200 19023 "-" "Mozilla/5.0 (Windows NT 10.0; Win64; x64; rv:64.0) Gecko/20100101 Firefox/64.0"
162.158.108.151 - - [16/Jun/2026:23:11:37 +0000] "POST /wp-login.php HTTP/1.1" 200 3299 "-" "Mozilla/5.0 (Windows NT 10.0; Win64; x64; rv:88.0) Gecko/20100101 Firefox/88.0"
162.158.162.248 - - [16/Jun/2026:23:11:38 +0000] "POST /xmlrpc.php HTTP/1.1" 403 133 "-" "Mozilla/5.0 (Windows NT 10.0; Win64; x64; rv:94.0) Gecko/20100101 Firefox/94.0"
172.70.208.117 - - [16/Jun/2026:23:11:38 +0000] "GET /?author=2 HTTP/1.1" 200 19023 "-" "Mozilla/5.0 (Windows NT 10.0; Win64; x64; rv:53.0) Gecko/20100101 Firefox/53.0"
172.68.164.135 - - [16/Jun/2026:23:11:39 +0000] "POST /wp-login.php HTTP/1.1" 200 3301 "-" "Mozilla/5.0 (Windows NT 10.0; Win64; x64; rv:47.0) Gecko/20100101 Firefox/47.0"
172.71.124.60 - - [16/Jun/2026:23:11:39 +0000] "GET /?author=3 HTTP/1.1" 200 19023 "-" "Mozilla/5.0 (Windows NT 10.0; Win64; x64; rv:52.0) Gecko/20100101 Firefox/52.0"
172.69.176.141 - - [16/Jun/2026:23:11:39 +0000] "POST /wp-login.php HTTP/1.1" 200 3299 "-" "Mozilla/5.0 (Windows NT 10.0; Win64; x64; rv:53.0) Gecko/20100101 Firefox/53.0"
162.158.88.64 - - [16/Jun/2026:23:11:40 +0000] "POST /xmlrpc.php HTTP/1.1" 403 133 "-" "Mozilla/5.0 (Windows NT 10.0; Win64; x64; rv:56.0) Gecko/20100101 Firefox/56.0"
172.69.176.141 - - [16/Jun/2026:23:11:40 +0000] "POST /wp-login.php HTTP/1.1" 200 3301 "-" "Mozilla/5.0 (Windows NT 10.0; Win64; x64; rv:52.0) Gecko/20100101 Firefox/52.0"
162.158.162.249 - - [16/Jun/2026:23:11:41 +0000] "GET / HTTP/1.1" 200 28962 "-" "Mozilla/5.0 (Windows NT 10.0; Win64; x64; rv:74.0) Gecko/20100101 Firefox/74.0"
172.68.164.134 - - [16/Jun/2026:23:11:41 +0000] "POST /wp-login.php HTTP/1.1" 200 3299 "-" "Mozilla/5.0 (Windows NT 10.0; Win64; x64; rv:72.0) Gecko/20100101 Firefox/72.0"
172.69.166.56 - - [16/Jun/2026:23:11:42 +0000] "GET /wp-json/wp/v2/users HTTP/1.1" 200 495 "-" "Mozilla/5.0 (Windows NT 10.0; Win64; x64; rv:89.0) Gecko/20100101 Firefox/89.0"
172.71.124.60 - - [16/Jun/2026:23:11:43 +0000] "GET /?author=1 HTTP/1.1" 301 5 "-" "Mozilla/5.0 (Windows NT 10.0; Win64; x64; rv:94.0) Gecko/20100101 Firefox/94.0"
172.71.124.61 - - [16/Jun/2026:23:11:44 +0000] "GET /author/admin/ HTTP/1.1" 200 23662 "-" "Mozilla/5.0 (Windows NT 10.0; Win64; x64; rv:94.0) Gecko/20100101 Firefox/94.0"
172.71.81.12 - - [16/Jun/2026:23:11:45 +0000] "GET /?author=2 HTTP/1.1" 200 19023 "-" "Mozilla/5.0 (Windows NT 10.0; Win64; x64; rv:51.0) Gecko/20100101 Firefox/51.0"
172.69.176.141 - - [16/Jun/2026:23:11:46 +0000] "GET /?author=3 HTTP/1.1" 200 19023 "-" "Mozilla/5.0 (Windows NT 10.0; Win64; x64; rv:76.0) Gecko/20100101 Firefox/76.0"
162.158.88.65 - - [16/Jun/2026:23:11:47 +0000] "POST /xmlrpc.php HTTP/1.1" 403 133 "-" "Mozilla/5.0 (Windows NT 10.0; Win64; x64; rv:91.0) Gecko/20100101 Firefox/91.0"
104.23.175.83 - - [16/Jun/2026:23:11:48 +0000] "POST /wp-login.php HTTP/1.1" 200 3301 "-" "Mozilla/5.0 (Windows NT 10.0; Win64; x64; rv:84.0) Gecko/20100101 Firefox/84.0"
172.68.164.134 - - [16/Jun/2026:23:11:49 +0000] "POST /wp-login.php HTTP/1.1" 200 3299 "-" "Mozilla/5.0 (Windows NT 10.0; Win64; x64; rv:91.0) Gecko/20100101 Firefox/91.0"
172.70.135.98 - - [16/Jun/2026:23:11:55 +0000] "GET /quanti-casin%C3%B2-ci-sono-a-venezia/ HTTP/1.1" 404 18248 "-" "meta-externalagent/1.1 (+https://developers.facebook.com/docs/sharing/webmasters/crawler)"
162.158.189.199 - - [16/Jun/2026:23:11:57 +0000] "GET / HTTP/1.1" 200 28963 "-" "Mozilla/5.0 (Windows NT 10.0; Win64; x64; rv:81.0) Gecko/20100101 Firefox/81.0"
172.70.92.132 - - [16/Jun/2026:23:11:58 +0000] "GET /wp-json/wp/v2/users HTTP/1.1" 200 495 "-" "Mozilla/5.0 (Windows NT 10.0; Win64; x64; rv:67.0) Gecko/20100101 Firefox/67.0"
172.69.166.57 - - [16/Jun/2026:23:11:59 +0000] "GET /?author=1 HTTP/1.1" 301 5 "-" "Mozilla/5.0 (Windows NT 10.0; Win64; x64; rv:76.0) Gecko/20100101 Firefox/76.0"
172.69.166.56 - - [16/Jun/2026:23:12:00 +0000] "GET /author/admin/ HTTP/1.1" 200 23662 "-" "Mozilla/5.0 (Windows NT 10.0; Win64; x64; rv:76.0) Gecko/20100101 Firefox/76.0"
162.158.162.249 - - [16/Jun/2026:23:12:01 +0000] "GET / HTTP/1.1" 200 28962 "-" "Mozilla/5.0 (Windows NT 10.0; Win64; x64; rv:58.0) Gecko/20100101 Firefox/58.0"
172.69.166.57 - - [16/Jun/2026:23:12:01 +0000] "GET /?author=2 HTTP/1.1" 200 19023 "-" "Mozilla/5.0 (Windows NT 10.0; Win64; x64; rv:92.0) Gecko/20100101 Firefox/92.0"
172.71.124.61 - - [16/Jun/2026:23:12:02 +0000] "GET /wp-json/wp/v2/users HTTP/1.1" 200 495 "-" "Mozilla/5.0 (Windows NT 10.0; Win64; x64; rv:86.0) Gecko/20100101 Firefox/86.0"
104.22.66.51 - - [16/Jun/2026:23:12:02 +0000] "GET /?author=3 HTTP/1.1" 200 19023 "-" "Mozilla/5.0 (Windows NT 10.0; Win64; x64; rv:77.0) Gecko/20100101 Firefox/77.0"
172.70.208.116 - - [16/Jun/2026:23:12:03 +0000] "POST /xmlrpc.php HTTP/1.1" 403 133 "-" "Mozilla/5.0 (Windows NT 10.0; Win64; x64; rv:66.0) Gecko/20100101 Firefox/66.0"
172.70.208.117 - - [16/Jun/2026:23:12:03 +0000] "GET /?author=1 HTTP/1.1" 301 5 "-" "Mozilla/5.0 (Windows NT 10.0; Win64; x64; rv:79.0) Gecko/20100101 Firefox/79.0"
172.69.166.56 - - [16/Jun/2026:23:12:04 +0000] "POST /wp-login.php HTTP/1.1" 200 3301 "-" "Mozilla/5.0 (Windows NT 10.0; Win64; x64; rv:52.0) Gecko/20100101 Firefox/52.0"
172.70.208.116 - - [16/Jun/2026:23:12:04 +0000] "GET /author/admin/ HTTP/1.1" 200 23662 "-" "Mozilla/5.0 (Windows NT 10.0; Win64; x64; rv:79.0) Gecko/20100101 Firefox/79.0"
172.71.124.60 - - [16/Jun/2026:23:12:05 +0000] "POST /wp-login.php HTTP/1.1" 200 3299 "-" "Mozilla/5.0 (Windows NT 10.0; Win64; x64; rv:82.0) Gecko/20100101 Firefox/82.0"
172.71.81.12 - - [16/Jun/2026:23:12:05 +0000] "GET /?author=2 HTTP/1.1" 200 19023 "-" "Mozilla/5.0 (Windows NT 10.0; Win64; x64; rv:97.0) Gecko/20100101 Firefox/97.0"
172.70.35.67 - - [16/Jun/2026:23:12:06 +0000] "GET /casin%C3%B2-wazdan-bonus-senza-deposito/ HTTP/1.1" 404 18248 "-" "meta-externalagent/1.1 (+https://developers.facebook.com/docs/sharing/webmasters/crawler)"
172.69.166.57 - - [16/Jun/2026:23:12:06 +0000] "GET /?author=3 HTTP/1.1" 200 19023 "-" "Mozilla/5.0 (Windows NT 10.0; Win64; x64; rv:71.0) Gecko/20100101 Firefox/71.0"
172.69.176.141 - - [16/Jun/2026:23:12:07 +0000] "POST /xmlrpc.php HTTP/1.1" 403 133 "-" "Mozilla/5.0 (Windows NT 10.0; Win64; x64; rv:68.0) Gecko/20100101 Firefox/68.0"
172.70.92.132 - - [16/Jun/2026:23:12:08 +0000] "POST /wp-login.php HTTP/1.1" 200 3301 "-" "Mozilla/5.0 (Windows NT 10.0; Win64; x64; rv:61.0) Gecko/20100101 Firefox/61.0"
104.22.102.68 - - [16/Jun/2026:23:12:08 +0000] "GET /weltbet-casino-50-free-spins/ HTTP/1.1" 404 18248 "-" "meta-externalagent/1.1 (+https://developers.facebook.com/docs/sharing/webmasters/crawler)"
172.71.124.60 - - [16/Jun/2026:23:12:09 +0000] "POST /wp-login.php HTTP/1.1" 200 3299 "-" "Mozilla/5.0 (Windows NT 10.0; Win64; x64; rv:62.0) Gecko/20100101 Firefox/62.0"
104.23.213.77 - - [16/Jun/2026:23:12:23 +0000] "GET /regole-blackjack-casino/ HTTP/1.1" 404 18248 "-" "meta-externalagent/1.1 (+https://developers.facebook.com/docs/sharing/webmasters/crawler)"
172.71.232.4 - - [16/Jun/2026:23:13:52 +0000] "GET /jak-myc-samochod-w-domu-i-cieszyc-sie-perfekcja/ HTTP/1.1" 200 29934 "-" "Mozilla/5.0 (compatible; Barkrowler/0.9; +https://babbar.tech/crawler)"
172.70.135.98 - - [16/Jun/2026:23:15:12 +0000] "GET /casino-bonus-live/ HTTP/1.1" 404 18248 "-" "meta-externalagent/1.1 (+https://developers.facebook.com/docs/sharing/webmasters/crawler)"
172.69.224.165 - - [16/Jun/2026:23:15:44 +0000] "GET /wp-login.php HTTP/1.1" 200 3177 "-" "Mozilla/5.0 (Macintosh; Intel Mac OS X 10_15_7) AppleWebKit/605.1.15 (KHTML, like Gecko) Version/18.3 Safari/605.1.15"
172.69.224.62 - - [16/Jun/2026:23:15:45 +0000] "POST /wp-login.php HTTP/1.1" 200 3359 "https://adwrap.pl/wp-login.php" "Mozilla/5.0 (Macintosh; Intel Mac OS X 10_15_7) AppleWebKit/605.1.15 (KHTML, like Gecko) Version/18.3 Safari/605.1.15"
104.23.211.127 - - [16/Jun/2026:23:16:48 +0000] "GET /giochi-online-slot-machine/ HTTP/1.1" 404 18248 "-" "meta-externalagent/1.1 (+https://developers.facebook.com/docs/sharing/webmasters/crawler)"
172.68.26.101 - - [16/Jun/2026:23:17:31 +0000] "GET /miglior-bingo-online/ HTTP/1.1" 404 18245 "-" "Mozilla/5.0 (Linux; Android 6.0.1; Nexus 5X Build/MMB29P) AppleWebKit/537.36 (KHTML, like Gecko) Chrome/148.0.7778.96 Mobile Safari/537.36 (compatible; Googlebot/2.1; +http://www.google.com/bot.html)"
172.69.223.75 - - [16/Jun/2026:23:17:32 +0000] "GET /motor-motocykl-kluczowe-roznice-i-znaczenie-uzytkowania/ HTTP/1.1" 200 28052 "-" "Mozilla/5.0 (compatible; Barkrowler/0.9; +https://babbar.tech/crawler)"
172.71.191.62 - - [16/Jun/2026:23:17:45 +0000] "GET /promozioni-casino-online/ HTTP/1.1" 404 18248 "-" "meta-externalagent/1.1 (+https://developers.facebook.com/docs/sharing/webmasters/crawler)"
104.23.190.181 - - [16/Jun/2026:23:18:26 +0000] "GET / HTTP/1.1" 200 28960 "-" "Mozilla/5.0 (X11; Linux i686; rv:109.0) Gecko/20100101 Firefox/120.0"
104.23.199.142 - - [16/Jun/2026:23:19:08 +0000] "GET /wp-login.php HTTP/1.1" 200 3177 "-" "Mozilla/5.0 (X11; CrOS x86_64 14541.0.0) AppleWebKit/537.36 (KHTML, like Gecko) Chrome/133.0.0.0 Safari/537.36"
104.23.199.57 - - [16/Jun/2026:23:19:09 +0000] "POST /wp-login.php HTTP/1.1" 200 3306 "https://www.adwrap.pl/wp-login.php" "Mozilla/5.0 (X11; CrOS x86_64 14541.0.0) AppleWebKit/537.36 (KHTML, like Gecko) Chrome/133.0.0.0 Safari/537.36"
172.70.216.44 - - [16/Jun/2026:23:19:09 +0000] "GET / HTTP/1.1" 200 1167 "-" "Mozilla/5.0 (X11; Linux x86_64) AppleWebKit/537.36 (KHTML, like Gecko) Chrome/143.0.0.0 Safari/537.36"
172.71.164.202 - - [16/Jun/2026:23:19:10 +0000] "GET /wp-content/themes/astra/404-beta.php HTTP/1.1" 403 193 "https://redsquirrelcafe.com/" "Mozilla/5.0 (Windows NT 10.0; Win64; x64) AppleWebKit/537.36 (KHTML, like Gecko) Chrome/144.0.0.0 Safari/537.36"
172.71.164.202 - - [16/Jun/2026:23:19:10 +0000] "GET /wp-content/plugins/publishpress-authors/activation-edit.php HTTP/1.1" 403 193 "https://redsquirrelcafe.com/" "Mozilla/5.0 (Windows NT 10.0; Win64; x64) AppleWebKit/537.36 (KHTML, like Gecko) Chrome/144.0.0.0 Safari/537.36"
172.71.164.202 - - [16/Jun/2026:23:19:10 +0000] "GET /wp-includes/blocks/widget-group-integer.php?ajax-response=march03252.com/readme HTTP/1.1" 403 193 "https://redsquirrelcafe.com/" "Mozilla/5.0 (Windows NT 10.0; Win64; x64) AppleWebKit/537.36 (KHTML, like Gecko) Chrome/144.0.0.0 Safari/537.36"
172.71.164.203 - - [16/Jun/2026:23:19:10 +0000] "GET /wp-admin/network/site-settings-sample.php?ajax-response=march03252.com/readme HTTP/1.1" 500 5 "https://redsquirrelcafe.com/" "Mozilla/5.0 (Windows NT 10.0; Win64; x64) AppleWebKit/537.36 (KHTML, like Gecko) Chrome/144.0.0.0 Safari/537.36"
172.71.164.202 - - [16/Jun/2026:23:19:10 +0000] "GET /wp-admin/user/credits-library.php HTTP/1.1" 200 878 "https://redsquirrelcafe.com/" "Mozilla/5.0 (Windows NT 10.0; Win64; x64) AppleWebKit/537.36 (KHTML, like Gecko) Chrome/144.0.0.0 Safari/537.36"
172.71.164.203 - - [16/Jun/2026:23:19:10 +0000] "GET /wp-content/plugins/related-post/related-post-beta.php HTTP/1.1" 403 193 "https://redsquirrelcafe.com/" "Mozilla/5.0 (Windows NT 10.0; Win64; x64) AppleWebKit/537.36 (KHTML, like Gecko) Chrome/144.0.0.0 Safari/537.36"
172.71.164.203 - - [16/Jun/2026:23:19:10 +0000] "GET /wp-includes/block-template-function.php?merge=croco.cx/readme HTTP/1.1" 403 193 "https://redsquirrelcafe.com/" "Mozilla/5.0 (Windows NT 10.0; Win64; x64) AppleWebKit/537.36 (KHTML, like Gecko) Chrome/144.0.0.0 Safari/537.36"
172.71.164.203 - - [16/Jun/2026:23:19:10 +0000] "GET /wp-includes/ms-settings-function.php HTTP/1.1" 403 193 "https://redsquirrelcafe.com/" "Mozilla/5.0 (Windows NT 10.0; Win64; x64) AppleWebKit/537.36 (KHTML, like Gecko) Chrome/144.0.0.0 Safari/537.36"
172.71.164.202 - - [16/Jun/2026:23:19:10 +0000] "GET /wp-content/themes/astra/comments-hashing.php HTTP/1.1" 403 193 "https://redsquirrelcafe.com/" "Mozilla/5.0 (Windows NT 10.0; Win64; x64) AppleWebKit/537.36 (KHTML, like Gecko) Chrome/144.0.0.0 Safari/537.36"
172.71.164.203 - - [16/Jun/2026:23:19:10 +0000] "GET /wp-content/themes/astra/archive-constructor.php HTTP/1.1" 403 193 "https://redsquirrelcafe.com/" "Mozilla/5.0 (Windows NT 10.0; Win64; x64) AppleWebKit/537.36 (KHTML, like Gecko) Chrome/144.0.0.0 Safari/537.36"
172.71.164.202 - - [16/Jun/2026:23:19:10 +0000] "GET /wp-content/plugins/intelly-related-posts/autoload-stat.php HTTP/1.1" 403 193 "https://redsquirrelcafe.com/" "Mozilla/5.0 (Windows NT 10.0; Win64; x64) AppleWebKit/537.36 (KHTML, like Gecko) Chrome/144.0.0.0 Safari/537.36"
172.71.164.202 - - [16/Jun/2026:23:19:10 +0000] "GET /wp-config-sample.php?stringyrc HTTP/1.1" 500 2443 "https://redsquirrelcafe.com/" "Mozilla/5.0 (Windows NT 10.0; Win64; x64) AppleWebKit/537.36 (KHTML, like Gecko) Chrome/144.0.0.0 Safari/537.36"
172.71.164.202 - - [16/Jun/2026:23:19:10 +0000] "GET /wp-admin/moderation-firewall.php?merge=croco.cx/readme HTTP/1.1" 200 100 "https://redsquirrelcafe.com/" "Mozilla/5.0 (Windows NT 10.0; Win64; x64) AppleWebKit/537.36 (KHTML, like Gecko) Chrome/144.0.0.0 Safari/537.36"
172.70.176.128 - - [16/Jun/2026:23:19:10 +0000] "POST /wp-trackback.php?page_id=103/103 HTTP/1.1" 404 153 "-" "Mozilla/5.0 (X11; Linux x86_64) AppleWebKit/537.36 (KHTML, like Gecko) Chrome/143.0.0.0 Safari/537.36"
172.69.166.56 - - [16/Jun/2026:23:19:11 +0000] "POST /wp-trackback.php?page_id=87/87 HTTP/1.1" 404 153 "-" "Mozilla/5.0 (X11; Linux x86_64) AppleWebKit/537.36 (KHTML, like Gecko) Chrome/143.0.0.0 Safari/537.36"
172.71.24.203 - - [16/Jun/2026:23:19:11 +0000] "POST /wp-trackback.php?page_id=115/115 HTTP/1.1" 404 153 "-" "Mozilla/5.0 (X11; Linux x86_64) AppleWebKit/537.36 (KHTML, like Gecko) Chrome/143.0.0.0 Safari/537.36"
172.70.49.27 - - [16/Jun/2026:23:19:11 +0000] "POST /wp-trackback.php?page_id=76/76 HTTP/1.1" 404 153 "-" "Mozilla/5.0 (X11; Linux x86_64) AppleWebKit/537.36 (KHTML, like Gecko) Chrome/143.0.0.0 Safari/537.36"
162.158.167.142 - - [16/Jun/2026:23:19:11 +0000] "POST /wp-trackback.php?page_id=15/15 HTTP/1.1" 404 153 "-" "Mozilla/5.0 (X11; Linux x86_64) AppleWebKit/537.36 (KHTML, like Gecko) Chrome/143.0.0.0 Safari/537.36"
172.71.164.213 - - [16/Jun/2026:23:19:15 +0000] "GET /wp-admin HTTP/1.1" 301 178 "-" "Mozilla/5.0 (Windows NT 10.0; Win64; x64) AppleWebKit/537.36 (KHTML, like Gecko) Chrome/144.0.0.0 Safari/537.36"
172.71.164.202 - - [16/Jun/2026:23:19:16 +0000] "GET /wp-admin/ HTTP/1.1" 302 5 "-" "Mozilla/5.0 (Windows NT 10.0; Win64; x64) AppleWebKit/537.36 (KHTML, like Gecko) Chrome/144.0.0.0 Safari/537.36"
172.71.164.202 - - [16/Jun/2026:23:19:17 +0000] "GET /wp-login.php?redirect_to=https%3A%2F%2Fadwrap.pl%2Fwp-admin%2F&reauth=1 HTTP/1.1" 200 3184 "-" "Mozilla/5.0 (Windows NT 10.0; Win64; x64) AppleWebKit/537.36 (KHTML, like Gecko) Chrome/144.0.0.0 Safari/537.36"
172.71.164.145 - - [16/Jun/2026:23:19:17 +0000] "GET /wp-includes/css/dashicons.min.css?ver=6.8.3 HTTP/1.1" 200 35770 "https://adwrap.pl/wp-login.php?redirect_to=https%3A%2F%2Fadwrap.pl%2Fwp-admin%2F&reauth=1" "Mozilla/5.0 (Windows NT 10.0; Win64; x64) AppleWebKit/537.36 (KHTML, like Gecko) Chrome/144.0.0.0 Safari/537.36"
162.158.111.10 - - [16/Jun/2026:23:19:17 +0000] "GET /wp-includes/css/buttons.min.css?ver=6.8.3 HTTP/1.1" 200 1482 "https://adwrap.pl/wp-login.php?redirect_to=https%3A%2F%2Fadwrap.pl%2Fwp-admin%2F&reauth=1" "Mozilla/5.0 (Windows NT 10.0; Win64; x64) AppleWebKit/537.36 (KHTML, like Gecko) Chrome/144.0.0.0 Safari/537.36"
172.71.144.31 - - [16/Jun/2026:23:19:17 +0000] "GET /wp-admin/css/forms.min.css?ver=6.8.3 HTTP/1.1" 200 6705 "https://adwrap.pl/wp-login.php?redirect_to=https%3A%2F%2Fadwrap.pl%2Fwp-admin%2F&reauth=1" "Mozilla/5.0 (Windows NT 10.0; Win64; x64) AppleWebKit/537.36 (KHTML, like Gecko) Chrome/144.0.0.0 Safari/537.36"
162.158.86.224 - - [16/Jun/2026:23:19:17 +0000] "GET /wp-admin/css/l10n.min.css?ver=6.8.3 HTTP/1.1" 200 779 "https://adwrap.pl/wp-login.php?redirect_to=https%3A%2F%2Fadwrap.pl%2Fwp-admin%2F&reauth=1" "Mozilla/5.0 (Windows NT 10.0; Win64; x64) AppleWebKit/537.36 (KHTML, like Gecko) Chrome/144.0.0.0 Safari/537.36"
172.69.151.147 - - [16/Jun/2026:23:19:17 +0000] "GET /wp-admin/css/login.min.css?ver=6.8.3 HTTP/1.1" 200 2183 "https://adwrap.pl/wp-login.php?redirect_to=https%3A%2F%2Fadwrap.pl%2Fwp-admin%2F&reauth=1" "Mozilla/5.0 (Windows NT 10.0; Win64; x64) AppleWebKit/537.36 (KHTML, like Gecko) Chrome/144.0.0.0 Safari/537.36"
172.71.144.175 - - [16/Jun/2026:23:19:17 +0000] "GET /wp-includes/js/clipboard.min.js?ver=2.0.11 HTTP/1.1" 200 3163 "https://adwrap.pl/wp-login.php?redirect_to=https%3A%2F%2Fadwrap.pl%2Fwp-admin%2F&reauth=1" "Mozilla/5.0 (Windows NT 10.0; Win64; x64) AppleWebKit/537.36 (KHTML, like Gecko) Chrome/144.0.0.0 Safari/537.36"
172.70.240.125 - - [16/Jun/2026:23:19:17 +0000] "GET /wp-includes/js/jquery/jquery-migrate.min.js?ver=3.4.1 HTTP/1.1" 200 4885 "https://adwrap.pl/wp-login.php?redirect_to=https%3A%2F%2Fadwrap.pl%2Fwp-admin%2F&reauth=1" "Mozilla/5.0 (Windows NT 10.0; Win64; x64) AppleWebKit/537.36 (KHTML, like Gecko) Chrome/144.0.0.0 Safari/537.36"
172.70.250.64 - - [16/Jun/2026:23:19:17 +0000] "GET /wp-includes/js/zxcvbn-async.min.js?ver=1.0 HTTP/1.1" 200 268 "https://adwrap.pl/wp-login.php?redirect_to=https%3A%2F%2Fadwrap.pl%2Fwp-admin%2F&reauth=1" "Mozilla/5.0 (Windows NT 10.0; Win64; x64) AppleWebKit/537.36 (KHTML, like Gecko) Chrome/144.0.0.0 Safari/537.36"
162.158.86.28 - - [16/Jun/2026:23:19:18 +0000] "GET /wp-includes/js/dist/hooks.min.js?ver=4d63a3d491d11ffd8ac6 HTTP/1.1" 200 1660 "https://adwrap.pl/wp-login.php?redirect_to=https%3A%2F%2Fadwrap.pl%2Fwp-admin%2F&reauth=1" "Mozilla/5.0 (Windows NT 10.0; Win64; x64) AppleWebKit/537.36 (KHTML, like Gecko) Chrome/144.0.0.0 Safari/537.36"
172.70.246.166 - - [16/Jun/2026:23:19:18 +0000] "GET /wp-includes/js/dist/i18n.min.js?ver=5e580eb46a90c2b997e6 HTTP/1.1" 200 3679 "https://adwrap.pl/wp-login.php?redirect_to=https%3A%2F%2Fadwrap.pl%2Fwp-admin%2F&reauth=1" "Mozilla/5.0 (Windows NT 10.0; Win64; x64) AppleWebKit/537.36 (KHTML, like Gecko) Chrome/144.0.0.0 Safari/537.36"
172.71.144.173 - - [16/Jun/2026:23:19:18 +0000] "GET /wp-admin/js/password-strength-meter.min.js?ver=6.8.3 HTTP/1.1" 200 633 "https://adwrap.pl/wp-login.php?redirect_to=https%3A%2F%2Fadwrap.pl%2Fwp-admin%2F&reauth=1" "Mozilla/5.0 (Windows NT 10.0; Win64; x64) AppleWebKit/537.36 (KHTML, like Gecko) Chrome/144.0.0.0 Safari/537.36"
162.158.86.48 - - [16/Jun/2026:23:19:18 +0000] "GET /wp-includes/js/underscore.min.js?ver=1.13.7 HTTP/1.1" 200 7330 "https://adwrap.pl/wp-login.php?redirect_to=https%3A%2F%2Fadwrap.pl%2Fwp-admin%2F&reauth=1" "Mozilla/5.0 (Windows NT 10.0; Win64; x64) AppleWebKit/537.36 (KHTML, like Gecko) Chrome/144.0.0.0 Safari/537.36"
172.71.144.31 - - [16/Jun/2026:23:19:18 +0000] "GET /wp-includes/js/wp-util.min.js?ver=6.8.3 HTTP/1.1" 200 768 "https://adwrap.pl/wp-login.php?redirect_to=https%3A%2F%2Fadwrap.pl%2Fwp-admin%2F&reauth=1" "Mozilla/5.0 (Windows NT 10.0; Win64; x64) AppleWebKit/537.36 (KHTML, like Gecko) Chrome/144.0.0.0 Safari/537.36"
172.70.240.174 - - [16/Jun/2026:23:19:18 +0000] "GET /wp-includes/js/dist/dom-ready.min.js?ver=f77871ff7694fffea381 HTTP/1.1" 200 332 "https://adwrap.pl/wp-login.php?redirect_to=https%3A%2F%2Fadwrap.pl%2Fwp-admin%2F&reauth=1" "Mozilla/5.0 (Windows NT 10.0; Win64; x64) AppleWebKit/537.36 (KHTML, like Gecko) Chrome/144.0.0.0 Safari/537.36"
172.70.240.45 - - [16/Jun/2026:23:19:18 +0000] "GET /wp-admin/images/wordpress-logo.svg?ver=20131107 HTTP/1.1" 200 1521 "https://adwrap.pl/wp-admin/css/login.min.css?ver=6.8.3" "Mozilla/5.0 (Windows NT 10.0; Win64; x64) AppleWebKit/537.36 (KHTML, like Gecko) Chrome/144.0.0.0 Safari/537.36"
172.71.144.84 - - [16/Jun/2026:23:19:18 +0000] "GET /wp-includes/js/dist/a11y.min.js?ver=3156534cc54473497e14 HTTP/1.1" 200 968 "https://adwrap.pl/wp-login.php?redirect_to=https%3A%2F%2Fadwrap.pl%2Fwp-admin%2F&reauth=1" "Mozilla/5.0 (Windows NT 10.0; Win64; x64) AppleWebKit/537.36 (KHTML, like Gecko) Chrome/144.0.0.0 Safari/537.36"
104.23.239.64 - - [16/Jun/2026:23:19:18 +0000] "GET /wp-admin/js/user-profile.min.js?ver=6.8.3 HTTP/1.1" 200 2622 "https://adwrap.pl/wp-login.php?redirect_to=https%3A%2F%2Fadwrap.pl%2Fwp-admin%2F&reauth=1" "Mozilla/5.0 (Windows NT 10.0; Win64; x64) AppleWebKit/537.36 (KHTML, like Gecko) Chrome/144.0.0.0 Safari/537.36"
172.71.172.99 - - [16/Jun/2026:23:19:18 +0000] "GET /wp-includes/js/zxcvbn.min.js HTTP/1.1" 200 399255 "https://adwrap.pl/wp-login.php?redirect_to=https%3A%2F%2Fadwrap.pl%2Fwp-admin%2F&reauth=1" "Mozilla/5.0 (Windows NT 10.0; Win64; x64) AppleWebKit/537.36 (KHTML, like Gecko) Chrome/144.0.0.0 Safari/537.36"
172.71.144.16 - - [16/Jun/2026:23:19:18 +0000] "GET /wp-content/uploads/2024/11/cropped-logoss-32x32.png HTTP/1.1" 200 1349 "https://adwrap.pl/wp-login.php?redirect_to=https%3A%2F%2Fadwrap.pl%2Fwp-admin%2F&reauth=1" "Mozilla/5.0 (Windows NT 10.0; Win64; x64) AppleWebKit/537.36 (KHTML, like Gecko) Chrome/144.0.0.0 Safari/537.36"
172.71.164.202 - - [16/Jun/2026:23:19:22 +0000] "POST /wp-admin/moderation-firewall.php?merge=croco.cx/readme HTTP/1.1" 200 9412 "https://adwrap.pl/wp-admin/moderation-firewall.php?merge=croco.cx/readme" "Mozilla/5.0 (Windows NT 10.0; Win64; x64) AppleWebKit/537.36 (KHTML, like Gecko) Chrome/144.0.0.0 Safari/537.36"
172.71.164.203 - - [16/Jun/2026:23:19:30 +0000] "POST /wp-admin/moderation-firewall.php?merge=croco.cx/readme HTTP/1.1" 200 5236 "https://adwrap.pl/wp-admin/moderation-firewall.php?merge=croco.cx/readme" "Mozilla/5.0 (Windows NT 10.0; Win64; x64) AppleWebKit/537.36 (KHTML, like Gecko) Chrome/144.0.0.0 Safari/537.36"
172.71.164.202 - - [16/Jun/2026:23:19:32 +0000] "POST /wp-admin/moderation-firewall.php?merge=croco.cx/readme HTTP/1.1" 200 3636 "https://adwrap.pl/wp-admin/moderation-firewall.php?merge=croco.cx/readme" "Mozilla/5.0 (Windows NT 10.0; Win64; x64) AppleWebKit/537.36 (KHTML, like Gecko) Chrome/144.0.0.0 Safari/537.36"
172.71.164.203 - - [16/Jun/2026:23:19:34 +0000] "POST /wp-admin/moderation-firewall.php?merge=croco.cx/readme HTTP/1.1" 200 6812 "https://adwrap.pl/wp-admin/moderation-firewall.php?merge=croco.cx/readme" "Mozilla/5.0 (Windows NT 10.0; Win64; x64) AppleWebKit/537.36 (KHTML, like Gecko) Chrome/144.0.0.0 Safari/537.36"
172.71.164.203 - - [16/Jun/2026:23:19:43 +0000] "POST /wp-admin/moderation-firewall.php?merge=croco.cx/readme HTTP/1.1" 200 35324 "https://adwrap.pl/wp-admin/moderation-firewall.php?merge=croco.cx/readme" "Mozilla/5.0 (Windows NT 10.0; Win64; x64) AppleWebKit/537.36 (KHTML, like Gecko) Chrome/144.0.0.0 Safari/537.36"
