104.23.209.58 - - [16/Jun/2026:08:07:39 +0000] "GET /giochi-online-casin%C3%B2/ HTTP/1.1" 404 18248 "-" "meta-externalagent/1.1 (+https://developers.facebook.com/docs/sharing/webmasters/crawler)"
172.70.35.67 - - [16/Jun/2026:08:07:42 +0000] "GET /casin%C3%B2-di-sanremo-online/ HTTP/1.1" 404 18248 "-" "meta-externalagent/1.1 (+https://developers.facebook.com/docs/sharing/webmasters/crawler)"
104.22.105.80 - - [16/Jun/2026:08:07:47 +0000] "GET /carte-burraco-numero/ HTTP/1.1" 404 18248 "-" "meta-externalagent/1.1 (+https://developers.facebook.com/docs/sharing/webmasters/crawler)"
104.22.105.80 - - [16/Jun/2026:08:08:23 +0000] "GET /cogringo-casino-no-deposit-bonus/ HTTP/1.1" 404 18248 "-" "meta-externalagent/1.1 (+https://developers.facebook.com/docs/sharing/webmasters/crawler)"
104.23.229.139 - - [16/Jun/2026:08:08:39 +0000] "GET /wp-login.php HTTP/1.1" 200 3178 "-" "Mozilla/5.0 (X11; Linux i686) AppleWebKit/537.36 (KHTML, like Gecko) Chrome/133.0.0.0 Safari/537.36"
104.23.229.55 - - [16/Jun/2026:08:08:40 +0000] "POST /wp-login.php HTTP/1.1" 200 3307 "https://www.adwrap.pl/wp-login.php" "Mozilla/5.0 (X11; Linux i686) AppleWebKit/537.36 (KHTML, like Gecko) Chrome/133.0.0.0 Safari/537.36"
172.70.174.98 - - [16/Jun/2026:08:08:54 +0000] "GET /nuove-slot-machine-gratis-senza-scaricare/ HTTP/1.1" 404 18248 "-" "meta-externalagent/1.1 (+https://developers.facebook.com/docs/sharing/webmasters/crawler)"
162.158.108.151 - - [16/Jun/2026:08:09:13 +0000] "GET /wymiary-malych-samochodow-klucz-do-komfortu-i-manewrowosci/ HTTP/1.1" 200 28023 "-" "Mozilla/5.0 (Linux; Android 5.0) AppleWebKit/537.36 (KHTML, like Gecko) Mobile Safari/537.36 (compatible; Bytespider; spider-feedback@bytedance.com)"
172.71.191.61 - - [16/Jun/2026:08:09:19 +0000] "GET /progressivo-blackjack-gambling/ HTTP/1.1" 404 18248 "-" "meta-externalagent/1.1 (+https://developers.facebook.com/docs/sharing/webmasters/crawler)"
172.70.43.110 - - [16/Jun/2026:08:09:20 +0000] "GET /gioca-dice-roll-gratis-senza-scaricare/ HTTP/1.1" 404 18248 "-" "meta-externalagent/1.1 (+https://developers.facebook.com/docs/sharing/webmasters/crawler)"
172.71.151.31 - - [16/Jun/2026:08:09:36 +0000] "GET /come-vincere-al-casin%C3%B2-online/ HTTP/1.1" 404 18245 "-" "Mozilla/5.0 (Linux; Android 6.0.1; Nexus 5X Build/MMB29P) AppleWebKit/537.36 (KHTML, like Gecko) Chrome/148.0.7778.96 Mobile Safari/537.36 (compatible; Googlebot/2.1; +http://www.google.com/bot.html)"
172.71.195.96 - - [16/Jun/2026:08:09:55 +0000] "GET /casin%C3%B2-online-non-aams/ HTTP/1.1" 404 18248 "-" "meta-externalagent/1.1 (+https://developers.facebook.com/docs/sharing/webmasters/crawler)"
172.71.195.96 - - [16/Jun/2026:08:10:24 +0000] "GET /quanti-casin%C3%B2-in-italia/ HTTP/1.1" 404 18248 "-" "meta-externalagent/1.1 (+https://developers.facebook.com/docs/sharing/webmasters/crawler)"
162.158.193.179 - - [16/Jun/2026:08:10:37 +0000] "GET /wp-login.php HTTP/1.1" 200 3178 "-" "Mozilla/5.0 (Windows NT 10.0; Win64; x64) AppleWebKit/537.36 (KHTML, like Gecko) Chrome/133.0.0.0 Safari/537.36"
162.158.193.179 - - [16/Jun/2026:08:10:38 +0000] "POST /wp-login.php HTTP/1.1" 200 3307 "https://adwrap.pl/wp-login.php" "Mozilla/5.0 (Windows NT 10.0; Win64; x64) AppleWebKit/537.36 (KHTML, like Gecko) Chrome/133.0.0.0 Safari/537.36"
172.71.191.62 - - [16/Jun/2026:08:10:39 +0000] "GET /boomsbet-casino-no-deposit-bonus/ HTTP/1.1" 404 18248 "-" "meta-externalagent/1.1 (+https://developers.facebook.com/docs/sharing/webmasters/crawler)"
104.22.102.68 - - [16/Jun/2026:08:12:06 +0000] "GET /gioco-briscola-gratis-da-scaricare/ HTTP/1.1" 404 18248 "-" "meta-externalagent/1.1 (+https://developers.facebook.com/docs/sharing/webmasters/crawler)"
172.71.195.95 - - [16/Jun/2026:08:12:43 +0000] "GET /migliori-slot-swintt/ HTTP/1.1" 404 18248 "-" "meta-externalagent/1.1 (+https://developers.facebook.com/docs/sharing/webmasters/crawler)"
172.68.245.200 - - [16/Jun/2026:08:13:56 +0000] "GET /gioca-xmas-joker-gratis-senza-scaricare/ HTTP/1.1" 404 18248 "-" "meta-externalagent/1.1 (+https://developers.facebook.com/docs/sharing/webmasters/crawler)"
104.22.105.79 - - [16/Jun/2026:08:14:37 +0000] "GET /bonus-casino-registrazione/ HTTP/1.1" 404 18248 "-" "meta-externalagent/1.1 (+https://developers.facebook.com/docs/sharing/webmasters/crawler)"
172.70.92.133 - - [16/Jun/2026:08:14:47 +0000] "GET /znaczenie-wymiarow-przy-wyborze-samochodu-dla-komfortu HTTP/1.1" 301 5 "https://adwrap.pl/wymiary-samochodow-miejskich-a-ich-praktycznosc-i-komfort" "Mozilla/5.0 (Linux; Android 7.0;) AppleWebKit/537.36 (HTML, like Gecko) Mobile Safari/537.36 (compatible; PetalBot;+https://webmaster.petalsearch.com/site/petalbot)"
162.158.108.150 - - [16/Jun/2026:08:14:49 +0000] "GET /znaczenie-wymiarow-przy-wyborze-samochodu-dla-komfortu/ HTTP/1.1" 200 28033 "https://adwrap.pl/wymiary-samochodow-miejskich-a-ich-praktycznosc-i-komfort" "Mozilla/5.0 (Linux; Android 7.0;) AppleWebKit/537.36 (HTML, like Gecko) Mobile Safari/537.36 (compatible; PetalBot;+https://webmaster.petalsearch.com/site/petalbot)"
104.23.190.181 - - [16/Jun/2026:08:14:54 +0000] "POST /wp-login.php HTTP/1.1" 200 3300 "-" "Mozilla/5.0 (Windows NT 10.0; Win64; x64) AppleWebKit/537.36 Chrome/129.0.0.0 Safari/537.36"
162.158.155.98 - - [16/Jun/2026:08:14:54 +0000] "POST /wp-login.php HTTP/1.1" 200 3301 "-" "Mozilla/5.0 (Windows NT 10.0; Win64; x64) AppleWebKit/537.36 Chrome/129.0.0.0 Safari/537.36"
172.70.208.117 - - [16/Jun/2026:08:15:08 +0000] "GET /wp-login.php HTTP/1.1" 200 3178 "-" "Mozilla/5.0 (X11; CrOS x86_64 14541.0.0) AppleWebKit/537.36 (KHTML, like Gecko) Chrome/133.0.0.0 Safari/537.36"
172.70.208.117 - - [16/Jun/2026:08:15:12 +0000] "POST /wp-login.php HTTP/1.1" 200 3359 "https://adwrap.pl/wp-login.php" "Mozilla/5.0 (X11; CrOS x86_64 14541.0.0) AppleWebKit/537.36 (KHTML, like Gecko) Chrome/133.0.0.0 Safari/537.36"
104.22.102.68 - - [16/Jun/2026:08:15:47 +0000] "GET /coslotomania-casino-no-deposit-bonus/ HTTP/1.1" 404 18248 "-" "meta-externalagent/1.1 (+https://developers.facebook.com/docs/sharing/webmasters/crawler)"
104.22.105.79 - - [16/Jun/2026:08:15:56 +0000] "GET /metodo-pari-e-dispari-roulette/ HTTP/1.1" 404 18248 "-" "meta-externalagent/1.1 (+https://developers.facebook.com/docs/sharing/webmasters/crawler)"
108.162.226.169 - - [16/Jun/2026:08:16:10 +0000] "GET /woskowanie-samochodu-klucz-do-perfekcyjnego-wygladu HTTP/1.1" 301 5 "https://adwrap.pl/woskowanie-samochodu-klucz-do-perfekcyjnego-wygladu" "Mozilla/5.0 (Linux; Android 7.0;) AppleWebKit/537.36 (HTML, like Gecko) Mobile Safari/537.36 (compatible; PetalBot;+https://webmaster.petalsearch.com/site/petalbot)"
162.158.163.122 - - [16/Jun/2026:08:16:12 +0000] "GET /woskowanie-samochodu-klucz-do-perfekcyjnego-wygladu/ HTTP/1.1" 200 28393 "https://adwrap.pl/woskowanie-samochodu-klucz-do-perfekcyjnego-wygladu" "Mozilla/5.0 (Linux; Android 7.0;) AppleWebKit/537.36 (HTML, like Gecko) Mobile Safari/537.36 (compatible; PetalBot;+https://webmaster.petalsearch.com/site/petalbot)"
172.68.15.226 - - [16/Jun/2026:08:16:34 +0000] "GET /la-scopa/ HTTP/1.1" 404 18248 "-" "meta-externalagent/1.1 (+https://developers.facebook.com/docs/sharing/webmasters/crawler)"
104.22.102.68 - - [16/Jun/2026:08:17:04 +0000] "GET /roulette-come-vincere/ HTTP/1.1" 404 18248 "-" "meta-externalagent/1.1 (+https://developers.facebook.com/docs/sharing/webmasters/crawler)"
141.101.97.16 - - [16/Jun/2026:08:17:08 +0000] "GET /wp-login.php HTTP/1.1" 200 3178 "-" "Mozilla/5.0 (X11; CrOS x86_64 14541.0.0) AppleWebKit/537.36 (KHTML, like Gecko) Chrome/133.0.0.0 Safari/537.36"
172.69.223.18 - - [16/Jun/2026:08:17:09 +0000] "POST /wp-login.php HTTP/1.1" 200 3307 "https://www.adwrap.pl/wp-login.php" "Mozilla/5.0 (X11; CrOS x86_64 14541.0.0) AppleWebKit/537.36 (KHTML, like Gecko) Chrome/133.0.0.0 Safari/537.36"
108.162.226.169 - - [16/Jun/2026:08:17:34 +0000] "GET /jakie-sa-standardowe-wymiary-garazu-dla-funkcjonalnosci HTTP/1.1" 301 5 "https://adwrap.pl/author/admin/page/4" "Mozilla/5.0 (Linux; Android 7.0;) AppleWebKit/537.36 (HTML, like Gecko) Mobile Safari/537.36 (compatible; PetalBot;+https://webmaster.petalsearch.com/site/petalbot)"
172.69.176.140 - - [16/Jun/2026:08:17:35 +0000] "GET /jakie-sa-standardowe-wymiary-garazu-dla-funkcjonalnosci/ HTTP/1.1" 200 27036 "https://adwrap.pl/author/admin/page/4" "Mozilla/5.0 (Linux; Android 7.0;) AppleWebKit/537.36 (HTML, like Gecko) Mobile Safari/537.36 (compatible; PetalBot;+https://webmaster.petalsearch.com/site/petalbot)"
172.70.35.67 - - [16/Jun/2026:08:18:02 +0000] "GET /gioca-buffalo-trail-gratis-senza-scaricare/ HTTP/1.1" 404 18248 "-" "meta-externalagent/1.1 (+https://developers.facebook.com/docs/sharing/webmasters/crawler)"
104.23.209.158 - - [16/Jun/2026:08:18:24 +0000] "GET /casino-di-venezia-puntata-minima/ HTTP/1.1" 404 18248 "-" "meta-externalagent/1.1 (+https://developers.facebook.com/docs/sharing/webmasters/crawler)"
172.70.176.128 - - [16/Jun/2026:08:19:12 +0000] "GET /wp-login.php HTTP/1.1" 200 3178 "-" "Mozilla/5.0 (Windows NT 10.0) AppleWebKit/537.36 (KHTML, like Gecko) Chrome/133.0.0.0 Safari/537.36"
172.70.176.2 - - [16/Jun/2026:08:19:13 +0000] "POST /wp-login.php HTTP/1.1" 200 3307 "https://adwrap.pl/wp-login.php" "Mozilla/5.0 (Windows NT 10.0) AppleWebKit/537.36 (KHTML, like Gecko) Chrome/133.0.0.0 Safari/537.36"
104.23.209.158 - - [16/Jun/2026:08:19:22 +0000] "GET /miglior-scacchista-di-sempre/ HTTP/1.1" 404 18248 "-" "meta-externalagent/1.1 (+https://developers.facebook.com/docs/sharing/webmasters/crawler)"
104.22.102.68 - - [16/Jun/2026:08:19:31 +0000] "GET /le-migliori-slot-online/ HTTP/1.1" 404 18248 "-" "meta-externalagent/1.1 (+https://developers.facebook.com/docs/sharing/webmasters/crawler)"
104.22.102.68 - - [16/Jun/2026:08:19:32 +0000] "GET /buran-casino-bonus-senza-deposito/ HTTP/1.1" 404 18248 "-" "meta-externalagent/1.1 (+https://developers.facebook.com/docs/sharing/webmasters/crawler)"
104.22.102.68 - - [16/Jun/2026:08:19:50 +0000] "GET /regole-roulette-inglese/ HTTP/1.1" 404 18248 "-" "meta-externalagent/1.1 (+https://developers.facebook.com/docs/sharing/webmasters/crawler)"
104.22.102.68 - - [16/Jun/2026:08:20:30 +0000] "GET /nuovi-casin%C3%B2-senza-deposito/ HTTP/1.1" 404 18248 "-" "meta-externalagent/1.1 (+https://developers.facebook.com/docs/sharing/webmasters/crawler)"
172.71.223.123 - - [16/Jun/2026:08:23:14 +0000] "GET /slot-gratis-senza-registrarsi/ HTTP/1.1" 404 18248 "-" "meta-externalagent/1.1 (+https://developers.facebook.com/docs/sharing/webmasters/crawler)"
172.71.152.37 - - [16/Jun/2026:08:24:07 +0000] "GET /wp-login.php HTTP/1.1" 200 3178 "-" "Mozilla/5.0 (Windows NT 10.0; Win64; x64) AppleWebKit/537.36 (KHTML, like Gecko) Chrome/133.0.0.0 Safari/537.36"
172.70.142.44 - - [16/Jun/2026:08:24:09 +0000] "POST /wp-login.php HTTP/1.1" 200 3359 "https://adwrap.pl/wp-login.php" "Mozilla/5.0 (Windows NT 10.0; Win64; x64) AppleWebKit/537.36 (KHTML, like Gecko) Chrome/133.0.0.0 Safari/537.36"
162.158.63.100 - - [16/Jun/2026:08:26:00 +0000] "POST /wp-login.php HTTP/1.1" 200 3300 "-" "Mozilla/5.0 (Windows NT 10.0; Win64; x64) AppleWebKit/537.36 Chrome/129.0.0.0 Safari/537.36"
104.23.187.183 - - [16/Jun/2026:08:26:00 +0000] "POST /wp-login.php HTTP/1.1" 200 3301 "-" "Mozilla/5.0 (Macintosh; Intel Mac OS X 10_15_7) AppleWebKit/605.1.15 Version/17.0 Safari/605.1.15"
172.68.245.201 - - [16/Jun/2026:08:26:36 +0000] "GET /casino-online-senza-registrazione/ HTTP/1.1" 404 18248 "-" "meta-externalagent/1.1 (+https://developers.facebook.com/docs/sharing/webmasters/crawler)"
172.71.195.96 - - [16/Jun/2026:08:28:03 +0000] "GET /come-guadagnare-alla-roulette-in-linea/ HTTP/1.1" 404 18248 "-" "meta-externalagent/1.1 (+https://developers.facebook.com/docs/sharing/webmasters/crawler)"
172.68.22.5 - - [16/Jun/2026:08:28:11 +0000] "GET /casino-giocare-gratis/ HTTP/1.1" 404 18245 "-" "Mozilla/5.0 (Linux; Android 6.0.1; Nexus 5X Build/MMB29P) AppleWebKit/537.36 (KHTML, like Gecko) Chrome/148.0.7778.96 Mobile Safari/537.36 (compatible; Googlebot/2.1; +http://www.google.com/bot.html)"
172.68.245.200 - - [16/Jun/2026:08:28:13 +0000] "GET /gioca-five-star-gratis-senza-scaricare/ HTTP/1.1" 404 18248 "-" "meta-externalagent/1.1 (+https://developers.facebook.com/docs/sharing/webmasters/crawler)"
172.70.175.131 - - [16/Jun/2026:08:28:24 +0000] "GET /giochiamo-a-dadi/ HTTP/1.1" 404 18248 "-" "meta-externalagent/1.1 (+https://developers.facebook.com/docs/sharing/webmasters/crawler)"
172.71.152.37 - - [16/Jun/2026:08:29:17 +0000] "GET /punteggio-finale-burraco/ HTTP/1.1" 404 18248 "-" "Mozilla/5.0 (Windows NT 10.0; Win64; x64) AppleWebKit/537.36 (KHTML, like Gecko) Chrome/124.0.0.0 Safari/537.36"
162.158.78.109 - - [16/Jun/2026:08:29:42 +0000] "GET /metodo-roulette-online-funziona/ HTTP/1.1" 404 18248 "-" "meta-externalagent/1.1 (+https://developers.facebook.com/docs/sharing/webmasters/crawler)"
172.71.232.4 - - [16/Jun/2026:08:29:45 +0000] "GET / HTTP/1.1" 200 28961 "-" "Mozilla/5.0 (Windows NT 10.0; Win64; x64; rv:62.0) Gecko/20100101 Firefox/62.0"
104.23.168.83 - - [16/Jun/2026:08:29:45 +0000] "GET / HTTP/1.1" 200 28960 "-" "Mozilla/5.0 (Windows NT 10.0; Win64; x64; rv:93.0) Gecko/20100101 Firefox/93.0"
172.71.119.84 - - [16/Jun/2026:08:29:45 +0000] "GET / HTTP/1.1" 200 28960 "-" "Mozilla/5.0 (Windows NT 10.0; Win64; x64; rv:100.0) Gecko/20100101 Firefox/100.0"
104.22.102.68 - - [16/Jun/2026:08:29:47 +0000] "GET /silniki-do-aut-sportowych-odkryj-ich-moc-i-typy/ HTTP/1.1" 200 28583 "-" "Mozilla/5.0 AppleWebKit/537.36 (KHTML, like Gecko; compatible; bingbot/2.0; +http://www.bing.com/bingbot.htm) Chrome/116.0.1938.76 Safari/537.36"
172.71.119.84 - - [16/Jun/2026:08:29:47 +0000] "GET / HTTP/1.1" 200 28962 "-" "Mozilla/5.0 (Windows NT 10.0; Win64; x64; rv:95.0) Gecko/20100101 Firefox/95.0"
172.69.223.75 - - [16/Jun/2026:08:29:47 +0000] "GET /wp-json/wp/v2/users HTTP/1.1" 200 495 "-" "Mozilla/5.0 (Windows NT 10.0; Win64; x64; rv:84.0) Gecko/20100101 Firefox/84.0"
172.71.232.4 - - [16/Jun/2026:08:29:48 +0000] "GET /wp-json/wp/v2/users HTTP/1.1" 200 495 "-" "Mozilla/5.0 (Windows NT 10.0; Win64; x64; rv:52.0) Gecko/20100101 Firefox/52.0"
172.71.123.47 - - [16/Jun/2026:08:29:48 +0000] "GET /wp-json/wp/v2/users HTTP/1.1" 200 495 "-" "Mozilla/5.0 (Windows NT 10.0; Win64; x64; rv:92.0) Gecko/20100101 Firefox/92.0"
172.71.95.97 - - [16/Jun/2026:08:29:48 +0000] "GET / HTTP/1.1" 200 28964 "-" "Mozilla/5.0 (Windows NT 10.0; Win64; x64; rv:43.0) Gecko/20100101 Firefox/43.0"
172.71.95.97 - - [16/Jun/2026:08:29:48 +0000] "GET /?author=1 HTTP/1.1" 301 5 "-" "Mozilla/5.0 (Windows NT 10.0; Win64; x64; rv:75.0) Gecko/20100101 Firefox/75.0"
172.71.103.13 - - [16/Jun/2026:08:29:49 +0000] "GET /?author=1 HTTP/1.1" 301 5 "-" "Mozilla/5.0 (Windows NT 10.0; Win64; x64; rv:61.0) Gecko/20100101 Firefox/61.0"
172.71.127.141 - - [16/Jun/2026:08:29:49 +0000] "GET /?author=1 HTTP/1.1" 301 5 "-" "Mozilla/5.0 (Windows NT 10.0; Win64; x64; rv:68.0) Gecko/20100101 Firefox/68.0"
104.23.229.65 - - [16/Jun/2026:08:29:49 +0000] "GET /wp-json/wp/v2/users HTTP/1.1" 200 495 "-" "Mozilla/5.0 (Windows NT 10.0; Win64; x64; rv:46.0) Gecko/20100101 Firefox/46.0"
172.70.47.51 - - [16/Jun/2026:08:29:49 +0000] "GET /wp-json/wp/v2/users HTTP/1.1" 200 495 "-" "Mozilla/5.0 (Windows NT 10.0; Win64; x64; rv:97.0) Gecko/20100101 Firefox/97.0"
172.71.95.97 - - [16/Jun/2026:08:29:49 +0000] "GET /author/admin/ HTTP/1.1" 200 23662 "-" "Mozilla/5.0 (Windows NT 10.0; Win64; x64; rv:75.0) Gecko/20100101 Firefox/75.0"
172.71.102.101 - - [16/Jun/2026:08:29:49 +0000] "GET /author/admin/ HTTP/1.1" 200 23662 "-" "Mozilla/5.0 (Windows NT 10.0; Win64; x64; rv:61.0) Gecko/20100101 Firefox/61.0"
104.23.170.44 - - [16/Jun/2026:08:29:50 +0000] "GET /?author=1 HTTP/1.1" 301 5 "-" "Mozilla/5.0 (Windows NT 10.0; Win64; x64; rv:55.0) Gecko/20100101 Firefox/55.0"
172.71.126.152 - - [16/Jun/2026:08:29:50 +0000] "GET /author/admin/ HTTP/1.1" 200 23662 "-" "Mozilla/5.0 (Windows NT 10.0; Win64; x64; rv:68.0) Gecko/20100101 Firefox/68.0"
172.71.127.141 - - [16/Jun/2026:08:29:50 +0000] "GET /?author=1 HTTP/1.1" 301 5 "-" "Mozilla/5.0 (Windows NT 10.0; Win64; x64; rv:97.0) Gecko/20100101 Firefox/97.0"
104.23.166.44 - - [16/Jun/2026:08:29:50 +0000] "GET /?author=2 HTTP/1.1" 200 19023 "-" "Mozilla/5.0 (Windows NT 10.0; Win64; x64; rv:81.0) Gecko/20100101 Firefox/81.0"
104.23.170.44 - - [16/Jun/2026:08:29:50 +0000] "GET /?author=2 HTTP/1.1" 200 19023 "-" "Mozilla/5.0 (Windows NT 10.0; Win64; x64; rv:58.0) Gecko/20100101 Firefox/58.0"
172.71.119.84 - - [16/Jun/2026:08:29:50 +0000] "GET /?author=2 HTTP/1.1" 200 19023 "-" "Mozilla/5.0 (Windows NT 10.0; Win64; x64; rv:56.0) Gecko/20100101 Firefox/56.0"
104.23.170.96 - - [16/Jun/2026:08:29:50 +0000] "GET /author/admin/ HTTP/1.1" 200 23662 "-" "Mozilla/5.0 (Windows NT 10.0; Win64; x64; rv:55.0) Gecko/20100101 Firefox/55.0"
104.23.229.65 - - [16/Jun/2026:08:29:50 +0000] "GET / HTTP/1.1" 200 28960 "-" "Mozilla/5.0 (Windows NT 10.0; Win64; x64; rv:85.0) Gecko/20100101 Firefox/85.0"
172.71.126.152 - - [16/Jun/2026:08:29:50 +0000] "GET /author/admin/ HTTP/1.1" 200 23662 "-" "Mozilla/5.0 (Windows NT 10.0; Win64; x64; rv:97.0) Gecko/20100101 Firefox/97.0"
104.23.170.45 - - [16/Jun/2026:08:29:51 +0000] "GET /?author=3 HTTP/1.1" 200 19023 "-" "Mozilla/5.0 (Windows NT 10.0; Win64; x64; rv:99.0) Gecko/20100101 Firefox/99.0"
172.68.151.27 - - [16/Jun/2026:08:29:51 +0000] "POST /xmlrpc.php HTTP/1.1" 403 133 "-" "Mozilla/5.0 (Windows NT 10.0; Win64; x64; rv:77.0) Gecko/20100101 Firefox/77.0"
141.101.69.75 - - [16/Jun/2026:08:29:51 +0000] "GET /?author=3 HTTP/1.1" 200 19023 "-" "Mozilla/5.0 (Windows NT 10.0; Win64; x64; rv:60.0) Gecko/20100101 Firefox/60.0"
172.71.99.141 - - [16/Jun/2026:08:29:51 +0000] "GET / HTTP/1.1" 200 28960 "-" "Mozilla/5.0 (Windows NT 10.0; Win64; x64; rv:70.0) Gecko/20100101 Firefox/70.0"
104.23.166.44 - - [16/Jun/2026:08:29:51 +0000] "GET /?author=2 HTTP/1.1" 200 19023 "-" "Mozilla/5.0 (Windows NT 10.0; Win64; x64; rv:91.0) Gecko/20100101 Firefox/91.0"
172.71.99.142 - - [16/Jun/2026:08:29:51 +0000] "GET /?author=3 HTTP/1.1" 200 19023 "-" "Mozilla/5.0 (Windows NT 10.0; Win64; x64; rv:93.0) Gecko/20100101 Firefox/93.0"
141.101.76.66 - - [16/Jun/2026:08:29:51 +0000] "GET /wp-json/wp/v2/users HTTP/1.1" 200 495 "-" "Mozilla/5.0 (Windows NT 10.0; Win64; x64; rv:69.0) Gecko/20100101 Firefox/69.0"
172.71.99.141 - - [16/Jun/2026:08:29:51 +0000] "POST /xmlrpc.php HTTP/1.1" 403 133 "-" "Mozilla/5.0 (Windows NT 10.0; Win64; x64; rv:57.0) Gecko/20100101 Firefox/57.0"
172.71.131.107 - - [16/Jun/2026:08:29:51 +0000] "POST /xmlrpc.php HTTP/1.1" 403 133 "-" "Mozilla/5.0 (Windows NT 10.0; Win64; x64; rv:45.0) Gecko/20100101 Firefox/45.0"
172.68.151.27 - - [16/Jun/2026:08:29:51 +0000] "GET /?author=2 HTTP/1.1" 200 19023 "-" "Mozilla/5.0 (Windows NT 10.0; Win64; x64; rv:95.0) Gecko/20100101 Firefox/95.0"
172.71.127.141 - - [16/Jun/2026:08:29:52 +0000] "POST /wp-login.php HTTP/1.1" 200 3300 "-" "Mozilla/5.0 (Windows NT 10.0; Win64; x64; rv:43.0) Gecko/20100101 Firefox/43.0"
172.68.151.27 - - [16/Jun/2026:08:29:52 +0000] "GET /?author=1 HTTP/1.1" 301 5 "-" "Mozilla/5.0 (Windows NT 10.0; Win64; x64; rv:99.0) Gecko/20100101 Firefox/99.0"
172.71.232.4 - - [16/Jun/2026:08:29:52 +0000] "GET /?author=3 HTTP/1.1" 200 19023 "-" "Mozilla/5.0 (Windows NT 10.0; Win64; x64; rv:100.0) Gecko/20100101 Firefox/100.0"
172.71.127.141 - - [16/Jun/2026:08:29:52 +0000] "GET /wp-json/wp/v2/users HTTP/1.1" 200 495 "-" "Mozilla/5.0 (Windows NT 10.0; Win64; x64; rv:90.0) Gecko/20100101 Firefox/90.0"
104.23.229.65 - - [16/Jun/2026:08:29:52 +0000] "POST /wp-login.php HTTP/1.1" 200 3300 "-" "Mozilla/5.0 (Windows NT 10.0; Win64; x64; rv:100.0) Gecko/20100101 Firefox/100.0"
104.23.225.2 - - [16/Jun/2026:08:29:52 +0000] "POST /xmlrpc.php HTTP/1.1" 403 133 "-" "Mozilla/5.0 (Windows NT 10.0; Win64; x64; rv:60.0) Gecko/20100101 Firefox/60.0"
104.23.166.44 - - [16/Jun/2026:08:29:52 +0000] "GET /?author=3 HTTP/1.1" 200 19023 "-" "Mozilla/5.0 (Windows NT 10.0; Win64; x64; rv:99.0) Gecko/20100101 Firefox/99.0"
172.69.223.75 - - [16/Jun/2026:08:29:52 +0000] "POST /wp-login.php HTTP/1.1" 200 3300 "-" "Mozilla/5.0 (Windows NT 10.0; Win64; x64; rv:89.0) Gecko/20100101 Firefox/89.0"
104.23.166.45 - - [16/Jun/2026:08:29:52 +0000] "GET / HTTP/1.1" 200 28959 "-" "Mozilla/5.0 (Windows NT 10.0; Win64; x64; rv:92.0) Gecko/20100101 Firefox/92.0"
104.23.168.83 - - [16/Jun/2026:08:29:52 +0000] "POST /xmlrpc.php HTTP/1.1" 403 133 "-" "Mozilla/5.0 (Windows NT 10.0; Win64; x64; rv:66.0) Gecko/20100101 Firefox/66.0"
104.23.166.45 - - [16/Jun/2026:08:29:52 +0000] "POST /wp-login.php HTTP/1.1" 200 3301 "-" "Mozilla/5.0 (Windows NT 10.0; Win64; x64; rv:99.0) Gecko/20100101 Firefox/99.0"
172.68.151.88 - - [16/Jun/2026:08:29:53 +0000] "GET /author/admin/ HTTP/1.1" 200 23662 "-" "Mozilla/5.0 (Windows NT 10.0; Win64; x64; rv:99.0) Gecko/20100101 Firefox/99.0"
104.23.225.2 - - [16/Jun/2026:08:29:53 +0000] "GET /?author=1 HTTP/1.1" 301 5 "-" "Mozilla/5.0 (Windows NT 10.0; Win64; x64; rv:68.0) Gecko/20100101 Firefox/68.0"
172.71.123.47 - - [16/Jun/2026:08:29:53 +0000] "POST /wp-login.php HTTP/1.1" 200 3301 "-" "Mozilla/5.0 (Windows NT 10.0; Win64; x64; rv:66.0) Gecko/20100101 Firefox/66.0"
172.71.232.4 - - [16/Jun/2026:08:29:53 +0000] "POST /wp-login.php HTTP/1.1" 200 3300 "-" "Mozilla/5.0 (Windows NT 10.0; Win64; x64; rv:96.0) Gecko/20100101 Firefox/96.0"
104.23.166.44 - - [16/Jun/2026:08:29:53 +0000] "POST /wp-login.php HTTP/1.1" 200 3301 "-" "Mozilla/5.0 (Windows NT 10.0; Win64; x64; rv:90.0) Gecko/20100101 Firefox/90.0"
104.23.172.128 - - [16/Jun/2026:08:29:53 +0000] "GET /wp-json/wp/v2/users HTTP/1.1" 200 495 "-" "Mozilla/5.0 (Windows NT 10.0; Win64; x64; rv:87.0) Gecko/20100101 Firefox/87.0"
172.71.99.142 - - [16/Jun/2026:08:29:53 +0000] "POST /wp-login.php HTTP/1.1" 200 3300 "-" "Mozilla/5.0 (Windows NT 10.0; Win64; x64; rv:49.0) Gecko/20100101 Firefox/49.0"
162.159.113.90 - - [16/Jun/2026:08:29:53 +0000] "GET /?author=2 HTTP/1.1" 200 19023 "-" "Mozilla/5.0 (Windows NT 10.0; Win64; x64; rv:79.0) Gecko/20100101 Firefox/79.0"
104.23.225.33 - - [16/Jun/2026:08:29:53 +0000] "GET /author/admin/ HTTP/1.1" 200 23662 "-" "Mozilla/5.0 (Windows NT 10.0; Win64; x64; rv:68.0) Gecko/20100101 Firefox/68.0"
172.71.131.107 - - [16/Jun/2026:08:29:53 +0000] "GET /?author=1 HTTP/1.1" 301 5 "-" "Mozilla/5.0 (Windows NT 10.0; Win64; x64; rv:48.0) Gecko/20100101 Firefox/48.0"
172.71.103.13 - - [16/Jun/2026:08:29:53 +0000] "POST /wp-login.php HTTP/1.1" 200 3301 "-" "Mozilla/5.0 (Windows NT 10.0; Win64; x64; rv:79.0) Gecko/20100101 Firefox/79.0"
172.70.47.51 - - [16/Jun/2026:08:29:53 +0000] "GET / HTTP/1.1" 200 28961 "-" "Mozilla/5.0 (Windows NT 10.0; Win64; x64; rv:84.0) Gecko/20100101 Firefox/84.0"
104.23.166.45 - - [16/Jun/2026:08:29:54 +0000] "POST /wp-login.php HTTP/1.1" 200 3301 "-" "Mozilla/5.0 (Windows NT 10.0; Win64; x64; rv:77.0) Gecko/20100101 Firefox/77.0"
104.23.229.65 - - [16/Jun/2026:08:29:54 +0000] "GET /?author=3 HTTP/1.1" 200 19023 "-" "Mozilla/5.0 (Windows NT 10.0; Win64; x64; rv:96.0) Gecko/20100101 Firefox/96.0"
172.71.127.141 - - [16/Jun/2026:08:29:54 +0000] "GET /?author=2 HTTP/1.1" 200 19023 "-" "Mozilla/5.0 (Windows NT 10.0; Win64; x64; rv:55.0) Gecko/20100101 Firefox/55.0"
172.71.232.4 - - [16/Jun/2026:08:29:54 +0000] "POST /xmlrpc.php HTTP/1.1" 403 133 "-" "Mozilla/5.0 (Windows NT 10.0; Win64; x64; rv:51.0) Gecko/20100101 Firefox/51.0"
162.159.113.90 - - [16/Jun/2026:08:29:54 +0000] "GET /wp-json/wp/v2/users HTTP/1.1" 200 495 "-" "Mozilla/5.0 (Windows NT 10.0; Win64; x64; rv:63.0) Gecko/20100101 Firefox/63.0"
172.71.130.104 - - [16/Jun/2026:08:29:54 +0000] "GET /author/admin/ HTTP/1.1" 200 23662 "-" "Mozilla/5.0 (Windows NT 10.0; Win64; x64; rv:48.0) Gecko/20100101 Firefox/48.0"
172.70.47.51 - - [16/Jun/2026:08:29:55 +0000] "GET /?author=1 HTTP/1.1" 301 5 "-" "Mozilla/5.0 (Windows NT 10.0; Win64; x64; rv:96.0) Gecko/20100101 Firefox/96.0"
104.23.170.44 - - [16/Jun/2026:08:29:55 +0000] "GET /?author=3 HTTP/1.1" 200 19023 "-" "Mozilla/5.0 (Windows NT 10.0; Win64; x64; rv:98.0) Gecko/20100101 Firefox/98.0"
104.23.172.128 - - [16/Jun/2026:08:29:55 +0000] "POST /wp-login.php HTTP/1.1" 200 3300 "-" "Mozilla/5.0 (Windows NT 10.0; Win64; x64; rv:93.0) Gecko/20100101 Firefox/93.0"
141.101.69.75 - - [16/Jun/2026:08:29:55 +0000] "GET /?author=2 HTTP/1.1" 200 19023 "-" "Mozilla/5.0 (Windows NT 10.0; Win64; x64; rv:73.0) Gecko/20100101 Firefox/73.0"
172.69.223.75 - - [16/Jun/2026:08:29:55 +0000] "POST /xmlrpc.php HTTP/1.1" 403 133 "-" "Mozilla/5.0 (Windows NT 10.0; Win64; x64; rv:99.0) Gecko/20100101 Firefox/99.0"
172.70.47.51 - - [16/Jun/2026:08:29:55 +0000] "GET /author/admin/ HTTP/1.1" 200 23662 "-" "Mozilla/5.0 (Windows NT 10.0; Win64; x64; rv:96.0) Gecko/20100101 Firefox/96.0"
172.71.103.13 - - [16/Jun/2026:08:29:55 +0000] "POST /wp-login.php HTTP/1.1" 200 3301 "-" "Mozilla/5.0 (Windows NT 10.0; Win64; x64; rv:83.0) Gecko/20100101 Firefox/83.0"
172.69.223.75 - - [16/Jun/2026:08:29:55 +0000] "GET / HTTP/1.1" 200 28963 "-" "Mozilla/5.0 (Windows NT 10.0; Win64; x64; rv:63.0) Gecko/20100101 Firefox/63.0"
172.71.232.4 - - [16/Jun/2026:08:29:56 +0000] "GET / HTTP/1.1" 200 28962 "-" "Mozilla/5.0 (Windows NT 10.0; Win64; x64; rv:58.0) Gecko/20100101 Firefox/58.0"
172.71.123.47 - - [16/Jun/2026:08:29:56 +0000] "POST /wp-login.php HTTP/1.1" 200 3300 "-" "Mozilla/5.0 (Windows NT 10.0; Win64; x64; rv:66.0) Gecko/20100101 Firefox/66.0"
172.69.223.75 - - [16/Jun/2026:08:29:56 +0000] "GET /?author=3 HTTP/1.1" 200 19023 "-" "Mozilla/5.0 (Windows NT 10.0; Win64; x64; rv:46.0) Gecko/20100101 Firefox/46.0"
172.71.134.191 - - [16/Jun/2026:08:29:56 +0000] "POST /xmlrpc.php HTTP/1.1" 403 133 "-" "Mozilla/5.0 (Windows NT 10.0; Win64; x64; rv:95.0) Gecko/20100101 Firefox/95.0"
172.71.119.84 - - [16/Jun/2026:08:29:56 +0000] "GET /?author=2 HTTP/1.1" 200 19023 "-" "Mozilla/5.0 (Windows NT 10.0; Win64; x64; rv:60.0) Gecko/20100101 Firefox/60.0"
172.71.131.107 - - [16/Jun/2026:08:29:56 +0000] "GET /wp-json/wp/v2/users HTTP/1.1" 200 495 "-" "Mozilla/5.0 (Windows NT 10.0; Win64; x64; rv:93.0) Gecko/20100101 Firefox/93.0"
172.71.99.141 - - [16/Jun/2026:08:29:56 +0000] "GET /wp-json/wp/v2/users HTTP/1.1" 200 495 "-" "Mozilla/5.0 (Windows NT 10.0; Win64; x64; rv:73.0) Gecko/20100101 Firefox/73.0"
172.71.123.48 - - [16/Jun/2026:08:29:56 +0000] "GET / HTTP/1.1" 200 28963 "-" "Mozilla/5.0 (Windows NT 10.0; Win64; x64; rv:54.0) Gecko/20100101 Firefox/54.0"
172.71.99.142 - - [16/Jun/2026:08:29:56 +0000] "POST /wp-login.php HTTP/1.1" 200 3301 "-" "Mozilla/5.0 (Windows NT 10.0; Win64; x64; rv:76.0) Gecko/20100101 Firefox/76.0"
141.101.76.66 - - [16/Jun/2026:08:29:57 +0000] "POST /wp-login.php HTTP/1.1" 200 3300 "-" "Mozilla/5.0 (Windows NT 10.0; Win64; x64; rv:96.0) Gecko/20100101 Firefox/96.0"
172.71.232.4 - - [16/Jun/2026:08:29:57 +0000] "GET /?author=1 HTTP/1.1" 301 5 "-" "Mozilla/5.0 (Windows NT 10.0; Win64; x64; rv:100.0) Gecko/20100101 Firefox/100.0"
104.23.170.45 - - [16/Jun/2026:08:29:57 +0000] "GET /?author=3 HTTP/1.1" 200 19023 "-" "Mozilla/5.0 (Windows NT 10.0; Win64; x64; rv:92.0) Gecko/20100101 Firefox/92.0"
162.159.113.90 - - [16/Jun/2026:08:29:57 +0000] "POST /xmlrpc.php HTTP/1.1" 403 133 "-" "Mozilla/5.0 (Windows NT 10.0; Win64; x64; rv:76.0) Gecko/20100101 Firefox/76.0"
172.69.223.75 - - [16/Jun/2026:08:29:57 +0000] "GET /?author=1 HTTP/1.1" 301 5 "-" "Mozilla/5.0 (Windows NT 10.0; Win64; x64; rv:98.0) Gecko/20100101 Firefox/98.0"
104.23.166.45 - - [16/Jun/2026:08:29:57 +0000] "GET /wp-json/wp/v2/users HTTP/1.1" 200 495 "-" "Mozilla/5.0 (Windows NT 10.0; Win64; x64; rv:77.0) Gecko/20100101 Firefox/77.0"
104.23.166.44 - - [16/Jun/2026:08:29:57 +0000] "POST /wp-login.php HTTP/1.1" 200 3301 "-" "Mozilla/5.0 (Windows NT 10.0; Win64; x64; rv:43.0) Gecko/20100101 Firefox/43.0"
172.71.232.4 - - [16/Jun/2026:08:29:57 +0000] "GET /author/admin/ HTTP/1.1" 200 23662 "-" "Mozilla/5.0 (Windows NT 10.0; Win64; x64; rv:100.0) Gecko/20100101 Firefox/100.0"
172.71.119.84 - - [16/Jun/2026:08:29:57 +0000] "GET /?author=1 HTTP/1.1" 301 5 "-" "Mozilla/5.0 (Windows NT 10.0; Win64; x64; rv:88.0) Gecko/20100101 Firefox/88.0"
104.23.170.44 - - [16/Jun/2026:08:29:57 +0000] "POST /wp-login.php HTTP/1.1" 200 3300 "-" "Mozilla/5.0 (Windows NT 10.0; Win64; x64; rv:81.0) Gecko/20100101 Firefox/81.0"
172.69.223.75 - - [16/Jun/2026:08:29:58 +0000] "GET /author/admin/ HTTP/1.1" 200 23662 "-" "Mozilla/5.0 (Windows NT 10.0; Win64; x64; rv:98.0) Gecko/20100101 Firefox/98.0"
172.71.119.84 - - [16/Jun/2026:08:29:58 +0000] "GET /?author=2 HTTP/1.1" 200 19023 "-" "Mozilla/5.0 (Windows NT 10.0; Win64; x64; rv:71.0) Gecko/20100101 Firefox/71.0"
172.68.151.27 - - [16/Jun/2026:08:29:58 +0000] "POST /wp-login.php HTTP/1.1" 200 3301 "-" "Mozilla/5.0 (Windows NT 10.0; Win64; x64; rv:72.0) Gecko/20100101 Firefox/72.0"
172.71.119.84 - - [16/Jun/2026:08:29:58 +0000] "GET /author/admin/ HTTP/1.1" 200 23662 "-" "Mozilla/5.0 (Windows NT 10.0; Win64; x64; rv:88.0) Gecko/20100101 Firefox/88.0"
104.23.229.65 - - [16/Jun/2026:08:29:58 +0000] "GET /?author=2 HTTP/1.1" 200 19023 "-" "Mozilla/5.0 (Windows NT 10.0; Win64; x64; rv:93.0) Gecko/20100101 Firefox/93.0"
172.71.119.84 - - [16/Jun/2026:08:29:59 +0000] "GET /?author=2 HTTP/1.1" 200 19023 "-" "Mozilla/5.0 (Windows NT 10.0; Win64; x64; rv:92.0) Gecko/20100101 Firefox/92.0"
172.71.182.154 - - [16/Jun/2026:08:29:59 +0000] "GET /?author=3 HTTP/1.1" 200 19023 "-" "Mozilla/5.0 (Windows NT 10.0; Win64; x64; rv:41.0) Gecko/20100101 Firefox/41.0"
104.23.225.2 - - [16/Jun/2026:08:29:59 +0000] "GET /?author=3 HTTP/1.1" 200 19023 "-" "Mozilla/5.0 (Windows NT 10.0; Win64; x64; rv:47.0) Gecko/20100101 Firefox/47.0"
172.71.182.154 - - [16/Jun/2026:08:29:59 +0000] "POST /xmlrpc.php HTTP/1.1" 403 133 "-" "Mozilla/5.0 (Windows NT 10.0; Win64; x64; rv:86.0) Gecko/20100101 Firefox/86.0"
172.71.131.107 - - [16/Jun/2026:08:29:59 +0000] "GET / HTTP/1.1" 200 28958 "-" "Mozilla/5.0 (Windows NT 10.0; Win64; x64; rv:56.0) Gecko/20100101 Firefox/56.0"
172.71.99.141 - - [16/Jun/2026:08:29:59 +0000] "POST /xmlrpc.php HTTP/1.1" 403 133 "-" "Mozilla/5.0 (Windows NT 10.0; Win64; x64; rv:67.0) Gecko/20100101 Firefox/67.0"
104.23.166.45 - - [16/Jun/2026:08:30:00 +0000] "GET /?author=3 HTTP/1.1" 200 19023 "-" "Mozilla/5.0 (Windows NT 10.0; Win64; x64; rv:50.0) Gecko/20100101 Firefox/50.0"
104.23.229.65 - - [16/Jun/2026:08:30:00 +0000] "POST /xmlrpc.php HTTP/1.1" 403 133 "-" "Mozilla/5.0 (Windows NT 10.0; Win64; x64; rv:75.0) Gecko/20100101 Firefox/75.0"
104.23.225.2 - - [16/Jun/2026:08:30:00 +0000] "GET /wp-json/wp/v2/users HTTP/1.1" 200 495 "-" "Mozilla/5.0 (Windows NT 10.0; Win64; x64; rv:49.0) Gecko/20100101 Firefox/49.0"
172.71.131.107 - - [16/Jun/2026:08:30:00 +0000] "POST /wp-login.php HTTP/1.1" 200 3300 "-" "Mozilla/5.0 (Windows NT 10.0; Win64; x64; rv:94.0) Gecko/20100101 Firefox/94.0"
162.159.113.90 - - [16/Jun/2026:08:30:00 +0000] "POST /wp-login.php HTTP/1.1" 200 3300 "-" "Mozilla/5.0 (Windows NT 10.0; Win64; x64; rv:62.0) Gecko/20100101 Firefox/62.0"
104.23.170.45 - - [16/Jun/2026:08:30:00 +0000] "GET /?author=1 HTTP/1.1" 301 5 "-" "Mozilla/5.0 (Windows NT 10.0; Win64; x64; rv:58.0) Gecko/20100101 Firefox/58.0"
162.159.113.90 - - [16/Jun/2026:08:30:00 +0000] "POST /wp-login.php HTTP/1.1" 200 3300 "-" "Mozilla/5.0 (Windows NT 10.0; Win64; x64; rv:69.0) Gecko/20100101 Firefox/69.0"
172.70.47.51 - - [16/Jun/2026:08:30:00 +0000] "POST /wp-login.php HTTP/1.1" 200 3301 "-" "Mozilla/5.0 (Windows NT 10.0; Win64; x64; rv:71.0) Gecko/20100101 Firefox/71.0"
104.23.170.44 - - [16/Jun/2026:08:30:00 +0000] "POST /wp-login.php HTTP/1.1" 200 3301 "-" "Mozilla/5.0 (Windows NT 10.0; Win64; x64; rv:97.0) Gecko/20100101 Firefox/97.0"
104.23.170.45 - - [16/Jun/2026:08:30:01 +0000] "GET /author/admin/ HTTP/1.1" 200 23662 "-" "Mozilla/5.0 (Windows NT 10.0; Win64; x64; rv:58.0) Gecko/20100101 Firefox/58.0"
104.23.166.45 - - [16/Jun/2026:08:30:01 +0000] "POST /wp-login.php HTTP/1.1" 200 3301 "-" "Mozilla/5.0 (Windows NT 10.0; Win64; x64; rv:49.0) Gecko/20100101 Firefox/49.0"
172.68.245.201 - - [16/Jun/2026:08:30:02 +0000] "GET /sitio-gioco-d-azzardo/ HTTP/1.1" 404 18248 "-" "meta-externalagent/1.1 (+https://developers.facebook.com/docs/sharing/webmasters/crawler)"
172.71.131.107 - - [16/Jun/2026:08:30:02 +0000] "GET /?author=2 HTTP/1.1" 200 19023 "-" "Mozilla/5.0 (Windows NT 10.0; Win64; x64; rv:60.0) Gecko/20100101 Firefox/60.0"
172.71.127.141 - - [16/Jun/2026:08:30:03 +0000] "GET /?author=3 HTTP/1.1" 200 19023 "-" "Mozilla/5.0 (Windows NT 10.0; Win64; x64; rv:70.0) Gecko/20100101 Firefox/70.0"
172.71.119.84 - - [16/Jun/2026:08:30:03 +0000] "POST /xmlrpc.php HTTP/1.1" 403 133 "-" "Mozilla/5.0 (Windows NT 10.0; Win64; x64; rv:76.0) Gecko/20100101 Firefox/76.0"
172.71.95.97 - - [16/Jun/2026:08:30:03 +0000] "POST /wp-login.php HTTP/1.1" 200 3300 "-" "Mozilla/5.0 (Windows NT 10.0; Win64; x64; rv:87.0) Gecko/20100101 Firefox/87.0"
104.23.170.44 - - [16/Jun/2026:08:30:03 +0000] "GET / HTTP/1.1" 200 28960 "-" "Mozilla/5.0 (Windows NT 10.0; Win64; x64; rv:67.0) Gecko/20100101 Firefox/67.0"
172.71.131.107 - - [16/Jun/2026:08:30:04 +0000] "POST /wp-login.php HTTP/1.1" 200 3301 "-" "Mozilla/5.0 (Windows NT 10.0; Win64; x64; rv:61.0) Gecko/20100101 Firefox/61.0"
172.71.119.84 - - [16/Jun/2026:08:30:04 +0000] "GET /wp-json/wp/v2/users HTTP/1.1" 200 495 "-" "Mozilla/5.0 (Windows NT 10.0; Win64; x64; rv:60.0) Gecko/20100101 Firefox/60.0"
172.71.134.191 - - [16/Jun/2026:08:30:04 +0000] "GET / HTTP/1.1" 200 28961 "-" "Mozilla/5.0 (Windows NT 10.0; Win64; x64; rv:67.0) Gecko/20100101 Firefox/67.0"
104.23.166.44 - - [16/Jun/2026:08:30:04 +0000] "GET / HTTP/1.1" 200 28960 "-" "Mozilla/5.0 (Windows NT 10.0; Win64; x64; rv:60.0) Gecko/20100101 Firefox/60.0"
104.23.166.45 - - [16/Jun/2026:08:30:05 +0000] "GET / HTTP/1.1" 200 28959 "-" "Mozilla/5.0 (Windows NT 10.0; Win64; x64; rv:75.0) Gecko/20100101 Firefox/75.0"
104.23.166.45 - - [16/Jun/2026:08:30:05 +0000] "GET /?author=1 HTTP/1.1" 301 5 "-" "Mozilla/5.0 (Windows NT 10.0; Win64; x64; rv:75.0) Gecko/20100101 Firefox/75.0"
172.71.103.13 - - [16/Jun/2026:08:30:05 +0000] "GET /wp-json/wp/v2/users HTTP/1.1" 200 495 "-" "Mozilla/5.0 (Windows NT 10.0; Win64; x64; rv:78.0) Gecko/20100101 Firefox/78.0"
172.71.103.14 - - [16/Jun/2026:08:30:05 +0000] "GET /wp-json/wp/v2/users HTTP/1.1" 200 495 "-" "Mozilla/5.0 (Windows NT 10.0; Win64; x64; rv:68.0) Gecko/20100101 Firefox/68.0"
104.23.170.45 - - [16/Jun/2026:08:30:05 +0000] "GET /wp-json/wp/v2/users HTTP/1.1" 200 495 "-" "Mozilla/5.0 (Windows NT 10.0; Win64; x64; rv:89.0) Gecko/20100101 Firefox/89.0"
104.23.166.44 - - [16/Jun/2026:08:30:05 +0000] "GET /author/admin/ HTTP/1.1" 200 23662 "-" "Mozilla/5.0 (Windows NT 10.0; Win64; x64; rv:75.0) Gecko/20100101 Firefox/75.0"
172.71.182.154 - - [16/Jun/2026:08:30:05 +0000] "GET / HTTP/1.1" 200 28958 "-" "Mozilla/5.0 (Windows NT 10.0; Win64; x64; rv:66.0) Gecko/20100101 Firefox/66.0"
172.71.182.154 - - [16/Jun/2026:08:30:06 +0000] "GET /?author=1 HTTP/1.1" 301 5 "-" "Mozilla/5.0 (Windows NT 10.0; Win64; x64; rv:93.0) Gecko/20100101 Firefox/93.0"
172.68.151.27 - - [16/Jun/2026:08:30:06 +0000] "GET /?author=1 HTTP/1.1" 301 5 "-" "Mozilla/5.0 (Windows NT 10.0; Win64; x64; rv:73.0) Gecko/20100101 Firefox/73.0"
104.23.166.45 - - [16/Jun/2026:08:30:06 +0000] "GET /?author=1 HTTP/1.1" 301 5 "-" "Mozilla/5.0 (Windows NT 10.0; Win64; x64; rv:85.0) Gecko/20100101 Firefox/85.0"
172.68.151.27 - - [16/Jun/2026:08:30:06 +0000] "GET /wp-json/wp/v2/users HTTP/1.1" 200 495 "-" "Mozilla/5.0 (Windows NT 10.0; Win64; x64; rv:95.0) Gecko/20100101 Firefox/95.0"
172.71.131.107 - - [16/Jun/2026:08:30:06 +0000] "GET /?author=2 HTTP/1.1" 200 19023 "-" "Mozilla/5.0 (Windows NT 10.0; Win64; x64; rv:40.0) Gecko/20100101 Firefox/40.0"
104.23.166.45 - - [16/Jun/2026:08:30:07 +0000] "GET /author/admin/ HTTP/1.1" 200 23662 "-" "Mozilla/5.0 (Windows NT 10.0; Win64; x64; rv:85.0) Gecko/20100101 Firefox/85.0"
172.71.182.154 - - [16/Jun/2026:08:30:07 +0000] "GET /author/admin/ HTTP/1.1" 200 23662 "-" "Mozilla/5.0 (Windows NT 10.0; Win64; x64; rv:93.0) Gecko/20100101 Firefox/93.0"
172.68.151.27 - - [16/Jun/2026:08:30:07 +0000] "GET /author/admin/ HTTP/1.1" 200 23662 "-" "Mozilla/5.0 (Windows NT 10.0; Win64; x64; rv:73.0) Gecko/20100101 Firefox/73.0"
172.71.119.84 - - [16/Jun/2026:08:30:07 +0000] "GET /?author=1 HTTP/1.1" 301 5 "-" "Mozilla/5.0 (Windows NT 10.0; Win64; x64; rv:77.0) Gecko/20100101 Firefox/77.0"
172.69.223.75 - - [16/Jun/2026:08:30:07 +0000] "GET /?author=3 HTTP/1.1" 200 19023 "-" "Mozilla/5.0 (Windows NT 10.0; Win64; x64; rv:43.0) Gecko/20100101 Firefox/43.0"
172.71.232.4 - - [16/Jun/2026:08:30:07 +0000] "GET / HTTP/1.1" 200 28960 "-" "Mozilla/5.0 (Windows NT 10.0; Win64; x64; rv:94.0) Gecko/20100101 Firefox/94.0"
172.71.103.13 - - [16/Jun/2026:08:30:07 +0000] "POST /xmlrpc.php HTTP/1.1" 403 133 "-" "Mozilla/5.0 (Windows NT 10.0; Win64; x64; rv:98.0) Gecko/20100101 Firefox/98.0"
172.71.127.141 - - [16/Jun/2026:08:30:07 +0000] "GET /?author=2 HTTP/1.1" 200 19023 "-" "Mozilla/5.0 (Windows NT 10.0; Win64; x64; rv:94.0) Gecko/20100101 Firefox/94.0"
104.23.172.128 - - [16/Jun/2026:08:30:07 +0000] "GET /?author=2 HTTP/1.1" 200 19023 "-" "Mozilla/5.0 (Windows NT 10.0; Win64; x64; rv:50.0) Gecko/20100101 Firefox/50.0"
172.71.182.154 - - [16/Jun/2026:08:30:07 +0000] "GET /?author=2 HTTP/1.1" 200 19023 "-" "Mozilla/5.0 (Windows NT 10.0; Win64; x64; rv:48.0) Gecko/20100101 Firefox/48.0"
172.71.119.84 - - [16/Jun/2026:08:30:08 +0000] "GET /author/admin/ HTTP/1.1" 200 23662 "-" "Mozilla/5.0 (Windows NT 10.0; Win64; x64; rv:77.0) Gecko/20100101 Firefox/77.0"
172.71.123.47 - - [16/Jun/2026:08:30:08 +0000] "GET /wp-json/wp/v2/users HTTP/1.1" 200 495 "-" "Mozilla/5.0 (Windows NT 10.0; Win64; x64; rv:77.0) Gecko/20100101 Firefox/77.0"
172.71.123.48 - - [16/Jun/2026:08:30:08 +0000] "POST /wp-login.php HTTP/1.1" 200 3300 "-" "Mozilla/5.0 (Windows NT 10.0; Win64; x64; rv:66.0) Gecko/20100101 Firefox/66.0"
104.23.166.44 - - [16/Jun/2026:08:30:08 +0000] "GET / HTTP/1.1" 200 28958 "-" "Mozilla/5.0 (Windows NT 10.0; Win64; x64; rv:61.0) Gecko/20100101 Firefox/61.0"
172.71.134.191 - - [16/Jun/2026:08:30:08 +0000] "GET /?author=3 HTTP/1.1" 200 19023 "-" "Mozilla/5.0 (Windows NT 10.0; Win64; x64; rv:64.0) Gecko/20100101 Firefox/64.0"
172.71.95.97 - - [16/Jun/2026:08:30:08 +0000] "GET /?author=3 HTTP/1.1" 200 19023 "-" "Mozilla/5.0 (Windows NT 10.0; Win64; x64; rv:48.0) Gecko/20100101 Firefox/48.0"
172.71.103.14 - - [16/Jun/2026:08:30:08 +0000] "GET /?author=3 HTTP/1.1" 200 19023 "-" "Mozilla/5.0 (Windows NT 10.0; Win64; x64; rv:53.0) Gecko/20100101 Firefox/53.0"
162.159.113.90 - - [16/Jun/2026:08:30:08 +0000] "POST /xmlrpc.php HTTP/1.1" 403 133 "-" "Mozilla/5.0 (Windows NT 10.0; Win64; x64; rv:42.0) Gecko/20100101 Firefox/42.0"
172.71.182.154 - - [16/Jun/2026:08:30:08 +0000] "POST /xmlrpc.php HTTP/1.1" 403 133 "-" "Mozilla/5.0 (Windows NT 10.0; Win64; x64; rv:49.0) Gecko/20100101 Firefox/49.0"
172.71.123.47 - - [16/Jun/2026:08:30:08 +0000] "POST /xmlrpc.php HTTP/1.1" 403 133 "-" "Mozilla/5.0 (Windows NT 10.0; Win64; x64; rv:40.0) Gecko/20100101 Firefox/40.0"
172.70.47.51 - - [16/Jun/2026:08:30:08 +0000] "GET /?author=1 HTTP/1.1" 301 5 "-" "Mozilla/5.0 (Windows NT 10.0; Win64; x64; rv:79.0) Gecko/20100101 Firefox/79.0"
172.71.99.142 - - [16/Jun/2026:08:30:08 +0000] "POST /wp-login.php HTTP/1.1" 200 3301 "-" "Mozilla/5.0 (Windows NT 10.0; Win64; x64; rv:79.0) Gecko/20100101 Firefox/79.0"
172.71.95.98 - - [16/Jun/2026:08:30:09 +0000] "GET /?author=2 HTTP/1.1" 200 19023 "-" "Mozilla/5.0 (Windows NT 10.0; Win64; x64; rv:86.0) Gecko/20100101 Firefox/86.0"
172.71.95.98 - - [16/Jun/2026:08:30:09 +0000] "GET / HTTP/1.1" 200 28963 "-" "Mozilla/5.0 (Windows NT 10.0; Win64; x64; rv:54.0) Gecko/20100101 Firefox/54.0"
172.69.223.75 - - [16/Jun/2026:08:30:09 +0000] "GET /wp-json/wp/v2/users HTTP/1.1" 200 495 "-" "Mozilla/5.0 (Windows NT 10.0; Win64; x64; rv:78.0) Gecko/20100101 Firefox/78.0"
104.23.170.44 - - [16/Jun/2026:08:30:09 +0000] "POST /wp-login.php HTTP/1.1" 200 3300 "-" "Mozilla/5.0 (Windows NT 10.0; Win64; x64; rv:48.0) Gecko/20100101 Firefox/48.0"
104.23.166.45 - - [16/Jun/2026:08:30:09 +0000] "POST /wp-login.php HTTP/1.1" 200 3300 "-" "Mozilla/5.0 (Windows NT 10.0; Win64; x64; rv:66.0) Gecko/20100101 Firefox/66.0"
172.68.151.27 - - [16/Jun/2026:08:30:09 +0000] "POST /wp-login.php HTTP/1.1" 200 3300 "-" "Mozilla/5.0 (Windows NT 10.0; Win64; x64; rv:75.0) Gecko/20100101 Firefox/75.0"
172.70.47.51 - - [16/Jun/2026:08:30:09 +0000] "GET /author/admin/ HTTP/1.1" 200 23662 "-" "Mozilla/5.0 (Windows NT 10.0; Win64; x64; rv:79.0) Gecko/20100101 Firefox/79.0"
104.23.166.45 - - [16/Jun/2026:08:30:09 +0000] "GET /wp-json/wp/v2/users HTTP/1.1" 200 495 "-" "Mozilla/5.0 (Windows NT 10.0; Win64; x64; rv:68.0) Gecko/20100101 Firefox/68.0"
172.71.123.48 - - [16/Jun/2026:08:30:09 +0000] "GET /?author=1 HTTP/1.1" 301 5 "-" "Mozilla/5.0 (Windows NT 10.0; Win64; x64; rv:76.0) Gecko/20100101 Firefox/76.0"
172.71.99.141 - - [16/Jun/2026:08:30:09 +0000] "GET / HTTP/1.1" 200 28961 "-" "Mozilla/5.0 (Windows NT 10.0; Win64; x64; rv:55.0) Gecko/20100101 Firefox/55.0"
172.71.95.97 - - [16/Jun/2026:08:30:09 +0000] "GET /?author=3 HTTP/1.1" 200 19023 "-" "Mozilla/5.0 (Windows NT 10.0; Win64; x64; rv:91.0) Gecko/20100101 Firefox/91.0"
172.71.127.141 - - [16/Jun/2026:08:30:09 +0000] "POST /xmlrpc.php HTTP/1.1" 403 133 "-" "Mozilla/5.0 (Windows NT 10.0; Win64; x64; rv:75.0) Gecko/20100101 Firefox/75.0"
172.71.232.4 - - [16/Jun/2026:08:30:10 +0000] "POST /wp-login.php HTTP/1.1" 200 3301 "-" "Mozilla/5.0 (Windows NT 10.0; Win64; x64; rv:65.0) Gecko/20100101 Firefox/65.0"
172.68.151.27 - - [16/Jun/2026:08:30:10 +0000] "POST /wp-login.php HTTP/1.1" 200 3301 "-" "Mozilla/5.0 (Windows NT 10.0; Win64; x64; rv:78.0) Gecko/20100101 Firefox/78.0"
172.69.223.75 - - [16/Jun/2026:08:30:10 +0000] "POST /wp-login.php HTTP/1.1" 200 3301 "-" "Mozilla/5.0 (Windows NT 10.0; Win64; x64; rv:65.0) Gecko/20100101 Firefox/65.0"
172.69.223.75 - - [16/Jun/2026:08:30:10 +0000] "GET /?author=2 HTTP/1.1" 200 19023 "-" "Mozilla/5.0 (Windows NT 10.0; Win64; x64; rv:97.0) Gecko/20100101 Firefox/97.0"
172.71.232.5 - - [16/Jun/2026:08:30:10 +0000] "GET /?author=1 HTTP/1.1" 301 5 "-" "Mozilla/5.0 (Windows NT 10.0; Win64; x64; rv:91.0) Gecko/20100101 Firefox/91.0"
104.23.170.45 - - [16/Jun/2026:08:30:10 +0000] "GET /wp-json/wp/v2/users HTTP/1.1" 200 495 "-" "Mozilla/5.0 (Windows NT 10.0; Win64; x64; rv:95.0) Gecko/20100101 Firefox/95.0"
172.71.123.47 - - [16/Jun/2026:08:30:10 +0000] "GET /author/admin/ HTTP/1.1" 200 23662 "-" "Mozilla/5.0 (Windows NT 10.0; Win64; x64; rv:76.0) Gecko/20100101 Firefox/76.0"
172.71.99.142 - - [16/Jun/2026:08:30:10 +0000] "POST /wp-login.php HTTP/1.1" 200 3300 "-" "Mozilla/5.0 (Windows NT 10.0; Win64; x64; rv:64.0) Gecko/20100101 Firefox/64.0"
104.23.225.2 - - [16/Jun/2026:08:30:10 +0000] "GET / HTTP/1.1" 200 28960 "-" "Mozilla/5.0 (Windows NT 10.0; Win64; x64; rv:75.0) Gecko/20100101 Firefox/75.0"
104.23.225.2 - - [16/Jun/2026:08:30:11 +0000] "GET /?author=1 HTTP/1.1" 301 5 "-" "Mozilla/5.0 (Windows NT 10.0; Win64; x64; rv:40.0) Gecko/20100101 Firefox/40.0"
172.71.103.13 - - [16/Jun/2026:08:30:11 +0000] "GET /?author=3 HTTP/1.1" 200 19023 "-" "Mozilla/5.0 (Windows NT 10.0; Win64; x64; rv:87.0) Gecko/20100101 Firefox/87.0"
172.69.223.75 - - [16/Jun/2026:08:30:11 +0000] "GET /?author=2 HTTP/1.1" 200 19023 "-" "Mozilla/5.0 (Windows NT 10.0; Win64; x64; rv:80.0) Gecko/20100101 Firefox/80.0"
172.71.99.141 - - [16/Jun/2026:08:30:11 +0000] "POST /xmlrpc.php HTTP/1.1" 403 133 "-" "Mozilla/5.0 (Windows NT 10.0; Win64; x64; rv:84.0) Gecko/20100101 Firefox/84.0"
172.71.232.4 - - [16/Jun/2026:08:30:11 +0000] "GET /author/admin/ HTTP/1.1" 200 23662 "-" "Mozilla/5.0 (Windows NT 10.0; Win64; x64; rv:91.0) Gecko/20100101 Firefox/91.0"
172.71.182.154 - - [16/Jun/2026:08:30:11 +0000] "GET / HTTP/1.1" 200 28961 "-" "Mozilla/5.0 (Windows NT 10.0; Win64; x64; rv:63.0) Gecko/20100101 Firefox/63.0"
172.71.123.48 - - [16/Jun/2026:08:30:11 +0000] "GET / HTTP/1.1" 200 28962 "-" "Mozilla/5.0 (Windows NT 10.0; Win64; x64; rv:88.0) Gecko/20100101 Firefox/88.0"
172.71.119.84 - - [16/Jun/2026:08:30:11 +0000] "POST /wp-login.php HTTP/1.1" 200 3301 "-" "Mozilla/5.0 (Windows NT 10.0; Win64; x64; rv:66.0) Gecko/20100101 Firefox/66.0"
172.71.182.154 - - [16/Jun/2026:08:30:11 +0000] "GET /wp-json/wp/v2/users HTTP/1.1" 200 495 "-" "Mozilla/5.0 (Windows NT 10.0; Win64; x64; rv:42.0) Gecko/20100101 Firefox/42.0"
104.23.225.2 - - [16/Jun/2026:08:30:11 +0000] "GET /author/admin/ HTTP/1.1" 200 23662 "-" "Mozilla/5.0 (Windows NT 10.0; Win64; x64; rv:40.0) Gecko/20100101 Firefox/40.0"
172.71.131.107 - - [16/Jun/2026:08:30:12 +0000] "POST /wp-login.php HTTP/1.1" 200 3300 "-" "Mozilla/5.0 (Windows NT 10.0; Win64; x64; rv:55.0) Gecko/20100101 Firefox/55.0"
172.71.182.155 - - [16/Jun/2026:08:30:12 +0000] "GET /?author=3 HTTP/1.1" 200 19023 "-" "Mozilla/5.0 (Windows NT 10.0; Win64; x64; rv:84.0) Gecko/20100101 Firefox/84.0"
104.23.172.128 - - [16/Jun/2026:08:30:12 +0000] "GET /?author=2 HTTP/1.1" 200 19023 "-" "Mozilla/5.0 (Windows NT 10.0; Win64; x64; rv:46.0) Gecko/20100101 Firefox/46.0"
141.101.76.66 - - [16/Jun/2026:08:30:12 +0000] "GET /wp-json/wp/v2/users HTTP/1.1" 200 495 "-" "Mozilla/5.0 (Windows NT 10.0; Win64; x64; rv:46.0) Gecko/20100101 Firefox/46.0"
172.71.127.141 - - [16/Jun/2026:08:30:12 +0000] "GET / HTTP/1.1" 200 28960 "-" "Mozilla/5.0 (Windows NT 10.0; Win64; x64; rv:85.0) Gecko/20100101 Firefox/85.0"
104.23.170.45 - - [16/Jun/2026:08:30:12 +0000] "POST /xmlrpc.php HTTP/1.1" 403 133 "-" "Mozilla/5.0 (Windows NT 10.0; Win64; x64; rv:84.0) Gecko/20100101 Firefox/84.0"
104.23.166.44 - - [16/Jun/2026:08:30:12 +0000] "GET /wp-json/wp/v2/users HTTP/1.1" 200 495 "-" "Mozilla/5.0 (Windows NT 10.0; Win64; x64; rv:46.0) Gecko/20100101 Firefox/46.0"
104.23.170.44 - - [16/Jun/2026:08:30:12 +0000] "GET /?author=1 HTTP/1.1" 301 5 "-" "Mozilla/5.0 (Windows NT 10.0; Win64; x64; rv:84.0) Gecko/20100101 Firefox/84.0"
104.23.168.83 - - [16/Jun/2026:08:30:12 +0000] "GET /?author=2 HTTP/1.1" 200 19023 "-" "Mozilla/5.0 (Windows NT 10.0; Win64; x64; rv:42.0) Gecko/20100101 Firefox/42.0"
172.71.131.107 - - [16/Jun/2026:08:30:12 +0000] "GET /?author=1 HTTP/1.1" 301 5 "-" "Mozilla/5.0 (Windows NT 10.0; Win64; x64; rv:69.0) Gecko/20100101 Firefox/69.0"
141.101.69.75 - - [16/Jun/2026:08:30:12 +0000] "GET /wp-json/wp/v2/users HTTP/1.1" 200 495 "-" "Mozilla/5.0 (Windows NT 10.0; Win64; x64; rv:94.0) Gecko/20100101 Firefox/94.0"
104.23.168.82 - - [16/Jun/2026:08:30:12 +0000] "GET /?author=1 HTTP/1.1" 301 5 "-" "Mozilla/5.0 (Windows NT 10.0; Win64; x64; rv:83.0) Gecko/20100101 Firefox/83.0"
172.71.99.142 - - [16/Jun/2026:08:30:12 +0000] "GET /?author=3 HTTP/1.1" 200 19023 "-" "Mozilla/5.0 (Windows NT 10.0; Win64; x64; rv:86.0) Gecko/20100101 Firefox/86.0"
141.101.76.67 - - [16/Jun/2026:08:30:12 +0000] "GET / HTTP/1.1" 200 28962 "-" "Mozilla/5.0 (Windows NT 10.0; Win64; x64; rv:69.0) Gecko/20100101 Firefox/69.0"
172.71.103.14 - - [16/Jun/2026:08:30:12 +0000] "POST /wp-login.php HTTP/1.1" 200 3301 "-" "Mozilla/5.0 (Windows NT 10.0; Win64; x64; rv:40.0) Gecko/20100101 Firefox/40.0"
172.68.151.27 - - [16/Jun/2026:08:30:12 +0000] "POST /xmlrpc.php HTTP/1.1" 403 133 "-" "Mozilla/5.0 (Windows NT 10.0; Win64; x64; rv:63.0) Gecko/20100101 Firefox/63.0"
104.23.166.45 - - [16/Jun/2026:08:30:13 +0000] "POST /wp-login.php HTTP/1.1" 200 3300 "-" "Mozilla/5.0 (Windows NT 10.0; Win64; x64; rv:77.0) Gecko/20100101 Firefox/77.0"
104.23.170.45 - - [16/Jun/2026:08:30:13 +0000] "GET /author/admin/ HTTP/1.1" 200 23662 "-" "Mozilla/5.0 (Windows NT 10.0; Win64; x64; rv:84.0) Gecko/20100101 Firefox/84.0"
104.23.170.44 - - [16/Jun/2026:08:30:13 +0000] "GET /?author=3 HTTP/1.1" 200 19023 "-" "Mozilla/5.0 (Windows NT 10.0; Win64; x64; rv:63.0) Gecko/20100101 Firefox/63.0"
172.71.134.191 - - [16/Jun/2026:08:30:13 +0000] "GET /?author=1 HTTP/1.1" 301 5 "-" "Mozilla/5.0 (Windows NT 10.0; Win64; x64; rv:58.0) Gecko/20100101 Firefox/58.0"
172.71.131.107 - - [16/Jun/2026:08:30:13 +0000] "GET /author/admin/ HTTP/1.1" 200 23662 "-" "Mozilla/5.0 (Windows NT 10.0; Win64; x64; rv:69.0) Gecko/20100101 Firefox/69.0"
104.23.168.83 - - [16/Jun/2026:08:30:13 +0000] "GET /author/admin/ HTTP/1.1" 200 23662 "-" "Mozilla/5.0 (Windows NT 10.0; Win64; x64; rv:83.0) Gecko/20100101 Firefox/83.0"
104.23.170.45 - - [16/Jun/2026:08:30:13 +0000] "GET /wp-json/wp/v2/users HTTP/1.1" 200 495 "-" "Mozilla/5.0 (Windows NT 10.0; Win64; x64; rv:68.0) Gecko/20100101 Firefox/68.0"
172.71.119.84 - - [16/Jun/2026:08:30:13 +0000] "POST /wp-login.php HTTP/1.1" 200 3301 "-" "Mozilla/5.0 (Windows NT 10.0; Win64; x64; rv:76.0) Gecko/20100101 Firefox/76.0"
172.69.223.75 - - [16/Jun/2026:08:30:13 +0000] "POST /wp-login.php HTTP/1.1" 200 3300 "-" "Mozilla/5.0 (Windows NT 10.0; Win64; x64; rv:97.0) Gecko/20100101 Firefox/97.0"
172.71.232.5 - - [16/Jun/2026:08:30:13 +0000] "GET /?author=2 HTTP/1.1" 200 19023 "-" "Mozilla/5.0 (Windows NT 10.0; Win64; x64; rv:55.0) Gecko/20100101 Firefox/55.0"
141.101.69.75 - - [16/Jun/2026:08:30:13 +0000] "GET / HTTP/1.1" 200 28965 "-" "Mozilla/5.0 (Windows NT 10.0; Win64; x64; rv:41.0) Gecko/20100101 Firefox/41.0"
172.69.223.75 - - [16/Jun/2026:08:30:13 +0000] "POST /xmlrpc.php HTTP/1.1" 403 133 "-" "Mozilla/5.0 (Windows NT 10.0; Win64; x64; rv:91.0) Gecko/20100101 Firefox/91.0"
172.69.223.75 - - [16/Jun/2026:08:30:13 +0000] "GET / HTTP/1.1" 200 28961 "-" "Mozilla/5.0 (Windows NT 10.0; Win64; x64; rv:67.0) Gecko/20100101 Firefox/67.0"
104.23.225.2 - - [16/Jun/2026:08:30:14 +0000] "GET /?author=2 HTTP/1.1" 200 19023 "-" "Mozilla/5.0 (Windows NT 10.0; Win64; x64; rv:76.0) Gecko/20100101 Firefox/76.0"
172.69.223.75 - - [16/Jun/2026:08:30:14 +0000] "POST /wp-login.php HTTP/1.1" 200 3301 "-" "Mozilla/5.0 (Windows NT 10.0; Win64; x64; rv:81.0) Gecko/20100101 Firefox/81.0"
172.68.151.27 - - [16/Jun/2026:08:30:14 +0000] "GET /?author=1 HTTP/1.1" 301 5 "-" "Mozilla/5.0 (Windows NT 10.0; Win64; x64; rv:41.0) Gecko/20100101 Firefox/41.0"
