104.23.170.186 - - [16/Jun/2026:18:15:04 +0000] "GET / HTTP/1.1" 200 28960 "-" "Mozilla/5.0 (Windows NT 10.0; Win64; x64; rv:41.0) Gecko/20100101 Firefox/41.0"
104.23.166.120 - - [16/Jun/2026:18:15:04 +0000] "GET / HTTP/1.1" 200 28958 "-" "Mozilla/5.0 (Windows NT 10.0; Win64; x64; rv:74.0) Gecko/20100101 Firefox/74.0"
172.70.47.52 - - [16/Jun/2026:18:15:04 +0000] "GET / HTTP/1.1" 200 28960 "-" "Mozilla/5.0 (Windows NT 10.0; Win64; x64; rv:91.0) Gecko/20100101 Firefox/91.0"
162.159.113.90 - - [16/Jun/2026:18:15:04 +0000] "GET / HTTP/1.1" 200 28962 "-" "Mozilla/5.0 (Windows NT 10.0; Win64; x64; rv:86.0) Gecko/20100101 Firefox/86.0"
104.23.170.186 - - [16/Jun/2026:18:15:04 +0000] "GET / HTTP/1.1" 200 28959 "-" "Mozilla/5.0 (Windows NT 10.0; Win64; x64; rv:72.0) Gecko/20100101 Firefox/72.0"
104.23.170.187 - - [16/Jun/2026:18:15:05 +0000] "GET /wp-json/wp/v2/users HTTP/1.1" 200 495 "-" "Mozilla/5.0 (Windows NT 10.0; Win64; x64; rv:67.0) Gecko/20100101 Firefox/67.0"
172.71.95.98 - - [16/Jun/2026:18:15:05 +0000] "GET /wp-json/wp/v2/users HTTP/1.1" 200 495 "-" "Mozilla/5.0 (Windows NT 10.0; Win64; x64; rv:76.0) Gecko/20100101 Firefox/76.0"
172.71.99.141 - - [16/Jun/2026:18:15:05 +0000] "GET /wp-json/wp/v2/users HTTP/1.1" 200 495 "-" "Mozilla/5.0 (Windows NT 10.0; Win64; x64; rv:67.0) Gecko/20100101 Firefox/67.0"
104.23.168.82 - - [16/Jun/2026:18:15:05 +0000] "GET /wp-json/wp/v2/users HTTP/1.1" 200 495 "-" "Mozilla/5.0 (Windows NT 10.0; Win64; x64; rv:99.0) Gecko/20100101 Firefox/99.0"
104.23.168.83 - - [16/Jun/2026:18:15:05 +0000] "GET /wp-json/wp/v2/users HTTP/1.1" 200 495 "-" "Mozilla/5.0 (Windows NT 10.0; Win64; x64; rv:57.0) Gecko/20100101 Firefox/57.0"
162.159.113.91 - - [16/Jun/2026:18:15:05 +0000] "GET /wp-json/wp/v2/users HTTP/1.1" 200 495 "-" "Mozilla/5.0 (Windows NT 10.0; Win64; x64; rv:88.0) Gecko/20100101 Firefox/88.0"
141.101.76.67 - - [16/Jun/2026:18:15:05 +0000] "GET /wp-json/wp/v2/users HTTP/1.1" 200 495 "-" "Mozilla/5.0 (Windows NT 10.0; Win64; x64; rv:83.0) Gecko/20100101 Firefox/83.0"
172.71.103.13 - - [16/Jun/2026:18:15:05 +0000] "GET /?author=1 HTTP/1.1" 301 5 "-" "Mozilla/5.0 (Windows NT 10.0; Win64; x64; rv:90.0) Gecko/20100101 Firefox/90.0"
172.71.103.13 - - [16/Jun/2026:18:15:05 +0000] "GET /wp-json/wp/v2/users HTTP/1.1" 200 495 "-" "Mozilla/5.0 (Windows NT 10.0; Win64; x64; rv:41.0) Gecko/20100101 Firefox/41.0"
104.23.170.186 - - [16/Jun/2026:18:15:05 +0000] "GET /wp-json/wp/v2/users HTTP/1.1" 200 495 "-" "Mozilla/5.0 (Windows NT 10.0; Win64; x64; rv:62.0) Gecko/20100101 Firefox/62.0"
104.23.170.186 - - [16/Jun/2026:18:15:05 +0000] "GET /wp-json/wp/v2/users HTTP/1.1" 200 495 "-" "Mozilla/5.0 (Windows NT 10.0; Win64; x64; rv:80.0) Gecko/20100101 Firefox/80.0"
172.71.182.154 - - [16/Jun/2026:18:15:06 +0000] "GET /wp-json/wp/v2/users HTTP/1.1" 200 495 "-" "Mozilla/5.0 (Windows NT 10.0; Win64; x64; rv:61.0) Gecko/20100101 Firefox/61.0"
172.71.103.13 - - [16/Jun/2026:18:15:06 +0000] "GET /?author=1 HTTP/1.1" 301 5 "-" "Mozilla/5.0 (Windows NT 10.0; Win64; x64; rv:76.0) Gecko/20100101 Firefox/76.0"
172.70.47.52 - - [16/Jun/2026:18:15:06 +0000] "GET /?author=1 HTTP/1.1" 301 5 "-" "Mozilla/5.0 (Windows NT 10.0; Win64; x64; rv:60.0) Gecko/20100101 Firefox/60.0"
172.71.95.98 - - [16/Jun/2026:18:15:06 +0000] "GET /?author=1 HTTP/1.1" 301 5 "-" "Mozilla/5.0 (Windows NT 10.0; Win64; x64; rv:56.0) Gecko/20100101 Firefox/56.0"
104.23.168.82 - - [16/Jun/2026:18:15:06 +0000] "GET /?author=1 HTTP/1.1" 301 5 "-" "Mozilla/5.0 (Windows NT 10.0; Win64; x64; rv:70.0) Gecko/20100101 Firefox/70.0"
162.159.113.90 - - [16/Jun/2026:18:15:06 +0000] "GET /?author=1 HTTP/1.1" 301 5 "-" "Mozilla/5.0 (Windows NT 10.0; Win64; x64; rv:56.0) Gecko/20100101 Firefox/56.0"
104.23.166.120 - - [16/Jun/2026:18:15:06 +0000] "GET /?author=1 HTTP/1.1" 301 5 "-" "Mozilla/5.0 (Windows NT 10.0; Win64; x64; rv:61.0) Gecko/20100101 Firefox/61.0"
162.159.113.90 - - [16/Jun/2026:18:15:06 +0000] "GET / HTTP/1.1" 200 28963 "-" "Mozilla/5.0 (Windows NT 10.0; Win64; x64; rv:44.0) Gecko/20100101 Firefox/44.0"
141.101.76.67 - - [16/Jun/2026:18:15:06 +0000] "GET /?author=1 HTTP/1.1" 301 5 "-" "Mozilla/5.0 (Windows NT 10.0; Win64; x64; rv:94.0) Gecko/20100101 Firefox/94.0"
172.71.99.141 - - [16/Jun/2026:18:15:06 +0000] "GET /?author=1 HTTP/1.1" 301 5 "-" "Mozilla/5.0 (Windows NT 10.0; Win64; x64; rv:43.0) Gecko/20100101 Firefox/43.0"
172.70.47.51 - - [16/Jun/2026:18:15:06 +0000] "GET /?author=1 HTTP/1.1" 301 5 "-" "Mozilla/5.0 (Windows NT 10.0; Win64; x64; rv:89.0) Gecko/20100101 Firefox/89.0"
172.71.102.100 - - [16/Jun/2026:18:15:07 +0000] "GET /author/admin/ HTTP/1.1" 200 23662 "-" "Mozilla/5.0 (Windows NT 10.0; Win64; x64; rv:90.0) Gecko/20100101 Firefox/90.0"
172.71.102.101 - - [16/Jun/2026:18:15:07 +0000] "GET /author/admin/ HTTP/1.1" 200 23662 "-" "Mozilla/5.0 (Windows NT 10.0; Win64; x64; rv:76.0) Gecko/20100101 Firefox/76.0"
172.70.47.52 - - [16/Jun/2026:18:15:07 +0000] "GET /?author=1 HTTP/1.1" 301 5 "-" "Mozilla/5.0 (Windows NT 10.0; Win64; x64; rv:97.0) Gecko/20100101 Firefox/97.0"
104.23.168.83 - - [16/Jun/2026:18:15:07 +0000] "GET /author/admin/ HTTP/1.1" 200 23662 "-" "Mozilla/5.0 (Windows NT 10.0; Win64; x64; rv:70.0) Gecko/20100101 Firefox/70.0"
172.71.95.83 - - [16/Jun/2026:18:15:07 +0000] "GET /author/admin/ HTTP/1.1" 200 23662 "-" "Mozilla/5.0 (Windows NT 10.0; Win64; x64; rv:56.0) Gecko/20100101 Firefox/56.0"
162.159.113.26 - - [16/Jun/2026:18:15:08 +0000] "GET /author/admin/ HTTP/1.1" 200 23662 "-" "Mozilla/5.0 (Windows NT 10.0; Win64; x64; rv:56.0) Gecko/20100101 Firefox/56.0"
172.71.99.147 - - [16/Jun/2026:18:15:08 +0000] "GET /author/admin/ HTTP/1.1" 200 23662 "-" "Mozilla/5.0 (Windows NT 10.0; Win64; x64; rv:43.0) Gecko/20100101 Firefox/43.0"
104.23.166.119 - - [16/Jun/2026:18:15:08 +0000] "GET /author/admin/ HTTP/1.1" 200 23662 "-" "Mozilla/5.0 (Windows NT 10.0; Win64; x64; rv:61.0) Gecko/20100101 Firefox/61.0"
141.101.76.30 - - [16/Jun/2026:18:15:08 +0000] "GET /author/admin/ HTTP/1.1" 200 23662 "-" "Mozilla/5.0 (Windows NT 10.0; Win64; x64; rv:94.0) Gecko/20100101 Firefox/94.0"
172.70.47.52 - - [16/Jun/2026:18:15:08 +0000] "GET /wp-json/wp/v2/users HTTP/1.1" 200 495 "-" "Mozilla/5.0 (Windows NT 10.0; Win64; x64; rv:85.0) Gecko/20100101 Firefox/85.0"
172.70.46.100 - - [16/Jun/2026:18:15:08 +0000] "GET /author/admin/ HTTP/1.1" 200 23662 "-" "Mozilla/5.0 (Windows NT 10.0; Win64; x64; rv:60.0) Gecko/20100101 Firefox/60.0"
172.71.182.154 - - [16/Jun/2026:18:15:08 +0000] "GET /?author=2 HTTP/1.1" 200 19023 "-" "Mozilla/5.0 (Windows NT 10.0; Win64; x64; rv:59.0) Gecko/20100101 Firefox/59.0"
104.23.168.82 - - [16/Jun/2026:18:15:08 +0000] "GET /?author=2 HTTP/1.1" 200 19023 "-" "Mozilla/5.0 (Windows NT 10.0; Win64; x64; rv:82.0) Gecko/20100101 Firefox/82.0"
172.70.46.100 - - [16/Jun/2026:18:15:08 +0000] "GET /author/admin/ HTTP/1.1" 200 23662 "-" "Mozilla/5.0 (Windows NT 10.0; Win64; x64; rv:89.0) Gecko/20100101 Firefox/89.0"
104.23.168.83 - - [16/Jun/2026:18:15:08 +0000] "GET /?author=2 HTTP/1.1" 200 19023 "-" "Mozilla/5.0 (Windows NT 10.0; Win64; x64; rv:70.0) Gecko/20100101 Firefox/70.0"
172.71.95.98 - - [16/Jun/2026:18:15:09 +0000] "GET /?author=2 HTTP/1.1" 200 19023 "-" "Mozilla/5.0 (Windows NT 10.0; Win64; x64; rv:89.0) Gecko/20100101 Firefox/89.0"
104.23.170.187 - - [16/Jun/2026:18:15:09 +0000] "GET /?author=2 HTTP/1.1" 200 19023 "-" "Mozilla/5.0 (Windows NT 10.0; Win64; x64; rv:94.0) Gecko/20100101 Firefox/94.0"
172.71.182.155 - - [16/Jun/2026:18:15:09 +0000] "GET /?author=2 HTTP/1.1" 200 19023 "-" "Mozilla/5.0 (Windows NT 10.0; Win64; x64; rv:61.0) Gecko/20100101 Firefox/61.0"
172.70.46.101 - - [16/Jun/2026:18:15:09 +0000] "GET /author/admin/ HTTP/1.1" 200 23662 "-" "Mozilla/5.0 (Windows NT 10.0; Win64; x64; rv:97.0) Gecko/20100101 Firefox/97.0"
162.159.113.91 - - [16/Jun/2026:18:15:09 +0000] "GET /?author=2 HTTP/1.1" 200 19023 "-" "Mozilla/5.0 (Windows NT 10.0; Win64; x64; rv:79.0) Gecko/20100101 Firefox/79.0"
104.23.166.120 - - [16/Jun/2026:18:15:09 +0000] "GET /?author=3 HTTP/1.1" 200 19023 "-" "Mozilla/5.0 (Windows NT 10.0; Win64; x64; rv:69.0) Gecko/20100101 Firefox/69.0"
141.101.76.67 - - [16/Jun/2026:18:15:09 +0000] "POST /xmlrpc.php HTTP/1.1" 403 133 "-" "Mozilla/5.0 (Windows NT 10.0; Win64; x64; rv:77.0) Gecko/20100101 Firefox/77.0"
172.71.103.13 - - [16/Jun/2026:18:15:09 +0000] "GET /?author=1 HTTP/1.1" 301 5 "-" "Mozilla/5.0 (Windows NT 10.0; Win64; x64; rv:86.0) Gecko/20100101 Firefox/86.0"
104.23.166.121 - - [16/Jun/2026:18:15:09 +0000] "GET /?author=2 HTTP/1.1" 200 19023 "-" "Mozilla/5.0 (Windows NT 10.0; Win64; x64; rv:86.0) Gecko/20100101 Firefox/86.0"
172.71.103.13 - - [16/Jun/2026:18:15:09 +0000] "GET /?author=2 HTTP/1.1" 200 19023 "-" "Mozilla/5.0 (Windows NT 10.0; Win64; x64; rv:50.0) Gecko/20100101 Firefox/50.0"
104.23.172.129 - - [16/Jun/2026:18:15:09 +0000] "GET / HTTP/1.1" 200 28960 "-" "Mozilla/5.0 (Windows NT 10.0; Win64; x64; rv:96.0) Gecko/20100101 Firefox/96.0"
172.70.47.51 - - [16/Jun/2026:18:15:09 +0000] "GET /?author=2 HTTP/1.1" 200 19023 "-" "Mozilla/5.0 (Windows NT 10.0; Win64; x64; rv:89.0) Gecko/20100101 Firefox/89.0"
141.101.76.67 - - [16/Jun/2026:18:15:10 +0000] "GET /?author=3 HTTP/1.1" 200 19023 "-" "Mozilla/5.0 (Windows NT 10.0; Win64; x64; rv:77.0) Gecko/20100101 Firefox/77.0"
172.70.47.51 - - [16/Jun/2026:18:15:10 +0000] "POST /xmlrpc.php HTTP/1.1" 403 133 "-" "Mozilla/5.0 (Windows NT 10.0; Win64; x64; rv:86.0) Gecko/20100101 Firefox/86.0"
104.23.168.82 - - [16/Jun/2026:18:15:10 +0000] "GET /?author=3 HTTP/1.1" 200 19023 "-" "Mozilla/5.0 (Windows NT 10.0; Win64; x64; rv:67.0) Gecko/20100101 Firefox/67.0"
172.71.99.141 - - [16/Jun/2026:18:15:10 +0000] "POST /xmlrpc.php HTTP/1.1" 403 133 "-" "Mozilla/5.0 (Windows NT 10.0; Win64; x64; rv:88.0) Gecko/20100101 Firefox/88.0"
172.71.95.98 - - [16/Jun/2026:18:15:10 +0000] "GET /?author=3 HTTP/1.1" 200 19023 "-" "Mozilla/5.0 (Windows NT 10.0; Win64; x64; rv:87.0) Gecko/20100101 Firefox/87.0"
172.71.99.141 - - [16/Jun/2026:18:15:10 +0000] "POST /xmlrpc.php HTTP/1.1" 403 133 "-" "Mozilla/5.0 (Windows NT 10.0; Win64; x64; rv:67.0) Gecko/20100101 Firefox/67.0"
172.71.99.141 - - [16/Jun/2026:18:15:10 +0000] "GET /?author=3 HTTP/1.1" 200 19023 "-" "Mozilla/5.0 (Windows NT 10.0; Win64; x64; rv:100.0) Gecko/20100101 Firefox/100.0"
172.71.95.98 - - [16/Jun/2026:18:15:10 +0000] "POST /xmlrpc.php HTTP/1.1" 403 133 "-" "Mozilla/5.0 (Windows NT 10.0; Win64; x64; rv:97.0) Gecko/20100101 Firefox/97.0"
172.71.182.154 - - [16/Jun/2026:18:15:10 +0000] "GET /?author=2 HTTP/1.1" 200 19023 "-" "Mozilla/5.0 (Windows NT 10.0; Win64; x64; rv:40.0) Gecko/20100101 Firefox/40.0"
172.70.47.52 - - [16/Jun/2026:18:15:10 +0000] "GET /?author=3 HTTP/1.1" 200 19023 "-" "Mozilla/5.0 (Windows NT 10.0; Win64; x64; rv:42.0) Gecko/20100101 Firefox/42.0"
172.71.103.13 - - [16/Jun/2026:18:15:10 +0000] "GET /wp-json/wp/v2/users HTTP/1.1" 200 495 "-" "Mozilla/5.0 (Windows NT 10.0; Win64; x64; rv:40.0) Gecko/20100101 Firefox/40.0"
172.71.99.141 - - [16/Jun/2026:18:15:10 +0000] "POST /xmlrpc.php HTTP/1.1" 403 133 "-" "Mozilla/5.0 (Windows NT 10.0; Win64; x64; rv:82.0) Gecko/20100101 Firefox/82.0"
104.23.166.120 - - [16/Jun/2026:18:15:11 +0000] "GET /?author=3 HTTP/1.1" 200 19023 "-" "Mozilla/5.0 (Windows NT 10.0; Win64; x64; rv:56.0) Gecko/20100101 Firefox/56.0"
172.71.95.98 - - [16/Jun/2026:18:15:11 +0000] "POST /xmlrpc.php HTTP/1.1" 403 133 "-" "Mozilla/5.0 (Windows NT 10.0; Win64; x64; rv:51.0) Gecko/20100101 Firefox/51.0"
172.71.102.100 - - [16/Jun/2026:18:15:11 +0000] "GET /author/admin/ HTTP/1.1" 200 23662 "-" "Mozilla/5.0 (Windows NT 10.0; Win64; x64; rv:86.0) Gecko/20100101 Firefox/86.0"
104.23.170.186 - - [16/Jun/2026:18:15:11 +0000] "GET /?author=3 HTTP/1.1" 200 19023 "-" "Mozilla/5.0 (Windows NT 10.0; Win64; x64; rv:76.0) Gecko/20100101 Firefox/76.0"
162.159.113.26 - - [16/Jun/2026:18:15:11 +0000] "POST /wp-login.php HTTP/1.1" 200 3301 "-" "Mozilla/5.0 (Windows NT 10.0; Win64; x64; rv:89.0) Gecko/20100101 Firefox/89.0"
104.23.172.129 - - [16/Jun/2026:18:15:11 +0000] "GET /?author=3 HTTP/1.1" 200 19023 "-" "Mozilla/5.0 (Windows NT 10.0; Win64; x64; rv:85.0) Gecko/20100101 Firefox/85.0"
172.70.47.52 - - [16/Jun/2026:18:15:11 +0000] "POST /wp-login.php HTTP/1.1" 200 3301 "-" "Mozilla/5.0 (Windows NT 10.0; Win64; x64; rv:64.0) Gecko/20100101 Firefox/64.0"
104.23.166.120 - - [16/Jun/2026:18:15:11 +0000] "POST /xmlrpc.php HTTP/1.1" 403 133 "-" "Mozilla/5.0 (Windows NT 10.0; Win64; x64; rv:56.0) Gecko/20100101 Firefox/56.0"
172.71.103.13 - - [16/Jun/2026:18:15:11 +0000] "POST /xmlrpc.php HTTP/1.1" 403 133 "-" "Mozilla/5.0 (Windows NT 10.0; Win64; x64; rv:50.0) Gecko/20100101 Firefox/50.0"
162.159.113.90 - - [16/Jun/2026:18:15:11 +0000] "POST /wp-login.php HTTP/1.1" 200 3301 "-" "Mozilla/5.0 (Windows NT 10.0; Win64; x64; rv:52.0) Gecko/20100101 Firefox/52.0"
172.70.47.51 - - [16/Jun/2026:18:15:11 +0000] "GET /?author=3 HTTP/1.1" 200 19023 "-" "Mozilla/5.0 (Windows NT 10.0; Win64; x64; rv:76.0) Gecko/20100101 Firefox/76.0"
172.71.95.97 - - [16/Jun/2026:18:15:11 +0000] "POST /xmlrpc.php HTTP/1.1" 403 133 "-" "Mozilla/5.0 (Windows NT 10.0; Win64; x64; rv:76.0) Gecko/20100101 Firefox/76.0"
162.159.113.90 - - [16/Jun/2026:18:15:11 +0000] "GET /?author=3 HTTP/1.1" 200 19023 "-" "Mozilla/5.0 (Windows NT 10.0; Win64; x64; rv:42.0) Gecko/20100101 Firefox/42.0"
104.23.170.186 - - [16/Jun/2026:18:15:11 +0000] "POST /wp-login.php HTTP/1.1" 200 3301 "-" "Mozilla/5.0 (Windows NT 10.0; Win64; x64; rv:69.0) Gecko/20100101 Firefox/69.0"
172.71.182.155 - - [16/Jun/2026:18:15:11 +0000] "POST /wp-login.php HTTP/1.1" 200 3301 "-" "Mozilla/5.0 (Windows NT 10.0; Win64; x64; rv:40.0) Gecko/20100101 Firefox/40.0"
172.71.95.97 - - [16/Jun/2026:18:15:11 +0000] "POST /xmlrpc.php HTTP/1.1" 403 133 "-" "Mozilla/5.0 (Windows NT 10.0; Win64; x64; rv:67.0) Gecko/20100101 Firefox/67.0"
172.71.103.13 - - [16/Jun/2026:18:15:11 +0000] "GET /?author=1 HTTP/1.1" 301 5 "-" "Mozilla/5.0 (Windows NT 10.0; Win64; x64; rv:77.0) Gecko/20100101 Firefox/77.0"
172.71.103.13 - - [16/Jun/2026:18:15:11 +0000] "POST /wp-login.php HTTP/1.1" 200 3301 "-" "Mozilla/5.0 (Windows NT 10.0; Win64; x64; rv:60.0) Gecko/20100101 Firefox/60.0"
104.23.172.128 - - [16/Jun/2026:18:15:12 +0000] "GET /?author=2 HTTP/1.1" 200 19023 "-" "Mozilla/5.0 (Windows NT 10.0; Win64; x64; rv:62.0) Gecko/20100101 Firefox/62.0"
104.23.168.83 - - [16/Jun/2026:18:15:12 +0000] "POST /wp-login.php HTTP/1.1" 200 3299 "-" "Mozilla/5.0 (Windows NT 10.0; Win64; x64; rv:92.0) Gecko/20100101 Firefox/92.0"
104.23.170.187 - - [16/Jun/2026:18:15:12 +0000] "POST /wp-login.php HTTP/1.1" 200 3301 "-" "Mozilla/5.0 (Windows NT 10.0; Win64; x64; rv:80.0) Gecko/20100101 Firefox/80.0"
104.23.172.129 - - [16/Jun/2026:18:15:12 +0000] "POST /wp-login.php HTTP/1.1" 200 3301 "-" "Mozilla/5.0 (Windows NT 10.0; Win64; x64; rv:46.0) Gecko/20100101 Firefox/46.0"
172.71.95.97 - - [16/Jun/2026:18:15:12 +0000] "POST /wp-login.php HTTP/1.1" 200 3299 "-" "Mozilla/5.0 (Windows NT 10.0; Win64; x64; rv:58.0) Gecko/20100101 Firefox/58.0"
104.23.170.148 - - [16/Jun/2026:18:15:12 +0000] "POST /wp-login.php HTTP/1.1" 200 3301 "-" "Mozilla/5.0 (Windows NT 10.0; Win64; x64; rv:66.0) Gecko/20100101 Firefox/66.0"
172.71.95.98 - - [16/Jun/2026:18:15:12 +0000] "POST /wp-login.php HTTP/1.1" 200 3299 "-" "Mozilla/5.0 (Windows NT 10.0; Win64; x64; rv:44.0) Gecko/20100101 Firefox/44.0"
104.23.166.121 - - [16/Jun/2026:18:15:12 +0000] "POST /wp-login.php HTTP/1.1" 200 3301 "-" "Mozilla/5.0 (Windows NT 10.0; Win64; x64; rv:81.0) Gecko/20100101 Firefox/81.0"
172.71.103.13 - - [16/Jun/2026:18:15:12 +0000] "POST /wp-login.php HTTP/1.1" 200 3301 "-" "Mozilla/5.0 (Windows NT 10.0; Win64; x64; rv:94.0) Gecko/20100101 Firefox/94.0"
172.71.103.13 - - [16/Jun/2026:18:15:12 +0000] "POST /wp-login.php HTTP/1.1" 200 3299 "-" "Mozilla/5.0 (Windows NT 10.0; Win64; x64; rv:69.0) Gecko/20100101 Firefox/69.0"
162.159.113.90 - - [16/Jun/2026:18:15:13 +0000] "GET /?author=3 HTTP/1.1" 200 19023 "-" "Mozilla/5.0 (Windows NT 10.0; Win64; x64; rv:51.0) Gecko/20100101 Firefox/51.0"
162.159.113.91 - - [16/Jun/2026:18:15:13 +0000] "GET / HTTP/1.1" 200 28959 "-" "Mozilla/5.0 (Windows NT 10.0; Win64; x64; rv:62.0) Gecko/20100101 Firefox/62.0"
172.70.47.52 - - [16/Jun/2026:18:15:13 +0000] "POST /xmlrpc.php HTTP/1.1" 403 133 "-" "Mozilla/5.0 (Windows NT 10.0; Win64; x64; rv:88.0) Gecko/20100101 Firefox/88.0"
104.23.172.129 - - [16/Jun/2026:18:15:13 +0000] "POST /wp-login.php HTTP/1.1" 200 3299 "-" "Mozilla/5.0 (Windows NT 10.0; Win64; x64; rv:78.0) Gecko/20100101 Firefox/78.0"
172.71.182.154 - - [16/Jun/2026:18:15:13 +0000] "GET / HTTP/1.1" 200 28962 "-" "Mozilla/5.0 (Windows NT 10.0; Win64; x64; rv:66.0) Gecko/20100101 Firefox/66.0"
172.70.47.51 - - [16/Jun/2026:18:15:13 +0000] "POST /wp-login.php HTTP/1.1" 200 3299 "-" "Mozilla/5.0 (Windows NT 10.0; Win64; x64; rv:72.0) Gecko/20100101 Firefox/72.0"
104.23.172.128 - - [16/Jun/2026:18:15:13 +0000] "POST /wp-login.php HTTP/1.1" 200 3299 "-" "Mozilla/5.0 (Windows NT 10.0; Win64; x64; rv:72.0) Gecko/20100101 Firefox/72.0"
172.71.102.101 - - [16/Jun/2026:18:15:13 +0000] "GET /author/admin/ HTTP/1.1" 200 23662 "-" "Mozilla/5.0 (Windows NT 10.0; Win64; x64; rv:77.0) Gecko/20100101 Firefox/77.0"
172.71.99.141 - - [16/Jun/2026:18:15:13 +0000] "POST /wp-login.php HTTP/1.1" 200 3299 "-" "Mozilla/5.0 (Windows NT 10.0; Win64; x64; rv:91.0) Gecko/20100101 Firefox/91.0"
162.159.113.90 - - [16/Jun/2026:18:15:13 +0000] "POST /wp-login.php HTTP/1.1" 200 3299 "-" "Mozilla/5.0 (Windows NT 10.0; Win64; x64; rv:55.0) Gecko/20100101 Firefox/55.0"
104.23.166.120 - - [16/Jun/2026:18:15:13 +0000] "POST /wp-login.php HTTP/1.1" 200 3299 "-" "Mozilla/5.0 (Windows NT 10.0; Win64; x64; rv:61.0) Gecko/20100101 Firefox/61.0"
104.23.170.186 - - [16/Jun/2026:18:15:13 +0000] "POST /wp-login.php HTTP/1.1" 200 3299 "-" "Mozilla/5.0 (Windows NT 10.0; Win64; x64; rv:44.0) Gecko/20100101 Firefox/44.0"
172.70.135.98 - - [16/Jun/2026:18:15:13 +0000] "GET /slot-in-linea-gratis-senza-scaricare/ HTTP/1.1" 404 18248 "-" "meta-externalagent/1.1 (+https://developers.facebook.com/docs/sharing/webmasters/crawler)"
172.71.95.97 - - [16/Jun/2026:18:15:14 +0000] "GET /wp-json/wp/v2/users HTTP/1.1" 200 495 "-" "Mozilla/5.0 (Windows NT 10.0; Win64; x64; rv:70.0) Gecko/20100101 Firefox/70.0"
172.70.47.52 - - [16/Jun/2026:18:15:14 +0000] "GET /wp-json/wp/v2/users HTTP/1.1" 200 495 "-" "Mozilla/5.0 (Windows NT 10.0; Win64; x64; rv:62.0) Gecko/20100101 Firefox/62.0"
172.70.47.51 - - [16/Jun/2026:18:15:14 +0000] "POST /wp-login.php HTTP/1.1" 200 3301 "-" "Mozilla/5.0 (Windows NT 10.0; Win64; x64; rv:59.0) Gecko/20100101 Firefox/59.0"
104.23.166.120 - - [16/Jun/2026:18:15:14 +0000] "GET / HTTP/1.1" 200 28961 "-" "Mozilla/5.0 (Windows NT 10.0; Win64; x64; rv:80.0) Gecko/20100101 Firefox/80.0"
172.71.99.141 - - [16/Jun/2026:18:15:14 +0000] "GET /?author=2 HTTP/1.1" 200 19023 "-" "Mozilla/5.0 (Windows NT 10.0; Win64; x64; rv:96.0) Gecko/20100101 Firefox/96.0"
104.23.168.82 - - [16/Jun/2026:18:15:14 +0000] "GET / HTTP/1.1" 200 28961 "-" "Mozilla/5.0 (Windows NT 10.0; Win64; x64; rv:70.0) Gecko/20100101 Firefox/70.0"
172.71.95.97 - - [16/Jun/2026:18:15:14 +0000] "GET /?author=1 HTTP/1.1" 301 5 "-" "Mozilla/5.0 (Windows NT 10.0; Win64; x64; rv:62.0) Gecko/20100101 Firefox/62.0"
172.71.99.141 - - [16/Jun/2026:18:15:15 +0000] "GET /?author=1 HTTP/1.1" 301 5 "-" "Mozilla/5.0 (Windows NT 10.0; Win64; x64; rv:78.0) Gecko/20100101 Firefox/78.0"
104.23.166.121 - - [16/Jun/2026:18:15:15 +0000] "POST /wp-login.php HTTP/1.1" 200 3299 "-" "Mozilla/5.0 (Windows NT 10.0; Win64; x64; rv:60.0) Gecko/20100101 Firefox/60.0"
104.23.170.186 - - [16/Jun/2026:18:15:15 +0000] "GET /?author=3 HTTP/1.1" 200 19023 "-" "Mozilla/5.0 (Windows NT 10.0; Win64; x64; rv:77.0) Gecko/20100101 Firefox/77.0"
104.23.170.148 - - [16/Jun/2026:18:15:15 +0000] "GET /wp-json/wp/v2/users HTTP/1.1" 200 495 "-" "Mozilla/5.0 (Windows NT 10.0; Win64; x64; rv:71.0) Gecko/20100101 Firefox/71.0"
172.71.99.141 - - [16/Jun/2026:18:15:15 +0000] "POST /xmlrpc.php HTTP/1.1" 403 133 "-" "Mozilla/5.0 (Windows NT 10.0; Win64; x64; rv:55.0) Gecko/20100101 Firefox/55.0"
162.159.113.90 - - [16/Jun/2026:18:15:15 +0000] "GET /wp-json/wp/v2/users HTTP/1.1" 200 495 "-" "Mozilla/5.0 (Windows NT 10.0; Win64; x64; rv:62.0) Gecko/20100101 Firefox/62.0"
172.71.95.98 - - [16/Jun/2026:18:15:15 +0000] "GET /author/admin/ HTTP/1.1" 200 23662 "-" "Mozilla/5.0 (Windows NT 10.0; Win64; x64; rv:62.0) Gecko/20100101 Firefox/62.0"
104.23.172.129 - - [16/Jun/2026:18:15:16 +0000] "GET /?author=1 HTTP/1.1" 301 5 "-" "Mozilla/5.0 (Windows NT 10.0; Win64; x64; rv:80.0) Gecko/20100101 Firefox/80.0"
172.71.99.147 - - [16/Jun/2026:18:15:16 +0000] "GET /author/admin/ HTTP/1.1" 200 23662 "-" "Mozilla/5.0 (Windows NT 10.0; Win64; x64; rv:78.0) Gecko/20100101 Firefox/78.0"
104.23.168.83 - - [16/Jun/2026:18:15:16 +0000] "GET /?author=1 HTTP/1.1" 301 5 "-" "Mozilla/5.0 (Windows NT 10.0; Win64; x64; rv:56.0) Gecko/20100101 Firefox/56.0"
104.23.166.120 - - [16/Jun/2026:18:15:16 +0000] "POST /wp-login.php HTTP/1.1" 200 3301 "-" "Mozilla/5.0 (Windows NT 10.0; Win64; x64; rv:50.0) Gecko/20100101 Firefox/50.0"
172.71.103.13 - - [16/Jun/2026:18:15:17 +0000] "GET / HTTP/1.1" 200 28962 "-" "Mozilla/5.0 (Windows NT 10.0; Win64; x64; rv:82.0) Gecko/20100101 Firefox/82.0"
172.71.182.155 - - [16/Jun/2026:18:15:17 +0000] "GET /?author=2 HTTP/1.1" 200 19023 "-" "Mozilla/5.0 (Windows NT 10.0; Win64; x64; rv:60.0) Gecko/20100101 Firefox/60.0"
104.23.172.129 - - [16/Jun/2026:18:15:17 +0000] "GET /author/admin/ HTTP/1.1" 200 23662 "-" "Mozilla/5.0 (Windows NT 10.0; Win64; x64; rv:80.0) Gecko/20100101 Firefox/80.0"
141.101.76.67 - - [16/Jun/2026:18:15:17 +0000] "GET /?author=2 HTTP/1.1" 200 19023 "-" "Mozilla/5.0 (Windows NT 10.0; Win64; x64; rv:45.0) Gecko/20100101 Firefox/45.0"
104.23.168.82 - - [16/Jun/2026:18:15:17 +0000] "GET /author/admin/ HTTP/1.1" 200 23662 "-" "Mozilla/5.0 (Windows NT 10.0; Win64; x64; rv:56.0) Gecko/20100101 Firefox/56.0"
172.71.95.97 - - [16/Jun/2026:18:15:17 +0000] "GET /wp-json/wp/v2/users HTTP/1.1" 200 495 "-" "Mozilla/5.0 (Windows NT 10.0; Win64; x64; rv:77.0) Gecko/20100101 Firefox/77.0"
172.71.95.97 - - [16/Jun/2026:18:15:17 +0000] "POST /wp-login.php HTTP/1.1" 200 3299 "-" "Mozilla/5.0 (Windows NT 10.0; Win64; x64; rv:69.0) Gecko/20100101 Firefox/69.0"
104.23.172.128 - - [16/Jun/2026:18:15:17 +0000] "GET / HTTP/1.1" 200 28961 "-" "Mozilla/5.0 (Windows NT 10.0; Win64; x64; rv:52.0) Gecko/20100101 Firefox/52.0"
104.23.172.129 - - [16/Jun/2026:18:15:18 +0000] "GET /?author=3 HTTP/1.1" 200 19023 "-" "Mozilla/5.0 (Windows NT 10.0; Win64; x64; rv:66.0) Gecko/20100101 Firefox/66.0"
172.70.47.52 - - [16/Jun/2026:18:15:18 +0000] "POST /xmlrpc.php HTTP/1.1" 403 133 "-" "Mozilla/5.0 (Windows NT 10.0; Win64; x64; rv:62.0) Gecko/20100101 Firefox/62.0"
104.23.166.120 - - [16/Jun/2026:18:15:18 +0000] "GET /?author=2 HTTP/1.1" 200 19023 "-" "Mozilla/5.0 (Windows NT 10.0; Win64; x64; rv:79.0) Gecko/20100101 Firefox/79.0"
172.71.95.98 - - [16/Jun/2026:18:15:18 +0000] "GET /?author=3 HTTP/1.1" 200 19023 "-" "Mozilla/5.0 (Windows NT 10.0; Win64; x64; rv:96.0) Gecko/20100101 Firefox/96.0"
172.71.103.13 - - [16/Jun/2026:18:15:18 +0000] "POST /xmlrpc.php HTTP/1.1" 403 133 "-" "Mozilla/5.0 (Windows NT 10.0; Win64; x64; rv:54.0) Gecko/20100101 Firefox/54.0"
104.23.170.187 - - [16/Jun/2026:18:15:18 +0000] "GET /?author=1 HTTP/1.1" 301 5 "-" "Mozilla/5.0 (Windows NT 10.0; Win64; x64; rv:64.0) Gecko/20100101 Firefox/64.0"
104.23.170.186 - - [16/Jun/2026:18:15:18 +0000] "GET /?author=2 HTTP/1.1" 200 19023 "-" "Mozilla/5.0 (Windows NT 10.0; Win64; x64; rv:69.0) Gecko/20100101 Firefox/69.0"
172.71.182.154 - - [16/Jun/2026:18:15:18 +0000] "GET /wp-json/wp/v2/users HTTP/1.1" 200 495 "-" "Mozilla/5.0 (Windows NT 10.0; Win64; x64; rv:88.0) Gecko/20100101 Firefox/88.0"
141.101.76.67 - - [16/Jun/2026:18:15:19 +0000] "POST /wp-login.php HTTP/1.1" 200 3301 "-" "Mozilla/5.0 (Windows NT 10.0; Win64; x64; rv:95.0) Gecko/20100101 Firefox/95.0"
172.71.99.141 - - [16/Jun/2026:18:15:19 +0000] "GET /?author=3 HTTP/1.1" 200 19023 "-" "Mozilla/5.0 (Windows NT 10.0; Win64; x64; rv:100.0) Gecko/20100101 Firefox/100.0"
141.101.76.67 - - [16/Jun/2026:18:15:19 +0000] "POST /wp-login.php HTTP/1.1" 200 3301 "-" "Mozilla/5.0 (Windows NT 10.0; Win64; x64; rv:46.0) Gecko/20100101 Firefox/46.0"
172.71.103.13 - - [16/Jun/2026:18:15:19 +0000] "POST /xmlrpc.php HTTP/1.1" 403 133 "-" "Mozilla/5.0 (Windows NT 10.0; Win64; x64; rv:67.0) Gecko/20100101 Firefox/67.0"
104.23.170.186 - - [16/Jun/2026:18:15:19 +0000] "GET /author/admin/ HTTP/1.1" 200 23662 "-" "Mozilla/5.0 (Windows NT 10.0; Win64; x64; rv:64.0) Gecko/20100101 Firefox/64.0"
172.70.47.51 - - [16/Jun/2026:18:15:19 +0000] "GET / HTTP/1.1" 200 28962 "-" "Mozilla/5.0 (Windows NT 10.0; Win64; x64; rv:70.0) Gecko/20100101 Firefox/70.0"
172.71.103.13 - - [16/Jun/2026:18:15:19 +0000] "GET /?author=3 HTTP/1.1" 200 19023 "-" "Mozilla/5.0 (Windows NT 10.0; Win64; x64; rv:44.0) Gecko/20100101 Firefox/44.0"
104.23.170.186 - - [16/Jun/2026:18:15:19 +0000] "POST /xmlrpc.php HTTP/1.1" 403 133 "-" "Mozilla/5.0 (Windows NT 10.0; Win64; x64; rv:99.0) Gecko/20100101 Firefox/99.0"
104.23.166.121 - - [16/Jun/2026:18:15:19 +0000] "POST /wp-login.php HTTP/1.1" 200 3299 "-" "Mozilla/5.0 (Windows NT 10.0; Win64; x64; rv:64.0) Gecko/20100101 Firefox/64.0"
104.23.170.187 - - [16/Jun/2026:18:15:19 +0000] "GET /?author=1 HTTP/1.1" 301 5 "-" "Mozilla/5.0 (Windows NT 10.0; Win64; x64; rv:58.0) Gecko/20100101 Firefox/58.0"
162.159.113.91 - - [16/Jun/2026:18:15:20 +0000] "POST /wp-login.php HTTP/1.1" 200 3301 "-" "Mozilla/5.0 (Windows NT 10.0; Win64; x64; rv:59.0) Gecko/20100101 Firefox/59.0"
172.71.103.13 - - [16/Jun/2026:18:15:20 +0000] "POST /wp-login.php HTTP/1.1" 200 3299 "-" "Mozilla/5.0 (Windows NT 10.0; Win64; x64; rv:74.0) Gecko/20100101 Firefox/74.0"
172.71.103.13 - - [16/Jun/2026:18:15:20 +0000] "GET /wp-json/wp/v2/users HTTP/1.1" 200 495 "-" "Mozilla/5.0 (Windows NT 10.0; Win64; x64; rv:93.0) Gecko/20100101 Firefox/93.0"
104.23.172.129 - - [16/Jun/2026:18:15:20 +0000] "GET /?author=2 HTTP/1.1" 200 19023 "-" "Mozilla/5.0 (Windows NT 10.0; Win64; x64; rv:84.0) Gecko/20100101 Firefox/84.0"
172.71.182.155 - - [16/Jun/2026:18:15:21 +0000] "POST /wp-login.php HTTP/1.1" 200 3301 "-" "Mozilla/5.0 (Windows NT 10.0; Win64; x64; rv:60.0) Gecko/20100101 Firefox/60.0"
104.23.170.186 - - [16/Jun/2026:18:15:21 +0000] "GET /author/admin/ HTTP/1.1" 200 23662 "-" "Mozilla/5.0 (Windows NT 10.0; Win64; x64; rv:58.0) Gecko/20100101 Firefox/58.0"
104.23.170.186 - - [16/Jun/2026:18:15:21 +0000] "POST /wp-login.php HTTP/1.1" 200 3299 "-" "Mozilla/5.0 (Windows NT 10.0; Win64; x64; rv:75.0) Gecko/20100101 Firefox/75.0"
172.71.182.154 - - [16/Jun/2026:18:15:21 +0000] "GET /?author=1 HTTP/1.1" 301 5 "-" "Mozilla/5.0 (Windows NT 10.0; Win64; x64; rv:41.0) Gecko/20100101 Firefox/41.0"
104.23.166.120 - - [16/Jun/2026:18:15:21 +0000] "GET / HTTP/1.1" 200 28960 "-" "Mozilla/5.0 (Windows NT 10.0; Win64; x64; rv:87.0) Gecko/20100101 Firefox/87.0"
172.71.95.97 - - [16/Jun/2026:18:15:21 +0000] "GET /?author=3 HTTP/1.1" 200 19023 "-" "Mozilla/5.0 (Windows NT 10.0; Win64; x64; rv:79.0) Gecko/20100101 Firefox/79.0"
141.101.76.67 - - [16/Jun/2026:18:15:21 +0000] "POST /xmlrpc.php HTTP/1.1" 403 133 "-" "Mozilla/5.0 (Windows NT 10.0; Win64; x64; rv:40.0) Gecko/20100101 Firefox/40.0"
104.23.166.120 - - [16/Jun/2026:18:15:21 +0000] "POST /wp-login.php HTTP/1.1" 200 3299 "-" "Mozilla/5.0 (Windows NT 10.0; Win64; x64; rv:48.0) Gecko/20100101 Firefox/48.0"
162.159.113.90 - - [16/Jun/2026:18:15:21 +0000] "GET /?author=2 HTTP/1.1" 200 19023 "-" "Mozilla/5.0 (Windows NT 10.0; Win64; x64; rv:62.0) Gecko/20100101 Firefox/62.0"
172.71.182.155 - - [16/Jun/2026:18:15:22 +0000] "GET /author/admin/ HTTP/1.1" 200 23662 "-" "Mozilla/5.0 (Windows NT 10.0; Win64; x64; rv:41.0) Gecko/20100101 Firefox/41.0"
104.23.170.187 - - [16/Jun/2026:18:15:22 +0000] "GET /wp-json/wp/v2/users HTTP/1.1" 200 495 "-" "Mozilla/5.0 (Windows NT 10.0; Win64; x64; rv:100.0) Gecko/20100101 Firefox/100.0"
162.159.113.90 - - [16/Jun/2026:18:15:22 +0000] "POST /wp-login.php HTTP/1.1" 200 3301 "-" "Mozilla/5.0 (Windows NT 10.0; Win64; x64; rv:82.0) Gecko/20100101 Firefox/82.0"
172.71.103.13 - - [16/Jun/2026:18:15:22 +0000] "GET /?author=3 HTTP/1.1" 200 19023 "-" "Mozilla/5.0 (Windows NT 10.0; Win64; x64; rv:77.0) Gecko/20100101 Firefox/77.0"
172.71.99.141 - - [16/Jun/2026:18:15:22 +0000] "GET /?author=2 HTTP/1.1" 200 19023 "-" "Mozilla/5.0 (Windows NT 10.0; Win64; x64; rv:47.0) Gecko/20100101 Firefox/47.0"
172.71.99.141 - - [16/Jun/2026:18:15:22 +0000] "POST /xmlrpc.php HTTP/1.1" 403 133 "-" "Mozilla/5.0 (Windows NT 10.0; Win64; x64; rv:90.0) Gecko/20100101 Firefox/90.0"
172.71.182.154 - - [16/Jun/2026:18:15:23 +0000] "GET /?author=1 HTTP/1.1" 301 5 "-" "Mozilla/5.0 (Windows NT 10.0; Win64; x64; rv:57.0) Gecko/20100101 Firefox/57.0"
141.101.76.67 - - [16/Jun/2026:18:15:23 +0000] "GET / HTTP/1.1" 200 28961 "-" "Mozilla/5.0 (Windows NT 10.0; Win64; x64; rv:79.0) Gecko/20100101 Firefox/79.0"
104.23.170.186 - - [16/Jun/2026:18:15:23 +0000] "POST /wp-login.php HTTP/1.1" 200 3299 "-" "Mozilla/5.0 (Windows NT 10.0; Win64; x64; rv:96.0) Gecko/20100101 Firefox/96.0"
104.23.170.186 - - [16/Jun/2026:18:15:23 +0000] "POST /wp-login.php HTTP/1.1" 200 3301 "-" "Mozilla/5.0 (Windows NT 10.0; Win64; x64; rv:61.0) Gecko/20100101 Firefox/61.0"
172.71.182.154 - - [16/Jun/2026:18:15:23 +0000] "GET /?author=3 HTTP/1.1" 200 19023 "-" "Mozilla/5.0 (Windows NT 10.0; Win64; x64; rv:99.0) Gecko/20100101 Firefox/99.0"
172.71.182.155 - - [16/Jun/2026:18:15:23 +0000] "GET /author/admin/ HTTP/1.1" 200 23662 "-" "Mozilla/5.0 (Windows NT 10.0; Win64; x64; rv:57.0) Gecko/20100101 Firefox/57.0"
172.71.99.141 - - [16/Jun/2026:18:15:23 +0000] "POST /xmlrpc.php HTTP/1.1" 403 133 "-" "Mozilla/5.0 (Windows NT 10.0; Win64; x64; rv:84.0) Gecko/20100101 Firefox/84.0"
172.71.103.13 - - [16/Jun/2026:18:15:24 +0000] "GET /wp-json/wp/v2/users HTTP/1.1" 200 495 "-" "Mozilla/5.0 (Windows NT 10.0; Win64; x64; rv:93.0) Gecko/20100101 Firefox/93.0"
104.23.168.82 - - [16/Jun/2026:18:15:24 +0000] "POST /wp-login.php HTTP/1.1" 200 3299 "-" "Mozilla/5.0 (Windows NT 10.0; Win64; x64; rv:65.0) Gecko/20100101 Firefox/65.0"
104.23.168.83 - - [16/Jun/2026:18:15:24 +0000] "GET / HTTP/1.1" 200 28959 "-" "Mozilla/5.0 (Windows NT 10.0; Win64; x64; rv:70.0) Gecko/20100101 Firefox/70.0"
141.101.76.67 - - [16/Jun/2026:18:15:24 +0000] "GET /?author=2 HTTP/1.1" 200 19023 "-" "Mozilla/5.0 (Windows NT 10.0; Win64; x64; rv:66.0) Gecko/20100101 Firefox/66.0"
104.23.168.82 - - [16/Jun/2026:18:15:24 +0000] "POST /wp-login.php HTTP/1.1" 200 3301 "-" "Mozilla/5.0 (Windows NT 10.0; Win64; x64; rv:56.0) Gecko/20100101 Firefox/56.0"
172.70.47.52 - - [16/Jun/2026:18:15:24 +0000] "GET / HTTP/1.1" 200 28960 "-" "Mozilla/5.0 (Windows NT 10.0; Win64; x64; rv:91.0) Gecko/20100101 Firefox/91.0"
104.23.172.128 - - [16/Jun/2026:18:15:25 +0000] "GET /?author=1 HTTP/1.1" 301 5 "-" "Mozilla/5.0 (Windows NT 10.0; Win64; x64; rv:49.0) Gecko/20100101 Firefox/49.0"
162.159.113.91 - - [16/Jun/2026:18:15:25 +0000] "GET /wp-json/wp/v2/users HTTP/1.1" 200 495 "-" "Mozilla/5.0 (Windows NT 10.0; Win64; x64; rv:92.0) Gecko/20100101 Firefox/92.0"
172.71.99.141 - - [16/Jun/2026:18:15:25 +0000] "GET /wp-json/wp/v2/users HTTP/1.1" 200 495 "-" "Mozilla/5.0 (Windows NT 10.0; Win64; x64; rv:87.0) Gecko/20100101 Firefox/87.0"
172.71.182.154 - - [16/Jun/2026:18:15:25 +0000] "GET /?author=3 HTTP/1.1" 200 19023 "-" "Mozilla/5.0 (Windows NT 10.0; Win64; x64; rv:48.0) Gecko/20100101 Firefox/48.0"
104.23.166.121 - - [16/Jun/2026:18:15:25 +0000] "POST /wp-login.php HTTP/1.1" 200 3299 "-" "Mozilla/5.0 (Windows NT 10.0; Win64; x64; rv:54.0) Gecko/20100101 Firefox/54.0"
104.23.166.120 - - [16/Jun/2026:18:15:25 +0000] "POST /xmlrpc.php HTTP/1.1" 403 133 "-" "Mozilla/5.0 (Windows NT 10.0; Win64; x64; rv:42.0) Gecko/20100101 Firefox/42.0"
104.23.172.129 - - [16/Jun/2026:18:15:26 +0000] "GET /author/admin/ HTTP/1.1" 200 23662 "-" "Mozilla/5.0 (Windows NT 10.0; Win64; x64; rv:49.0) Gecko/20100101 Firefox/49.0"
172.71.99.141 - - [16/Jun/2026:18:15:26 +0000] "GET /?author=1 HTTP/1.1" 301 5 "-" "Mozilla/5.0 (Windows NT 10.0; Win64; x64; rv:63.0) Gecko/20100101 Firefox/63.0"
104.23.168.82 - - [16/Jun/2026:18:15:26 +0000] "GET /?author=1 HTTP/1.1" 301 5 "-" "Mozilla/5.0 (Windows NT 10.0; Win64; x64; rv:82.0) Gecko/20100101 Firefox/82.0"
104.23.166.120 - - [16/Jun/2026:18:15:26 +0000] "POST /wp-login.php HTTP/1.1" 200 3301 "-" "Mozilla/5.0 (Windows NT 10.0; Win64; x64; rv:76.0) Gecko/20100101 Firefox/76.0"
172.71.103.14 - - [16/Jun/2026:18:15:26 +0000] "GET /?author=2 HTTP/1.1" 200 19023 "-" "Mozilla/5.0 (Windows NT 10.0; Win64; x64; rv:75.0) Gecko/20100101 Firefox/75.0"
104.23.168.83 - - [16/Jun/2026:18:15:27 +0000] "GET /author/admin/ HTTP/1.1" 200 23662 "-" "Mozilla/5.0 (Windows NT 10.0; Win64; x64; rv:82.0) Gecko/20100101 Firefox/82.0"
172.71.99.141 - - [16/Jun/2026:18:15:27 +0000] "GET /author/admin/ HTTP/1.1" 200 23662 "-" "Mozilla/5.0 (Windows NT 10.0; Win64; x64; rv:63.0) Gecko/20100101 Firefox/63.0"
172.71.99.141 - - [16/Jun/2026:18:15:27 +0000] "GET / HTTP/1.1" 200 28963 "-" "Mozilla/5.0 (Windows NT 10.0; Win64; x64; rv:57.0) Gecko/20100101 Firefox/57.0"
162.159.113.90 - - [16/Jun/2026:18:15:27 +0000] "GET /?author=3 HTTP/1.1" 200 19023 "-" "Mozilla/5.0 (Windows NT 10.0; Win64; x64; rv:69.0) Gecko/20100101 Firefox/69.0"
104.23.172.129 - - [16/Jun/2026:18:15:27 +0000] "POST /xmlrpc.php HTTP/1.1" 403 133 "-" "Mozilla/5.0 (Windows NT 10.0; Win64; x64; rv:70.0) Gecko/20100101 Firefox/70.0"
172.71.182.155 - - [16/Jun/2026:18:15:27 +0000] "POST /wp-login.php HTTP/1.1" 200 3299 "-" "Mozilla/5.0 (Windows NT 10.0; Win64; x64; rv:96.0) Gecko/20100101 Firefox/96.0"
172.71.95.97 - - [16/Jun/2026:18:15:28 +0000] "GET /?author=2 HTTP/1.1" 200 19023 "-" "Mozilla/5.0 (Windows NT 10.0; Win64; x64; rv:85.0) Gecko/20100101 Firefox/85.0"
104.23.170.187 - - [16/Jun/2026:18:15:28 +0000] "GET /?author=2 HTTP/1.1" 200 19023 "-" "Mozilla/5.0 (Windows NT 10.0; Win64; x64; rv:57.0) Gecko/20100101 Firefox/57.0"
172.71.182.154 - - [16/Jun/2026:18:15:28 +0000] "GET /wp-json/wp/v2/users HTTP/1.1" 200 495 "-" "Mozilla/5.0 (Windows NT 10.0; Win64; x64; rv:57.0) Gecko/20100101 Firefox/57.0"
172.71.182.155 - - [16/Jun/2026:18:15:28 +0000] "POST /wp-login.php HTTP/1.1" 200 3301 "-" "Mozilla/5.0 (Windows NT 10.0; Win64; x64; rv:100.0) Gecko/20100101 Firefox/100.0"
104.23.168.82 - - [16/Jun/2026:18:15:29 +0000] "GET /?author=3 HTTP/1.1" 200 19023 "-" "Mozilla/5.0 (Windows NT 10.0; Win64; x64; rv:79.0) Gecko/20100101 Firefox/79.0"
104.23.172.128 - - [16/Jun/2026:18:15:29 +0000] "GET /?author=3 HTTP/1.1" 200 19023 "-" "Mozilla/5.0 (Windows NT 10.0; Win64; x64; rv:61.0) Gecko/20100101 Firefox/61.0"
172.71.95.98 - - [16/Jun/2026:18:15:29 +0000] "POST /xmlrpc.php HTTP/1.1" 403 133 "-" "Mozilla/5.0 (Windows NT 10.0; Win64; x64; rv:42.0) Gecko/20100101 Firefox/42.0"
104.23.172.129 - - [16/Jun/2026:18:15:29 +0000] "GET /?author=1 HTTP/1.1" 301 5 "-" "Mozilla/5.0 (Windows NT 10.0; Win64; x64; rv:81.0) Gecko/20100101 Firefox/81.0"
172.71.103.13 - - [16/Jun/2026:18:15:29 +0000] "POST /xmlrpc.php HTTP/1.1" 403 133 "-" "Mozilla/5.0 (Windows NT 10.0; Win64; x64; rv:84.0) Gecko/20100101 Firefox/84.0"
141.101.76.67 - - [16/Jun/2026:18:15:29 +0000] "POST /wp-login.php HTTP/1.1" 200 3299 "-" "Mozilla/5.0 (Windows NT 10.0; Win64; x64; rv:87.0) Gecko/20100101 Firefox/87.0"
172.71.99.141 - - [16/Jun/2026:18:15:29 +0000] "POST /wp-login.php HTTP/1.1" 200 3301 "-" "Mozilla/5.0 (Windows NT 10.0; Win64; x64; rv:68.0) Gecko/20100101 Firefox/68.0"
172.71.95.97 - - [16/Jun/2026:18:15:29 +0000] "POST /wp-login.php HTTP/1.1" 200 3301 "-" "Mozilla/5.0 (Windows NT 10.0; Win64; x64; rv:50.0) Gecko/20100101 Firefox/50.0"
172.70.47.51 - - [16/Jun/2026:18:15:30 +0000] "GET / HTTP/1.1" 200 28959 "-" "Mozilla/5.0 (Windows NT 10.0; Win64; x64; rv:52.0) Gecko/20100101 Firefox/52.0"
104.23.172.129 - - [16/Jun/2026:18:15:30 +0000] "GET /author/admin/ HTTP/1.1" 200 23662 "-" "Mozilla/5.0 (Windows NT 10.0; Win64; x64; rv:81.0) Gecko/20100101 Firefox/81.0"
172.71.182.154 - - [16/Jun/2026:18:15:30 +0000] "POST /wp-login.php HTTP/1.1" 200 3299 "-" "Mozilla/5.0 (Windows NT 10.0; Win64; x64; rv:56.0) Gecko/20100101 Firefox/56.0"
172.71.95.97 - - [16/Jun/2026:18:15:30 +0000] "POST /wp-login.php HTTP/1.1" 200 3299 "-" "Mozilla/5.0 (Windows NT 10.0; Win64; x64; rv:72.0) Gecko/20100101 Firefox/72.0"
172.71.99.141 - - [16/Jun/2026:18:15:30 +0000] "GET /wp-json/wp/v2/users HTTP/1.1" 200 495 "-" "Mozilla/5.0 (Windows NT 10.0; Win64; x64; rv:85.0) Gecko/20100101 Firefox/85.0"
172.70.47.52 - - [16/Jun/2026:18:15:30 +0000] "GET /?author=2 HTTP/1.1" 200 19023 "-" "Mozilla/5.0 (Windows NT 10.0; Win64; x64; rv:78.0) Gecko/20100101 Firefox/78.0"
104.23.168.82 - - [16/Jun/2026:18:15:31 +0000] "GET / HTTP/1.1" 200 28959 "-" "Mozilla/5.0 (Windows NT 10.0; Win64; x64; rv:87.0) Gecko/20100101 Firefox/87.0"
104.23.166.121 - - [16/Jun/2026:18:15:31 +0000] "GET /?author=1 HTTP/1.1" 301 5 "-" "Mozilla/5.0 (Windows NT 10.0; Win64; x64; rv:79.0) Gecko/20100101 Firefox/79.0"
172.70.47.51 - - [16/Jun/2026:18:15:31 +0000] "GET /?author=3 HTTP/1.1" 200 19023 "-" "Mozilla/5.0 (Windows NT 10.0; Win64; x64; rv:64.0) Gecko/20100101 Firefox/64.0"
162.159.113.90 - - [16/Jun/2026:18:15:31 +0000] "POST /xmlrpc.php HTTP/1.1" 403 133 "-" "Mozilla/5.0 (Windows NT 10.0; Win64; x64; rv:86.0) Gecko/20100101 Firefox/86.0"
104.23.166.120 - - [16/Jun/2026:18:15:32 +0000] "GET /wp-json/wp/v2/users HTTP/1.1" 200 495 "-" "Mozilla/5.0 (Windows NT 10.0; Win64; x64; rv:54.0) Gecko/20100101 Firefox/54.0"
104.23.172.128 - - [16/Jun/2026:18:15:32 +0000] "GET / HTTP/1.1" 200 28964 "-" "Mozilla/5.0 (Windows NT 10.0; Win64; x64; rv:69.0) Gecko/20100101 Firefox/69.0"
104.23.166.120 - - [16/Jun/2026:18:15:32 +0000] "GET /author/admin/ HTTP/1.1" 200 23662 "-" "Mozilla/5.0 (Windows NT 10.0; Win64; x64; rv:79.0) Gecko/20100101 Firefox/79.0"
104.23.166.121 - - [16/Jun/2026:18:15:32 +0000] "POST /wp-login.php HTTP/1.1" 200 3301 "-" "Mozilla/5.0 (Windows NT 10.0; Win64; x64; rv:49.0) Gecko/20100101 Firefox/49.0"
104.23.172.129 - - [16/Jun/2026:18:15:33 +0000] "GET /wp-json/wp/v2/users HTTP/1.1" 200 495 "-" "Mozilla/5.0 (Windows NT 10.0; Win64; x64; rv:83.0) Gecko/20100101 Firefox/83.0"
172.71.103.13 - - [16/Jun/2026:18:15:33 +0000] "GET /?author=1 HTTP/1.1" 301 5 "-" "Mozilla/5.0 (Windows NT 10.0; Win64; x64; rv:90.0) Gecko/20100101 Firefox/90.0"
104.23.168.83 - - [16/Jun/2026:18:15:33 +0000] "GET /?author=2 HTTP/1.1" 200 19023 "-" "Mozilla/5.0 (Windows NT 10.0; Win64; x64; rv:73.0) Gecko/20100101 Firefox/73.0"
172.70.47.52 - - [16/Jun/2026:18:15:33 +0000] "POST /wp-login.php HTTP/1.1" 200 3299 "-" "Mozilla/5.0 (Windows NT 10.0; Win64; x64; rv:64.0) Gecko/20100101 Firefox/64.0"
172.71.99.141 - - [16/Jun/2026:18:15:33 +0000] "GET / HTTP/1.1" 200 28963 "-" "Mozilla/5.0 (Windows NT 10.0; Win64; x64; rv:82.0) Gecko/20100101 Firefox/82.0"
104.23.166.120 - - [16/Jun/2026:18:15:33 +0000] "GET /?author=1 HTTP/1.1" 301 5 "-" "Mozilla/5.0 (Windows NT 10.0; Win64; x64; rv:96.0) Gecko/20100101 Firefox/96.0"
172.71.103.14 - - [16/Jun/2026:18:15:34 +0000] "GET /author/admin/ HTTP/1.1" 200 23662 "-" "Mozilla/5.0 (Windows NT 10.0; Win64; x64; rv:90.0) Gecko/20100101 Firefox/90.0"
104.23.170.186 - - [16/Jun/2026:18:15:34 +0000] "GET /?author=3 HTTP/1.1" 200 19023 "-" "Mozilla/5.0 (Windows NT 10.0; Win64; x64; rv:54.0) Gecko/20100101 Firefox/54.0"
172.71.99.141 - - [16/Jun/2026:18:15:34 +0000] "POST /xmlrpc.php HTTP/1.1" 403 133 "-" "Mozilla/5.0 (Windows NT 10.0; Win64; x64; rv:51.0) Gecko/20100101 Firefox/51.0"
172.71.103.13 - - [16/Jun/2026:18:15:34 +0000] "GET /wp-json/wp/v2/users HTTP/1.1" 200 495 "-" "Mozilla/5.0 (Windows NT 10.0; Win64; x64; rv:100.0) Gecko/20100101 Firefox/100.0"
104.23.166.120 - - [16/Jun/2026:18:15:34 +0000] "GET /author/admin/ HTTP/1.1" 200 23662 "-" "Mozilla/5.0 (Windows NT 10.0; Win64; x64; rv:96.0) Gecko/20100101 Firefox/96.0"
104.23.172.129 - - [16/Jun/2026:18:15:34 +0000] "GET /?author=2 HTTP/1.1" 200 19023 "-" "Mozilla/5.0 (Windows NT 10.0; Win64; x64; rv:95.0) Gecko/20100101 Firefox/95.0"
172.71.99.141 - - [16/Jun/2026:18:15:35 +0000] "POST /wp-login.php HTTP/1.1" 200 3301 "-" "Mozilla/5.0 (Windows NT 10.0; Win64; x64; rv:79.0) Gecko/20100101 Firefox/79.0"
172.71.103.13 - - [16/Jun/2026:18:15:35 +0000] "GET /?author=1 HTTP/1.1" 301 5 "-" "Mozilla/5.0 (Windows NT 10.0; Win64; x64; rv:100.0) Gecko/20100101 Firefox/100.0"
104.23.170.186 - - [16/Jun/2026:18:15:35 +0000] "GET /?author=2 HTTP/1.1" 200 19023 "-" "Mozilla/5.0 (Windows NT 10.0; Win64; x64; rv:94.0) Gecko/20100101 Firefox/94.0"
172.71.182.155 - - [16/Jun/2026:18:15:35 +0000] "GET /?author=3 HTTP/1.1" 200 19023 "-" "Mozilla/5.0 (Windows NT 10.0; Win64; x64; rv:63.0) Gecko/20100101 Firefox/63.0"
172.71.103.13 - - [16/Jun/2026:18:15:35 +0000] "POST /xmlrpc.php HTTP/1.1" 403 133 "-" "Mozilla/5.0 (Windows NT 10.0; Win64; x64; rv:58.0) Gecko/20100101 Firefox/58.0"
104.23.166.121 - - [16/Jun/2026:18:15:35 +0000] "POST /wp-login.php HTTP/1.1" 200 3299 "-" "Mozilla/5.0 (Windows NT 10.0; Win64; x64; rv:67.0) Gecko/20100101 Firefox/67.0"
172.71.99.141 - - [16/Jun/2026:18:15:35 +0000] "GET / HTTP/1.1" 200 28960 "-" "Mozilla/5.0 (Windows NT 10.0; Win64; x64; rv:88.0) Gecko/20100101 Firefox/88.0"
172.71.103.14 - - [16/Jun/2026:18:15:36 +0000] "GET /author/admin/ HTTP/1.1" 200 23662 "-" "Mozilla/5.0 (Windows NT 10.0; Win64; x64; rv:100.0) Gecko/20100101 Firefox/100.0"
172.71.182.154 - - [16/Jun/2026:18:15:36 +0000] "GET /?author=3 HTTP/1.1" 200 19023 "-" "Mozilla/5.0 (Windows NT 10.0; Win64; x64; rv:78.0) Gecko/20100101 Firefox/78.0"
104.23.166.120 - - [16/Jun/2026:18:15:36 +0000] "POST /wp-login.php HTTP/1.1" 200 3301 "-" "Mozilla/5.0 (Windows NT 10.0; Win64; x64; rv:65.0) Gecko/20100101 Firefox/65.0"
141.101.76.67 - - [16/Jun/2026:18:15:36 +0000] "POST /xmlrpc.php HTTP/1.1" 403 133 "-" "Mozilla/5.0 (Windows NT 10.0; Win64; x64; rv:46.0) Gecko/20100101 Firefox/46.0"
141.101.76.67 - - [16/Jun/2026:18:15:36 +0000] "GET /wp-json/wp/v2/users HTTP/1.1" 200 495 "-" "Mozilla/5.0 (Windows NT 10.0; Win64; x64; rv:68.0) Gecko/20100101 Firefox/68.0"
104.23.209.159 - - [16/Jun/2026:18:15:37 +0000] "GET /roulette-francese-free/ HTTP/1.1" 404 18248 "-" "meta-externalagent/1.1 (+https://developers.facebook.com/docs/sharing/webmasters/crawler)"
162.159.113.91 - - [16/Jun/2026:18:15:37 +0000] "GET /?author=2 HTTP/1.1" 200 19023 "-" "Mozilla/5.0 (Windows NT 10.0; Win64; x64; rv:50.0) Gecko/20100101 Firefox/50.0"
104.23.170.187 - - [16/Jun/2026:18:15:37 +0000] "POST /wp-login.php HTTP/1.1" 200 3299 "-" "Mozilla/5.0 (Windows NT 10.0; Win64; x64; rv:55.0) Gecko/20100101 Firefox/55.0"
172.71.182.155 - - [16/Jun/2026:18:15:37 +0000] "POST /wp-login.php HTTP/1.1" 200 3301 "-" "Mozilla/5.0 (Windows NT 10.0; Win64; x64; rv:89.0) Gecko/20100101 Firefox/89.0"
104.23.168.82 - - [16/Jun/2026:18:15:37 +0000] "GET /?author=1 HTTP/1.1" 301 5 "-" "Mozilla/5.0 (Windows NT 10.0; Win64; x64; rv:93.0) Gecko/20100101 Firefox/93.0"
172.69.195.154 - - [16/Jun/2026:18:15:37 +0000] "GET /wp-login.php HTTP/1.1" 200 3177 "-" "Mozilla/5.0 (Macintosh; Intel Mac OS X 10_15_7) AppleWebKit/605.1.15 (KHTML, like Gecko) Version/18.3 Safari/605.1.15"
104.23.172.128 - - [16/Jun/2026:18:15:38 +0000] "GET /?author=3 HTTP/1.1" 200 19023 "-" "Mozilla/5.0 (Windows NT 10.0; Win64; x64; rv:49.0) Gecko/20100101 Firefox/49.0"
162.159.113.90 - - [16/Jun/2026:18:15:38 +0000] "POST /xmlrpc.php HTTP/1.1" 403 133 "-" "Mozilla/5.0 (Windows NT 10.0; Win64; x64; rv:95.0) Gecko/20100101 Firefox/95.0"
172.71.95.98 - - [16/Jun/2026:18:15:38 +0000] "GET / HTTP/1.1" 200 28958 "-" "Mozilla/5.0 (Windows NT 10.0; Win64; x64; rv:72.0) Gecko/20100101 Firefox/72.0"
172.71.95.97 - - [16/Jun/2026:18:15:38 +0000] "POST /wp-login.php HTTP/1.1" 200 3299 "-" "Mozilla/5.0 (Windows NT 10.0; Win64; x64; rv:62.0) Gecko/20100101 Firefox/62.0"
104.23.168.82 - - [16/Jun/2026:18:15:38 +0000] "GET /author/admin/ HTTP/1.1" 200 23662 "-" "Mozilla/5.0 (Windows NT 10.0; Win64; x64; rv:93.0) Gecko/20100101 Firefox/93.0"
172.71.99.141 - - [16/Jun/2026:18:15:38 +0000] "GET / HTTP/1.1" 200 28959 "-" "Mozilla/5.0 (Windows NT 10.0; Win64; x64; rv:44.0) Gecko/20100101 Firefox/44.0"
172.71.182.155 - - [16/Jun/2026:18:15:39 +0000] "POST /wp-login.php HTTP/1.1" 200 3301 "-" "Mozilla/5.0 (Windows NT 10.0; Win64; x64; rv:52.0) Gecko/20100101 Firefox/52.0"
172.71.103.13 - - [16/Jun/2026:18:15:39 +0000] "GET /wp-json/wp/v2/users HTTP/1.1" 200 495 "-" "Mozilla/5.0 (Windows NT 10.0; Win64; x64; rv:91.0) Gecko/20100101 Firefox/91.0"
172.71.182.154 - - [16/Jun/2026:18:15:39 +0000] "GET / HTTP/1.1" 200 28961 "-" "Mozilla/5.0 (Windows NT 10.0; Win64; x64; rv:56.0) Gecko/20100101 Firefox/56.0"
172.70.47.52 - - [16/Jun/2026:18:15:39 +0000] "GET /wp-json/wp/v2/users HTTP/1.1" 200 495 "-" "Mozilla/5.0 (Windows NT 10.0; Win64; x64; rv:41.0) Gecko/20100101 Firefox/41.0"
172.70.47.51 - - [16/Jun/2026:18:15:39 +0000] "GET /?author=2 HTTP/1.1" 200 19023 "-" "Mozilla/5.0 (Windows NT 10.0; Win64; x64; rv:42.0) Gecko/20100101 Firefox/42.0"
172.69.195.116 - - [16/Jun/2026:18:15:39 +0000] "POST /wp-login.php HTTP/1.1" 200 3306 "https://adwrap.pl/wp-login.php" "Mozilla/5.0 (Macintosh; Intel Mac OS X 10_15_7) AppleWebKit/605.1.15 (KHTML, like Gecko) Version/18.3 Safari/605.1.15"
172.71.95.97 - - [16/Jun/2026:18:15:39 +0000] "POST /wp-login.php HTTP/1.1" 200 3299 "-" "Mozilla/5.0 (Windows NT 10.0; Win64; x64; rv:79.0) Gecko/20100101 Firefox/79.0"
104.23.172.129 - - [16/Jun/2026:18:15:40 +0000] "GET /wp-json/wp/v2/users HTTP/1.1" 200 495 "-" "Mozilla/5.0 (Windows NT 10.0; Win64; x64; rv:63.0) Gecko/20100101 Firefox/63.0"
104.23.166.120 - - [16/Jun/2026:18:15:40 +0000] "GET /?author=1 HTTP/1.1" 301 5 "-" "Mozilla/5.0 (Windows NT 10.0; Win64; x64; rv:58.0) Gecko/20100101 Firefox/58.0"
141.101.76.67 - - [16/Jun/2026:18:15:40 +0000] "GET /?author=1 HTTP/1.1" 301 5 "-" "Mozilla/5.0 (Windows NT 10.0; Win64; x64; rv:81.0) Gecko/20100101 Firefox/81.0"
172.71.182.155 - - [16/Jun/2026:18:15:40 +0000] "GET / HTTP/1.1" 200 28963 "-" "Mozilla/5.0 (Windows NT 10.0; Win64; x64; rv:76.0) Gecko/20100101 Firefox/76.0"
104.23.172.129 - - [16/Jun/2026:18:15:40 +0000] "GET /?author=3 HTTP/1.1" 200 19023 "-" "Mozilla/5.0 (Windows NT 10.0; Win64; x64; rv:41.0) Gecko/20100101 Firefox/41.0"
104.23.166.120 - - [16/Jun/2026:18:15:40 +0000] "POST /xmlrpc.php HTTP/1.1" 403 133 "-" "Mozilla/5.0 (Windows NT 10.0; Win64; x64; rv:73.0) Gecko/20100101 Firefox/73.0"
162.159.113.90 - - [16/Jun/2026:18:15:40 +0000] "GET /?author=1 HTTP/1.1" 301 5 "-" "Mozilla/5.0 (Windows NT 10.0; Win64; x64; rv:83.0) Gecko/20100101 Firefox/83.0"
172.71.182.154 - - [16/Jun/2026:18:15:40 +0000] "GET / HTTP/1.1" 200 28964 "-" "Mozilla/5.0 (Windows NT 10.0; Win64; x64; rv:45.0) Gecko/20100101 Firefox/45.0"
104.23.166.121 - - [16/Jun/2026:18:15:41 +0000] "GET /author/admin/ HTTP/1.1" 200 23662 "-" "Mozilla/5.0 (Windows NT 10.0; Win64; x64; rv:58.0) Gecko/20100101 Firefox/58.0"
141.101.76.67 - - [16/Jun/2026:18:15:41 +0000] "GET /author/admin/ HTTP/1.1" 200 23662 "-" "Mozilla/5.0 (Windows NT 10.0; Win64; x64; rv:81.0) Gecko/20100101 Firefox/81.0"
104.23.172.128 - - [16/Jun/2026:18:15:41 +0000] "GET /wp-json/wp/v2/users HTTP/1.1" 200 495 "-" "Mozilla/5.0 (Windows NT 10.0; Win64; x64; rv:50.0) Gecko/20100101 Firefox/50.0"
104.23.170.186 - - [16/Jun/2026:18:15:41 +0000] "POST /wp-login.php HTTP/1.1" 200 3301 "-" "Mozilla/5.0 (Windows NT 10.0; Win64; x64; rv:67.0) Gecko/20100101 Firefox/67.0"
162.159.113.91 - - [16/Jun/2026:18:15:41 +0000] "GET /author/admin/ HTTP/1.1" 200 23662 "-" "Mozilla/5.0 (Windows NT 10.0; Win64; x64; rv:83.0) Gecko/20100101 Firefox/83.0"
172.71.182.155 - - [16/Jun/2026:18:15:41 +0000] "GET /wp-json/wp/v2/users HTTP/1.1" 200 495 "-" "Mozilla/5.0 (Windows NT 10.0; Win64; x64; rv:64.0) Gecko/20100101 Firefox/64.0"
104.23.170.186 - - [16/Jun/2026:18:15:41 +0000] "GET /?author=2 HTTP/1.1" 200 19023 "-" "Mozilla/5.0 (Windows NT 10.0; Win64; x64; rv:53.0) Gecko/20100101 Firefox/53.0"
162.159.113.90 - - [16/Jun/2026:18:15:42 +0000] "GET /?author=1 HTTP/1.1" 301 5 "-" "Mozilla/5.0 (Windows NT 10.0; Win64; x64; rv:44.0) Gecko/20100101 Firefox/44.0"
172.71.182.154 - - [16/Jun/2026:18:15:42 +0000] "GET /?author=2 HTTP/1.1" 200 19023 "-" "Mozilla/5.0 (Windows NT 10.0; Win64; x64; rv:53.0) Gecko/20100101 Firefox/53.0"
172.71.182.155 - - [16/Jun/2026:18:15:42 +0000] "GET /?author=1 HTTP/1.1" 301 5 "-" "Mozilla/5.0 (Windows NT 10.0; Win64; x64; rv:69.0) Gecko/20100101 Firefox/69.0"
104.23.166.120 - - [16/Jun/2026:18:15:42 +0000] "POST /wp-login.php HTTP/1.1" 200 3299 "-" "Mozilla/5.0 (Windows NT 10.0; Win64; x64; rv:97.0) Gecko/20100101 Firefox/97.0"
172.71.99.141 - - [16/Jun/2026:18:15:42 +0000] "GET /?author=2 HTTP/1.1" 200 19023 "-" "Mozilla/5.0 (Windows NT 10.0; Win64; x64; rv:68.0) Gecko/20100101 Firefox/68.0"
104.23.166.120 - - [16/Jun/2026:18:15:42 +0000] "GET /?author=3 HTTP/1.1" 200 19023 "-" "Mozilla/5.0 (Windows NT 10.0; Win64; x64; rv:64.0) Gecko/20100101 Firefox/64.0"
172.70.47.51 - - [16/Jun/2026:18:15:42 +0000] "GET / HTTP/1.1" 200 28963 "-" "Mozilla/5.0 (Windows NT 10.0; Win64; x64; rv:63.0) Gecko/20100101 Firefox/63.0"
172.71.182.155 - - [16/Jun/2026:18:15:42 +0000] "POST /xmlrpc.php HTTP/1.1" 403 133 "-" "Mozilla/5.0 (Windows NT 10.0; Win64; x64; rv:96.0) Gecko/20100101 Firefox/96.0"
104.23.170.187 - - [16/Jun/2026:18:15:43 +0000] "GET /?author=3 HTTP/1.1" 200 19023 "-" "Mozilla/5.0 (Windows NT 10.0; Win64; x64; rv:89.0) Gecko/20100101 Firefox/89.0"
162.159.113.90 - - [16/Jun/2026:18:15:43 +0000] "GET /author/admin/ HTTP/1.1" 200 23662 "-" "Mozilla/5.0 (Windows NT 10.0; Win64; x64; rv:44.0) Gecko/20100101 Firefox/44.0"
