172.71.134.190 - - [16/Jun/2026:21:31:57 +0000] "POST /xmlrpc.php HTTP/1.1" 403 133 "-" "Mozilla/5.0 (Windows NT 10.0; Win64; x64; rv:98.0) Gecko/20100101 Firefox/98.0"
172.71.123.47 - - [16/Jun/2026:21:31:57 +0000] "POST /xmlrpc.php HTTP/1.1" 403 133 "-" "Mozilla/5.0 (Windows NT 10.0; Win64; x64; rv:62.0) Gecko/20100101 Firefox/62.0"
172.71.123.48 - - [16/Jun/2026:21:31:57 +0000] "GET /?author=3 HTTP/1.1" 200 19023 "-" "Mozilla/5.0 (Windows NT 10.0; Win64; x64; rv:83.0) Gecko/20100101 Firefox/83.0"
172.71.119.83 - - [16/Jun/2026:21:31:57 +0000] "POST /xmlrpc.php HTTP/1.1" 403 133 "-" "Mozilla/5.0 (Windows NT 10.0; Win64; x64; rv:92.0) Gecko/20100101 Firefox/92.0"
172.70.47.52 - - [16/Jun/2026:21:31:57 +0000] "POST /wp-login.php HTTP/1.1" 200 3301 "-" "Mozilla/5.0 (Windows NT 10.0; Win64; x64; rv:54.0) Gecko/20100101 Firefox/54.0"
104.23.170.187 - - [16/Jun/2026:21:31:57 +0000] "POST /wp-login.php HTTP/1.1" 200 3301 "-" "Mozilla/5.0 (Windows NT 10.0; Win64; x64; rv:72.0) Gecko/20100101 Firefox/72.0"
172.71.99.141 - - [16/Jun/2026:21:31:58 +0000] "POST /wp-login.php HTTP/1.1" 200 3299 "-" "Mozilla/5.0 (Windows NT 10.0; Win64; x64; rv:59.0) Gecko/20100101 Firefox/59.0"
172.70.47.52 - - [16/Jun/2026:21:31:58 +0000] "POST /wp-login.php HTTP/1.1" 200 3301 "-" "Mozilla/5.0 (Windows NT 10.0; Win64; x64; rv:88.0) Gecko/20100101 Firefox/88.0"
172.71.95.98 - - [16/Jun/2026:21:31:58 +0000] "POST /wp-login.php HTTP/1.1" 200 3301 "-" "Mozilla/5.0 (Windows NT 10.0; Win64; x64; rv:67.0) Gecko/20100101 Firefox/67.0"
172.71.119.83 - - [16/Jun/2026:21:31:58 +0000] "POST /wp-login.php HTTP/1.1" 200 3299 "-" "Mozilla/5.0 (Windows NT 10.0; Win64; x64; rv:78.0) Gecko/20100101 Firefox/78.0"
172.71.119.83 - - [16/Jun/2026:21:31:58 +0000] "POST /wp-login.php HTTP/1.1" 200 3301 "-" "Mozilla/5.0 (Windows NT 10.0; Win64; x64; rv:97.0) Gecko/20100101 Firefox/97.0"
172.71.127.141 - - [16/Jun/2026:21:31:58 +0000] "POST /wp-login.php HTTP/1.1" 200 3299 "-" "Mozilla/5.0 (Windows NT 10.0; Win64; x64; rv:83.0) Gecko/20100101 Firefox/83.0"
172.71.103.13 - - [16/Jun/2026:21:31:58 +0000] "POST /wp-login.php HTTP/1.1" 200 3299 "-" "Mozilla/5.0 (Windows NT 10.0; Win64; x64; rv:99.0) Gecko/20100101 Firefox/99.0"
172.70.47.51 - - [16/Jun/2026:21:31:58 +0000] "POST /wp-login.php HTTP/1.1" 200 3301 "-" "Mozilla/5.0 (Windows NT 10.0; Win64; x64; rv:73.0) Gecko/20100101 Firefox/73.0"
172.71.127.141 - - [16/Jun/2026:21:31:58 +0000] "POST /wp-login.php HTTP/1.1" 200 3299 "-" "Mozilla/5.0 (Windows NT 10.0; Win64; x64; rv:89.0) Gecko/20100101 Firefox/89.0"
172.70.47.51 - - [16/Jun/2026:21:31:58 +0000] "POST /wp-login.php HTTP/1.1" 200 3299 "-" "Mozilla/5.0 (Windows NT 10.0; Win64; x64; rv:67.0) Gecko/20100101 Firefox/67.0"
104.23.166.120 - - [16/Jun/2026:21:31:58 +0000] "GET /wp-json/wp/v2/users HTTP/1.1" 200 495 "-" "Mozilla/5.0 (Windows NT 10.0; Win64; x64; rv:74.0) Gecko/20100101 Firefox/74.0"
172.71.182.154 - - [16/Jun/2026:21:31:58 +0000] "POST /wp-login.php HTTP/1.1" 200 3301 "-" "Mozilla/5.0 (Windows NT 10.0; Win64; x64; rv:73.0) Gecko/20100101 Firefox/73.0"
104.23.172.129 - - [16/Jun/2026:21:31:59 +0000] "POST /wp-login.php HTTP/1.1" 200 3301 "-" "Mozilla/5.0 (Windows NT 10.0; Win64; x64; rv:45.0) Gecko/20100101 Firefox/45.0"
172.68.151.147 - - [16/Jun/2026:21:31:59 +0000] "POST /wp-login.php HTTP/1.1" 200 3299 "-" "Mozilla/5.0 (Windows NT 10.0; Win64; x64; rv:82.0) Gecko/20100101 Firefox/82.0"
172.71.99.142 - - [16/Jun/2026:21:31:59 +0000] "POST /wp-login.php HTTP/1.1" 200 3299 "-" "Mozilla/5.0 (Windows NT 10.0; Win64; x64; rv:94.0) Gecko/20100101 Firefox/94.0"
104.23.170.186 - - [16/Jun/2026:21:31:59 +0000] "POST /wp-login.php HTTP/1.1" 200 3301 "-" "Mozilla/5.0 (Windows NT 10.0; Win64; x64; rv:51.0) Gecko/20100101 Firefox/51.0"
172.71.182.154 - - [16/Jun/2026:21:31:59 +0000] "POST /wp-login.php HTTP/1.1" 200 3299 "-" "Mozilla/5.0 (Windows NT 10.0; Win64; x64; rv:70.0) Gecko/20100101 Firefox/70.0"
104.23.229.65 - - [16/Jun/2026:21:31:59 +0000] "POST /wp-login.php HTTP/1.1" 200 3301 "-" "Mozilla/5.0 (Windows NT 10.0; Win64; x64; rv:92.0) Gecko/20100101 Firefox/92.0"
172.71.119.83 - - [16/Jun/2026:21:31:59 +0000] "POST /wp-login.php HTTP/1.1" 200 3299 "-" "Mozilla/5.0 (Windows NT 10.0; Win64; x64; rv:40.0) Gecko/20100101 Firefox/40.0"
104.23.168.82 - - [16/Jun/2026:21:31:59 +0000] "POST /wp-login.php HTTP/1.1" 200 3299 "-" "Mozilla/5.0 (Windows NT 10.0; Win64; x64; rv:71.0) Gecko/20100101 Firefox/71.0"
172.69.223.76 - - [16/Jun/2026:21:31:59 +0000] "POST /wp-login.php HTTP/1.1" 200 3299 "-" "Mozilla/5.0 (Windows NT 10.0; Win64; x64; rv:52.0) Gecko/20100101 Firefox/52.0"
172.71.95.97 - - [16/Jun/2026:21:31:59 +0000] "GET /?author=1 HTTP/1.1" 301 5 "-" "Mozilla/5.0 (Windows NT 10.0; Win64; x64; rv:67.0) Gecko/20100101 Firefox/67.0"
104.23.225.3 - - [16/Jun/2026:21:31:59 +0000] "POST /wp-login.php HTTP/1.1" 200 3299 "-" "Mozilla/5.0 (Windows NT 10.0; Win64; x64; rv:40.0) Gecko/20100101 Firefox/40.0"
172.71.232.4 - - [16/Jun/2026:21:31:59 +0000] "POST /wp-login.php HTTP/1.1" 200 3299 "-" "Mozilla/5.0 (Windows NT 10.0; Win64; x64; rv:97.0) Gecko/20100101 Firefox/97.0"
172.71.123.47 - - [16/Jun/2026:21:32:00 +0000] "POST /wp-login.php HTTP/1.1" 200 3299 "-" "Mozilla/5.0 (Windows NT 10.0; Win64; x64; rv:89.0) Gecko/20100101 Firefox/89.0"
104.23.172.128 - - [16/Jun/2026:21:32:00 +0000] "GET / HTTP/1.1" 200 28963 "-" "Mozilla/5.0 (Windows NT 10.0; Win64; x64; rv:54.0) Gecko/20100101 Firefox/54.0"
172.71.182.155 - - [16/Jun/2026:21:32:00 +0000] "POST /wp-login.php HTTP/1.1" 200 3299 "-" "Mozilla/5.0 (Windows NT 10.0; Win64; x64; rv:96.0) Gecko/20100101 Firefox/96.0"
172.71.95.98 - - [16/Jun/2026:21:32:00 +0000] "GET /author/admin/ HTTP/1.1" 200 23662 "-" "Mozilla/5.0 (Windows NT 10.0; Win64; x64; rv:67.0) Gecko/20100101 Firefox/67.0"
104.23.229.65 - - [16/Jun/2026:21:32:01 +0000] "GET /wp-json/wp/v2/users HTTP/1.1" 200 495 "-" "Mozilla/5.0 (Windows NT 10.0; Win64; x64; rv:43.0) Gecko/20100101 Firefox/43.0"
104.23.225.3 - - [16/Jun/2026:21:32:01 +0000] "GET /?author=2 HTTP/1.1" 200 19023 "-" "Mozilla/5.0 (Windows NT 10.0; Win64; x64; rv:75.0) Gecko/20100101 Firefox/75.0"
104.23.166.120 - - [16/Jun/2026:21:32:01 +0000] "GET /?author=1 HTTP/1.1" 301 5 "-" "Mozilla/5.0 (Windows NT 10.0; Win64; x64; rv:40.0) Gecko/20100101 Firefox/40.0"
104.23.166.121 - - [16/Jun/2026:21:32:02 +0000] "GET /?author=3 HTTP/1.1" 200 19023 "-" "Mozilla/5.0 (Windows NT 10.0; Win64; x64; rv:51.0) Gecko/20100101 Firefox/51.0"
104.23.166.120 - - [16/Jun/2026:21:32:02 +0000] "GET /author/admin/ HTTP/1.1" 200 23662 "-" "Mozilla/5.0 (Windows NT 10.0; Win64; x64; rv:40.0) Gecko/20100101 Firefox/40.0"
104.23.225.3 - - [16/Jun/2026:21:32:02 +0000] "POST /xmlrpc.php HTTP/1.1" 403 133 "-" "Mozilla/5.0 (Windows NT 10.0; Win64; x64; rv:96.0) Gecko/20100101 Firefox/96.0"
172.71.127.142 - - [16/Jun/2026:21:32:03 +0000] "POST /wp-login.php HTTP/1.1" 200 3301 "-" "Mozilla/5.0 (Windows NT 10.0; Win64; x64; rv:46.0) Gecko/20100101 Firefox/46.0"
104.23.168.82 - - [16/Jun/2026:21:32:03 +0000] "GET /?author=2 HTTP/1.1" 200 19023 "-" "Mozilla/5.0 (Windows NT 10.0; Win64; x64; rv:75.0) Gecko/20100101 Firefox/75.0"
172.69.223.75 - - [16/Jun/2026:21:32:04 +0000] "POST /wp-login.php HTTP/1.1" 200 3299 "-" "Mozilla/5.0 (Windows NT 10.0; Win64; x64; rv:70.0) Gecko/20100101 Firefox/70.0"
172.71.99.142 - - [16/Jun/2026:21:32:04 +0000] "GET /?author=3 HTTP/1.1" 200 19023 "-" "Mozilla/5.0 (Windows NT 10.0; Win64; x64; rv:81.0) Gecko/20100101 Firefox/81.0"
104.23.170.187 - - [16/Jun/2026:21:32:04 +0000] "POST /xmlrpc.php HTTP/1.1" 403 133 "-" "Mozilla/5.0 (Windows NT 10.0; Win64; x64; rv:71.0) Gecko/20100101 Firefox/71.0"
172.71.95.97 - - [16/Jun/2026:21:32:05 +0000] "POST /wp-login.php HTTP/1.1" 200 3301 "-" "Mozilla/5.0 (Windows NT 10.0; Win64; x64; rv:49.0) Gecko/20100101 Firefox/49.0"
172.71.182.154 - - [16/Jun/2026:21:32:05 +0000] "GET / HTTP/1.1" 200 28963 "-" "Mozilla/5.0 (Windows NT 10.0; Win64; x64; rv:72.0) Gecko/20100101 Firefox/72.0"
172.71.134.190 - - [16/Jun/2026:21:32:05 +0000] "GET /wp-json/wp/v2/users HTTP/1.1" 200 495 "-" "Mozilla/5.0 (Windows NT 10.0; Win64; x64; rv:61.0) Gecko/20100101 Firefox/61.0"
172.71.95.98 - - [16/Jun/2026:21:32:06 +0000] "POST /wp-login.php HTTP/1.1" 200 3299 "-" "Mozilla/5.0 (Windows NT 10.0; Win64; x64; rv:62.0) Gecko/20100101 Firefox/62.0"
172.68.151.147 - - [16/Jun/2026:21:32:06 +0000] "GET /?author=1 HTTP/1.1" 301 5 "-" "Mozilla/5.0 (Windows NT 10.0; Win64; x64; rv:56.0) Gecko/20100101 Firefox/56.0"
172.68.151.147 - - [16/Jun/2026:21:32:07 +0000] "GET /author/admin/ HTTP/1.1" 200 23662 "-" "Mozilla/5.0 (Windows NT 10.0; Win64; x64; rv:56.0) Gecko/20100101 Firefox/56.0"
172.71.119.83 - - [16/Jun/2026:21:32:07 +0000] "GET / HTTP/1.1" 200 28962 "-" "Mozilla/5.0 (Windows NT 10.0; Win64; x64; rv:87.0) Gecko/20100101 Firefox/87.0"
172.71.99.141 - - [16/Jun/2026:21:32:08 +0000] "GET /?author=2 HTTP/1.1" 200 19023 "-" "Mozilla/5.0 (Windows NT 10.0; Win64; x64; rv:46.0) Gecko/20100101 Firefox/46.0"
104.23.170.186 - - [16/Jun/2026:21:32:08 +0000] "GET / HTTP/1.1" 200 28961 "-" "Mozilla/5.0 (Windows NT 10.0; Win64; x64; rv:85.0) Gecko/20100101 Firefox/85.0"
172.71.103.13 - - [16/Jun/2026:21:32:08 +0000] "GET /wp-json/wp/v2/users HTTP/1.1" 200 495 "-" "Mozilla/5.0 (Windows NT 10.0; Win64; x64; rv:70.0) Gecko/20100101 Firefox/70.0"
172.70.47.52 - - [16/Jun/2026:21:32:08 +0000] "GET / HTTP/1.1" 200 28963 "-" "Mozilla/5.0 (Windows NT 10.0; Win64; x64; rv:92.0) Gecko/20100101 Firefox/92.0"
172.68.151.147 - - [16/Jun/2026:21:32:09 +0000] "GET /?author=3 HTTP/1.1" 200 19023 "-" "Mozilla/5.0 (Windows NT 10.0; Win64; x64; rv:76.0) Gecko/20100101 Firefox/76.0"
172.71.95.97 - - [16/Jun/2026:21:32:09 +0000] "POST /xmlrpc.php HTTP/1.1" 403 133 "-" "Mozilla/5.0 (Windows NT 10.0; Win64; x64; rv:42.0) Gecko/20100101 Firefox/42.0"
172.71.131.108 - - [16/Jun/2026:21:32:09 +0000] "GET /?author=1 HTTP/1.1" 301 5 "-" "Mozilla/5.0 (Windows NT 10.0; Win64; x64; rv:75.0) Gecko/20100101 Firefox/75.0"
172.71.127.141 - - [16/Jun/2026:21:32:09 +0000] "GET /wp-json/wp/v2/users HTTP/1.1" 200 495 "-" "Mozilla/5.0 (Windows NT 10.0; Win64; x64; rv:86.0) Gecko/20100101 Firefox/86.0"
172.69.223.76 - - [16/Jun/2026:21:32:09 +0000] "GET /wp-json/wp/v2/users HTTP/1.1" 200 495 "-" "Mozilla/5.0 (Windows NT 10.0; Win64; x64; rv:40.0) Gecko/20100101 Firefox/40.0"
172.71.182.154 - - [16/Jun/2026:21:32:09 +0000] "GET / HTTP/1.1" 200 28958 "-" "Mozilla/5.0 (Windows NT 10.0; Win64; x64; rv:100.0) Gecko/20100101 Firefox/100.0"
172.71.182.154 - - [16/Jun/2026:21:32:10 +0000] "GET /?author=1 HTTP/1.1" 301 5 "-" "Mozilla/5.0 (Windows NT 10.0; Win64; x64; rv:43.0) Gecko/20100101 Firefox/43.0"
141.101.76.67 - - [16/Jun/2026:21:32:10 +0000] "POST /wp-login.php HTTP/1.1" 200 3301 "-" "Mozilla/5.0 (Windows NT 10.0; Win64; x64; rv:86.0) Gecko/20100101 Firefox/86.0"
172.71.131.108 - - [16/Jun/2026:21:32:10 +0000] "GET /author/admin/ HTTP/1.1" 200 23662 "-" "Mozilla/5.0 (Windows NT 10.0; Win64; x64; rv:75.0) Gecko/20100101 Firefox/75.0"
104.23.225.3 - - [16/Jun/2026:21:32:10 +0000] "GET / HTTP/1.1" 200 28960 "-" "Mozilla/5.0 (Windows NT 10.0; Win64; x64; rv:46.0) Gecko/20100101 Firefox/46.0"
104.23.172.129 - - [16/Jun/2026:21:32:10 +0000] "GET /?author=1 HTTP/1.1" 301 5 "-" "Mozilla/5.0 (Windows NT 10.0; Win64; x64; rv:42.0) Gecko/20100101 Firefox/42.0"
141.101.76.66 - - [16/Jun/2026:21:32:10 +0000] "GET /wp-json/wp/v2/users HTTP/1.1" 200 495 "-" "Mozilla/5.0 (Windows NT 10.0; Win64; x64; rv:49.0) Gecko/20100101 Firefox/49.0"
172.69.223.75 - - [16/Jun/2026:21:32:11 +0000] "POST /wp-login.php HTTP/1.1" 200 3299 "-" "Mozilla/5.0 (Windows NT 10.0; Win64; x64; rv:60.0) Gecko/20100101 Firefox/60.0"
172.71.182.155 - - [16/Jun/2026:21:32:11 +0000] "GET /author/admin/ HTTP/1.1" 200 23662 "-" "Mozilla/5.0 (Windows NT 10.0; Win64; x64; rv:43.0) Gecko/20100101 Firefox/43.0"
162.159.113.91 - - [16/Jun/2026:21:32:11 +0000] "GET /wp-json/wp/v2/users HTTP/1.1" 200 495 "-" "Mozilla/5.0 (Windows NT 10.0; Win64; x64; rv:73.0) Gecko/20100101 Firefox/73.0"
104.23.172.128 - - [16/Jun/2026:21:32:11 +0000] "GET /?author=2 HTTP/1.1" 200 19023 "-" "Mozilla/5.0 (Windows NT 10.0; Win64; x64; rv:92.0) Gecko/20100101 Firefox/92.0"
104.23.172.129 - - [16/Jun/2026:21:32:11 +0000] "GET /author/admin/ HTTP/1.1" 200 23662 "-" "Mozilla/5.0 (Windows NT 10.0; Win64; x64; rv:42.0) Gecko/20100101 Firefox/42.0"
172.71.119.83 - - [16/Jun/2026:21:32:11 +0000] "GET / HTTP/1.1" 200 28960 "-" "Mozilla/5.0 (Windows NT 10.0; Win64; x64; rv:90.0) Gecko/20100101 Firefox/90.0"
172.71.103.13 - - [16/Jun/2026:21:32:11 +0000] "GET /?author=1 HTTP/1.1" 301 5 "-" "Mozilla/5.0 (Windows NT 10.0; Win64; x64; rv:69.0) Gecko/20100101 Firefox/69.0"
172.71.99.142 - - [16/Jun/2026:21:32:11 +0000] "GET / HTTP/1.1" 200 28961 "-" "Mozilla/5.0 (Windows NT 10.0; Win64; x64; rv:92.0) Gecko/20100101 Firefox/92.0"
172.69.223.76 - - [16/Jun/2026:21:32:12 +0000] "GET /?author=1 HTTP/1.1" 301 5 "-" "Mozilla/5.0 (Windows NT 10.0; Win64; x64; rv:40.0) Gecko/20100101 Firefox/40.0"
172.71.232.5 - - [16/Jun/2026:21:32:12 +0000] "GET /?author=2 HTTP/1.1" 200 19023 "-" "Mozilla/5.0 (Windows NT 10.0; Win64; x64; rv:88.0) Gecko/20100101 Firefox/88.0"
172.71.131.108 - - [16/Jun/2026:21:32:12 +0000] "GET / HTTP/1.1" 200 28960 "-" "Mozilla/5.0 (Windows NT 10.0; Win64; x64; rv:55.0) Gecko/20100101 Firefox/55.0"
172.69.223.75 - - [16/Jun/2026:21:32:12 +0000] "GET /?author=3 HTTP/1.1" 200 19023 "-" "Mozilla/5.0 (Windows NT 10.0; Win64; x64; rv:60.0) Gecko/20100101 Firefox/60.0"
172.70.47.52 - - [16/Jun/2026:21:32:12 +0000] "POST /xmlrpc.php HTTP/1.1" 403 133 "-" "Mozilla/5.0 (Windows NT 10.0; Win64; x64; rv:57.0) Gecko/20100101 Firefox/57.0"
172.71.127.141 - - [16/Jun/2026:21:32:12 +0000] "GET /wp-json/wp/v2/users HTTP/1.1" 200 495 "-" "Mozilla/5.0 (Windows NT 10.0; Win64; x64; rv:84.0) Gecko/20100101 Firefox/84.0"
172.71.123.48 - - [16/Jun/2026:21:32:12 +0000] "GET /wp-json/wp/v2/users HTTP/1.1" 200 495 "-" "Mozilla/5.0 (Windows NT 10.0; Win64; x64; rv:54.0) Gecko/20100101 Firefox/54.0"
104.23.170.187 - - [16/Jun/2026:21:32:12 +0000] "GET /?author=2 HTTP/1.1" 200 19023 "-" "Mozilla/5.0 (Windows NT 10.0; Win64; x64; rv:82.0) Gecko/20100101 Firefox/82.0"
172.71.103.13 - - [16/Jun/2026:21:32:12 +0000] "GET /author/admin/ HTTP/1.1" 200 23662 "-" "Mozilla/5.0 (Windows NT 10.0; Win64; x64; rv:69.0) Gecko/20100101 Firefox/69.0"
172.69.223.76 - - [16/Jun/2026:21:32:13 +0000] "GET /author/admin/ HTTP/1.1" 200 23662 "-" "Mozilla/5.0 (Windows NT 10.0; Win64; x64; rv:40.0) Gecko/20100101 Firefox/40.0"
172.69.223.76 - - [16/Jun/2026:21:32:13 +0000] "GET /?author=3 HTTP/1.1" 200 19023 "-" "Mozilla/5.0 (Windows NT 10.0; Win64; x64; rv:53.0) Gecko/20100101 Firefox/53.0"
172.70.47.51 - - [16/Jun/2026:21:32:13 +0000] "POST /xmlrpc.php HTTP/1.1" 403 133 "-" "Mozilla/5.0 (Windows NT 10.0; Win64; x64; rv:75.0) Gecko/20100101 Firefox/75.0"
172.71.123.47 - - [16/Jun/2026:21:32:13 +0000] "GET /wp-json/wp/v2/users HTTP/1.1" 200 495 "-" "Mozilla/5.0 (Windows NT 10.0; Win64; x64; rv:58.0) Gecko/20100101 Firefox/58.0"
104.23.168.82 - - [16/Jun/2026:21:32:13 +0000] "POST /wp-login.php HTTP/1.1" 200 3301 "-" "Mozilla/5.0 (Windows NT 10.0; Win64; x64; rv:88.0) Gecko/20100101 Firefox/88.0"
172.71.119.83 - - [16/Jun/2026:21:32:13 +0000] "GET /?author=1 HTTP/1.1" 301 5 "-" "Mozilla/5.0 (Windows NT 10.0; Win64; x64; rv:78.0) Gecko/20100101 Firefox/78.0"
104.23.225.3 - - [16/Jun/2026:21:32:13 +0000] "GET /?author=1 HTTP/1.1" 301 5 "-" "Mozilla/5.0 (Windows NT 10.0; Win64; x64; rv:51.0) Gecko/20100101 Firefox/51.0"
172.71.119.83 - - [16/Jun/2026:21:32:13 +0000] "GET /?author=3 HTTP/1.1" 200 19023 "-" "Mozilla/5.0 (Windows NT 10.0; Win64; x64; rv:85.0) Gecko/20100101 Firefox/85.0"
172.71.232.4 - - [16/Jun/2026:21:32:13 +0000] "POST /xmlrpc.php HTTP/1.1" 403 133 "-" "Mozilla/5.0 (Windows NT 10.0; Win64; x64; rv:60.0) Gecko/20100101 Firefox/60.0"
104.23.225.3 - - [16/Jun/2026:21:32:13 +0000] "GET /?author=2 HTTP/1.1" 200 19023 "-" "Mozilla/5.0 (Windows NT 10.0; Win64; x64; rv:90.0) Gecko/20100101 Firefox/90.0"
172.71.99.142 - - [16/Jun/2026:21:32:14 +0000] "GET /?author=1 HTTP/1.1" 301 5 "-" "Mozilla/5.0 (Windows NT 10.0; Win64; x64; rv:46.0) Gecko/20100101 Firefox/46.0"
104.23.225.3 - - [16/Jun/2026:21:32:14 +0000] "GET /?author=2 HTTP/1.1" 200 19023 "-" "Mozilla/5.0 (Windows NT 10.0; Win64; x64; rv:100.0) Gecko/20100101 Firefox/100.0"
172.71.123.48 - - [16/Jun/2026:21:32:14 +0000] "POST /wp-login.php HTTP/1.1" 200 3301 "-" "Mozilla/5.0 (Windows NT 10.0; Win64; x64; rv:98.0) Gecko/20100101 Firefox/98.0"
104.23.225.2 - - [16/Jun/2026:21:32:14 +0000] "POST /wp-login.php HTTP/1.1" 200 3299 "-" "Mozilla/5.0 (Windows NT 10.0; Win64; x64; rv:83.0) Gecko/20100101 Firefox/83.0"
172.71.119.83 - - [16/Jun/2026:21:32:14 +0000] "GET /author/admin/ HTTP/1.1" 200 23662 "-" "Mozilla/5.0 (Windows NT 10.0; Win64; x64; rv:78.0) Gecko/20100101 Firefox/78.0"
104.23.225.3 - - [16/Jun/2026:21:32:14 +0000] "GET /author/admin/ HTTP/1.1" 200 23662 "-" "Mozilla/5.0 (Windows NT 10.0; Win64; x64; rv:51.0) Gecko/20100101 Firefox/51.0"
172.71.127.142 - - [16/Jun/2026:21:32:14 +0000] "GET /?author=3 HTTP/1.1" 200 19023 "-" "Mozilla/5.0 (Windows NT 10.0; Win64; x64; rv:54.0) Gecko/20100101 Firefox/54.0"
104.23.166.120 - - [16/Jun/2026:21:32:14 +0000] "GET / HTTP/1.1" 200 28962 "-" "Mozilla/5.0 (Windows NT 10.0; Win64; x64; rv:64.0) Gecko/20100101 Firefox/64.0"
104.23.170.186 - - [16/Jun/2026:21:32:14 +0000] "POST /xmlrpc.php HTTP/1.1" 403 133 "-" "Mozilla/5.0 (Windows NT 10.0; Win64; x64; rv:98.0) Gecko/20100101 Firefox/98.0"
104.23.168.82 - - [16/Jun/2026:21:32:14 +0000] "POST /wp-login.php HTTP/1.1" 200 3301 "-" "Mozilla/5.0 (Windows NT 10.0; Win64; x64; rv:68.0) Gecko/20100101 Firefox/68.0"
172.71.232.5 - - [16/Jun/2026:21:32:15 +0000] "GET /?author=3 HTTP/1.1" 200 19023 "-" "Mozilla/5.0 (Windows NT 10.0; Win64; x64; rv:95.0) Gecko/20100101 Firefox/95.0"
104.23.225.3 - - [16/Jun/2026:21:32:15 +0000] "POST /wp-login.php HTTP/1.1" 200 3299 "-" "Mozilla/5.0 (Windows NT 10.0; Win64; x64; rv:52.0) Gecko/20100101 Firefox/52.0"
172.71.127.141 - - [16/Jun/2026:21:32:15 +0000] "POST /xmlrpc.php HTTP/1.1" 403 133 "-" "Mozilla/5.0 (Windows NT 10.0; Win64; x64; rv:81.0) Gecko/20100101 Firefox/81.0"
172.71.99.141 - - [16/Jun/2026:21:32:15 +0000] "GET /author/admin/ HTTP/1.1" 200 23662 "-" "Mozilla/5.0 (Windows NT 10.0; Win64; x64; rv:46.0) Gecko/20100101 Firefox/46.0"
172.71.95.98 - - [16/Jun/2026:21:32:15 +0000] "GET /wp-json/wp/v2/users HTTP/1.1" 200 495 "-" "Mozilla/5.0 (Windows NT 10.0; Win64; x64; rv:74.0) Gecko/20100101 Firefox/74.0"
104.23.225.3 - - [16/Jun/2026:21:32:15 +0000] "GET /?author=2 HTTP/1.1" 200 19023 "-" "Mozilla/5.0 (Windows NT 10.0; Win64; x64; rv:90.0) Gecko/20100101 Firefox/90.0"
172.68.151.147 - - [16/Jun/2026:21:32:15 +0000] "GET /?author=2 HTTP/1.1" 200 19023 "-" "Mozilla/5.0 (Windows NT 10.0; Win64; x64; rv:67.0) Gecko/20100101 Firefox/67.0"
104.23.166.120 - - [16/Jun/2026:21:32:15 +0000] "POST /wp-login.php HTTP/1.1" 200 3299 "-" "Mozilla/5.0 (Windows NT 10.0; Win64; x64; rv:62.0) Gecko/20100101 Firefox/62.0"
172.71.123.47 - - [16/Jun/2026:21:32:15 +0000] "GET / HTTP/1.1" 200 28961 "-" "Mozilla/5.0 (Windows NT 10.0; Win64; x64; rv:78.0) Gecko/20100101 Firefox/78.0"
172.71.123.48 - - [16/Jun/2026:21:32:16 +0000] "POST /wp-login.php HTTP/1.1" 200 3301 "-" "Mozilla/5.0 (Windows NT 10.0; Win64; x64; rv:83.0) Gecko/20100101 Firefox/83.0"
104.23.166.121 - - [16/Jun/2026:21:32:16 +0000] "POST /wp-login.php HTTP/1.1" 200 3301 "-" "Mozilla/5.0 (Windows NT 10.0; Win64; x64; rv:49.0) Gecko/20100101 Firefox/49.0"
104.23.166.120 - - [16/Jun/2026:21:32:16 +0000] "GET /?author=2 HTTP/1.1" 200 19023 "-" "Mozilla/5.0 (Windows NT 10.0; Win64; x64; rv:55.0) Gecko/20100101 Firefox/55.0"
172.71.103.13 - - [16/Jun/2026:21:32:16 +0000] "GET /?author=1 HTTP/1.1" 301 5 "-" "Mozilla/5.0 (Windows NT 10.0; Win64; x64; rv:53.0) Gecko/20100101 Firefox/53.0"
172.71.95.97 - - [16/Jun/2026:21:32:16 +0000] "GET /?author=3 HTTP/1.1" 200 19023 "-" "Mozilla/5.0 (Windows NT 10.0; Win64; x64; rv:43.0) Gecko/20100101 Firefox/43.0"
172.70.47.52 - - [16/Jun/2026:21:32:16 +0000] "POST /xmlrpc.php HTTP/1.1" 403 133 "-" "Mozilla/5.0 (Windows NT 10.0; Win64; x64; rv:99.0) Gecko/20100101 Firefox/99.0"
172.71.127.141 - - [16/Jun/2026:21:32:16 +0000] "GET /wp-json/wp/v2/users HTTP/1.1" 200 495 "-" "Mozilla/5.0 (Windows NT 10.0; Win64; x64; rv:67.0) Gecko/20100101 Firefox/67.0"
172.70.47.51 - - [16/Jun/2026:21:32:16 +0000] "GET /?author=3 HTTP/1.1" 200 19023 "-" "Mozilla/5.0 (Windows NT 10.0; Win64; x64; rv:85.0) Gecko/20100101 Firefox/85.0"
104.23.172.128 - - [16/Jun/2026:21:32:16 +0000] "POST /xmlrpc.php HTTP/1.1" 403 133 "-" "Mozilla/5.0 (Windows NT 10.0; Win64; x64; rv:53.0) Gecko/20100101 Firefox/53.0"
172.71.103.13 - - [16/Jun/2026:21:32:16 +0000] "POST /wp-login.php HTTP/1.1" 200 3299 "-" "Mozilla/5.0 (Windows NT 10.0; Win64; x64; rv:56.0) Gecko/20100101 Firefox/56.0"
172.71.232.4 - - [16/Jun/2026:21:32:17 +0000] "POST /wp-login.php HTTP/1.1" 200 3299 "-" "Mozilla/5.0 (Windows NT 10.0; Win64; x64; rv:79.0) Gecko/20100101 Firefox/79.0"
141.101.76.67 - - [16/Jun/2026:21:32:17 +0000] "GET /?author=3 HTTP/1.1" 200 19023 "-" "Mozilla/5.0 (Windows NT 10.0; Win64; x64; rv:41.0) Gecko/20100101 Firefox/41.0"
172.71.103.13 - - [16/Jun/2026:21:32:17 +0000] "POST /xmlrpc.php HTTP/1.1" 403 133 "-" "Mozilla/5.0 (Windows NT 10.0; Win64; x64; rv:61.0) Gecko/20100101 Firefox/61.0"
172.71.103.13 - - [16/Jun/2026:21:32:17 +0000] "GET /author/admin/ HTTP/1.1" 200 23662 "-" "Mozilla/5.0 (Windows NT 10.0; Win64; x64; rv:53.0) Gecko/20100101 Firefox/53.0"
104.23.229.65 - - [16/Jun/2026:21:32:17 +0000] "POST /wp-login.php HTTP/1.1" 200 3301 "-" "Mozilla/5.0 (Windows NT 10.0; Win64; x64; rv:93.0) Gecko/20100101 Firefox/93.0"
172.71.127.142 - - [16/Jun/2026:21:32:17 +0000] "GET /?author=1 HTTP/1.1" 301 5 "-" "Mozilla/5.0 (Windows NT 10.0; Win64; x64; rv:82.0) Gecko/20100101 Firefox/82.0"
172.71.119.83 - - [16/Jun/2026:21:32:17 +0000] "POST /wp-login.php HTTP/1.1" 200 3301 "-" "Mozilla/5.0 (Windows NT 10.0; Win64; x64; rv:68.0) Gecko/20100101 Firefox/68.0"
104.23.170.187 - - [16/Jun/2026:21:32:18 +0000] "POST /wp-login.php HTTP/1.1" 200 3301 "-" "Mozilla/5.0 (Windows NT 10.0; Win64; x64; rv:73.0) Gecko/20100101 Firefox/73.0"
172.71.99.142 - - [16/Jun/2026:21:32:18 +0000] "GET /?author=2 HTTP/1.1" 200 19023 "-" "Mozilla/5.0 (Windows NT 10.0; Win64; x64; rv:43.0) Gecko/20100101 Firefox/43.0"
162.159.113.90 - - [16/Jun/2026:21:32:18 +0000] "POST /wp-login.php HTTP/1.1" 200 3299 "-" "Mozilla/5.0 (Windows NT 10.0; Win64; x64; rv:50.0) Gecko/20100101 Firefox/50.0"
172.71.127.141 - - [16/Jun/2026:21:32:18 +0000] "GET /author/admin/ HTTP/1.1" 200 23662 "-" "Mozilla/5.0 (Windows NT 10.0; Win64; x64; rv:82.0) Gecko/20100101 Firefox/82.0"
104.23.168.82 - - [16/Jun/2026:21:32:18 +0000] "POST /wp-login.php HTTP/1.1" 200 3299 "-" "Mozilla/5.0 (Windows NT 10.0; Win64; x64; rv:65.0) Gecko/20100101 Firefox/65.0"
172.69.223.75 - - [16/Jun/2026:21:32:18 +0000] "POST /wp-login.php HTTP/1.1" 200 3299 "-" "Mozilla/5.0 (Windows NT 10.0; Win64; x64; rv:60.0) Gecko/20100101 Firefox/60.0"
104.23.170.186 - - [16/Jun/2026:21:32:19 +0000] "GET /?author=3 HTTP/1.1" 200 19023 "-" "Mozilla/5.0 (Windows NT 10.0; Win64; x64; rv:75.0) Gecko/20100101 Firefox/75.0"
104.23.168.82 - - [16/Jun/2026:21:32:19 +0000] "GET /?author=2 HTTP/1.1" 200 19023 "-" "Mozilla/5.0 (Windows NT 10.0; Win64; x64; rv:82.0) Gecko/20100101 Firefox/82.0"
104.23.166.120 - - [16/Jun/2026:21:32:19 +0000] "GET / HTTP/1.1" 200 28960 "-" "Mozilla/5.0 (Windows NT 10.0; Win64; x64; rv:93.0) Gecko/20100101 Firefox/93.0"
172.70.47.52 - - [16/Jun/2026:21:32:19 +0000] "POST /xmlrpc.php HTTP/1.1" 403 133 "-" "Mozilla/5.0 (Windows NT 10.0; Win64; x64; rv:80.0) Gecko/20100101 Firefox/80.0"
104.23.168.82 - - [16/Jun/2026:21:32:19 +0000] "GET / HTTP/1.1" 200 28960 "-" "Mozilla/5.0 (Windows NT 10.0; Win64; x64; rv:50.0) Gecko/20100101 Firefox/50.0"
172.68.151.147 - - [16/Jun/2026:21:32:20 +0000] "GET /?author=3 HTTP/1.1" 200 19023 "-" "Mozilla/5.0 (Windows NT 10.0; Win64; x64; rv:81.0) Gecko/20100101 Firefox/81.0"
172.69.223.76 - - [16/Jun/2026:21:32:20 +0000] "GET /wp-json/wp/v2/users HTTP/1.1" 200 495 "-" "Mozilla/5.0 (Windows NT 10.0; Win64; x64; rv:54.0) Gecko/20100101 Firefox/54.0"
104.23.229.64 - - [16/Jun/2026:21:32:20 +0000] "POST /wp-login.php HTTP/1.1" 200 3301 "-" "Mozilla/5.0 (Windows NT 10.0; Win64; x64; rv:68.0) Gecko/20100101 Firefox/68.0"
172.68.151.147 - - [16/Jun/2026:21:32:20 +0000] "POST /xmlrpc.php HTTP/1.1" 403 133 "-" "Mozilla/5.0 (Windows NT 10.0; Win64; x64; rv:43.0) Gecko/20100101 Firefox/43.0"
172.71.127.142 - - [16/Jun/2026:21:32:20 +0000] "GET /wp-json/wp/v2/users HTTP/1.1" 200 495 "-" "Mozilla/5.0 (Windows NT 10.0; Win64; x64; rv:60.0) Gecko/20100101 Firefox/60.0"
172.68.151.147 - - [16/Jun/2026:21:32:20 +0000] "GET /?author=1 HTTP/1.1" 301 5 "-" "Mozilla/5.0 (Windows NT 10.0; Win64; x64; rv:86.0) Gecko/20100101 Firefox/86.0"
162.159.113.91 - - [16/Jun/2026:21:32:20 +0000] "POST /wp-login.php HTTP/1.1" 200 3299 "-" "Mozilla/5.0 (Windows NT 10.0; Win64; x64; rv:80.0) Gecko/20100101 Firefox/80.0"
172.71.131.108 - - [16/Jun/2026:21:32:21 +0000] "POST /wp-login.php HTTP/1.1" 200 3301 "-" "Mozilla/5.0 (Windows NT 10.0; Win64; x64; rv:65.0) Gecko/20100101 Firefox/65.0"
172.71.127.141 - - [16/Jun/2026:21:32:21 +0000] "GET / HTTP/1.1" 200 28959 "-" "Mozilla/5.0 (Windows NT 10.0; Win64; x64; rv:65.0) Gecko/20100101 Firefox/65.0"
104.23.166.120 - - [16/Jun/2026:21:32:21 +0000] "GET /?author=1 HTTP/1.1" 301 5 "-" "Mozilla/5.0 (Windows NT 10.0; Win64; x64; rv:52.0) Gecko/20100101 Firefox/52.0"
172.68.151.147 - - [16/Jun/2026:21:32:21 +0000] "GET /author/admin/ HTTP/1.1" 200 23662 "-" "Mozilla/5.0 (Windows NT 10.0; Win64; x64; rv:86.0) Gecko/20100101 Firefox/86.0"
172.71.134.190 - - [16/Jun/2026:21:32:21 +0000] "GET /wp-json/wp/v2/users HTTP/1.1" 200 495 "-" "Mozilla/5.0 (Windows NT 10.0; Win64; x64; rv:83.0) Gecko/20100101 Firefox/83.0"
172.71.123.47 - - [16/Jun/2026:21:32:21 +0000] "POST /wp-login.php HTTP/1.1" 200 3299 "-" "Mozilla/5.0 (Windows NT 10.0; Win64; x64; rv:44.0) Gecko/20100101 Firefox/44.0"
104.23.166.121 - - [16/Jun/2026:21:32:22 +0000] "GET /author/admin/ HTTP/1.1" 200 23662 "-" "Mozilla/5.0 (Windows NT 10.0; Win64; x64; rv:52.0) Gecko/20100101 Firefox/52.0"
104.23.168.82 - - [16/Jun/2026:21:32:22 +0000] "GET /?author=1 HTTP/1.1" 301 5 "-" "Mozilla/5.0 (Windows NT 10.0; Win64; x64; rv:79.0) Gecko/20100101 Firefox/79.0"
172.71.99.142 - - [16/Jun/2026:21:32:22 +0000] "GET /?author=2 HTTP/1.1" 200 19023 "-" "Mozilla/5.0 (Windows NT 10.0; Win64; x64; rv:55.0) Gecko/20100101 Firefox/55.0"
172.71.103.13 - - [16/Jun/2026:21:32:23 +0000] "GET /?author=2 HTTP/1.1" 200 19023 "-" "Mozilla/5.0 (Windows NT 10.0; Win64; x64; rv:94.0) Gecko/20100101 Firefox/94.0"
104.23.168.82 - - [16/Jun/2026:21:32:23 +0000] "GET /author/admin/ HTTP/1.1" 200 23662 "-" "Mozilla/5.0 (Windows NT 10.0; Win64; x64; rv:79.0) Gecko/20100101 Firefox/79.0"
172.71.103.13 - - [16/Jun/2026:21:32:23 +0000] "GET /?author=3 HTTP/1.1" 200 19023 "-" "Mozilla/5.0 (Windows NT 10.0; Win64; x64; rv:81.0) Gecko/20100101 Firefox/81.0"
172.71.119.83 - - [16/Jun/2026:21:32:23 +0000] "POST /xmlrpc.php HTTP/1.1" 403 133 "-" "Mozilla/5.0 (Windows NT 10.0; Win64; x64; rv:71.0) Gecko/20100101 Firefox/71.0"
104.23.168.82 - - [16/Jun/2026:21:32:24 +0000] "GET /?author=3 HTTP/1.1" 200 19023 "-" "Mozilla/5.0 (Windows NT 10.0; Win64; x64; rv:40.0) Gecko/20100101 Firefox/40.0"
172.71.127.141 - - [16/Jun/2026:21:32:24 +0000] "POST /xmlrpc.php HTTP/1.1" 403 133 "-" "Mozilla/5.0 (Windows NT 10.0; Win64; x64; rv:71.0) Gecko/20100101 Firefox/71.0"
162.159.113.90 - - [16/Jun/2026:21:32:24 +0000] "GET /?author=2 HTTP/1.1" 200 19023 "-" "Mozilla/5.0 (Windows NT 10.0; Win64; x64; rv:66.0) Gecko/20100101 Firefox/66.0"
172.71.232.5 - - [16/Jun/2026:21:32:24 +0000] "GET / HTTP/1.1" 200 28964 "-" "Mozilla/5.0 (Windows NT 10.0; Win64; x64; rv:53.0) Gecko/20100101 Firefox/53.0"
104.23.170.187 - - [16/Jun/2026:21:32:24 +0000] "POST /wp-login.php HTTP/1.1" 200 3301 "-" "Mozilla/5.0 (Windows NT 10.0; Win64; x64; rv:92.0) Gecko/20100101 Firefox/92.0"
104.23.229.65 - - [16/Jun/2026:21:32:24 +0000] "GET / HTTP/1.1" 200 28962 "-" "Mozilla/5.0 (Windows NT 10.0; Win64; x64; rv:59.0) Gecko/20100101 Firefox/59.0"
172.71.123.48 - - [16/Jun/2026:21:32:24 +0000] "GET / HTTP/1.1" 200 28960 "-" "Mozilla/5.0 (Windows NT 10.0; Win64; x64; rv:81.0) Gecko/20100101 Firefox/81.0"
104.23.225.2 - - [16/Jun/2026:21:32:24 +0000] "POST /wp-login.php HTTP/1.1" 200 3301 "-" "Mozilla/5.0 (Windows NT 10.0; Win64; x64; rv:52.0) Gecko/20100101 Firefox/52.0"
172.71.182.154 - - [16/Jun/2026:21:32:25 +0000] "GET /?author=3 HTTP/1.1" 200 19023 "-" "Mozilla/5.0 (Windows NT 10.0; Win64; x64; rv:87.0) Gecko/20100101 Firefox/87.0"
141.101.69.76 - - [16/Jun/2026:21:32:25 +0000] "GET /wp-json/wp/v2/users HTTP/1.1" 200 495 "-" "Mozilla/5.0 (Windows NT 10.0; Win64; x64; rv:58.0) Gecko/20100101 Firefox/58.0"
104.23.172.129 - - [16/Jun/2026:21:32:25 +0000] "POST /xmlrpc.php HTTP/1.1" 403 133 "-" "Mozilla/5.0 (Windows NT 10.0; Win64; x64; rv:91.0) Gecko/20100101 Firefox/91.0"
172.71.232.4 - - [16/Jun/2026:21:32:25 +0000] "POST /wp-login.php HTTP/1.1" 200 3299 "-" "Mozilla/5.0 (Windows NT 10.0; Win64; x64; rv:55.0) Gecko/20100101 Firefox/55.0"
172.71.134.190 - - [16/Jun/2026:21:32:25 +0000] "GET /wp-json/wp/v2/users HTTP/1.1" 200 495 "-" "Mozilla/5.0 (Windows NT 10.0; Win64; x64; rv:92.0) Gecko/20100101 Firefox/92.0"
104.23.170.186 - - [16/Jun/2026:21:32:25 +0000] "GET /wp-json/wp/v2/users HTTP/1.1" 200 495 "-" "Mozilla/5.0 (Windows NT 10.0; Win64; x64; rv:64.0) Gecko/20100101 Firefox/64.0"
172.68.151.147 - - [16/Jun/2026:21:32:25 +0000] "POST /wp-login.php HTTP/1.1" 200 3299 "-" "Mozilla/5.0 (Windows NT 10.0; Win64; x64; rv:64.0) Gecko/20100101 Firefox/64.0"
172.71.232.5 - - [16/Jun/2026:21:32:26 +0000] "GET /?author=1 HTTP/1.1" 301 5 "-" "Mozilla/5.0 (Windows NT 10.0; Win64; x64; rv:51.0) Gecko/20100101 Firefox/51.0"
172.71.131.108 - - [16/Jun/2026:21:32:26 +0000] "POST /wp-login.php HTTP/1.1" 200 3301 "-" "Mozilla/5.0 (Windows NT 10.0; Win64; x64; rv:65.0) Gecko/20100101 Firefox/65.0"
104.23.225.3 - - [16/Jun/2026:21:32:26 +0000] "GET /?author=1 HTTP/1.1" 301 5 "-" "Mozilla/5.0 (Windows NT 10.0; Win64; x64; rv:96.0) Gecko/20100101 Firefox/96.0"
104.23.166.120 - - [16/Jun/2026:21:32:26 +0000] "GET /?author=1 HTTP/1.1" 301 5 "-" "Mozilla/5.0 (Windows NT 10.0; Win64; x64; rv:89.0) Gecko/20100101 Firefox/89.0"
172.71.232.4 - - [16/Jun/2026:21:32:26 +0000] "GET /author/admin/ HTTP/1.1" 200 23662 "-" "Mozilla/5.0 (Windows NT 10.0; Win64; x64; rv:51.0) Gecko/20100101 Firefox/51.0"
172.71.123.47 - - [16/Jun/2026:21:32:27 +0000] "POST /wp-login.php HTTP/1.1" 200 3299 "-" "Mozilla/5.0 (Windows NT 10.0; Win64; x64; rv:82.0) Gecko/20100101 Firefox/82.0"
104.23.225.3 - - [16/Jun/2026:21:32:27 +0000] "GET /author/admin/ HTTP/1.1" 200 23662 "-" "Mozilla/5.0 (Windows NT 10.0; Win64; x64; rv:96.0) Gecko/20100101 Firefox/96.0"
104.23.166.120 - - [16/Jun/2026:21:32:27 +0000] "GET /author/admin/ HTTP/1.1" 200 23662 "-" "Mozilla/5.0 (Windows NT 10.0; Win64; x64; rv:89.0) Gecko/20100101 Firefox/89.0"
104.23.229.65 - - [16/Jun/2026:21:32:27 +0000] "GET / HTTP/1.1" 200 28961 "-" "Mozilla/5.0 (Windows NT 10.0; Win64; x64; rv:52.0) Gecko/20100101 Firefox/52.0"
172.71.99.141 - - [16/Jun/2026:21:32:27 +0000] "GET /?author=2 HTTP/1.1" 200 19023 "-" "Mozilla/5.0 (Windows NT 10.0; Win64; x64; rv:40.0) Gecko/20100101 Firefox/40.0"
172.70.47.51 - - [16/Jun/2026:21:32:28 +0000] "GET /?author=2 HTTP/1.1" 200 19023 "-" "Mozilla/5.0 (Windows NT 10.0; Win64; x64; rv:82.0) Gecko/20100101 Firefox/82.0"
104.23.172.128 - - [16/Jun/2026:21:32:28 +0000] "GET /?author=2 HTTP/1.1" 200 19023 "-" "Mozilla/5.0 (Windows NT 10.0; Win64; x64; rv:78.0) Gecko/20100101 Firefox/78.0"
172.71.182.154 - - [16/Jun/2026:21:32:28 +0000] "GET /wp-json/wp/v2/users HTTP/1.1" 200 495 "-" "Mozilla/5.0 (Windows NT 10.0; Win64; x64; rv:72.0) Gecko/20100101 Firefox/72.0"
104.23.170.187 - - [16/Jun/2026:21:32:28 +0000] "GET /?author=3 HTTP/1.1" 200 19023 "-" "Mozilla/5.0 (Windows NT 10.0; Win64; x64; rv:61.0) Gecko/20100101 Firefox/61.0"
172.71.131.108 - - [16/Jun/2026:21:32:28 +0000] "POST /xmlrpc.php HTTP/1.1" 403 133 "-" "Mozilla/5.0 (Windows NT 10.0; Win64; x64; rv:88.0) Gecko/20100101 Firefox/88.0"
172.71.119.83 - - [16/Jun/2026:21:32:28 +0000] "GET /?author=3 HTTP/1.1" 200 19023 "-" "Mozilla/5.0 (Windows NT 10.0; Win64; x64; rv:56.0) Gecko/20100101 Firefox/56.0"
104.23.166.120 - - [16/Jun/2026:21:32:28 +0000] "POST /xmlrpc.php HTTP/1.1" 403 133 "-" "Mozilla/5.0 (Windows NT 10.0; Win64; x64; rv:82.0) Gecko/20100101 Firefox/82.0"
172.71.123.48 - - [16/Jun/2026:21:32:29 +0000] "GET / HTTP/1.1" 200 28963 "-" "Mozilla/5.0 (Windows NT 10.0; Win64; x64; rv:72.0) Gecko/20100101 Firefox/72.0"
104.23.170.186 - - [16/Jun/2026:21:32:29 +0000] "GET /?author=3 HTTP/1.1" 200 19023 "-" "Mozilla/5.0 (Windows NT 10.0; Win64; x64; rv:50.0) Gecko/20100101 Firefox/50.0"
104.23.170.186 - - [16/Jun/2026:21:32:29 +0000] "POST /xmlrpc.php HTTP/1.1" 403 133 "-" "Mozilla/5.0 (Windows NT 10.0; Win64; x64; rv:46.0) Gecko/20100101 Firefox/46.0"
141.101.76.66 - - [16/Jun/2026:21:32:29 +0000] "GET /?author=1 HTTP/1.1" 301 5 "-" "Mozilla/5.0 (Windows NT 10.0; Win64; x64; rv:55.0) Gecko/20100101 Firefox/55.0"
104.23.225.3 - - [16/Jun/2026:21:32:29 +0000] "POST /wp-login.php HTTP/1.1" 200 3301 "-" "Mozilla/5.0 (Windows NT 10.0; Win64; x64; rv:48.0) Gecko/20100101 Firefox/48.0"
104.23.170.187 - - [16/Jun/2026:21:32:29 +0000] "POST /wp-login.php HTTP/1.1" 200 3301 "-" "Mozilla/5.0 (Windows NT 10.0; Win64; x64; rv:97.0) Gecko/20100101 Firefox/97.0"
172.70.47.52 - - [16/Jun/2026:21:32:29 +0000] "GET / HTTP/1.1" 200 28962 "-" "Mozilla/5.0 (Windows NT 10.0; Win64; x64; rv:48.0) Gecko/20100101 Firefox/48.0"
104.23.229.65 - - [16/Jun/2026:21:32:29 +0000] "GET /wp-json/wp/v2/users HTTP/1.1" 200 495 "-" "Mozilla/5.0 (Windows NT 10.0; Win64; x64; rv:56.0) Gecko/20100101 Firefox/56.0"
104.23.225.2 - - [16/Jun/2026:21:32:30 +0000] "POST /wp-login.php HTTP/1.1" 200 3301 "-" "Mozilla/5.0 (Windows NT 10.0; Win64; x64; rv:67.0) Gecko/20100101 Firefox/67.0"
141.101.76.67 - - [16/Jun/2026:21:32:30 +0000] "GET /author/admin/ HTTP/1.1" 200 23662 "-" "Mozilla/5.0 (Windows NT 10.0; Win64; x64; rv:55.0) Gecko/20100101 Firefox/55.0"
104.23.229.64 - - [16/Jun/2026:21:32:30 +0000] "POST /wp-login.php HTTP/1.1" 200 3299 "-" "Mozilla/5.0 (Windows NT 10.0; Win64; x64; rv:55.0) Gecko/20100101 Firefox/55.0"
172.71.127.142 - - [16/Jun/2026:21:32:30 +0000] "POST /wp-login.php HTTP/1.1" 200 3299 "-" "Mozilla/5.0 (Windows NT 10.0; Win64; x64; rv:50.0) Gecko/20100101 Firefox/50.0"
172.71.103.13 - - [16/Jun/2026:21:32:30 +0000] "GET /wp-json/wp/v2/users HTTP/1.1" 200 495 "-" "Mozilla/5.0 (Windows NT 10.0; Win64; x64; rv:81.0) Gecko/20100101 Firefox/81.0"
104.23.225.3 - - [16/Jun/2026:21:32:30 +0000] "GET /?author=1 HTTP/1.1" 301 5 "-" "Mozilla/5.0 (Windows NT 10.0; Win64; x64; rv:72.0) Gecko/20100101 Firefox/72.0"
104.23.170.186 - - [16/Jun/2026:21:32:30 +0000] "POST /wp-login.php HTTP/1.1" 200 3299 "-" "Mozilla/5.0 (Windows NT 10.0; Win64; x64; rv:84.0) Gecko/20100101 Firefox/84.0"
104.23.170.187 - - [16/Jun/2026:21:32:31 +0000] "GET /?author=2 HTTP/1.1" 200 19023 "-" "Mozilla/5.0 (Windows NT 10.0; Win64; x64; rv:64.0) Gecko/20100101 Firefox/64.0"
172.71.123.47 - - [16/Jun/2026:21:32:31 +0000] "GET / HTTP/1.1" 200 28961 "-" "Mozilla/5.0 (Windows NT 10.0; Win64; x64; rv:67.0) Gecko/20100101 Firefox/67.0"
172.71.119.83 - - [16/Jun/2026:21:32:31 +0000] "GET /?author=1 HTTP/1.1" 301 5 "-" "Mozilla/5.0 (Windows NT 10.0; Win64; x64; rv:82.0) Gecko/20100101 Firefox/82.0"
104.23.225.3 - - [16/Jun/2026:21:32:31 +0000] "GET /author/admin/ HTTP/1.1" 200 23662 "-" "Mozilla/5.0 (Windows NT 10.0; Win64; x64; rv:72.0) Gecko/20100101 Firefox/72.0"
104.23.166.121 - - [16/Jun/2026:21:32:31 +0000] "GET / HTTP/1.1" 200 28959 "-" "Mozilla/5.0 (Windows NT 10.0; Win64; x64; rv:68.0) Gecko/20100101 Firefox/68.0"
104.23.168.82 - - [16/Jun/2026:21:32:31 +0000] "GET / HTTP/1.1" 200 28961 "-" "Mozilla/5.0 (Windows NT 10.0; Win64; x64; rv:83.0) Gecko/20100101 Firefox/83.0"
104.23.170.186 - - [16/Jun/2026:21:32:31 +0000] "GET /?author=3 HTTP/1.1" 200 19023 "-" "Mozilla/5.0 (Windows NT 10.0; Win64; x64; rv:57.0) Gecko/20100101 Firefox/57.0"
104.23.168.82 - - [16/Jun/2026:21:32:31 +0000] "POST /xmlrpc.php HTTP/1.1" 403 133 "-" "Mozilla/5.0 (Windows NT 10.0; Win64; x64; rv:69.0) Gecko/20100101 Firefox/69.0"
172.71.119.83 - - [16/Jun/2026:21:32:32 +0000] "GET /author/admin/ HTTP/1.1" 200 23662 "-" "Mozilla/5.0 (Windows NT 10.0; Win64; x64; rv:82.0) Gecko/20100101 Firefox/82.0"
172.71.95.98 - - [16/Jun/2026:21:32:32 +0000] "GET /wp-json/wp/v2/users HTTP/1.1" 200 495 "-" "Mozilla/5.0 (Windows NT 10.0; Win64; x64; rv:61.0) Gecko/20100101 Firefox/61.0"
172.71.99.142 - - [16/Jun/2026:21:32:32 +0000] "GET /wp-json/wp/v2/users HTTP/1.1" 200 495 "-" "Mozilla/5.0 (Windows NT 10.0; Win64; x64; rv:64.0) Gecko/20100101 Firefox/64.0"
172.71.127.141 - - [16/Jun/2026:21:32:32 +0000] "GET /wp-json/wp/v2/users HTTP/1.1" 200 495 "-" "Mozilla/5.0 (Windows NT 10.0; Win64; x64; rv:95.0) Gecko/20100101 Firefox/95.0"
172.71.119.83 - - [16/Jun/2026:21:32:32 +0000] "GET / HTTP/1.1" 200 28960 "-" "Mozilla/5.0 (Windows NT 10.0; Win64; x64; rv:100.0) Gecko/20100101 Firefox/100.0"
172.69.223.76 - - [16/Jun/2026:21:32:33 +0000] "GET /?author=2 HTTP/1.1" 200 19023 "-" "Mozilla/5.0 (Windows NT 10.0; Win64; x64; rv:93.0) Gecko/20100101 Firefox/93.0"
172.70.47.51 - - [16/Jun/2026:21:32:33 +0000] "GET /?author=2 HTTP/1.1" 200 19023 "-" "Mozilla/5.0 (Windows NT 10.0; Win64; x64; rv:87.0) Gecko/20100101 Firefox/87.0"
172.71.119.83 - - [16/Jun/2026:21:32:33 +0000] "GET /?author=1 HTTP/1.1" 301 5 "-" "Mozilla/5.0 (Windows NT 10.0; Win64; x64; rv:62.0) Gecko/20100101 Firefox/62.0"
172.71.103.13 - - [16/Jun/2026:21:32:33 +0000] "POST /wp-login.php HTTP/1.1" 200 3301 "-" "Mozilla/5.0 (Windows NT 10.0; Win64; x64; rv:68.0) Gecko/20100101 Firefox/68.0"
172.70.47.52 - - [16/Jun/2026:21:32:33 +0000] "GET /?author=1 HTTP/1.1" 301 5 "-" "Mozilla/5.0 (Windows NT 10.0; Win64; x64; rv:45.0) Gecko/20100101 Firefox/45.0"
172.70.47.51 - - [16/Jun/2026:21:32:33 +0000] "GET /?author=1 HTTP/1.1" 301 5 "-" "Mozilla/5.0 (Windows NT 10.0; Win64; x64; rv:77.0) Gecko/20100101 Firefox/77.0"
172.71.119.83 - - [16/Jun/2026:21:32:34 +0000] "GET /wp-json/wp/v2/users HTTP/1.1" 200 495 "-" "Mozilla/5.0 (Windows NT 10.0; Win64; x64; rv:98.0) Gecko/20100101 Firefox/98.0"
172.71.182.154 - - [16/Jun/2026:21:32:35 +0000] "GET /?author=3 HTTP/1.1" 200 19023 "-" "Mozilla/5.0 (Windows NT 10.0; Win64; x64; rv:97.0) Gecko/20100101 Firefox/97.0"
104.23.166.120 - - [16/Jun/2026:21:32:35 +0000] "POST /xmlrpc.php HTTP/1.1" 403 133 "-" "Mozilla/5.0 (Windows NT 10.0; Win64; x64; rv:50.0) Gecko/20100101 Firefox/50.0"
104.23.168.82 - - [16/Jun/2026:21:32:35 +0000] "GET /?author=1 HTTP/1.1" 301 5 "-" "Mozilla/5.0 (Windows NT 10.0; Win64; x64; rv:88.0) Gecko/20100101 Firefox/88.0"
172.70.47.52 - - [16/Jun/2026:21:32:35 +0000] "GET /author/admin/ HTTP/1.1" 200 23662 "-" "Mozilla/5.0 (Windows NT 10.0; Win64; x64; rv:45.0) Gecko/20100101 Firefox/45.0"
172.71.119.83 - - [16/Jun/2026:21:32:35 +0000] "GET /author/admin/ HTTP/1.1" 200 23662 "-" "Mozilla/5.0 (Windows NT 10.0; Win64; x64; rv:62.0) Gecko/20100101 Firefox/62.0"
104.23.170.187 - - [16/Jun/2026:21:32:35 +0000] "POST /wp-login.php HTTP/1.1" 200 3299 "-" "Mozilla/5.0 (Windows NT 10.0; Win64; x64; rv:41.0) Gecko/20100101 Firefox/41.0"
172.71.131.108 - - [16/Jun/2026:21:32:35 +0000] "GET /?author=3 HTTP/1.1" 200 19023 "-" "Mozilla/5.0 (Windows NT 10.0; Win64; x64; rv:73.0) Gecko/20100101 Firefox/73.0"
162.159.113.90 - - [16/Jun/2026:21:32:35 +0000] "POST /xmlrpc.php HTTP/1.1" 403 133 "-" "Mozilla/5.0 (Windows NT 10.0; Win64; x64; rv:74.0) Gecko/20100101 Firefox/74.0"
172.70.47.51 - - [16/Jun/2026:21:32:35 +0000] "GET /author/admin/ HTTP/1.1" 200 23662 "-" "Mozilla/5.0 (Windows NT 10.0; Win64; x64; rv:77.0) Gecko/20100101 Firefox/77.0"
162.159.113.91 - - [16/Jun/2026:21:32:36 +0000] "GET /?author=2 HTTP/1.1" 200 19023 "-" "Mozilla/5.0 (Windows NT 10.0; Win64; x64; rv:69.0) Gecko/20100101 Firefox/69.0"
172.68.151.147 - - [16/Jun/2026:21:32:36 +0000] "POST /wp-login.php HTTP/1.1" 200 3301 "-" "Mozilla/5.0 (Windows NT 10.0; Win64; x64; rv:91.0) Gecko/20100101 Firefox/91.0"
104.23.225.3 - - [16/Jun/2026:21:32:36 +0000] "GET /?author=2 HTTP/1.1" 200 19023 "-" "Mozilla/5.0 (Windows NT 10.0; Win64; x64; rv:51.0) Gecko/20100101 Firefox/51.0"
104.23.168.82 - - [16/Jun/2026:21:32:37 +0000] "GET /author/admin/ HTTP/1.1" 200 23662 "-" "Mozilla/5.0 (Windows NT 10.0; Win64; x64; rv:88.0) Gecko/20100101 Firefox/88.0"
172.71.182.155 - - [16/Jun/2026:21:32:37 +0000] "POST /wp-login.php HTTP/1.1" 200 3301 "-" "Mozilla/5.0 (Windows NT 10.0; Win64; x64; rv:94.0) Gecko/20100101 Firefox/94.0"
172.71.123.48 - - [16/Jun/2026:21:32:37 +0000] "GET /?author=2 HTTP/1.1" 200 19023 "-" "Mozilla/5.0 (Windows NT 10.0; Win64; x64; rv:45.0) Gecko/20100101 Firefox/45.0"
172.71.99.142 - - [16/Jun/2026:21:32:37 +0000] "GET /?author=3 HTTP/1.1" 200 19023 "-" "Mozilla/5.0 (Windows NT 10.0; Win64; x64; rv:91.0) Gecko/20100101 Firefox/91.0"
172.71.95.97 - - [16/Jun/2026:21:32:38 +0000] "POST /xmlrpc.php HTTP/1.1" 403 133 "-" "Mozilla/5.0 (Windows NT 10.0; Win64; x64; rv:74.0) Gecko/20100101 Firefox/74.0"
104.23.225.2 - - [16/Jun/2026:21:32:38 +0000] "POST /wp-login.php HTTP/1.1" 200 3299 "-" "Mozilla/5.0 (Windows NT 10.0; Win64; x64; rv:56.0) Gecko/20100101 Firefox/56.0"
172.68.151.147 - - [16/Jun/2026:21:32:38 +0000] "POST /wp-login.php HTTP/1.1" 200 3299 "-" "Mozilla/5.0 (Windows NT 10.0; Win64; x64; rv:55.0) Gecko/20100101 Firefox/55.0"
104.23.172.129 - - [16/Jun/2026:21:32:39 +0000] "GET /?author=3 HTTP/1.1" 200 19023 "-" "Mozilla/5.0 (Windows NT 10.0; Win64; x64; rv:71.0) Gecko/20100101 Firefox/71.0"
104.23.229.65 - - [16/Jun/2026:21:32:39 +0000] "GET /?author=2 HTTP/1.1" 200 19023 "-" "Mozilla/5.0 (Windows NT 10.0; Win64; x64; rv:50.0) Gecko/20100101 Firefox/50.0"
104.23.225.3 - - [16/Jun/2026:21:32:39 +0000] "POST /xmlrpc.php HTTP/1.1" 403 133 "-" "Mozilla/5.0 (Windows NT 10.0; Win64; x64; rv:89.0) Gecko/20100101 Firefox/89.0"
104.23.225.3 - - [16/Jun/2026:21:32:39 +0000] "GET /?author=3 HTTP/1.1" 200 19023 "-" "Mozilla/5.0 (Windows NT 10.0; Win64; x64; rv:70.0) Gecko/20100101 Firefox/70.0"
104.23.170.187 - - [16/Jun/2026:21:32:39 +0000] "POST /xmlrpc.php HTTP/1.1" 403 133 "-" "Mozilla/5.0 (Windows NT 10.0; Win64; x64; rv:59.0) Gecko/20100101 Firefox/59.0"
104.23.168.82 - - [16/Jun/2026:21:32:39 +0000] "POST /wp-login.php HTTP/1.1" 200 3301 "-" "Mozilla/5.0 (Windows NT 10.0; Win64; x64; rv:96.0) Gecko/20100101 Firefox/96.0"
104.23.225.3 - - [16/Jun/2026:21:32:40 +0000] "POST /wp-login.php HTTP/1.1" 200 3301 "-" "Mozilla/5.0 (Windows NT 10.0; Win64; x64; rv:80.0) Gecko/20100101 Firefox/80.0"
172.71.95.98 - - [16/Jun/2026:21:32:40 +0000] "GET /?author=3 HTTP/1.1" 200 19023 "-" "Mozilla/5.0 (Windows NT 10.0; Win64; x64; rv:45.0) Gecko/20100101 Firefox/45.0"
104.23.170.186 - - [16/Jun/2026:21:32:40 +0000] "POST /wp-login.php HTTP/1.1" 200 3301 "-" "Mozilla/5.0 (Windows NT 10.0; Win64; x64; rv:97.0) Gecko/20100101 Firefox/97.0"
104.23.166.120 - - [16/Jun/2026:21:32:40 +0000] "POST /xmlrpc.php HTTP/1.1" 403 133 "-" "Mozilla/5.0 (Windows NT 10.0; Win64; x64; rv:64.0) Gecko/20100101 Firefox/64.0"
172.71.99.141 - - [16/Jun/2026:21:32:40 +0000] "POST /wp-login.php HTTP/1.1" 200 3299 "-" "Mozilla/5.0 (Windows NT 10.0; Win64; x64; rv:50.0) Gecko/20100101 Firefox/50.0"
104.23.172.128 - - [16/Jun/2026:21:32:41 +0000] "GET / HTTP/1.1" 200 28960 "-" "Mozilla/5.0 (Windows NT 10.0; Win64; x64; rv:72.0) Gecko/20100101 Firefox/72.0"
172.71.103.13 - - [16/Jun/2026:21:32:42 +0000] "POST /wp-login.php HTTP/1.1" 200 3299 "-" "Mozilla/5.0 (Windows NT 10.0; Win64; x64; rv:88.0) Gecko/20100101 Firefox/88.0"
141.101.76.66 - - [16/Jun/2026:21:32:42 +0000] "POST /wp-login.php HTTP/1.1" 200 3299 "-" "Mozilla/5.0 (Windows NT 10.0; Win64; x64; rv:61.0) Gecko/20100101 Firefox/61.0"
172.70.47.52 - - [16/Jun/2026:21:32:42 +0000] "POST /wp-login.php HTTP/1.1" 200 3301 "-" "Mozilla/5.0 (Windows NT 10.0; Win64; x64; rv:55.0) Gecko/20100101 Firefox/55.0"
104.23.166.120 - - [16/Jun/2026:21:32:43 +0000] "GET / HTTP/1.1" 200 28961 "-" "Mozilla/5.0 (Windows NT 10.0; Win64; x64; rv:74.0) Gecko/20100101 Firefox/74.0"
172.71.95.97 - - [16/Jun/2026:21:32:43 +0000] "GET /wp-json/wp/v2/users HTTP/1.1" 200 495 "-" "Mozilla/5.0 (Windows NT 10.0; Win64; x64; rv:87.0) Gecko/20100101 Firefox/87.0"
172.71.119.83 - - [16/Jun/2026:21:32:44 +0000] "POST /wp-login.php HTTP/1.1" 200 3299 "-" "Mozilla/5.0 (Windows NT 10.0; Win64; x64; rv:79.0) Gecko/20100101 Firefox/79.0"
172.68.151.147 - - [16/Jun/2026:21:32:45 +0000] "GET /?author=1 HTTP/1.1" 301 5 "-" "Mozilla/5.0 (Windows NT 10.0; Win64; x64; rv:71.0) Gecko/20100101 Firefox/71.0"
104.23.170.187 - - [16/Jun/2026:21:32:45 +0000] "GET /wp-json/wp/v2/users HTTP/1.1" 200 495 "-" "Mozilla/5.0 (Windows NT 10.0; Win64; x64; rv:78.0) Gecko/20100101 Firefox/78.0"
104.23.225.2 - - [16/Jun/2026:21:32:46 +0000] "GET /?author=1 HTTP/1.1" 301 5 "-" "Mozilla/5.0 (Windows NT 10.0; Win64; x64; rv:78.0) Gecko/20100101 Firefox/78.0"
172.68.151.147 - - [16/Jun/2026:21:32:46 +0000] "GET /author/admin/ HTTP/1.1" 200 23662 "-" "Mozilla/5.0 (Windows NT 10.0; Win64; x64; rv:71.0) Gecko/20100101 Firefox/71.0"
104.23.225.3 - - [16/Jun/2026:21:32:47 +0000] "GET /author/admin/ HTTP/1.1" 200 23662 "-" "Mozilla/5.0 (Windows NT 10.0; Win64; x64; rv:78.0) Gecko/20100101 Firefox/78.0"
172.71.127.141 - - [16/Jun/2026:21:32:47 +0000] "GET /?author=2 HTTP/1.1" 200 19023 "-" "Mozilla/5.0 (Windows NT 10.0; Win64; x64; rv:60.0) Gecko/20100101 Firefox/60.0"
172.71.182.154 - - [16/Jun/2026:21:32:48 +0000] "GET /?author=2 HTTP/1.1" 200 19023 "-" "Mozilla/5.0 (Windows NT 10.0; Win64; x64; rv:67.0) Gecko/20100101 Firefox/67.0"
172.71.131.108 - - [16/Jun/2026:21:32:48 +0000] "GET /?author=3 HTTP/1.1" 200 19023 "-" "Mozilla/5.0 (Windows NT 10.0; Win64; x64; rv:45.0) Gecko/20100101 Firefox/45.0"
104.23.229.65 - - [16/Jun/2026:21:32:48 +0000] "POST /xmlrpc.php HTTP/1.1" 403 133 "-" "Mozilla/5.0 (Windows NT 10.0; Win64; x64; rv:81.0) Gecko/20100101 Firefox/81.0"
172.70.47.51 - - [16/Jun/2026:21:32:49 +0000] "GET /?author=3 HTTP/1.1" 200 19023 "-" "Mozilla/5.0 (Windows NT 10.0; Win64; x64; rv:56.0) Gecko/20100101 Firefox/56.0"
104.23.170.186 - - [16/Jun/2026:21:32:49 +0000] "POST /wp-login.php HTTP/1.1" 200 3301 "-" "Mozilla/5.0 (Windows NT 10.0; Win64; x64; rv:86.0) Gecko/20100101 Firefox/86.0"
172.71.232.5 - - [16/Jun/2026:21:32:49 +0000] "POST /xmlrpc.php HTTP/1.1" 403 133 "-" "Mozilla/5.0 (Windows NT 10.0; Win64; x64; rv:70.0) Gecko/20100101 Firefox/70.0"
172.71.99.142 - - [16/Jun/2026:21:32:50 +0000] "POST /wp-login.php HTTP/1.1" 200 3299 "-" "Mozilla/5.0 (Windows NT 10.0; Win64; x64; rv:88.0) Gecko/20100101 Firefox/88.0"
141.101.76.67 - - [16/Jun/2026:21:32:50 +0000] "POST /wp-login.php HTTP/1.1" 200 3301 "-" "Mozilla/5.0 (Windows NT 10.0; Win64; x64; rv:61.0) Gecko/20100101 Firefox/61.0"
172.68.151.147 - - [16/Jun/2026:21:32:51 +0000] "POST /wp-login.php HTTP/1.1" 200 3299 "-" "Mozilla/5.0 (Windows NT 10.0; Win64; x64; rv:89.0) Gecko/20100101 Firefox/89.0"
104.23.166.121 - - [16/Jun/2026:21:32:55 +0000] "GET / HTTP/1.1" 200 28960 "-" "Mozilla/5.0 (Windows NT 10.0; Win64; x64; rv:63.0) Gecko/20100101 Firefox/63.0"
172.71.95.98 - - [16/Jun/2026:21:32:57 +0000] "GET /wp-json/wp/v2/users HTTP/1.1" 200 495 "-" "Mozilla/5.0 (Windows NT 10.0; Win64; x64; rv:56.0) Gecko/20100101 Firefox/56.0"
172.70.47.52 - - [16/Jun/2026:21:32:58 +0000] "GET /?author=1 HTTP/1.1" 301 5 "-" "Mozilla/5.0 (Windows NT 10.0; Win64; x64; rv:45.0) Gecko/20100101 Firefox/45.0"
172.70.47.51 - - [16/Jun/2026:21:32:59 +0000] "GET /author/admin/ HTTP/1.1" 200 23662 "-" "Mozilla/5.0 (Windows NT 10.0; Win64; x64; rv:45.0) Gecko/20100101 Firefox/45.0"
172.71.123.47 - - [16/Jun/2026:21:33:01 +0000] "GET /?author=2 HTTP/1.1" 200 19023 "-" "Mozilla/5.0 (Windows NT 10.0; Win64; x64; rv:78.0) Gecko/20100101 Firefox/78.0"
172.68.151.147 - - [16/Jun/2026:21:33:02 +0000] "GET /?author=3 HTTP/1.1" 200 19023 "-" "Mozilla/5.0 (Windows NT 10.0; Win64; x64; rv:68.0) Gecko/20100101 Firefox/68.0"
104.23.170.187 - - [16/Jun/2026:21:33:02 +0000] "POST /xmlrpc.php HTTP/1.1" 403 133 "-" "Mozilla/5.0 (Windows NT 10.0; Win64; x64; rv:89.0) Gecko/20100101 Firefox/89.0"
104.23.229.65 - - [16/Jun/2026:21:33:03 +0000] "POST /wp-login.php HTTP/1.1" 200 3301 "-" "Mozilla/5.0 (Windows NT 10.0; Win64; x64; rv:48.0) Gecko/20100101 Firefox/48.0"
104.23.172.129 - - [16/Jun/2026:21:33:05 +0000] "POST /wp-login.php HTTP/1.1" 200 3299 "-" "Mozilla/5.0 (Windows NT 10.0; Win64; x64; rv:89.0) Gecko/20100101 Firefox/89.0"
162.158.163.153 - - [16/Jun/2026:21:34:19 +0000] "GET /wp-login.php HTTP/1.1" 200 3177 "-" "Mozilla/5.0 (X11; Linux x86_64; rv:133.0) Gecko/20100101 Firefox/133.0"
162.158.162.156 - - [16/Jun/2026:21:34:21 +0000] "POST /wp-login.php HTTP/1.1" 200 3359 "https://adwrap.pl/wp-login.php" "Mozilla/5.0 (X11; Linux x86_64; rv:133.0) Gecko/20100101 Firefox/133.0"
172.68.245.201 - - [16/Jun/2026:21:34:49 +0000] "GET /nuovi-casino-online-bonus-senza-deposito/ HTTP/1.1" 404 18248 "-" "meta-externalagent/1.1 (+https://developers.facebook.com/docs/sharing/webmasters/crawler)"
104.23.211.127 - - [16/Jun/2026:21:35:02 +0000] "GET /slot-jackpot/ HTTP/1.1" 404 18248 "-" "meta-externalagent/1.1 (+https://developers.facebook.com/docs/sharing/webmasters/crawler)"
162.158.217.18 - - [16/Jun/2026:21:35:10 +0000] "GET / HTTP/1.1" 200 28963 "http://ADWRAP.PL" "Go-http-client/1.1"
