93.123.109.167 - - [16/Jun/2026:02:06:14 +0000] "GET /css../settings.py HTTP/1.1" 404 102264 "https://apteka-centralna.pl/" "Mozilla/5.0 (Windows NT 10.0; Win64; x64) AppleWebKit/537.36 (KHTML, like Gecko) Chrome/131.0.6778.205 Safari/537.36"
93.123.109.167 - - [16/Jun/2026:02:06:15 +0000] "GET /css../config.py HTTP/1.1" 404 102264 "https://apteka-centralna.pl/" "Mozilla/5.0 (Windows NT 10.0; Win64; x64) AppleWebKit/537.36 (KHTML, like Gecko) Chrome/131.0.6778.205 Safari/537.36"
93.123.109.167 - - [16/Jun/2026:02:06:16 +0000] "GET /css../.git/config HTTP/1.1" 404 105422 "https://apteka-centralna.pl/" "Mozilla/5.0 (Windows NT 10.0; Win64; x64) AppleWebKit/537.36 (KHTML, like Gecko) Chrome/131.0.6778.205 Safari/537.36"
93.123.109.167 - - [16/Jun/2026:02:06:16 +0000] "GET /css../docker-compose.yml HTTP/1.1" 404 102264 "https://apteka-centralna.pl/" "Mozilla/5.0 (Windows NT 10.0; Win64; x64) AppleWebKit/537.36 (KHTML, like Gecko) Chrome/131.0.6778.205 Safari/537.36"
93.123.109.167 - - [16/Jun/2026:02:06:17 +0000] "GET /images../ HTTP/1.1" 404 102264 "https://apteka-centralna.pl/" "Mozilla/5.0 (Windows NT 10.0; Win64; x64) AppleWebKit/537.36 (KHTML, like Gecko) Chrome/131.0.6778.205 Safari/537.36"
93.123.109.167 - - [16/Jun/2026:02:06:17 +0000] "GET /images../etc/passwd HTTP/1.1" 404 105422 "https://apteka-centralna.pl/" "Mozilla/5.0 (Windows NT 10.0; Win64; x64) AppleWebKit/537.36 (KHTML, like Gecko) Chrome/131.0.6778.205 Safari/537.36"
93.123.109.167 - - [16/Jun/2026:02:06:18 +0000] "GET /images../etc/nginx/nginx.conf HTTP/1.1" 404 105422 "https://apteka-centralna.pl/" "Mozilla/5.0 (Windows NT 10.0; Win64; x64) AppleWebKit/537.36 (KHTML, like Gecko) Chrome/131.0.6778.205 Safari/537.36"
93.123.109.167 - - [16/Jun/2026:02:06:19 +0000] "GET /images../.env HTTP/1.1" 404 102264 "https://apteka-centralna.pl/" "Mozilla/5.0 (Windows NT 10.0; Win64; x64) AppleWebKit/537.36 (KHTML, like Gecko) Chrome/131.0.6778.205 Safari/537.36"
93.123.109.167 - - [16/Jun/2026:02:06:19 +0000] "GET /images../config.php HTTP/1.1" 404 564 "https://apteka-centralna.pl/" "Mozilla/5.0 (Windows NT 10.0; Win64; x64) AppleWebKit/537.36 (KHTML, like Gecko) Chrome/131.0.6778.205 Safari/537.36"
93.123.109.167 - - [16/Jun/2026:02:06:19 +0000] "GET /images../settings.py HTTP/1.1" 404 102264 "https://apteka-centralna.pl/" "Mozilla/5.0 (Windows NT 10.0; Win64; x64) AppleWebKit/537.36 (KHTML, like Gecko) Chrome/131.0.6778.205 Safari/537.36"
93.123.109.167 - - [16/Jun/2026:02:06:20 +0000] "GET /images../config.py HTTP/1.1" 404 102264 "https://apteka-centralna.pl/" "Mozilla/5.0 (Windows NT 10.0; Win64; x64) AppleWebKit/537.36 (KHTML, like Gecko) Chrome/131.0.6778.205 Safari/537.36"
93.123.109.167 - - [16/Jun/2026:02:06:21 +0000] "GET /images../.git/config HTTP/1.1" 404 105422 "https://apteka-centralna.pl/" "Mozilla/5.0 (Windows NT 10.0; Win64; x64) AppleWebKit/537.36 (KHTML, like Gecko) Chrome/131.0.6778.205 Safari/537.36"
93.123.109.167 - - [16/Jun/2026:02:06:21 +0000] "GET /images../docker-compose.yml HTTP/1.1" 404 102264 "https://apteka-centralna.pl/" "Mozilla/5.0 (Windows NT 10.0; Win64; x64) AppleWebKit/537.36 (KHTML, like Gecko) Chrome/131.0.6778.205 Safari/537.36"
93.123.109.167 - - [16/Jun/2026:02:06:22 +0000] "GET /api../ HTTP/1.1" 404 102264 "https://apteka-centralna.pl/" "Mozilla/5.0 (Windows NT 10.0; Win64; x64) AppleWebKit/537.36 (KHTML, like Gecko) Chrome/131.0.6778.205 Safari/537.36"
93.123.109.167 - - [16/Jun/2026:02:06:23 +0000] "GET /api../etc/passwd HTTP/1.1" 404 105422 "https://apteka-centralna.pl/" "Mozilla/5.0 (Windows NT 10.0; Win64; x64) AppleWebKit/537.36 (KHTML, like Gecko) Chrome/131.0.6778.205 Safari/537.36"
93.123.109.167 - - [16/Jun/2026:02:06:24 +0000] "GET /api../etc/nginx/nginx.conf HTTP/1.1" 404 105422 "https://apteka-centralna.pl/" "Mozilla/5.0 (Windows NT 10.0; Win64; x64) AppleWebKit/537.36 (KHTML, like Gecko) Chrome/131.0.6778.205 Safari/537.36"
93.123.109.167 - - [16/Jun/2026:02:06:25 +0000] "GET /api../.env HTTP/1.1" 404 102264 "https://apteka-centralna.pl/" "Mozilla/5.0 (Windows NT 10.0; Win64; x64) AppleWebKit/537.36 (KHTML, like Gecko) Chrome/131.0.6778.205 Safari/537.36"
93.123.109.167 - - [16/Jun/2026:02:06:25 +0000] "GET /api../config.php HTTP/1.1" 404 564 "https://apteka-centralna.pl/" "Mozilla/5.0 (Windows NT 10.0; Win64; x64) AppleWebKit/537.36 (KHTML, like Gecko) Chrome/131.0.6778.205 Safari/537.36"
93.123.109.167 - - [16/Jun/2026:02:06:26 +0000] "GET /api../settings.py HTTP/1.1" 404 102264 "https://apteka-centralna.pl/" "Mozilla/5.0 (Windows NT 10.0; Win64; x64) AppleWebKit/537.36 (KHTML, like Gecko) Chrome/131.0.6778.205 Safari/537.36"
93.123.109.167 - - [16/Jun/2026:02:06:27 +0000] "GET /api../config.py HTTP/1.1" 404 102264 "https://apteka-centralna.pl/" "Mozilla/5.0 (Windows NT 10.0; Win64; x64) AppleWebKit/537.36 (KHTML, like Gecko) Chrome/131.0.6778.205 Safari/537.36"
93.123.109.167 - - [16/Jun/2026:02:06:27 +0000] "GET /api../.git/config HTTP/1.1" 404 105422 "https://apteka-centralna.pl/" "Mozilla/5.0 (Windows NT 10.0; Win64; x64) AppleWebKit/537.36 (KHTML, like Gecko) Chrome/131.0.6778.205 Safari/537.36"
93.123.109.167 - - [16/Jun/2026:02:06:28 +0000] "GET /api../docker-compose.yml HTTP/1.1" 404 102264 "https://apteka-centralna.pl/" "Mozilla/5.0 (Windows NT 10.0; Win64; x64) AppleWebKit/537.36 (KHTML, like Gecko) Chrome/131.0.6778.205 Safari/537.36"
93.123.109.167 - - [16/Jun/2026:02:06:28 +0000] "GET /content../ HTTP/1.1" 404 102264 "https://apteka-centralna.pl/" "Mozilla/5.0 (Windows NT 10.0; Win64; x64) AppleWebKit/537.36 (KHTML, like Gecko) Chrome/131.0.6778.205 Safari/537.36"
135.119.27.130 - - [16/Jun/2026:02:06:29 +0000] "GET /wk/index.php HTTP/1.1" 404 194 "-" "Mozilla/5.0 (Windows NT 10.0; Win64; x64) AppleWebKit/537.36 (KHTML, like Gecko) Chrome/120.0.0.0 Safari/537.36"
135.119.27.130 - - [16/Jun/2026:02:06:29 +0000] "GET /inputs.php HTTP/1.1" 404 194 "-" "Mozilla/5.0 (Windows NT 10.0; Win64; x64) AppleWebKit/537.36 (KHTML, like Gecko) Chrome/120.0.0.0 Safari/537.36"
135.119.27.130 - - [16/Jun/2026:02:06:29 +0000] "GET /ioxi-o.php HTTP/1.1" 404 194 "-" "Mozilla/5.0 (Windows NT 10.0; Win64; x64) AppleWebKit/537.36 (KHTML, like Gecko) Chrome/120.0.0.0 Safari/537.36"
135.119.27.130 - - [16/Jun/2026:02:06:29 +0000] "GET /function/function.php HTTP/1.1" 404 194 "-" "Mozilla/5.0 (Windows NT 10.0; Win64; x64) AppleWebKit/537.36 (KHTML, like Gecko) Chrome/120.0.0.0 Safari/537.36"
135.119.27.130 - - [16/Jun/2026:02:06:29 +0000] "GET /rip.php HTTP/1.1" 404 194 "-" "Mozilla/5.0 (Windows NT 10.0; Win64; x64) AppleWebKit/537.36 (KHTML, like Gecko) Chrome/120.0.0.0 Safari/537.36"
93.123.109.167 - - [16/Jun/2026:02:06:29 +0000] "GET /content../etc/passwd HTTP/1.1" 404 105399 "https://apteka-centralna.pl/" "Mozilla/5.0 (Windows NT 10.0; Win64; x64) AppleWebKit/537.36 (KHTML, like Gecko) Chrome/131.0.6778.205 Safari/537.36"
135.119.27.130 - - [16/Jun/2026:02:06:29 +0000] "GET /admin.php HTTP/1.1" 404 194 "-" "Mozilla/5.0 (Windows NT 10.0; Win64; x64) AppleWebKit/537.36 (KHTML, like Gecko) Chrome/120.0.0.0 Safari/537.36"
135.119.27.130 - - [16/Jun/2026:02:06:30 +0000] "GET /wp-content/uploads/index.php HTTP/1.1" 403 193 "-" "Mozilla/5.0 (Windows NT 10.0; Win64; x64) AppleWebKit/537.36 (KHTML, like Gecko) Chrome/120.0.0.0 Safari/537.36"
135.119.27.130 - - [16/Jun/2026:02:06:30 +0000] "GET /cache.php HTTP/1.1" 404 194 "-" "Mozilla/5.0 (Windows NT 10.0; Win64; x64) AppleWebKit/537.36 (KHTML, like Gecko) Chrome/120.0.0.0 Safari/537.36"
93.123.109.167 - - [16/Jun/2026:02:06:30 +0000] "GET /content../etc/nginx/nginx.conf HTTP/1.1" 404 105422 "https://apteka-centralna.pl/" "Mozilla/5.0 (Windows NT 10.0; Win64; x64) AppleWebKit/537.36 (KHTML, like Gecko) Chrome/131.0.6778.205 Safari/537.36"
135.119.27.130 - - [16/Jun/2026:02:06:30 +0000] "GET /themes.php HTTP/1.1" 404 194 "-" "Mozilla/5.0 (Windows NT 10.0; Win64; x64) AppleWebKit/537.36 (KHTML, like Gecko) Chrome/120.0.0.0 Safari/537.36"
135.119.27.130 - - [16/Jun/2026:02:06:30 +0000] "GET /an.php HTTP/1.1" 404 194 "-" "Mozilla/5.0 (Windows NT 10.0; Win64; x64) AppleWebKit/537.36 (KHTML, like Gecko) Chrome/120.0.0.0 Safari/537.36"
135.119.27.130 - - [16/Jun/2026:02:06:30 +0000] "GET /index/function.php HTTP/1.1" 404 194 "-" "Mozilla/5.0 (Windows NT 10.0; Win64; x64) AppleWebKit/537.36 (KHTML, like Gecko) Chrome/120.0.0.0 Safari/537.36"
93.123.109.167 - - [16/Jun/2026:02:06:30 +0000] "GET /content../.env HTTP/1.1" 404 102264 "https://apteka-centralna.pl/" "Mozilla/5.0 (Windows NT 10.0; Win64; x64) AppleWebKit/537.36 (KHTML, like Gecko) Chrome/131.0.6778.205 Safari/537.36"
93.123.109.167 - - [16/Jun/2026:02:06:30 +0000] "GET /content../config.php HTTP/1.1" 404 564 "https://apteka-centralna.pl/" "Mozilla/5.0 (Windows NT 10.0; Win64; x64) AppleWebKit/537.36 (KHTML, like Gecko) Chrome/131.0.6778.205 Safari/537.36"
135.119.27.130 - - [16/Jun/2026:02:06:31 +0000] "GET /randkeyword.PhP7 HTTP/1.1" 404 18371 "-" "Mozilla/5.0 (Windows NT 10.0; Win64; x64) AppleWebKit/537.36 (KHTML, like Gecko) Chrome/120.0.0.0 Safari/537.36"
93.123.109.167 - - [16/Jun/2026:02:06:31 +0000] "GET /content../settings.py HTTP/1.1" 404 102264 "https://apteka-centralna.pl/" "Mozilla/5.0 (Windows NT 10.0; Win64; x64) AppleWebKit/537.36 (KHTML, like Gecko) Chrome/131.0.6778.205 Safari/537.36"
135.119.27.130 - - [16/Jun/2026:02:06:31 +0000] "GET /ws.php HTTP/1.1" 404 194 "-" "Mozilla/5.0 (Windows NT 10.0; Win64; x64) AppleWebKit/537.36 (KHTML, like Gecko) Chrome/120.0.0.0 Safari/537.36"
135.119.27.130 - - [16/Jun/2026:02:06:31 +0000] "GET /404.php HTTP/1.1" 404 194 "-" "Mozilla/5.0 (Windows NT 10.0; Win64; x64) AppleWebKit/537.36 (KHTML, like Gecko) Chrome/120.0.0.0 Safari/537.36"
93.123.109.167 - - [16/Jun/2026:02:06:32 +0000] "GET /content../config.py HTTP/1.1" 404 102264 "https://apteka-centralna.pl/" "Mozilla/5.0 (Windows NT 10.0; Win64; x64) AppleWebKit/537.36 (KHTML, like Gecko) Chrome/131.0.6778.205 Safari/537.36"
135.119.27.130 - - [16/Jun/2026:02:06:32 +0000] "GET /wp-admin/user/index.php HTTP/1.1" 302 5 "-" "Mozilla/5.0 (Windows NT 10.0; Win64; x64) AppleWebKit/537.36 (KHTML, like Gecko) Chrome/120.0.0.0 Safari/537.36"
135.119.27.130 - - [16/Jun/2026:02:06:32 +0000] "GET /wp-conf.php HTTP/1.1" 404 194 "-" "Mozilla/5.0 (Windows NT 10.0; Win64; x64) AppleWebKit/537.36 (KHTML, like Gecko) Chrome/120.0.0.0 Safari/537.36"
93.123.109.167 - - [16/Jun/2026:02:06:32 +0000] "GET /content../.git/config HTTP/1.1" 404 105422 "https://apteka-centralna.pl/" "Mozilla/5.0 (Windows NT 10.0; Win64; x64) AppleWebKit/537.36 (KHTML, like Gecko) Chrome/131.0.6778.205 Safari/537.36"
135.119.27.130 - - [16/Jun/2026:02:06:32 +0000] "GET /wp-content/themes/hideo/network.php HTTP/1.1" 403 193 "-" "Mozilla/5.0 (Windows NT 10.0; Win64; x64) AppleWebKit/537.36 (KHTML, like Gecko) Chrome/120.0.0.0 Safari/537.36"
135.119.27.130 - - [16/Jun/2026:02:06:33 +0000] "GET /wp-login.php HTTP/1.1" 200 3269 "-" "Mozilla/5.0 (Windows NT 10.0; Win64; x64) AppleWebKit/537.36 (KHTML, like Gecko) Chrome/120.0.0.0 Safari/537.36"
93.123.109.167 - - [16/Jun/2026:02:06:33 +0000] "GET /content../docker-compose.yml HTTP/1.1" 404 102264 "https://apteka-centralna.pl/" "Mozilla/5.0 (Windows NT 10.0; Win64; x64) AppleWebKit/537.36 (KHTML, like Gecko) Chrome/131.0.6778.205 Safari/537.36"
135.119.27.130 - - [16/Jun/2026:02:06:33 +0000] "GET /abc.php HTTP/1.1" 404 194 "-" "Mozilla/5.0 (Windows NT 10.0; Win64; x64) AppleWebKit/537.36 (KHTML, like Gecko) Chrome/120.0.0.0 Safari/537.36"
135.119.27.130 - - [16/Jun/2026:02:06:33 +0000] "GET /abcd.php HTTP/1.1" 404 194 "-" "Mozilla/5.0 (Windows NT 10.0; Win64; x64) AppleWebKit/537.36 (KHTML, like Gecko) Chrome/120.0.0.0 Safari/537.36"
135.119.27.130 - - [16/Jun/2026:02:06:33 +0000] "GET /as.php HTTP/1.1" 404 194 "-" "Mozilla/5.0 (Windows NT 10.0; Win64; x64) AppleWebKit/537.36 (KHTML, like Gecko) Chrome/120.0.0.0 Safari/537.36"
93.123.109.167 - - [16/Jun/2026:02:06:33 +0000] "GET /public../ HTTP/1.1" 404 102264 "https://apteka-centralna.pl/" "Mozilla/5.0 (Windows NT 10.0; Win64; x64) AppleWebKit/537.36 (KHTML, like Gecko) Chrome/131.0.6778.205 Safari/537.36"
135.119.27.130 - - [16/Jun/2026:02:06:34 +0000] "GET /wp-trackback.php HTTP/1.1" 404 160 "-" "Mozilla/5.0 (Windows NT 10.0; Win64; x64) AppleWebKit/537.36 (KHTML, like Gecko) Chrome/120.0.0.0 Safari/537.36"
93.123.109.167 - - [16/Jun/2026:02:06:34 +0000] "GET /public../etc/passwd HTTP/1.1" 404 105422 "https://apteka-centralna.pl/" "Mozilla/5.0 (Windows NT 10.0; Win64; x64) AppleWebKit/537.36 (KHTML, like Gecko) Chrome/131.0.6778.205 Safari/537.36"
135.119.27.130 - - [16/Jun/2026:02:06:34 +0000] "GET /about.php HTTP/1.1" 404 194 "-" "Mozilla/5.0 (Windows NT 10.0; Win64; x64) AppleWebKit/537.36 (KHTML, like Gecko) Chrome/120.0.0.0 Safari/537.36"
135.119.27.130 - - [16/Jun/2026:02:06:34 +0000] "GET /file.php HTTP/1.1" 404 194 "-" "Mozilla/5.0 (Windows NT 10.0; Win64; x64) AppleWebKit/537.36 (KHTML, like Gecko) Chrome/120.0.0.0 Safari/537.36"
135.119.27.130 - - [16/Jun/2026:02:06:34 +0000] "GET /adminfuns.php HTTP/1.1" 404 194 "-" "Mozilla/5.0 (Windows NT 10.0; Win64; x64) AppleWebKit/537.36 (KHTML, like Gecko) Chrome/120.0.0.0 Safari/537.36"
93.123.109.167 - - [16/Jun/2026:02:06:35 +0000] "GET /public../etc/nginx/nginx.conf HTTP/1.1" 404 105422 "https://apteka-centralna.pl/" "Mozilla/5.0 (Windows NT 10.0; Win64; x64) AppleWebKit/537.36 (KHTML, like Gecko) Chrome/131.0.6778.205 Safari/537.36"
135.119.27.130 - - [16/Jun/2026:02:06:35 +0000] "GET /wp-good.php HTTP/1.1" 404 194 "-" "Mozilla/5.0 (Windows NT 10.0; Win64; x64) AppleWebKit/537.36 (KHTML, like Gecko) Chrome/120.0.0.0 Safari/537.36"
135.119.27.130 - - [16/Jun/2026:02:06:35 +0000] "GET /xmlrpc.php HTTP/1.1" 403 193 "-" "Mozilla/5.0 (Windows NT 10.0; Win64; x64) AppleWebKit/537.36 (KHTML, like Gecko) Chrome/120.0.0.0 Safari/537.36"
135.119.27.130 - - [16/Jun/2026:02:06:35 +0000] "GET /goods.php HTTP/1.1" 404 194 "-" "Mozilla/5.0 (Windows NT 10.0; Win64; x64) AppleWebKit/537.36 (KHTML, like Gecko) Chrome/120.0.0.0 Safari/537.36"
135.119.27.130 - - [16/Jun/2026:02:06:35 +0000] "GET /class-t.api.php HTTP/1.1" 404 194 "-" "Mozilla/5.0 (Windows NT 10.0; Win64; x64) AppleWebKit/537.36 (KHTML, like Gecko) Chrome/120.0.0.0 Safari/537.36"
93.123.109.167 - - [16/Jun/2026:02:06:35 +0000] "GET /public../.env HTTP/1.1" 404 102264 "https://apteka-centralna.pl/" "Mozilla/5.0 (Windows NT 10.0; Win64; x64) AppleWebKit/537.36 (KHTML, like Gecko) Chrome/131.0.6778.205 Safari/537.36"
93.123.109.167 - - [16/Jun/2026:02:06:35 +0000] "GET /public../config.php HTTP/1.1" 404 564 "https://apteka-centralna.pl/" "Mozilla/5.0 (Windows NT 10.0; Win64; x64) AppleWebKit/537.36 (KHTML, like Gecko) Chrome/131.0.6778.205 Safari/537.36"
135.119.27.130 - - [16/Jun/2026:02:06:35 +0000] "GET /sf.php HTTP/1.1" 404 194 "-" "Mozilla/5.0 (Windows NT 10.0; Win64; x64) AppleWebKit/537.36 (KHTML, like Gecko) Chrome/120.0.0.0 Safari/537.36"
135.119.27.130 - - [16/Jun/2026:02:06:35 +0000] "GET /kbfr.php HTTP/1.1" 404 194 "-" "Mozilla/5.0 (Windows NT 10.0; Win64; x64) AppleWebKit/537.36 (KHTML, like Gecko) Chrome/120.0.0.0 Safari/537.36"
135.119.27.130 - - [16/Jun/2026:02:06:36 +0000] "GET /autoload_classmap.php HTTP/1.1" 404 194 "-" "Mozilla/5.0 (Windows NT 10.0; Win64; x64) AppleWebKit/537.36 (KHTML, like Gecko) Chrome/120.0.0.0 Safari/537.36"
135.119.27.130 - - [16/Jun/2026:02:06:36 +0000] "GET /chosen.php?p= HTTP/1.1" 404 194 "-" "Mozilla/5.0 (Windows NT 10.0; Win64; x64) AppleWebKit/537.36 (KHTML, like Gecko) Chrome/120.0.0.0 Safari/537.36"
93.123.109.167 - - [16/Jun/2026:02:06:36 +0000] "GET /public../settings.py HTTP/1.1" 404 102264 "https://apteka-centralna.pl/" "Mozilla/5.0 (Windows NT 10.0; Win64; x64) AppleWebKit/537.36 (KHTML, like Gecko) Chrome/131.0.6778.205 Safari/537.36"
135.119.27.130 - - [16/Jun/2026:02:06:36 +0000] "GET /classwithtostring.php HTTP/1.1" 404 194 "-" "Mozilla/5.0 (Windows NT 10.0; Win64; x64) AppleWebKit/537.36 (KHTML, like Gecko) Chrome/120.0.0.0 Safari/537.36"
135.119.27.130 - - [16/Jun/2026:02:06:36 +0000] "GET /defaults.php HTTP/1.1" 404 194 "-" "Mozilla/5.0 (Windows NT 10.0; Win64; x64) AppleWebKit/537.36 (KHTML, like Gecko) Chrome/120.0.0.0 Safari/537.36"
135.119.27.130 - - [16/Jun/2026:02:06:36 +0000] "GET /wp-includes/ HTTP/1.1" 403 193 "-" "Mozilla/5.0 (Windows NT 10.0; Win64; x64) AppleWebKit/537.36 (KHTML, like Gecko) Chrome/120.0.0.0 Safari/537.36"
93.123.109.167 - - [16/Jun/2026:02:06:36 +0000] "GET /public../config.py HTTP/1.1" 404 102264 "https://apteka-centralna.pl/" "Mozilla/5.0 (Windows NT 10.0; Win64; x64) AppleWebKit/537.36 (KHTML, like Gecko) Chrome/131.0.6778.205 Safari/537.36"
135.119.27.130 - - [16/Jun/2026:02:06:37 +0000] "GET /.well-known/ HTTP/1.1" 301 5 "-" "Mozilla/5.0 (Windows NT 10.0; Win64; x64) AppleWebKit/537.36 (KHTML, like Gecko) Chrome/120.0.0.0 Safari/537.36"
135.119.27.130 - - [16/Jun/2026:02:06:37 +0000] "GET /info.php HTTP/1.1" 404 194 "-" "Mozilla/5.0 (Windows NT 10.0; Win64; x64) AppleWebKit/537.36 (KHTML, like Gecko) Chrome/120.0.0.0 Safari/537.36"
93.123.109.167 - - [16/Jun/2026:02:06:37 +0000] "GET /public../.git/config HTTP/1.1" 404 105422 "https://apteka-centralna.pl/" "Mozilla/5.0 (Windows NT 10.0; Win64; x64) AppleWebKit/537.36 (KHTML, like Gecko) Chrome/131.0.6778.205 Safari/537.36"
135.119.27.130 - - [16/Jun/2026:02:06:38 +0000] "GET /cgi-bin/ HTTP/1.1" 404 18371 "-" "Mozilla/5.0 (Windows NT 10.0; Win64; x64) AppleWebKit/537.36 (KHTML, like Gecko) Chrome/120.0.0.0 Safari/537.36"
93.123.109.167 - - [16/Jun/2026:02:06:38 +0000] "GET /public../docker-compose.yml HTTP/1.1" 404 102264 "https://apteka-centralna.pl/" "Mozilla/5.0 (Windows NT 10.0; Win64; x64) AppleWebKit/537.36 (KHTML, like Gecko) Chrome/131.0.6778.205 Safari/537.36"
135.119.27.130 - - [16/Jun/2026:02:06:38 +0000] "GET /uploads/ HTTP/1.1" 404 18371 "-" "Mozilla/5.0 (Windows NT 10.0; Win64; x64) AppleWebKit/537.36 (KHTML, like Gecko) Chrome/120.0.0.0 Safari/537.36"
135.119.27.130 - - [16/Jun/2026:02:06:39 +0000] "GET /wp-admin/images/ HTTP/1.1" 403 193 "-" "Mozilla/5.0 (Windows NT 10.0; Win64; x64) AppleWebKit/537.36 (KHTML, like Gecko) Chrome/120.0.0.0 Safari/537.36"
135.119.27.130 - - [16/Jun/2026:02:06:39 +0000] "GET /wp-includes/Requests/src/Response/about.php HTTP/1.1" 403 193 "-" "Mozilla/5.0 (Windows NT 10.0; Win64; x64) AppleWebKit/537.36 (KHTML, like Gecko) Chrome/120.0.0.0 Safari/537.36"
93.123.109.167 - - [16/Jun/2026:02:06:39 +0000] "GET /dist../ HTTP/1.1" 404 102264 "https://apteka-centralna.pl/" "Mozilla/5.0 (Windows NT 10.0; Win64; x64) AppleWebKit/537.36 (KHTML, like Gecko) Chrome/131.0.6778.205 Safari/537.36"
135.119.27.130 - - [16/Jun/2026:02:06:39 +0000] "GET /wp-includes/html-api/ HTTP/1.1" 403 193 "-" "Mozilla/5.0 (Windows NT 10.0; Win64; x64) AppleWebKit/537.36 (KHTML, like Gecko) Chrome/120.0.0.0 Safari/537.36"
135.119.27.130 - - [16/Jun/2026:02:06:39 +0000] "GET /wp-content/admin.php HTTP/1.1" 403 193 "-" "Mozilla/5.0 (Windows NT 10.0; Win64; x64) AppleWebKit/537.36 (KHTML, like Gecko) Chrome/120.0.0.0 Safari/537.36"
135.119.27.130 - - [16/Jun/2026:02:06:39 +0000] "GET /wp-admin/css/colors/ectoplasm/ HTTP/1.1" 403 193 "-" "Mozilla/5.0 (Windows NT 10.0; Win64; x64) AppleWebKit/537.36 (KHTML, like Gecko) Chrome/120.0.0.0 Safari/537.36"
135.119.27.130 - - [16/Jun/2026:02:06:40 +0000] "GET /wp-content/uploads/ HTTP/1.1" 403 193 "-" "Mozilla/5.0 (Windows NT 10.0; Win64; x64) AppleWebKit/537.36 (KHTML, like Gecko) Chrome/120.0.0.0 Safari/537.36"
93.123.109.167 - - [16/Jun/2026:02:06:40 +0000] "GET /dist../etc/passwd HTTP/1.1" 404 105422 "https://apteka-centralna.pl/" "Mozilla/5.0 (Windows NT 10.0; Win64; x64) AppleWebKit/537.36 (KHTML, like Gecko) Chrome/131.0.6778.205 Safari/537.36"
135.119.27.130 - - [16/Jun/2026:02:06:40 +0000] "GET /wp-content/themes/admin.php HTTP/1.1" 403 193 "-" "Mozilla/5.0 (Windows NT 10.0; Win64; x64) AppleWebKit/537.36 (KHTML, like Gecko) Chrome/120.0.0.0 Safari/537.36"
135.119.27.130 - - [16/Jun/2026:02:06:40 +0000] "GET /wp-content/themes/index.php HTTP/1.1" 403 193 "-" "Mozilla/5.0 (Windows NT 10.0; Win64; x64) AppleWebKit/537.36 (KHTML, like Gecko) Chrome/120.0.0.0 Safari/537.36"
135.119.27.130 - - [16/Jun/2026:02:06:40 +0000] "GET /wp-content/plugins/index.php HTTP/1.1" 403 193 "-" "Mozilla/5.0 (Windows NT 10.0; Win64; x64) AppleWebKit/537.36 (KHTML, like Gecko) Chrome/120.0.0.0 Safari/537.36"
135.119.27.130 - - [16/Jun/2026:02:06:40 +0000] "GET /wp-includes/PHPMailer/ HTTP/1.1" 403 193 "-" "Mozilla/5.0 (Windows NT 10.0; Win64; x64) AppleWebKit/537.36 (KHTML, like Gecko) Chrome/120.0.0.0 Safari/537.36"
135.119.27.130 - - [16/Jun/2026:02:06:40 +0000] "GET /wp-includes/images/ HTTP/1.1" 403 193 "-" "Mozilla/5.0 (Windows NT 10.0; Win64; x64) AppleWebKit/537.36 (KHTML, like Gecko) Chrome/120.0.0.0 Safari/537.36"
93.123.109.167 - - [16/Jun/2026:02:06:41 +0000] "GET /dist../etc/nginx/nginx.conf HTTP/1.1" 404 105422 "https://apteka-centralna.pl/" "Mozilla/5.0 (Windows NT 10.0; Win64; x64) AppleWebKit/537.36 (KHTML, like Gecko) Chrome/131.0.6778.205 Safari/537.36"
135.119.27.130 - - [16/Jun/2026:02:06:41 +0000] "GET /wp-content/plugins/WordPressCore/ HTTP/1.1" 404 18945 "-" "Mozilla/5.0 (Windows NT 10.0; Win64; x64) AppleWebKit/537.36 (KHTML, like Gecko) Chrome/120.0.0.0 Safari/537.36"
93.123.109.167 - - [16/Jun/2026:02:06:42 +0000] "GET /dist../.env HTTP/1.1" 404 102264 "https://apteka-centralna.pl/" "Mozilla/5.0 (Windows NT 10.0; Win64; x64) AppleWebKit/537.36 (KHTML, like Gecko) Chrome/131.0.6778.205 Safari/537.36"
93.123.109.167 - - [16/Jun/2026:02:06:42 +0000] "GET /dist../config.php HTTP/1.1" 404 564 "https://apteka-centralna.pl/" "Mozilla/5.0 (Windows NT 10.0; Win64; x64) AppleWebKit/537.36 (KHTML, like Gecko) Chrome/131.0.6778.205 Safari/537.36"
93.123.109.167 - - [16/Jun/2026:02:06:43 +0000] "GET /dist../settings.py HTTP/1.1" 404 102264 "https://apteka-centralna.pl/" "Mozilla/5.0 (Windows NT 10.0; Win64; x64) AppleWebKit/537.36 (KHTML, like Gecko) Chrome/131.0.6778.205 Safari/537.36"
93.123.109.167 - - [16/Jun/2026:02:06:44 +0000] "GET /dist../config.py HTTP/1.1" 404 102264 "https://apteka-centralna.pl/" "Mozilla/5.0 (Windows NT 10.0; Win64; x64) AppleWebKit/537.36 (KHTML, like Gecko) Chrome/131.0.6778.205 Safari/537.36"
93.123.109.167 - - [16/Jun/2026:02:06:44 +0000] "GET /dist../.git/config HTTP/1.1" 404 105422 "https://apteka-centralna.pl/" "Mozilla/5.0 (Windows NT 10.0; Win64; x64) AppleWebKit/537.36 (KHTML, like Gecko) Chrome/131.0.6778.205 Safari/537.36"
93.123.109.167 - - [16/Jun/2026:02:06:45 +0000] "GET /dist../docker-compose.yml HTTP/1.1" 404 102264 "https://apteka-centralna.pl/" "Mozilla/5.0 (Windows NT 10.0; Win64; x64) AppleWebKit/537.36 (KHTML, like Gecko) Chrome/131.0.6778.205 Safari/537.36"
93.123.109.167 - - [16/Jun/2026:02:06:46 +0000] "GET /build../ HTTP/1.1" 404 102264 "https://apteka-centralna.pl/" "Mozilla/5.0 (Windows NT 10.0; Win64; x64) AppleWebKit/537.36 (KHTML, like Gecko) Chrome/131.0.6778.205 Safari/537.36"
93.123.109.167 - - [16/Jun/2026:02:06:46 +0000] "GET /build../etc/passwd HTTP/1.1" 404 105422 "https://apteka-centralna.pl/" "Mozilla/5.0 (Windows NT 10.0; Win64; x64) AppleWebKit/537.36 (KHTML, like Gecko) Chrome/131.0.6778.205 Safari/537.36"
93.123.109.167 - - [16/Jun/2026:02:06:47 +0000] "GET /build../etc/nginx/nginx.conf HTTP/1.1" 404 105422 "https://apteka-centralna.pl/" "Mozilla/5.0 (Windows NT 10.0; Win64; x64) AppleWebKit/537.36 (KHTML, like Gecko) Chrome/131.0.6778.205 Safari/537.36"
93.123.109.167 - - [16/Jun/2026:02:06:48 +0000] "GET /build../.env HTTP/1.1" 404 102264 "https://apteka-centralna.pl/" "Mozilla/5.0 (Windows NT 10.0; Win64; x64) AppleWebKit/537.36 (KHTML, like Gecko) Chrome/131.0.6778.205 Safari/537.36"
93.123.109.167 - - [16/Jun/2026:02:06:48 +0000] "GET /build../config.php HTTP/1.1" 404 564 "https://apteka-centralna.pl/" "Mozilla/5.0 (Windows NT 10.0; Win64; x64) AppleWebKit/537.36 (KHTML, like Gecko) Chrome/131.0.6778.205 Safari/537.36"
93.123.109.167 - - [16/Jun/2026:02:06:48 +0000] "GET /build../settings.py HTTP/1.1" 404 102264 "https://apteka-centralna.pl/" "Mozilla/5.0 (Windows NT 10.0; Win64; x64) AppleWebKit/537.36 (KHTML, like Gecko) Chrome/131.0.6778.205 Safari/537.36"
93.123.109.167 - - [16/Jun/2026:02:06:49 +0000] "GET /build../config.py HTTP/1.1" 404 102264 "https://apteka-centralna.pl/" "Mozilla/5.0 (Windows NT 10.0; Win64; x64) AppleWebKit/537.36 (KHTML, like Gecko) Chrome/131.0.6778.205 Safari/537.36"
93.123.109.167 - - [16/Jun/2026:02:06:50 +0000] "GET /build../.git/config HTTP/1.1" 404 105422 "https://apteka-centralna.pl/" "Mozilla/5.0 (Windows NT 10.0; Win64; x64) AppleWebKit/537.36 (KHTML, like Gecko) Chrome/131.0.6778.205 Safari/537.36"
93.123.109.167 - - [16/Jun/2026:02:06:50 +0000] "GET /build../docker-compose.yml HTTP/1.1" 404 102264 "https://apteka-centralna.pl/" "Mozilla/5.0 (Windows NT 10.0; Win64; x64) AppleWebKit/537.36 (KHTML, like Gecko) Chrome/131.0.6778.205 Safari/537.36"
85.208.96.204 - - [16/Jun/2026:02:07:02 +0000] "GET /roulette-casino-locarno/ HTTP/1.1" 200 21669 "-" "Mozilla/5.0 (compatible; SemrushBot/7~bl; +http://www.semrush.com/bot.html)"
57.141.0.21 - - [16/Jun/2026:02:09:07 +0000] "GET /sitemap_index.xml HTTP/1.1" 404 102242 "-" "meta-externalagent/1.1 (+https://developers.facebook.com/docs/sharing/webmasters/crawler)"
85.208.96.196 - - [16/Jun/2026:02:10:36 +0000] "GET /giochi-di-azzardo-in-linea/ HTTP/1.1" 200 21706 "-" "Mozilla/5.0 (compatible; SemrushBot/7~bl; +http://www.semrush.com/bot.html)"
78.46.92.235 - - [16/Jun/2026:02:12:10 +0000] "GET /wp-login.php HTTP/1.1" 200 3269 "-" "Mozilla/5.0 (X11; Fedora; Linux x86_64) AppleWebKit/537.36 (KHTML, like Gecko) Chrome/133.0.0.0 Safari/537.36"
78.46.92.235 - - [16/Jun/2026:02:12:11 +0000] "POST /wp-login.php HTTP/1.1" 200 3397 "https://apteka-centralna.pl/wp-login.php" "Mozilla/5.0 (X11; Fedora; Linux x86_64) AppleWebKit/537.36 (KHTML, like Gecko) Chrome/133.0.0.0 Safari/537.36"
144.16.144.93 - - [16/Jun/2026:02:12:30 +0000] "GET /wp-login.php HTTP/1.1" 200 3269 "-" "Mozilla/5.0 (Windows NT 10.0; WOW64) AppleWebKit/537.36 (KHTML, like Gecko) Chrome/133.0.0.0 Safari/537.36"
144.16.144.93 - - [16/Jun/2026:02:12:31 +0000] "POST /wp-login.php HTTP/1.1" 200 3402 "https://apteka-centralna.pl/wp-login.php" "Mozilla/5.0 (Windows NT 10.0; WOW64) AppleWebKit/537.36 (KHTML, like Gecko) Chrome/133.0.0.0 Safari/537.36"
114.119.129.81 - - [16/Jun/2026:02:14:16 +0000] "GET /we-avail-dildos-of-various-shapes-and-sizes/ HTTP/1.1" 200 23074 "https://apteka-centralna.pl/artykuly/page/73/" "Mozilla/5.0 (Linux; Android 7.0;) AppleWebKit/537.36 (HTML, like Gecko) Mobile Safari/537.36 (compatible; PetalBot;+https://webmaster.petalsearch.com/site/petalbot)"
114.119.146.126 - - [16/Jun/2026:02:15:44 +0000] "GET /theyve-even-sued-the-nyc-subway-for-discrimination-in/ HTTP/1.1" 200 23099 "https://apteka-centralna.pl/category/vademecum/page/75/" "Mozilla/5.0 (Linux; Android 7.0;) AppleWebKit/537.36 (HTML, like Gecko) Mobile Safari/537.36 (compatible; PetalBot;+https://webmaster.petalsearch.com/site/petalbot)"
114.119.156.95 - - [16/Jun/2026:02:17:02 +0000] "GET /these-items-took-years-of-dedication/ HTTP/1.1" 200 23775 "https://apteka-centralna.pl/these-items-took-years-of-dedication/" "Mozilla/5.0 (Linux; Android 7.0;) AppleWebKit/537.36 (HTML, like Gecko) Mobile Safari/537.36 (compatible; PetalBot;+https://webmaster.petalsearch.com/site/petalbot)"
185.191.171.6 - - [16/Jun/2026:02:17:53 +0000] "GET /you-are-selecting-a-curated-replica-bag-store-that-has/ HTTP/1.1" 200 23073 "-" "Mozilla/5.0 (compatible; SemrushBot/7~bl; +http://www.semrush.com/bot.html)"
114.119.156.95 - - [16/Jun/2026:02:18:29 +0000] "GET /the-tenuto-has-six-motors-sixteen-stimulations-and-an-app/ HTTP/1.1" 200 23982 "https://apteka-centralna.pl/but-it-weighs-in-at-just-eleven-ouncestwenty-two-p/" "Mozilla/5.0 (Linux; Android 7.0;) AppleWebKit/537.36 (HTML, like Gecko) Mobile Safari/537.36 (compatible; PetalBot;+https://webmaster.petalsearch.com/site/petalbot)"
64.131.86.2 - - [16/Jun/2026:02:19:39 +0000] "GET /wp-login.php HTTP/1.1" 200 3269 "-" "Mozilla/5.0 (Windows NT 10.0; Win64; x64) AppleWebKit/537.36 (KHTML, like Gecko) Chrome/133.0.0.0 Safari/537.36 Edg/133.0.0.0"
64.131.86.2 - - [16/Jun/2026:02:19:41 +0000] "POST /wp-login.php HTTP/1.1" 200 3397 "https://apteka-centralna.pl/wp-login.php" "Mozilla/5.0 (Windows NT 10.0; Win64; x64) AppleWebKit/537.36 (KHTML, like Gecko) Chrome/133.0.0.0 Safari/537.36 Edg/133.0.0.0"
114.119.129.81 - - [16/Jun/2026:02:19:49 +0000] "GET /tecniche-per-la-roulette/ HTTP/1.1" 200 21460 "https://apteka-centralna.pl/we-at-friskycity-have-taken-the-time-to-go-through-hundreds/" "Mozilla/5.0 (Linux; Android 7.0;) AppleWebKit/537.36 (HTML, like Gecko) Mobile Safari/537.36 (compatible; PetalBot;+https://webmaster.petalsearch.com/site/petalbot)"
85.208.96.209 - - [16/Jun/2026:02:21:08 +0000] "GET /baccarat-regole/ HTTP/1.1" 200 21489 "-" "Mozilla/5.0 (compatible; SemrushBot/7~bl; +http://www.semrush.com/bot.html)"
114.119.138.99 - - [16/Jun/2026:02:21:14 +0000] "GET /plus-you-will-get-first-peek-all-the-spiciest-toy-critiques/ HTTP/1.1" 200 24255 "https://apteka-centralna.pl/category/vademecum/page/44/" "Mozilla/5.0 (Linux; Android 7.0;) AppleWebKit/537.36 (HTML, like Gecko) Mobile Safari/537.36 (compatible; PetalBot;+https://webmaster.petalsearch.com/site/petalbot)"
150.109.109.193 - - [16/Jun/2026:02:21:35 +0000] "GET /author/ HTTP/1.1" 404 18371 "-" "Mozilla/5.0 (Windows NT 10.0; Win64; x64) AppleWebKit/537.36 (KHTML, like Gecko) Chrome/148.0.0.0 Safari/537.36"
150.109.109.193 - - [16/Jun/2026:02:21:36 +0000] "GET /wp-content/plugins/the-post-grid/assets/vendor/font-awesome/css/font-awesome.min.css?ver=7.8.8 HTTP/1.1" 200 22427 "https://apteka-centralna.pl/author/" "Mozilla/5.0 (Windows NT 10.0; Win64; x64) AppleWebKit/537.36 (KHTML, like Gecko) Chrome/148.0.0.0 Safari/537.36"
103.127.30.137 - - [16/Jun/2026:02:21:36 +0000] "GET /wp-login.php HTTP/1.1" 200 3269 "-" "Mozilla/5.0 (Macintosh; Intel Mac OS X 11_7_10) AppleWebKit/537.36 (KHTML, like Gecko) Chrome/133.0.0.0 Safari/537.36"
103.127.30.137 - - [16/Jun/2026:02:21:37 +0000] "POST /wp-login.php HTTP/1.1" 200 3402 "https://apteka-centralna.pl/wp-login.php" "Mozilla/5.0 (Macintosh; Intel Mac OS X 11_7_10) AppleWebKit/537.36 (KHTML, like Gecko) Chrome/133.0.0.0 Safari/537.36"
114.119.129.81 - - [16/Jun/2026:02:22:37 +0000] "GET /nuovi-casin%C3%B2-senza-deposito/ HTTP/1.1" 200 21370 "https://apteka-centralna.pl/artykuly/page/1027/" "Mozilla/5.0 (Linux; Android 7.0;) AppleWebKit/537.36 (HTML, like Gecko) Mobile Safari/537.36 (compatible; PetalBot;+https://webmaster.petalsearch.com/site/petalbot)"
114.119.134.123 - - [16/Jun/2026:02:24:00 +0000] "GET /join-1000s-of-satisfied-clients-who-trust-lions-den-for-his/ HTTP/1.1" 200 24431 "https://apteka-centralna.pl/we-observe-strict-buyer-privacy/" "Mozilla/5.0 (Linux; Android 7.0;) AppleWebKit/537.36 (HTML, like Gecko) Mobile Safari/537.36 (compatible; PetalBot;+https://webmaster.petalsearch.com/site/petalbot)"
114.119.158.143 - - [16/Jun/2026:02:25:23 +0000] "GET /its-super-powerful-and-presents-each-clitoral-and-inner/ HTTP/1.1" 200 23914 "https://apteka-centralna.pl/category/vademecum/page/44/" "Mozilla/5.0 (Linux; Android 7.0;) AppleWebKit/537.36 (HTML, like Gecko) Mobile Safari/537.36 (compatible; PetalBot;+https://webmaster.petalsearch.com/site/petalbot)"
85.208.96.197 - - [16/Jun/2026:02:25:27 +0000] "GET /snai-casino-giri-gratis/ HTTP/1.1" 200 21530 "-" "Mozilla/5.0 (compatible; SemrushBot/7~bl; +http://www.semrush.com/bot.html)"
114.119.134.123 - - [16/Jun/2026:02:26:45 +0000] "GET /once-the-ring-is-around-your-shaft/ HTTP/1.1" 200 23803 "https://apteka-centralna.pl/author/admin/page/58/" "Mozilla/5.0 (Linux; Android 8.0.0; SM-G955U Build/R16NW) AppleWebKit/537.36 (KHTML, like Gecko) Chrome/148.0.0.0 Mobile Safari/537.36"
121.200.216.55 - - [16/Jun/2026:02:26:58 +0000] "GET /wp-login.php HTTP/1.1" 200 3269 "-" "Mozilla/5.0 (Macintosh; Intel Mac OS X 10_15_7) AppleWebKit/537.36 (KHTML, like Gecko) Chrome/133.0.0.0 Safari/537.36 Edg/133.0.0.0"
121.200.216.55 - - [16/Jun/2026:02:27:00 +0000] "POST /wp-login.php HTTP/1.1" 200 3397 "https://apteka-centralna.pl/wp-login.php" "Mozilla/5.0 (Macintosh; Intel Mac OS X 10_15_7) AppleWebKit/537.36 (KHTML, like Gecko) Chrome/133.0.0.0 Safari/537.36 Edg/133.0.0.0"
114.119.135.78 - - [16/Jun/2026:02:28:14 +0000] "GET /authentic-handles-stand-upright/ HTTP/1.1" 200 23723 "https://apteka-centralna.pl/artykuly/page/8/" "Mozilla/5.0 (Linux; Android 7.0;) AppleWebKit/537.36 (HTML, like Gecko) Mobile Safari/537.36 (compatible; PetalBot;+https://webmaster.petalsearch.com/site/petalbot)"
114.119.129.81 - - [16/Jun/2026:02:29:38 +0000] "GET /author/admin/page/49/ HTTP/1.1" 200 21447 "https://apteka-centralna.pl/author/admin/page/50/" "Mozilla/5.0 (Linux; Android 7.0;) AppleWebKit/537.36 (HTML, like Gecko) Mobile Safari/537.36 (compatible; PetalBot;+https://webmaster.petalsearch.com/site/petalbot)"
185.191.171.1 - - [16/Jun/2026:02:30:21 +0000] "GET /teen-patti-card/ HTTP/1.1" 200 21618 "-" "Mozilla/5.0 (compatible; SemrushBot/7~bl; +http://www.semrush.com/bot.html)"
185.191.171.9 - - [16/Jun/2026:02:30:24 +0000] "GET /category/vademecum/page/36/ HTTP/1.1" 200 21138 "-" "Mozilla/5.0 (compatible; SemrushBot/7~bl; +http://www.semrush.com/bot.html)"
114.119.134.123 - - [16/Jun/2026:02:31:03 +0000] "GET /artykuly/page/26/ HTTP/1.1" 200 21231 "https://apteka-centralna.pl/artykuly/page/27/" "Mozilla/5.0 (Linux; Android 7.0;) AppleWebKit/537.36 (HTML, like Gecko) Mobile Safari/537.36 (compatible; PetalBot;+https://webmaster.petalsearch.com/site/petalbot)"
114.119.134.123 - - [16/Jun/2026:02:32:24 +0000] "GET /artykuly/page/11/ HTTP/1.1" 200 21239 "https://apteka-centralna.pl/artykuly/page/12/" "Mozilla/5.0 (Linux; Android 7.0;) AppleWebKit/537.36 (HTML, like Gecko) Mobile Safari/537.36 (compatible; PetalBot;+https://webmaster.petalsearch.com/site/petalbot)"
173.239.198.85 - - [16/Jun/2026:02:33:33 +0000] "GET / HTTP/1.1" 200 27636 "https://www.google.com" "Mozilla/5.0 (Linux; Android 6.0; Nexus 5 Build/MRA58N) AppleWebKit/537.36 (KHTML, like Gecko) Chrome/143.0.0.0 Mobile Safari/537.36"
173.239.198.85 - - [16/Jun/2026:02:33:35 +0000] "GET /wp-content/themes/astra/assets/js/minified/frontend.min.js?ver=4.13.4 HTTP/1.1" 200 5992 "https://www.google.com" "Mozilla/5.0 (Linux; Android 6.0; Nexus 5 Build/MRA58N) AppleWebKit/537.36 (KHTML, like Gecko) Chrome/143.0.0.0 Mobile Safari/537.36"
173.239.198.85 - - [16/Jun/2026:02:33:35 +0000] "GET /wp-content/plugins/elementor/assets/js/webpack.runtime.min.js?ver=3.32.1 HTTP/1.1" 200 2523 "https://www.google.com" "Mozilla/5.0 (Linux; Android 6.0; Nexus 5 Build/MRA58N) AppleWebKit/537.36 (KHTML, like Gecko) Chrome/143.0.0.0 Mobile Safari/537.36"
173.239.198.85 - - [16/Jun/2026:02:33:35 +0000] "GET /wp-includes/js/jquery/jquery.min.js?ver=3.7.1 HTTP/1.1" 200 30432 "https://www.google.com" "Mozilla/5.0 (Linux; Android 6.0; Nexus 5 Build/MRA58N) AppleWebKit/537.36 (KHTML, like Gecko) Chrome/143.0.0.0 Mobile Safari/537.36"
209.58.150.201 - - [16/Jun/2026:02:33:35 +0000] "GET /wp-content/plugins/elementor/assets/js/frontend.min.js?ver=3.32.1 HTTP/1.1" 200 10473 "https://www.google.com" "Mozilla/5.0 (Linux; Android 6.0; Nexus 5 Build/MRA58N) AppleWebKit/537.36 (KHTML, like Gecko) Chrome/143.0.0.0 Mobile Safari/537.36"
209.58.150.201 - - [16/Jun/2026:02:33:35 +0000] "GET /wp-content/plugins/the-post-grid/assets/js/rttpg.js?ver=7.8.8 HTTP/1.1" 200 2900 "https://www.google.com" "Mozilla/5.0 (Linux; Android 6.0; Nexus 5 Build/MRA58N) AppleWebKit/537.36 (KHTML, like Gecko) Chrome/143.0.0.0 Mobile Safari/537.36"
209.58.150.201 - - [16/Jun/2026:02:33:35 +0000] "GET /wp-content/plugins/elementor/assets/lib/swiper/v8/swiper.min.js?ver=8.4.5 HTTP/1.1" 200 39747 "https://www.google.com" "Mozilla/5.0 (Linux; Android 6.0; Nexus 5 Build/MRA58N) AppleWebKit/537.36 (KHTML, like Gecko) Chrome/143.0.0.0 Mobile Safari/537.36"
209.58.150.201 - - [16/Jun/2026:02:33:35 +0000] "GET /wp-includes/js/imagesloaded.min.js?ver=5.0.0 HTTP/1.1" 200 1815 "https://www.google.com" "Mozilla/5.0 (Linux; Android 6.0; Nexus 5 Build/MRA58N) AppleWebKit/537.36 (KHTML, like Gecko) Chrome/143.0.0.0 Mobile Safari/537.36"
209.58.150.201 - - [16/Jun/2026:02:33:36 +0000] "GET /wp-content/plugins/elementor/assets/js/frontend-modules.min.js?ver=3.32.1 HTTP/1.1" 200 18641 "https://www.google.com" "Mozilla/5.0 (Linux; Android 6.0; Nexus 5 Build/MRA58N) AppleWebKit/537.36 (KHTML, like Gecko) Chrome/143.0.0.0 Mobile Safari/537.36"
194.32.155.65 - - [16/Jun/2026:02:34:29 +0000] "GET /wp-login.php HTTP/1.1" 200 3269 "-" "Mozilla/5.0 (X11; Linux x86_64) AppleWebKit/537.36 (KHTML, like Gecko) Chrome/133.0.0.0 Safari/537.36 Edg/133.0.0.0"
194.32.155.65 - - [16/Jun/2026:02:34:29 +0000] "POST /wp-login.php HTTP/1.1" 200 3397 "https://apteka-centralna.pl/wp-login.php" "Mozilla/5.0 (X11; Linux x86_64) AppleWebKit/537.36 (KHTML, like Gecko) Chrome/133.0.0.0 Safari/537.36 Edg/133.0.0.0"
173.239.198.85 - - [16/Jun/2026:02:35:03 +0000] "GET / HTTP/1.1" 200 27639 "https://www.google.com/" "Mozilla/5.0 (Linux; Android 6.0; Nexus 5 Build/MRA58N) AppleWebKit/537.36 (KHTML, like Gecko) Chrome/143.0.0.0 Mobile Safari/537.36"
173.239.198.85 - - [16/Jun/2026:02:35:03 +0000] "GET /wp-content/themes/astra/assets/css/minified/main.min.css?ver=4.13.4 HTTP/1.1" 200 8696 "https://www.google.com/" "Mozilla/5.0 (Linux; Android 6.0; Nexus 5 Build/MRA58N) AppleWebKit/537.36 (KHTML, like Gecko) Chrome/143.0.0.0 Mobile Safari/537.36"
173.239.198.85 - - [16/Jun/2026:02:35:03 +0000] "GET /wp-content/plugins/the-post-grid/assets/vendor/font-awesome/css/font-awesome.min.css?ver=7.8.8 HTTP/1.1" 200 22427 "https://www.google.com/" "Mozilla/5.0 (Linux; Android 6.0; Nexus 5 Build/MRA58N) AppleWebKit/537.36 (KHTML, like Gecko) Chrome/143.0.0.0 Mobile Safari/537.36"
209.58.150.201 - - [16/Jun/2026:02:35:03 +0000] "GET /wp-content/plugins/the-post-grid/assets/css/thepostgrid.min.css?ver=7.8.8 HTTP/1.1" 200 20538 "https://www.google.com/" "Mozilla/5.0 (Linux; Android 6.0; Nexus 5 Build/MRA58N) AppleWebKit/537.36 (KHTML, like Gecko) Chrome/143.0.0.0 Mobile Safari/537.36"
173.239.198.85 - - [16/Jun/2026:02:35:04 +0000] "GET /wp-content/plugins/elementor/assets/css/widget-icon-list.min.css?ver=3.32.1 HTTP/1.1" 200 1074 "https://www.google.com/" "Mozilla/5.0 (Linux; Android 6.0; Nexus 5 Build/MRA58N) AppleWebKit/537.36 (KHTML, like Gecko) Chrome/143.0.0.0 Mobile Safari/537.36"
173.239.198.85 - - [16/Jun/2026:02:35:04 +0000] "GET /wp-content/plugins/elementor/assets/css/widget-heading.min.css?ver=3.32.1 HTTP/1.1" 200 199 "https://www.google.com/" "Mozilla/5.0 (Linux; Android 6.0; Nexus 5 Build/MRA58N) AppleWebKit/537.36 (KHTML, like Gecko) Chrome/143.0.0.0 Mobile Safari/537.36"
209.58.150.201 - - [16/Jun/2026:02:35:04 +0000] "GET /wp-content/plugins/elementor/assets/css/widget-spacer.min.css?ver=3.32.1 HTTP/1.1" 200 381 "https://www.google.com/" "Mozilla/5.0 (Linux; Android 6.0; Nexus 5 Build/MRA58N) AppleWebKit/537.36 (KHTML, like Gecko) Chrome/143.0.0.0 Mobile Safari/537.36"
209.58.150.201 - - [16/Jun/2026:02:35:04 +0000] "GET /wp-content/plugins/elementor/assets/css/conditionals/e-swiper.min.css?ver=3.32.1 HTTP/1.1" 200 811 "https://www.google.com/" "Mozilla/5.0 (Linux; Android 6.0; Nexus 5 Build/MRA58N) AppleWebKit/537.36 (KHTML, like Gecko) Chrome/143.0.0.0 Mobile Safari/537.36"
209.58.150.201 - - [16/Jun/2026:02:35:04 +0000] "GET /wp-content/plugins/elementor/assets/css/widget-icon-box.min.css?ver=3.32.1 HTTP/1.1" 200 522 "https://www.google.com/" "Mozilla/5.0 (Linux; Android 6.0; Nexus 5 Build/MRA58N) AppleWebKit/537.36 (KHTML, like Gecko) Chrome/143.0.0.0 Mobile Safari/537.36"
173.239.198.85 - - [16/Jun/2026:02:35:04 +0000] "GET /wp-content/plugins/elementor/assets/css/frontend.min.css?ver=3.32.1 HTTP/1.1" 200 7206 "https://www.google.com/" "Mozilla/5.0 (Linux; Android 6.0; Nexus 5 Build/MRA58N) AppleWebKit/537.36 (KHTML, like Gecko) Chrome/143.0.0.0 Mobile Safari/537.36"
173.239.198.85 - - [16/Jun/2026:02:35:04 +0000] "GET /wp-content/uploads/elementor/css/post-177.css?ver=1781562300 HTTP/1.1" 200 1356 "https://www.google.com/" "Mozilla/5.0 (Linux; Android 6.0; Nexus 5 Build/MRA58N) AppleWebKit/537.36 (KHTML, like Gecko) Chrome/143.0.0.0 Mobile Safari/537.36"
173.239.198.85 - - [16/Jun/2026:02:35:05 +0000] "GET /wp-content/plugins/elementor/assets/lib/swiper/v8/css/swiper.min.css?ver=8.4.5 HTTP/1.1" 200 4596 "https://www.google.com/" "Mozilla/5.0 (Linux; Android 6.0; Nexus 5 Build/MRA58N) AppleWebKit/537.36 (KHTML, like Gecko) Chrome/143.0.0.0 Mobile Safari/537.36"
173.239.198.85 - - [16/Jun/2026:02:35:05 +0000] "GET /wp-content/plugins/elementor/assets/lib/animations/styles/fadeInRight.min.css?ver=3.32.1 HTTP/1.1" 200 131 "https://www.google.com/" "Mozilla/5.0 (Linux; Android 6.0; Nexus 5 Build/MRA58N) AppleWebKit/537.36 (KHTML, like Gecko) Chrome/143.0.0.0 Mobile Safari/537.36"
173.239.198.85 - - [16/Jun/2026:02:35:05 +0000] "GET /wp-content/plugins/elementor/assets/lib/animations/styles/fadeInUp.min.css?ver=3.32.1 HTTP/1.1" 200 128 "https://www.google.com/" "Mozilla/5.0 (Linux; Android 6.0; Nexus 5 Build/MRA58N) AppleWebKit/537.36 (KHTML, like Gecko) Chrome/143.0.0.0 Mobile Safari/537.36"
173.239.198.85 - - [16/Jun/2026:02:35:05 +0000] "GET /wp-content/plugins/elementor/assets/css/widget-image.min.css?ver=3.32.1 HTTP/1.1" 200 176 "https://www.google.com/" "Mozilla/5.0 (Linux; Android 6.0; Nexus 5 Build/MRA58N) AppleWebKit/537.36 (KHTML, like Gecko) Chrome/143.0.0.0 Mobile Safari/537.36"
173.239.198.85 - - [16/Jun/2026:02:35:05 +0000] "GET /wp-content/uploads/elementor/css/post-42.css?ver=1781562301 HTTP/1.1" 200 2739 "https://www.google.com/" "Mozilla/5.0 (Linux; Android 6.0; Nexus 5 Build/MRA58N) AppleWebKit/537.36 (KHTML, like Gecko) Chrome/143.0.0.0 Mobile Safari/537.36"
173.239.198.85 - - [16/Jun/2026:02:35:05 +0000] "GET /wp-includes/js/jquery/jquery.min.js?ver=3.7.1 HTTP/1.1" 200 30432 "https://www.google.com/" "Mozilla/5.0 (Linux; Android 6.0; Nexus 5 Build/MRA58N) AppleWebKit/537.36 (KHTML, like Gecko) Chrome/143.0.0.0 Mobile Safari/537.36"
173.239.198.85 - - [16/Jun/2026:02:35:05 +0000] "GET /wp-includes/js/jquery/jquery-migrate.min.js?ver=3.4.1 HTTP/1.1" 200 4885 "https://www.google.com/" "Mozilla/5.0 (Linux; Android 6.0; Nexus 5 Build/MRA58N) AppleWebKit/537.36 (KHTML, like Gecko) Chrome/143.0.0.0 Mobile Safari/537.36"
173.239.198.85 - - [16/Jun/2026:02:35:05 +0000] "GET /wp-content/uploads/2025/09/medications-257336_1280-768x509.jpg HTTP/1.1" 200 38449 "https://www.google.com/" "Mozilla/5.0 (Linux; Android 6.0; Nexus 5 Build/MRA58N) AppleWebKit/537.36 (KHTML, like Gecko) Chrome/143.0.0.0 Mobile Safari/537.36"
209.58.150.201 - - [16/Jun/2026:02:35:05 +0000] "GET /wp-content/plugins/elementor/assets/css/widget-divider.min.css?ver=3.32.1 HTTP/1.1" 200 783 "https://www.google.com/" "Mozilla/5.0 (Linux; Android 6.0; Nexus 5 Build/MRA58N) AppleWebKit/537.36 (KHTML, like Gecko) Chrome/143.0.0.0 Mobile Safari/537.36"
173.239.198.85 - - [16/Jun/2026:02:35:05 +0000] "GET /wp-content/themes/astra/assets/js/minified/frontend.min.js?ver=4.13.4 HTTP/1.1" 200 5992 "https://www.google.com/" "Mozilla/5.0 (Linux; Android 6.0; Nexus 5 Build/MRA58N) AppleWebKit/537.36 (KHTML, like Gecko) Chrome/143.0.0.0 Mobile Safari/537.36"
173.239.198.85 - - [16/Jun/2026:02:35:06 +0000] "GET /wp-content/plugins/elementor/assets/js/webpack.runtime.min.js?ver=3.32.1 HTTP/1.1" 200 2523 "https://www.google.com/" "Mozilla/5.0 (Linux; Android 6.0; Nexus 5 Build/MRA58N) AppleWebKit/537.36 (KHTML, like Gecko) Chrome/143.0.0.0 Mobile Safari/537.36"
173.239.198.85 - - [16/Jun/2026:02:35:06 +0000] "GET /wp-content/plugins/elementor/assets/js/frontend-modules.min.js?ver=3.32.1 HTTP/1.1" 200 18641 "https://www.google.com/" "Mozilla/5.0 (Linux; Android 6.0; Nexus 5 Build/MRA58N) AppleWebKit/537.36 (KHTML, like Gecko) Chrome/143.0.0.0 Mobile Safari/537.36"
173.239.198.85 - - [16/Jun/2026:02:35:07 +0000] "GET /wp-includes/js/jquery/ui/core.min.js?ver=1.13.3 HTTP/1.1" 200 7119 "https://www.google.com/" "Mozilla/5.0 (Linux; Android 6.0; Nexus 5 Build/MRA58N) AppleWebKit/537.36 (KHTML, like Gecko) Chrome/143.0.0.0 Mobile Safari/537.36"
173.239.198.85 - - [16/Jun/2026:02:35:07 +0000] "GET /wp-content/plugins/elementor/assets/js/frontend.min.js?ver=3.32.1 HTTP/1.1" 200 10473 "https://www.google.com/" "Mozilla/5.0 (Linux; Android 6.0; Nexus 5 Build/MRA58N) AppleWebKit/537.36 (KHTML, like Gecko) Chrome/143.0.0.0 Mobile Safari/537.36"
173.239.198.85 - - [16/Jun/2026:02:35:07 +0000] "GET /wp-content/uploads/2025/09/vitamin-c-4940407_1280-768x517.jpg HTTP/1.1" 200 59404 "https://www.google.com/" "Mozilla/5.0 (Linux; Android 6.0; Nexus 5 Build/MRA58N) AppleWebKit/537.36 (KHTML, like Gecko) Chrome/143.0.0.0 Mobile Safari/537.36"
173.239.198.85 - - [16/Jun/2026:02:35:07 +0000] "GET /wp-content/plugins/elementor/assets/lib/swiper/v8/swiper.min.js?ver=8.4.5 HTTP/1.1" 200 39747 "https://www.google.com/" "Mozilla/5.0 (Linux; Android 6.0; Nexus 5 Build/MRA58N) AppleWebKit/537.36 (KHTML, like Gecko) Chrome/143.0.0.0 Mobile Safari/537.36"
173.239.198.85 - - [16/Jun/2026:02:35:07 +0000] "GET /wp-content/uploads/2025/09/photo-7.png HTTP/1.1" 200 118481 "https://www.google.com/" "Mozilla/5.0 (Linux; Android 6.0; Nexus 5 Build/MRA58N) AppleWebKit/537.36 (KHTML, like Gecko) Chrome/143.0.0.0 Mobile Safari/537.36"
173.239.198.85 - - [16/Jun/2026:02:35:08 +0000] "GET /wp-includes/js/imagesloaded.min.js?ver=5.0.0 HTTP/1.1" 200 1815 "https://www.google.com/" "Mozilla/5.0 (Linux; Android 6.0; Nexus 5 Build/MRA58N) AppleWebKit/537.36 (KHTML, like Gecko) Chrome/143.0.0.0 Mobile Safari/537.36"
173.239.198.85 - - [16/Jun/2026:02:35:09 +0000] "GET /wp-content/plugins/the-post-grid/assets/js/rttpg.js?ver=7.8.8 HTTP/1.1" 200 2900 "https://www.google.com/" "Mozilla/5.0 (Linux; Android 6.0; Nexus 5 Build/MRA58N) AppleWebKit/537.36 (KHTML, like Gecko) Chrome/143.0.0.0 Mobile Safari/537.36"
173.239.198.85 - - [16/Jun/2026:02:35:13 +0000] "GET /wp-content/plugins/elementor/assets/js/text-editor.abc8f59c62f2820dc25a.bundle.min.js HTTP/1.1" 200 695 "https://www.google.com/" "Mozilla/5.0 (Linux; Android 6.0; Nexus 5 Build/MRA58N) AppleWebKit/537.36 (KHTML, like Gecko) Chrome/143.0.0.0 Mobile Safari/537.36"
173.239.198.85 - - [16/Jun/2026:02:35:13 +0000] "GET /wp-content/plugins/elementor/assets/js/shared-frontend-handlers.4c8abccc3e268b0767b2.bundle.min.js HTTP/1.1" 200 2688 "https://www.google.com/" "Mozilla/5.0 (Linux; Android 6.0; Nexus 5 Build/MRA58N) AppleWebKit/537.36 (KHTML, like Gecko) Chrome/143.0.0.0 Mobile Safari/537.36"
173.239.198.85 - - [16/Jun/2026:02:35:14 +0000] "GET /wp-includes/js/wp-emoji-release.min.js?ver=6.8.5 HTTP/1.1" 200 5168 "https://www.google.com/" "Mozilla/5.0 (Linux; Android 6.0; Nexus 5 Build/MRA58N) AppleWebKit/537.36 (KHTML, like Gecko) Chrome/143.0.0.0 Mobile Safari/537.36"
173.239.198.85 - - [16/Jun/2026:02:35:15 +0000] "GET /wp-content/uploads/2025/09/Map.png HTTP/1.1" 200 135643 "https://www.google.com/" "Mozilla/5.0 (Linux; Android 6.0; Nexus 5 Build/MRA58N) AppleWebKit/537.36 (KHTML, like Gecko) Chrome/143.0.0.0 Mobile Safari/537.36"
173.239.198.85 - - [16/Jun/2026:02:35:16 +0000] "GET /wp-content/uploads/2025/09/photo-1.jpg HTTP/1.1" 200 147985 "https://www.google.com/" "Mozilla/5.0 (Linux; Android 6.0; Nexus 5 Build/MRA58N) AppleWebKit/537.36 (KHTML, like Gecko) Chrome/143.0.0.0 Mobile Safari/537.36"
173.239.198.85 - - [16/Jun/2026:02:35:20 +0000] "GET /wp-content/uploads/2025/09/photo-4.jpg HTTP/1.1" 200 186258 "https://www.google.com/" "Mozilla/5.0 (Linux; Android 6.0; Nexus 5 Build/MRA58N) AppleWebKit/537.36 (KHTML, like Gecko) Chrome/143.0.0.0 Mobile Safari/537.36"
173.239.198.85 - - [16/Jun/2026:02:35:21 +0000] "GET /wp-content/uploads/2025/09/photo-3.jpg HTTP/1.1" 200 124278 "https://www.google.com/" "Mozilla/5.0 (Linux; Android 6.0; Nexus 5 Build/MRA58N) AppleWebKit/537.36 (KHTML, like Gecko) Chrome/143.0.0.0 Mobile Safari/537.36"
173.239.198.85 - - [16/Jun/2026:02:35:23 +0000] "GET /wp-content/uploads/2025/09/cropped-medicine-2801025_640-32x32.png HTTP/1.1" 200 1217 "https://www.google.com/" "Mozilla/5.0 (Linux; Android 6.0; Nexus 5 Build/MRA58N) AppleWebKit/537.36 (KHTML, like Gecko) Chrome/143.0.0.0 Mobile Safari/537.36"
209.58.150.201 - - [16/Jun/2026:02:35:28 +0000] "GET / HTTP/1.1" 200 27638 "https://www.google.com/" "Mozilla/5.0 (Linux; Android 6.0; Nexus 5 Build/MRA58N) AppleWebKit/537.36 (KHTML, like Gecko) Chrome/143.0.0.0 Mobile Safari/537.36"
209.58.150.201 - - [16/Jun/2026:02:35:29 +0000] "GET /wp-content/themes/astra/assets/css/minified/main.min.css?ver=4.13.4 HTTP/1.1" 200 8696 "https://www.google.com/" "Mozilla/5.0 (Linux; Android 6.0; Nexus 5 Build/MRA58N) AppleWebKit/537.36 (KHTML, like Gecko) Chrome/143.0.0.0 Mobile Safari/537.36"
209.58.150.201 - - [16/Jun/2026:02:35:29 +0000] "GET /wp-content/plugins/the-post-grid/assets/vendor/font-awesome/css/font-awesome.min.css?ver=7.8.8 HTTP/1.1" 200 22427 "https://www.google.com/" "Mozilla/5.0 (Linux; Android 6.0; Nexus 5 Build/MRA58N) AppleWebKit/537.36 (KHTML, like Gecko) Chrome/143.0.0.0 Mobile Safari/537.36"
209.58.150.201 - - [16/Jun/2026:02:35:29 +0000] "GET /wp-content/plugins/the-post-grid/assets/css/thepostgrid.min.css?ver=7.8.8 HTTP/1.1" 200 20538 "https://www.google.com/" "Mozilla/5.0 (Linux; Android 6.0; Nexus 5 Build/MRA58N) AppleWebKit/537.36 (KHTML, like Gecko) Chrome/143.0.0.0 Mobile Safari/537.36"
173.239.198.85 - - [16/Jun/2026:02:35:29 +0000] "GET /wp-content/plugins/elementor/assets/css/frontend.min.css?ver=3.32.1 HTTP/1.1" 200 7206 "https://www.google.com/" "Mozilla/5.0 (Linux; Android 6.0; Nexus 5 Build/MRA58N) AppleWebKit/537.36 (KHTML, like Gecko) Chrome/143.0.0.0 Mobile Safari/537.36"
