188.227.85.8 - - [16/Jun/2026:22:51:05 +0000] "GET /wp-content/themes/news-bite/index-session.php HTTP/1.1" 403 193 "-" "Mozilla/5.0 (Macintosh; Intel Mac OS X 10_9_5) AppleWebKit/537.36 (KHTML, like Gecko) Chrome/66.0.3359.181 Safari/537.36"
185.177.72.13 - - [16/Jun/2026:22:51:05 +0000] "GET /artykuly/page/5/ HTTP/1.1" 200 21218 "-" "curl/8.7.1"
185.177.72.13 - - [16/Jun/2026:22:51:06 +0000] "GET /gioco-simile-al-baccar%C3%A0/ HTTP/1.1" 200 21670 "-" "curl/8.7.1"
185.177.72.13 - - [16/Jun/2026:22:51:07 +0000] "GET /migliori-bonus-benvenuto-casin%C3%B2/ HTTP/1.1" 200 21632 "-" "curl/8.7.1"
156.230.188.66 - - [16/Jun/2026:22:51:07 +0000] "GET /wp-content/themes/news-bite/index-session.php HTTP/1.1" 403 193 "-" "Mozilla/5.0 (Macintosh; Intel Mac OS X 10_9_5) AppleWebKit/537.36 (KHTML, like Gecko) Chrome/66.0.3359.181 Safari/537.36"
94.103.84.74 - - [16/Jun/2026:22:51:07 +0000] "GET /wp-admin/plugins.php HTTP/1.1" 500 2859 "-" "Mozilla/5.0 (Windows NT 10.0; Win64; x64; rv:133.0) Gecko/20100101 Firefox/133.0"
172.233.77.10 - - [16/Jun/2026:22:51:07 +0000] "GET /wp-includes/theme-templates-library.php?ajax-response=march03252.com/readme HTTP/1.1" 403 193 "-" "Mozilla/4.0 (compatible; MSIE 7.0; Windows NT 6.1; WOW64; Trident/7.0; SLCC2; .NET CLR 2.0.50727; .NET CLR 3.5.30729; .NET CLR 3.0.30729; Media Center PC 6.0; .NET4.0C; .NET4.0E; ms-office)"
185.177.72.13 - - [16/Jun/2026:22:51:07 +0000] "GET /classico-blackjack-online/ HTTP/1.1" 200 21753 "-" "curl/8.7.1"
185.177.72.13 - - [16/Jun/2026:22:51:08 +0000] "GET /regole-roulette-francese-vincite/ HTTP/1.1" 200 21434 "-" "curl/8.7.1"
185.177.72.13 - - [16/Jun/2026:22:51:09 +0000] "GET /gioca-cowboys-gold-gratis-senza-scaricare/ HTTP/1.1" 200 21803 "-" "curl/8.7.1"
203.10.98.186 - - [16/Jun/2026:22:51:09 +0000] "GET /wp-content/themes/kadence/comments-sample.php HTTP/1.1" 403 193 "-" "Mozilla/5.0 (Macintosh; Intel Mac OS X 10_11_6) AppleWebKit/537.36 (KHTML, like Gecko) Chrome/66.0.3359.117 Safari/537.36"
94.103.84.74 - - [16/Jun/2026:22:51:09 +0000] "GET /wp-admin/plugins.php HTTP/1.1" 500 2859 "-" "Mozilla/5.0 (Windows NT 10.0; Win64; x64; rv:133.0) Gecko/20100101 Firefox/133.0"
103.164.107.26 - - [16/Jun/2026:22:51:09 +0000] "GET /wp-includes/theme-templates-library.php?ajax-response=march03252.com/readme HTTP/1.1" 403 193 "-" "Mozilla/4.0 (compatible; MSIE 7.0; Windows NT 6.1; WOW64; Trident/7.0; SLCC2; .NET CLR 2.0.50727; .NET CLR 3.5.30729; .NET CLR 3.0.30729; Media Center PC 6.0; .NET4.0C; .NET4.0E; ms-office)"
185.177.72.13 - - [16/Jun/2026:22:51:10 +0000] "POST / HTTP/1.1" 200 27635 "-" "Mozilla/5.0 (Windows NT 10.0; Win64; x64) AppleWebKit/537.36"
47.79.119.13 - - [16/Jun/2026:22:51:10 +0000] "GET /wp-content/themes/kadence/comments-sample.php HTTP/1.1" 403 193 "-" "Mozilla/5.0 (Macintosh; Intel Mac OS X 10_11_6) AppleWebKit/537.36 (KHTML, like Gecko) Chrome/66.0.3359.117 Safari/537.36"
185.177.72.13 - - [16/Jun/2026:22:51:10 +0000] "POST /_next HTTP/1.1" 404 18371 "-" "Mozilla/5.0 (Windows NT 10.0; Win64; x64) AppleWebKit/537.36"
45.12.135.172 - - [16/Jun/2026:22:51:11 +0000] "GET /wp-content/themes/news-bite/index-session.php HTTP/1.1" 403 133 "-" "Mozilla/5.0 (Windows NT 10.0; Trident/7.0; rv:11.0) like Gecko"
185.177.72.13 - - [16/Jun/2026:22:51:11 +0000] "POST /api HTTP/1.1" 404 18371 "-" "Mozilla/5.0 (Windows NT 10.0; Win64; x64) AppleWebKit/537.36"
185.177.72.13 - - [16/Jun/2026:22:51:12 +0000] "POST /api/auth HTTP/1.1" 404 18371 "-" "Mozilla/5.0 (Windows NT 10.0; Win64; x64) AppleWebKit/537.36"
47.79.119.13 - - [16/Jun/2026:22:51:12 +0000] "GET /wp-content/themes/kadence/comments-sample.php HTTP/1.1" 403 193 "-" "Mozilla/5.0 (Macintosh; Intel Mac OS X 10_11_6) AppleWebKit/537.36 (KHTML, like Gecko) Chrome/66.0.3359.117 Safari/537.36"
172.233.77.10 - - [16/Jun/2026:22:51:12 +0000] "GET /wp-content/themes/news-bite/index-session.php HTTP/1.1" 403 133 "-" "Mozilla/5.0 (Windows NT 10.0; Trident/7.0; rv:11.0) like Gecko"
185.177.72.13 - - [16/Jun/2026:22:51:13 +0000] "POST /api/auth/callback HTTP/1.1" 404 18945 "-" "Mozilla/5.0 (Windows NT 10.0; Win64; x64) AppleWebKit/537.36"
158.160.208.171 - - [16/Jun/2026:22:51:13 +0000] "GET /wp-content/themes/kadence/comments-sample.php HTTP/1.1" 403 193 "-" "Mozilla/5.0 (Macintosh; Intel Mac OS X 10_11_6) AppleWebKit/537.36 (KHTML, like Gecko) Chrome/66.0.3359.117 Safari/537.36"
85.208.96.206 - - [16/Jun/2026:22:51:13 +0000] "GET /giochi-da-casino/ HTTP/1.1" 200 21756 "-" "Mozilla/5.0 (compatible; SemrushBot/7~bl; +http://www.semrush.com/bot.html)"
185.177.72.13 - - [16/Jun/2026:22:51:13 +0000] "POST /api/auth/session HTTP/1.1" 404 18945 "-" "Mozilla/5.0 (Windows NT 10.0; Win64; x64) AppleWebKit/537.36"
185.103.100.141 - - [16/Jun/2026:22:51:14 +0000] "GET /wp-content/themes/kadence/comments-sample.php HTTP/1.1" 403 193 "-" "Mozilla/5.0 (Macintosh; Intel Mac OS X 10_11_6) AppleWebKit/537.36 (KHTML, like Gecko) Chrome/66.0.3359.117 Safari/537.36"
185.177.72.13 - - [16/Jun/2026:22:51:14 +0000] "POST /_rsc HTTP/1.1" 404 18371 "-" "Mozilla/5.0 (Windows NT 10.0; Win64; x64) AppleWebKit/537.36"
47.79.79.35 - - [16/Jun/2026:22:51:14 +0000] "GET /wp-content/themes/news-bite/index-session.php HTTP/1.1" 403 133 "-" "Mozilla/5.0 (Windows NT 10.0; Trident/7.0; rv:11.0) like Gecko"
193.168.137.182 - - [16/Jun/2026:22:51:15 +0000] "GET /wp-content/themes/kadence/comments-sample.php HTTP/1.1" 403 193 "-" "Mozilla/5.0 (Macintosh; Intel Mac OS X 10_11_6) AppleWebKit/537.36 (KHTML, like Gecko) Chrome/66.0.3359.117 Safari/537.36"
185.177.72.13 - - [16/Jun/2026:22:51:15 +0000] "POST /__rsc HTTP/1.1" 404 18371 "-" "Mozilla/5.0 (Windows NT 10.0; Win64; x64) AppleWebKit/537.36"
45.12.135.172 - - [16/Jun/2026:22:51:15 +0000] "GET /wp-content/themes/kadence/comments-sample.php HTTP/1.1" 403 193 "-" "Mozilla/5.0 (Macintosh; Intel Mac OS X 10_11_6) AppleWebKit/537.36 (KHTML, like Gecko) Chrome/66.0.3359.117 Safari/537.36"
185.177.72.13 - - [16/Jun/2026:22:51:15 +0000] "POST /.action HTTP/1.1" 404 18371 "-" "Mozilla/5.0 (Windows NT 10.0; Win64; x64) AppleWebKit/537.36"
185.177.72.13 - - [16/Jun/2026:22:51:16 +0000] "POST /__nextjs_action HTTP/1.1" 404 18371 "-" "Mozilla/5.0 (Windows NT 10.0; Win64; x64) AppleWebKit/537.36"
185.177.72.13 - - [16/Jun/2026:22:51:17 +0000] "POST /_middleware HTTP/1.1" 404 18371 "-" "Mozilla/5.0 (Windows NT 10.0; Win64; x64) AppleWebKit/537.36"
185.177.72.13 - - [16/Jun/2026:22:51:18 +0000] "POST /_next/image HTTP/1.1" 404 18371 "-" "Mozilla/5.0 (Windows NT 10.0; Win64; x64) AppleWebKit/537.36"
185.177.72.13 - - [16/Jun/2026:22:51:18 +0000] "POST /RSC/oi2py3iroqx65ad.txt HTTP/1.1" 404 18371 "-" "Mozilla/5.0 (Windows NT 10.0; Win64; x64) AppleWebKit/537.36"
185.177.72.13 - - [16/Jun/2026:22:51:19 +0000] "POST /RSC/R/v5dmaxg6b1r9jjd.txt HTTP/1.1" 404 18945 "-" "Mozilla/5.0 (Windows NT 10.0; Win64; x64) AppleWebKit/537.36"
185.177.72.13 - - [16/Jun/2026:22:51:19 +0000] "POST /vendor/phpunit/phpunit/src/Util/PHP/eval-stdin.php HTTP/1.1" 404 133 "-" "curl/8.7.1"
185.177.72.13 - - [16/Jun/2026:22:51:20 +0000] "POST /vendor/phpunit/phpunit/Util/PHP/eval-stdin.php HTTP/1.1" 404 133 "-" "curl/8.7.1"
185.177.72.13 - - [16/Jun/2026:22:51:20 +0000] "POST /laravel/vendor/phpunit/phpunit/src/Util/PHP/eval-stdin.php HTTP/1.1" 404 133 "-" "curl/8.7.1"
185.177.72.13 - - [16/Jun/2026:22:51:20 +0000] "POST /yii/vendor/phpunit/phpunit/src/Util/PHP/eval-stdin.php HTTP/1.1" 404 133 "-" "curl/8.7.1"
185.177.72.13 - - [16/Jun/2026:22:51:20 +0000] "POST /zend/vendor/phpunit/phpunit/src/Util/PHP/eval-stdin.php HTTP/1.1" 404 133 "-" "curl/8.7.1"
185.177.72.13 - - [16/Jun/2026:22:51:20 +0000] "POST /lib/vendor/phpunit/phpunit/src/Util/PHP/eval-stdin.php HTTP/1.1" 404 133 "-" "curl/8.7.1"
185.191.171.10 - - [16/Jun/2026:22:51:24 +0000] "GET /at-nichesources-we-specialize-in-sourcing-and-customizing/ HTTP/1.1" 200 23469 "-" "Mozilla/5.0 (compatible; SemrushBot/7~bl; +http://www.semrush.com/bot.html)"
47.79.119.13 - - [16/Jun/2026:22:51:24 +0000] "GET /wp-content/themes/news-bite/index-session.php HTTP/1.1" 403 133 "-" "Mozilla/5.0 (Windows NT 10.0; Trident/7.0; rv:11.0) like Gecko"
85.208.96.203 - - [16/Jun/2026:22:51:26 +0000] "GET /casino-5/ HTTP/1.1" 200 21740 "-" "Mozilla/5.0 (compatible; SemrushBot/7~bl; +http://www.semrush.com/bot.html)"
185.191.171.18 - - [16/Jun/2026:22:51:58 +0000] "GET /the-sale-of-vapes-and-e-liquids-containing-thc/ HTTP/1.1" 200 22487 "-" "Mozilla/5.0 (compatible; SemrushBot/7~bl; +http://www.semrush.com/bot.html)"
85.208.96.203 - - [16/Jun/2026:22:52:25 +0000] "GET /casin%C3%B2-campione-riapertura/ HTTP/1.1" 200 21706 "-" "Mozilla/5.0 (compatible; SemrushBot/7~bl; +http://www.semrush.com/bot.html)"
85.208.96.208 - - [16/Jun/2026:22:54:51 +0000] "GET /category/vademecum/page/114/ HTTP/1.1" 200 21709 "-" "Mozilla/5.0 (compatible; SemrushBot/7~bl; +http://www.semrush.com/bot.html)"
85.208.96.209 - - [16/Jun/2026:22:55:08 +0000] "GET /category/vademecum/page/67/ HTTP/1.1" 200 21213 "-" "Mozilla/5.0 (compatible; SemrushBot/7~bl; +http://www.semrush.com/bot.html)"
185.191.171.5 - - [16/Jun/2026:22:55:43 +0000] "GET /cojcb-casino-50-free-spins/ HTTP/1.1" 200 21601 "-" "Mozilla/5.0 (compatible; SemrushBot/7~bl; +http://www.semrush.com/bot.html)"
94.23.188.205 - - [16/Jun/2026:22:56:42 +0000] "GET /slot-da-casino/ HTTP/1.1" 200 21236 "-" "Mozilla/5.0 (compatible; AhrefsBot/7.0; +http://ahrefs.com/robot/)"
207.46.13.125 - - [16/Jun/2026:22:57:01 +0000] "GET /naturalne-sposoby-na-zdrowa-mozg-dieta-i-relaksacja/ HTTP/1.1" 404 18371 "-" "Mozilla/5.0 AppleWebKit/537.36 (KHTML, like Gecko; compatible; bingbot/2.0; +http://www.bing.com/bingbot.htm) Chrome/116.0.1938.76 Safari/537.36"
185.191.171.18 - - [16/Jun/2026:22:57:03 +0000] "GET /come-pagano-le-slot-in-linea/ HTTP/1.1" 200 21347 "-" "Mozilla/5.0 (compatible; SemrushBot/7~bl; +http://www.semrush.com/bot.html)"
185.191.171.16 - - [16/Jun/2026:22:59:59 +0000] "GET /trucco-vincere-slot/ HTTP/1.1" 200 21637 "-" "Mozilla/5.0 (compatible; SemrushBot/7~bl; +http://www.semrush.com/bot.html)"
94.23.188.214 - - [16/Jun/2026:23:01:26 +0000] "GET /freshbet-casino-it-2025-review/ HTTP/1.1" 200 21612 "-" "Mozilla/5.0 (compatible; AhrefsBot/7.0; +http://ahrefs.com/robot/)"
185.191.171.5 - - [16/Jun/2026:23:02:13 +0000] "GET /migliori-siti-slot-italia/ HTTP/1.1" 200 21929 "-" "Mozilla/5.0 (compatible; SemrushBot/7~bl; +http://www.semrush.com/bot.html)"
3.215.59.93 - - [16/Jun/2026:23:03:44 +0000] "GET /wp-json/oembed/1.0/embed?url=https://apteka-centralna.pl/slot-vincenti-in-linea/ HTTP/1.1" 200 1048 "-" "Mozilla/5.0 AppleWebKit/537.36 (KHTML, like Gecko; compatible; Amazonbot/0.1; +https://developer.amazon.com/support/amazonbot) Chrome/119.0.6045.214 Safari/537.36"
185.191.171.7 - - [16/Jun/2026:23:03:47 +0000] "GET /zipper-high-quality-is-a-crucial-indicator-of-a-designer-bags/ HTTP/1.1" 200 22776 "-" "Mozilla/5.0 (compatible; SemrushBot/7~bl; +http://www.semrush.com/bot.html)"
34.226.89.140 - - [16/Jun/2026:23:03:48 +0000] "GET /a-gift-box-can-be-offered-on-request/ HTTP/1.1" 200 23064 "-" "Mozilla/5.0 AppleWebKit/537.36 (KHTML, like Gecko; compatible; Amazonbot/0.1; +https://developer.amazon.com/support/amazonbot) Chrome/119.0.6045.214 Safari/537.36"
34.196.237.236 - - [16/Jun/2026:23:03:54 +0000] "GET /wp-json/oembed/1.0/embed?format=xml&url=https://apteka-centralna.pl/casino-online-che-pagano-di-piu/ HTTP/1.1" 200 1102 "-" "Mozilla/5.0 AppleWebKit/537.36 (KHTML, like Gecko; compatible; Amazonbot/0.1; +https://developer.amazon.com/support/amazonbot) Chrome/119.0.6045.214 Safari/537.36"
185.191.171.4 - - [16/Jun/2026:23:04:12 +0000] "GET /roulette-dal-vivo-gratis/ HTTP/1.1" 200 21805 "-" "Mozilla/5.0 (compatible; SemrushBot/7~bl; +http://www.semrush.com/bot.html)"
185.191.171.7 - - [16/Jun/2026:23:04:36 +0000] "GET /casino-senza-deposito-stranieri/ HTTP/1.1" 200 21362 "-" "Mozilla/5.0 (compatible; SemrushBot/7~bl; +http://www.semrush.com/bot.html)"
185.191.171.11 - - [16/Jun/2026:23:04:38 +0000] "GET /punto-banco-live-casin%C3%B2/ HTTP/1.1" 200 21522 "-" "Mozilla/5.0 (compatible; SemrushBot/7~bl; +http://www.semrush.com/bot.html)"
51.68.247.208 - - [16/Jun/2026:23:06:01 +0000] "GET /when-you-consider-hermes-the-very-first-thing-that-involves/feed/ HTTP/1.1" 200 1075 "-" "Mozilla/5.0 (compatible; AhrefsBot/7.0; +http://ahrefs.com/robot/)"
209.74.93.184 - - [16/Jun/2026:23:08:01 +0000] "GET /wp-login.php HTTP/1.1" 200 3270 "-" "Mozilla/5.0 (Macintosh; Intel Mac OS X 14_7_4) AppleWebKit/537.36 (KHTML, like Gecko) Chrome/133.0.0.0 Safari/537.36"
209.74.93.184 - - [16/Jun/2026:23:08:02 +0000] "POST /wp-login.php HTTP/1.1" 200 3397 "https://apteka-centralna.pl/wp-login.php" "Mozilla/5.0 (Macintosh; Intel Mac OS X 14_7_4) AppleWebKit/537.36 (KHTML, like Gecko) Chrome/133.0.0.0 Safari/537.36"
185.191.171.3 - - [16/Jun/2026:23:08:03 +0000] "GET /casino-roulette-trucchi/ HTTP/1.1" 200 21482 "-" "Mozilla/5.0 (compatible; SemrushBot/7~bl; +http://www.semrush.com/bot.html)"
85.208.96.196 - - [16/Jun/2026:23:08:22 +0000] "GET /gioca-buffalo-king-gratis-senza-scaricare/ HTTP/1.1" 200 21430 "-" "Mozilla/5.0 (compatible; SemrushBot/7~bl; +http://www.semrush.com/bot.html)"
44.212.106.171 - - [16/Jun/2026:23:08:41 +0000] "GET /jak-naturalnie-wzmacniac-uklad-odpornosciowy-u-dzieci/feed/ HTTP/1.1" 200 1074 "-" "Mozilla/5.0 AppleWebKit/537.36 (KHTML, like Gecko; compatible; Amazonbot/0.1; +https://developer.amazon.com/support/amazonbot) Chrome/119.0.6045.214 Safari/537.36"
85.208.96.194 - - [16/Jun/2026:23:09:31 +0000] "GET /theres-more-to-this-beginner-friendly-grinder-from-cute/ HTTP/1.1" 200 24532 "-" "Mozilla/5.0 (compatible; SemrushBot/7~bl; +http://www.semrush.com/bot.html)"
185.191.171.14 - - [16/Jun/2026:23:09:40 +0000] "GET /coapcopay-casino-no-deposit-bonus/ HTTP/1.1" 200 21287 "-" "Mozilla/5.0 (compatible; SemrushBot/7~bl; +http://www.semrush.com/bot.html)"
185.191.171.9 - - [16/Jun/2026:23:09:56 +0000] "GET /le-slot-machine-che-pagano-di-piu/ HTTP/1.1" 200 21650 "-" "Mozilla/5.0 (compatible; SemrushBot/7~bl; +http://www.semrush.com/bot.html)"
54.37.118.94 - - [16/Jun/2026:23:10:35 +0000] "GET /our-butt-plugs-prostate-massagers-and-anal-beads-are/feed/ HTTP/1.1" 200 1055 "-" "Mozilla/5.0 (compatible; AhrefsBot/7.0; +http://ahrefs.com/robot/)"
50.16.248.61 - - [16/Jun/2026:23:11:24 +0000] "GET /wp-json/wp/v2/posts/9442 HTTP/1.1" 200 3579 "-" "Mozilla/5.0 AppleWebKit/537.36 (KHTML, like Gecko; compatible; Amazonbot/0.1; +https://developer.amazon.com/support/amazonbot) Chrome/119.0.6045.214 Safari/537.36"
34.224.132.215 - - [16/Jun/2026:23:12:04 +0000] "GET /wp-json/wp/v2/posts/9774 HTTP/1.1" 200 3135 "-" "Mozilla/5.0 AppleWebKit/537.36 (KHTML, like Gecko; compatible; Amazonbot/0.1; +https://developer.amazon.com/support/amazonbot) Chrome/119.0.6045.214 Safari/537.36"
34.194.165.45 - - [16/Jun/2026:23:12:08 +0000] "GET /with-over-5-years-of-expertise/feed/ HTTP/1.1" 200 987 "-" "Mozilla/5.0 AppleWebKit/537.36 (KHTML, like Gecko; compatible; Amazonbot/0.1; +https://developer.amazon.com/support/amazonbot) Chrome/119.0.6045.214 Safari/537.36"
85.208.96.199 - - [16/Jun/2026:23:12:09 +0000] "GET /gioca-fruit-snap-gratis-senza-scaricare/ HTTP/1.1" 200 21484 "-" "Mozilla/5.0 (compatible; SemrushBot/7~bl; +http://www.semrush.com/bot.html)"
85.208.96.204 - - [16/Jun/2026:23:13:22 +0000] "GET /bonus-dei-casin%C3%B2/ HTTP/1.1" 200 21744 "-" "Mozilla/5.0 (compatible; SemrushBot/7~bl; +http://www.semrush.com/bot.html)"
185.191.171.18 - - [16/Jun/2026:23:14:06 +0000] "GET /migliori-casino-mit-visa/ HTTP/1.1" 200 21889 "-" "Mozilla/5.0 (compatible; SemrushBot/7~bl; +http://www.semrush.com/bot.html)"
54.37.118.72 - - [16/Jun/2026:23:14:38 +0000] "GET /bonus-ricarica-eurobet-casin%C3%B2-online-eurobet-italia/ HTTP/1.1" 200 21782 "-" "Mozilla/5.0 (compatible; AhrefsBot/7.0; +http://ahrefs.com/robot/)"
185.191.171.17 - - [16/Jun/2026:23:14:52 +0000] "GET /casino-on-line-gratis/ HTTP/1.1" 200 21434 "-" "Mozilla/5.0 (compatible; SemrushBot/7~bl; +http://www.semrush.com/bot.html)"
85.208.96.198 - - [16/Jun/2026:23:15:02 +0000] "GET /roulette-numeri/ HTTP/1.1" 200 21537 "-" "Mozilla/5.0 (compatible; SemrushBot/7~bl; +http://www.semrush.com/bot.html)"
185.191.171.5 - - [16/Jun/2026:23:15:32 +0000] "GET /for-occasion-i-use-my-fingers-to-kickstart-anal-stimulation/ HTTP/1.1" 200 23406 "-" "Mozilla/5.0 (compatible; SemrushBot/7~bl; +http://www.semrush.com/bot.html)"
85.208.96.205 - - [16/Jun/2026:23:16:42 +0000] "GET /briscola-a-4/ HTTP/1.1" 200 21484 "-" "Mozilla/5.0 (compatible; SemrushBot/7~bl; +http://www.semrush.com/bot.html)"
185.191.171.8 - - [16/Jun/2026:23:16:46 +0000] "GET /macchinette-da-gioco-iphone/ HTTP/1.1" 200 21429 "-" "Mozilla/5.0 (compatible; SemrushBot/7~bl; +http://www.semrush.com/bot.html)"
194.63.239.143 - - [16/Jun/2026:23:16:52 +0000] "GET /wp-login.php HTTP/1.1" 200 3270 "-" "Mozilla/5.0 (X11; Linux i686) AppleWebKit/537.36 (KHTML, like Gecko) Chrome/133.0.0.0 Safari/537.36"
194.63.239.143 - - [16/Jun/2026:23:16:53 +0000] "POST /wp-login.php HTTP/1.1" 200 3397 "https://apteka-centralna.pl/wp-login.php" "Mozilla/5.0 (X11; Linux i686) AppleWebKit/537.36 (KHTML, like Gecko) Chrome/133.0.0.0 Safari/537.36"
37.59.204.148 - - [16/Jun/2026:23:17:37 +0000] "GET /naturalne-metody-poprawy-ukladu-krazenia-skuteczne-sposoby/ HTTP/1.1" 200 23382 "-" "Mozilla/5.0 (compatible; AhrefsBot/7.0; +http://ahrefs.com/robot/)"
85.208.96.212 - - [16/Jun/2026:23:17:43 +0000] "GET /card-rummy-online-gratis/ HTTP/1.1" 200 21774 "-" "Mozilla/5.0 (compatible; SemrushBot/7~bl; +http://www.semrush.com/bot.html)"
185.191.171.9 - - [16/Jun/2026:23:18:12 +0000] "GET /siti-di-gioco-d-azzardo/ HTTP/1.1" 200 21755 "-" "Mozilla/5.0 (compatible; SemrushBot/7~bl; +http://www.semrush.com/bot.html)"
216.244.66.236 - - [16/Jun/2026:23:18:35 +0000] "GET /casino-deposit-bonus-codes/ HTTP/1.1" 200 112280 "-" "Mozilla/5.0 (compatible; DotBot/1.2; +https://opensiteexplorer.org/dotbot; help@moz.com)"
97.74.87.194 - - [16/Jun/2026:23:18:37 +0000] "GET /wp-login.php HTTP/1.1" 200 3270 "-" "Mozilla/5.0 (Windows NT 10.0; Win64; x64) AppleWebKit/537.36 (KHTML, like Gecko) Chrome/120.0.0.0 Safari/537.36"
97.74.87.194 - - [16/Jun/2026:23:18:38 +0000] "POST /wp-login.php HTTP/1.1" 200 3403 "https://apteka-centralna.pl/wp-login.php" "Mozilla/5.0 (Windows NT 10.0; Win64; x64) AppleWebKit/537.36 (KHTML, like Gecko) Chrome/120.0.0.0 Safari/537.36"
5.39.1.243 - - [16/Jun/2026:23:19:31 +0000] "GET /in-november-2019-cnbc-reported-that-many-purses-bought-on-the/feed/ HTTP/1.1" 200 1081 "-" "Mozilla/5.0 (compatible; AhrefsBot/7.0; +http://ahrefs.com/robot/)"
85.208.96.195 - - [16/Jun/2026:23:19:47 +0000] "GET /the-reviewer-also-noted-that-they-favored-how-straightforward/ HTTP/1.1" 200 23886 "-" "Mozilla/5.0 (compatible; SemrushBot/7~bl; +http://www.semrush.com/bot.html)"
52.71.216.196 - - [16/Jun/2026:23:19:51 +0000] "GET /footballmonk-offers-you-to-customise-the-club-of-your-lifes/ HTTP/1.1" 200 22909 "-" "Mozilla/5.0 AppleWebKit/537.36 (KHTML, like Gecko; compatible; Amazonbot/0.1; +https://developer.amazon.com/support/amazonbot) Chrome/119.0.6045.214 Safari/537.36"
34.203.111.15 - - [16/Jun/2026:23:19:55 +0000] "GET /naturalne-metody-lagodzenia-stresu-przy-komputerze-5-skutecznych-sposobow/feed/ HTTP/1.1" 200 1140 "-" "Mozilla/5.0 AppleWebKit/537.36 (KHTML, like Gecko; compatible; Amazonbot/0.1; +https://developer.amazon.com/support/amazonbot) Chrome/119.0.6045.214 Safari/537.36"
85.208.96.199 - - [16/Jun/2026:23:21:42 +0000] "GET /live-casino-live/ HTTP/1.1" 200 21731 "-" "Mozilla/5.0 (compatible; SemrushBot/7~bl; +http://www.semrush.com/bot.html)"
185.191.171.10 - - [16/Jun/2026:23:21:45 +0000] "GET /boomerang-casino-bonus-senza-deposito/ HTTP/1.1" 200 21353 "-" "Mozilla/5.0 (compatible; SemrushBot/7~bl; +http://www.semrush.com/bot.html)"
85.208.96.197 - - [16/Jun/2026:23:21:59 +0000] "GET /giochi-slot-con-soldi-veri/ HTTP/1.1" 200 21662 "-" "Mozilla/5.0 (compatible; SemrushBot/7~bl; +http://www.semrush.com/bot.html)"
41.79.235.70 - - [16/Jun/2026:23:22:31 +0000] "GET /wp-login.php HTTP/1.1" 200 3270 "-" "Mozilla/5.0 (Windows NT 10.0; Win64; x64) AppleWebKit/537.36 (KHTML, like Gecko) Chrome/133.0.0.0 Safari/537.36 Edg/133.0.0.0"
41.79.235.70 - - [16/Jun/2026:23:22:32 +0000] "POST /wp-login.php HTTP/1.1" 200 3403 "https://apteka-centralna.pl/wp-login.php" "Mozilla/5.0 (Windows NT 10.0; Win64; x64) AppleWebKit/537.36 (KHTML, like Gecko) Chrome/133.0.0.0 Safari/537.36 Edg/133.0.0.0"
216.244.66.236 - - [16/Jun/2026:23:23:03 +0000] "GET /trucchi-per-vincere-alla-roulette-online/ HTTP/1.1" 200 111972 "-" "Mozilla/5.0 (compatible; DotBot/1.2; +https://opensiteexplorer.org/dotbot; help@moz.com)"
85.208.96.204 - - [16/Jun/2026:23:23:46 +0000] "GET /arcade-giochi-online/ HTTP/1.1" 200 21716 "-" "Mozilla/5.0 (compatible; SemrushBot/7~bl; +http://www.semrush.com/bot.html)"
185.191.171.5 - - [16/Jun/2026:23:23:57 +0000] "GET /recensioni-sui-casino-online/ HTTP/1.1" 200 21432 "-" "Mozilla/5.0 (compatible; SemrushBot/7~bl; +http://www.semrush.com/bot.html)"
185.191.171.9 - - [16/Jun/2026:23:24:13 +0000] "GET /casin%C3%B2-style-craps-online/ HTTP/1.1" 200 21478 "-" "Mozilla/5.0 (compatible; SemrushBot/7~bl; +http://www.semrush.com/bot.html)"
184.107.244.93 - - [16/Jun/2026:23:25:03 +0000] "GET /wp-login.php HTTP/1.1" 200 3270 "-" "Mozilla/5.0 (X11; Ubuntu; Linux x86_64; rv:133.0) Gecko/20100101 Firefox/133.0"
184.107.244.93 - - [16/Jun/2026:23:25:04 +0000] "POST /wp-login.php HTTP/1.1" 200 3397 "https://apteka-centralna.pl/wp-login.php" "Mozilla/5.0 (X11; Ubuntu; Linux x86_64; rv:133.0) Gecko/20100101 Firefox/133.0"
185.191.171.3 - - [16/Jun/2026:23:25:41 +0000] "GET /mini-baccarat-gratis-online/ HTTP/1.1" 200 21693 "-" "Mozilla/5.0 (compatible; SemrushBot/7~bl; +http://www.semrush.com/bot.html)"
159.65.137.210 - - [16/Jun/2026:23:25:54 +0000] "GET /wp-login.php HTTP/1.1" 200 3270 "https://t.co/" "Mozilla/5.0 (Windows NT 11.0; Win64; x64) AppleWebKit/537.36 (KHTML, like Gecko) Chrome/121.0.0.0 Safari/537.36"
159.65.137.210 - - [16/Jun/2026:23:25:56 +0000] "GET /?author=1 HTTP/1.1" 301 5 "" "Mozilla/5.0 (Windows NT 10.0; Win64; x64) AppleWebKit/537.36 (KHTML, like Gecko) Chrome/120.0.0.0 Safari/537.36"
159.65.137.210 - - [16/Jun/2026:23:25:57 +0000] "GET /author/admin/ HTTP/1.1" 200 21494 "" "Mozilla/5.0 (Windows NT 10.0; Win64; x64) AppleWebKit/537.36 (KHTML, like Gecko) Chrome/120.0.0.0 Safari/537.36"
159.65.137.210 - - [16/Jun/2026:23:26:00 +0000] "GET /?author=2 HTTP/1.1" 200 19061 "https://www.google.com/search?q=wordpress" "Mozilla/5.0 (Macintosh; Intel Mac OS X 10_15_7) AppleWebKit/605.1.15 (KHTML, like Gecko) Version/17.1 Safari/605.1.15"
159.65.137.210 - - [16/Jun/2026:23:26:02 +0000] "GET /?author=3 HTTP/1.1" 200 19047 "" "Mozilla/5.0 (Macintosh; Intel Mac OS X 10_15_7) AppleWebKit/537.36 (KHTML, like Gecko) Chrome/120.0.0.0 Safari/537.36"
159.65.137.210 - - [16/Jun/2026:23:26:04 +0000] "GET /?author=4 HTTP/1.1" 301 5 "-" "Mozilla/5.0 (Macintosh; Intel Mac OS X 10_15_7; rv:118.0) Gecko/20100101 Firefox/118.0"
159.65.137.210 - - [16/Jun/2026:23:26:06 +0000] "GET /author/trumpweiss/ HTTP/1.1" 200 19047 "-" "Mozilla/5.0 (Macintosh; Intel Mac OS X 10_15_7; rv:118.0) Gecko/20100101 Firefox/118.0"
159.65.137.210 - - [16/Jun/2026:23:26:08 +0000] "GET /?author=5 HTTP/1.1" 200 18988 "https://duckduckgo.com/" "Mozilla/5.0 (X11; Ubuntu; Linux x86_64) AppleWebKit/537.36 (KHTML, like Gecko) Chrome/121.0.0.0 Safari/537.36"
159.65.137.210 - - [16/Jun/2026:23:26:11 +0000] "GET /wp-json/wp/v2/users HTTP/1.1" 200 554 "" "Mozilla/5.0 (Macintosh; Intel Mac OS X 10_15_7; rv:118.0) Gecko/20100101 Firefox/118.0"
159.65.137.210 - - [16/Jun/2026:23:26:12 +0000] "POST /wp-login.php HTTP/1.1" 200 3445 "https://apteka-centralna.pl/wp-login.php" "Mozilla/5.0 (Macintosh; Intel Mac OS X 13_6_1) AppleWebKit/605.1.15 (KHTML, like Gecko) Version/17.2 Safari/605.1.15"
159.65.137.210 - - [16/Jun/2026:23:26:15 +0000] "GET /wp-admin/index.php HTTP/1.1" 302 5 "https://apteka-centralna.pl/wp-login.php" "Mozilla/5.0 (Windows NT 11.0; Win64; x64) AppleWebKit/537.36 (KHTML, like Gecko) Chrome/118.0.0.0 Safari/537.36"
92.222.104.214 - - [16/Jun/2026:23:26:15 +0000] "GET /naturalne-sposoby-wzmocnienia-odpornosci-u-seniorow-sprawdz/ HTTP/1.1" 200 23784 "-" "Mozilla/5.0 (compatible; AhrefsBot/7.0; +http://ahrefs.com/robot/)"
159.65.137.210 - - [16/Jun/2026:23:26:17 +0000] "GET /wp-login.php?redirect_to=https%3A%2F%2Fapteka-centralna.pl%2Fwp-admin%2Findex.php&reauth=1 HTTP/1.1" 200 3281 "https://apteka-centralna.pl/wp-login.php" "Mozilla/5.0 (Windows NT 11.0; Win64; x64) AppleWebKit/537.36 (KHTML, like Gecko) Chrome/118.0.0.0 Safari/537.36"
159.65.137.210 - - [16/Jun/2026:23:26:19 +0000] "POST /wp-login.php HTTP/1.1" 200 3446 "https://apteka-centralna.pl/wp-login.php" "Mozilla/5.0 (Macintosh; Intel Mac OS X 10_15_7) AppleWebKit/605.1.15 (KHTML, like Gecko) Version/17.0 Safari/605.1.15"
159.65.137.210 - - [16/Jun/2026:23:26:20 +0000] "GET /wp-admin/index.php HTTP/1.1" 302 5 "https://apteka-centralna.pl/wp-login.php" "Mozilla/5.0 (Macintosh; Intel Mac OS X 10_15_7) AppleWebKit/605.1.15 (KHTML, like Gecko) Version/17.2 Safari/605.1.15"
159.65.137.210 - - [16/Jun/2026:23:26:22 +0000] "GET /wp-login.php?redirect_to=https%3A%2F%2Fapteka-centralna.pl%2Fwp-admin%2Findex.php&reauth=1 HTTP/1.1" 200 3281 "https://apteka-centralna.pl/wp-login.php" "Mozilla/5.0 (Macintosh; Intel Mac OS X 10_15_7) AppleWebKit/605.1.15 (KHTML, like Gecko) Version/17.2 Safari/605.1.15"
159.65.137.210 - - [16/Jun/2026:23:26:24 +0000] "POST /wp-login.php HTTP/1.1" 200 3440 "https://apteka-centralna.pl/wp-login.php" "Mozilla/5.0 (Windows NT 11.0; Win64; x64) AppleWebKit/537.36 (KHTML, like Gecko) Chrome/121.0.0.0 Safari/537.36"
159.65.137.210 - - [16/Jun/2026:23:26:26 +0000] "GET /wp-admin/index.php HTTP/1.1" 302 5 "https://apteka-centralna.pl/wp-login.php" "Mozilla/5.0 (Macintosh; Intel Mac OS X 13_6_1; rv:118.0) Gecko/20100101 Firefox/118.0"
159.65.137.210 - - [16/Jun/2026:23:26:28 +0000] "GET /wp-login.php?redirect_to=https%3A%2F%2Fapteka-centralna.pl%2Fwp-admin%2Findex.php&reauth=1 HTTP/1.1" 200 3281 "https://apteka-centralna.pl/wp-login.php" "Mozilla/5.0 (Macintosh; Intel Mac OS X 13_6_1; rv:118.0) Gecko/20100101 Firefox/118.0"
159.65.137.210 - - [16/Jun/2026:23:26:30 +0000] "POST /wp-login.php HTTP/1.1" 200 3442 "https://apteka-centralna.pl/wp-login.php" "Mozilla/5.0 (X11; Ubuntu; Linux x86_64) AppleWebKit/537.36 (KHTML, like Gecko) Chrome/118.0.0.0 Safari/537.36"
185.191.171.17 - - [16/Jun/2026:23:26:31 +0000] "GET /guida-scommesse/ HTTP/1.1" 200 21691 "-" "Mozilla/5.0 (compatible; SemrushBot/7~bl; +http://www.semrush.com/bot.html)"
159.65.137.210 - - [16/Jun/2026:23:26:32 +0000] "GET /wp-admin/index.php HTTP/1.1" 302 5 "https://apteka-centralna.pl/wp-login.php" "Mozilla/5.0 (Macintosh; Intel Mac OS X 13_6_1; rv:119.0) Gecko/20100101 Firefox/119.0"
159.65.137.210 - - [16/Jun/2026:23:26:34 +0000] "GET /wp-login.php?redirect_to=https%3A%2F%2Fapteka-centralna.pl%2Fwp-admin%2Findex.php&reauth=1 HTTP/1.1" 200 3281 "https://apteka-centralna.pl/wp-login.php" "Mozilla/5.0 (Macintosh; Intel Mac OS X 13_6_1; rv:119.0) Gecko/20100101 Firefox/119.0"
159.65.137.210 - - [16/Jun/2026:23:26:36 +0000] "POST /wp-login.php HTTP/1.1" 200 3446 "https://apteka-centralna.pl/wp-login.php" "Mozilla/5.0 (X11; Ubuntu; Linux x86_64) AppleWebKit/537.36 (KHTML, like Gecko) Chrome/118.0.0.0 Safari/537.36"
159.65.137.210 - - [16/Jun/2026:23:26:38 +0000] "GET /wp-admin/index.php HTTP/1.1" 302 5 "https://apteka-centralna.pl/wp-login.php" "Mozilla/5.0 (Windows NT 10.0; Win64; x64) AppleWebKit/537.36 (KHTML, like Gecko) Chrome/120.0.0.0 Safari/537.36"
159.65.137.210 - - [16/Jun/2026:23:26:39 +0000] "GET /wp-login.php?redirect_to=https%3A%2F%2Fapteka-centralna.pl%2Fwp-admin%2Findex.php&reauth=1 HTTP/1.1" 200 3281 "https://apteka-centralna.pl/wp-login.php" "Mozilla/5.0 (Windows NT 10.0; Win64; x64) AppleWebKit/537.36 (KHTML, like Gecko) Chrome/120.0.0.0 Safari/537.36"
159.65.137.210 - - [16/Jun/2026:23:26:41 +0000] "POST /wp-login.php HTTP/1.1" 200 3442 "https://apteka-centralna.pl/wp-login.php" "Mozilla/5.0 (X11; Ubuntu; Linux x86_64) AppleWebKit/537.36 (KHTML, like Gecko) Chrome/121.0.0.0 Safari/537.36"
159.65.137.210 - - [16/Jun/2026:23:26:43 +0000] "GET /wp-admin/index.php HTTP/1.1" 302 5 "https://apteka-centralna.pl/wp-login.php" "Mozilla/5.0 (X11; Ubuntu; Linux x86_64) AppleWebKit/537.36 (KHTML, like Gecko) Chrome/119.0.0.0 Safari/537.36"
159.65.137.210 - - [16/Jun/2026:23:26:45 +0000] "GET /wp-login.php?redirect_to=https%3A%2F%2Fapteka-centralna.pl%2Fwp-admin%2Findex.php&reauth=1 HTTP/1.1" 200 3281 "https://apteka-centralna.pl/wp-login.php" "Mozilla/5.0 (X11; Ubuntu; Linux x86_64) AppleWebKit/537.36 (KHTML, like Gecko) Chrome/119.0.0.0 Safari/537.36"
159.65.137.210 - - [16/Jun/2026:23:26:47 +0000] "POST /wp-login.php HTTP/1.1" 200 3444 "https://apteka-centralna.pl/wp-login.php" "Mozilla/5.0 (Windows NT 10.0; Win64; x64; rv:119.0) Gecko/20100101 Firefox/119.0"
159.65.137.210 - - [16/Jun/2026:23:26:49 +0000] "GET /wp-admin/index.php HTTP/1.1" 302 5 "https://apteka-centralna.pl/wp-login.php" "Mozilla/5.0 (Macintosh; Intel Mac OS X 13_6_1; rv:118.0) Gecko/20100101 Firefox/118.0"
159.65.137.210 - - [16/Jun/2026:23:26:51 +0000] "GET /wp-login.php?redirect_to=https%3A%2F%2Fapteka-centralna.pl%2Fwp-admin%2Findex.php&reauth=1 HTTP/1.1" 200 3281 "https://apteka-centralna.pl/wp-login.php" "Mozilla/5.0 (Macintosh; Intel Mac OS X 13_6_1; rv:118.0) Gecko/20100101 Firefox/118.0"
159.65.137.210 - - [16/Jun/2026:23:26:53 +0000] "POST /wp-login.php HTTP/1.1" 200 3443 "https://apteka-centralna.pl/wp-login.php" "Mozilla/5.0 (Windows NT 10.0; Win64; x64; rv:120.0) Gecko/20100101 Firefox/120.0"
159.65.137.210 - - [16/Jun/2026:23:26:55 +0000] "GET /wp-admin/index.php HTTP/1.1" 302 5 "https://apteka-centralna.pl/wp-login.php" "Mozilla/5.0 (Macintosh; Intel Mac OS X 13_6_1) AppleWebKit/605.1.15 (KHTML, like Gecko) Version/17.0 Safari/605.1.15"
159.65.137.210 - - [16/Jun/2026:23:26:57 +0000] "GET /wp-login.php?redirect_to=https%3A%2F%2Fapteka-centralna.pl%2Fwp-admin%2Findex.php&reauth=1 HTTP/1.1" 200 3281 "https://apteka-centralna.pl/wp-login.php" "Mozilla/5.0 (Macintosh; Intel Mac OS X 13_6_1) AppleWebKit/605.1.15 (KHTML, like Gecko) Version/17.0 Safari/605.1.15"
159.65.137.210 - - [16/Jun/2026:23:26:59 +0000] "POST /wp-login.php HTTP/1.1" 200 3443 "https://apteka-centralna.pl/wp-login.php" "Mozilla/5.0 (Macintosh; Intel Mac OS X 13_6_1; rv:118.0) Gecko/20100101 Firefox/118.0"
159.65.137.210 - - [16/Jun/2026:23:27:01 +0000] "GET /wp-admin/index.php HTTP/1.1" 302 5 "https://apteka-centralna.pl/wp-login.php" "Mozilla/5.0 (Windows NT 11.0; Win64; x64) AppleWebKit/537.36 (KHTML, like Gecko) Chrome/118.0.0.0 Safari/537.36"
159.65.137.210 - - [16/Jun/2026:23:27:03 +0000] "GET /wp-login.php?redirect_to=https%3A%2F%2Fapteka-centralna.pl%2Fwp-admin%2Findex.php&reauth=1 HTTP/1.1" 200 3281 "https://apteka-centralna.pl/wp-login.php" "Mozilla/5.0 (Windows NT 11.0; Win64; x64) AppleWebKit/537.36 (KHTML, like Gecko) Chrome/118.0.0.0 Safari/537.36"
159.65.137.210 - - [16/Jun/2026:23:27:06 +0000] "POST /wp-login.php HTTP/1.1" 200 3444 "https://apteka-centralna.pl/wp-login.php" "Mozilla/5.0 (X11; Ubuntu; Linux x86_64) AppleWebKit/537.36 (KHTML, like Gecko) Chrome/120.0.0.0 Safari/537.36"
159.65.137.210 - - [16/Jun/2026:23:27:08 +0000] "GET /wp-admin/index.php HTTP/1.1" 302 5 "https://apteka-centralna.pl/wp-login.php" "Mozilla/5.0 (Macintosh; Intel Mac OS X 10_15_7) AppleWebKit/605.1.15 (KHTML, like Gecko) Version/17.1 Safari/605.1.15"
159.65.137.210 - - [16/Jun/2026:23:27:09 +0000] "GET /wp-login.php?redirect_to=https%3A%2F%2Fapteka-centralna.pl%2Fwp-admin%2Findex.php&reauth=1 HTTP/1.1" 200 3281 "https://apteka-centralna.pl/wp-login.php" "Mozilla/5.0 (Macintosh; Intel Mac OS X 10_15_7) AppleWebKit/605.1.15 (KHTML, like Gecko) Version/17.1 Safari/605.1.15"
159.65.137.210 - - [16/Jun/2026:23:27:11 +0000] "POST /wp-login.php HTTP/1.1" 200 3443 "https://apteka-centralna.pl/wp-login.php" "Mozilla/5.0 (Windows NT 11.0; Win64; x64) AppleWebKit/537.36 (KHTML, like Gecko) Chrome/118.0.0.0 Safari/537.36"
159.65.137.210 - - [16/Jun/2026:23:27:13 +0000] "GET /wp-admin/index.php HTTP/1.1" 302 5 "https://apteka-centralna.pl/wp-login.php" "Mozilla/5.0 (X11; Linux x86_64) AppleWebKit/537.36 (KHTML, like Gecko) Chrome/121.0.0.0 Safari/537.36"
159.65.137.210 - - [16/Jun/2026:23:27:15 +0000] "GET /wp-login.php?redirect_to=https%3A%2F%2Fapteka-centralna.pl%2Fwp-admin%2Findex.php&reauth=1 HTTP/1.1" 200 3281 "https://apteka-centralna.pl/wp-login.php" "Mozilla/5.0 (X11; Linux x86_64) AppleWebKit/537.36 (KHTML, like Gecko) Chrome/121.0.0.0 Safari/537.36"
159.65.137.210 - - [16/Jun/2026:23:27:17 +0000] "POST /wp-login.php HTTP/1.1" 200 3441 "https://apteka-centralna.pl/wp-login.php" "Mozilla/5.0 (Windows NT 11.0; Win64; x64) AppleWebKit/537.36 (KHTML, like Gecko) Chrome/121.0.0.0 Safari/537.36"
159.65.137.210 - - [16/Jun/2026:23:27:19 +0000] "GET /wp-admin/index.php HTTP/1.1" 302 5 "https://apteka-centralna.pl/wp-login.php" "Mozilla/5.0 (Macintosh; Intel Mac OS X 13_6_1) AppleWebKit/605.1.15 (KHTML, like Gecko) Version/17.2 Safari/605.1.15"
159.65.137.210 - - [16/Jun/2026:23:27:21 +0000] "GET /wp-login.php?redirect_to=https%3A%2F%2Fapteka-centralna.pl%2Fwp-admin%2Findex.php&reauth=1 HTTP/1.1" 200 3281 "https://apteka-centralna.pl/wp-login.php" "Mozilla/5.0 (Macintosh; Intel Mac OS X 13_6_1) AppleWebKit/605.1.15 (KHTML, like Gecko) Version/17.2 Safari/605.1.15"
159.65.137.210 - - [16/Jun/2026:23:27:23 +0000] "POST /wp-login.php HTTP/1.1" 200 3440 "https://apteka-centralna.pl/wp-login.php" "Mozilla/5.0 (Macintosh; Intel Mac OS X 10_15_7) AppleWebKit/537.36 (KHTML, like Gecko) Chrome/120.0.0.0 Safari/537.36"
159.65.137.210 - - [16/Jun/2026:23:27:25 +0000] "GET /wp-admin/index.php HTTP/1.1" 302 5 "https://apteka-centralna.pl/wp-login.php" "Mozilla/5.0 (X11; Linux x86_64) AppleWebKit/537.36 (KHTML, like Gecko) Chrome/121.0.0.0 Safari/537.36"
159.65.137.210 - - [16/Jun/2026:23:27:27 +0000] "GET /wp-login.php?redirect_to=https%3A%2F%2Fapteka-centralna.pl%2Fwp-admin%2Findex.php&reauth=1 HTTP/1.1" 200 3281 "https://apteka-centralna.pl/wp-login.php" "Mozilla/5.0 (X11; Linux x86_64) AppleWebKit/537.36 (KHTML, like Gecko) Chrome/121.0.0.0 Safari/537.36"
159.65.137.210 - - [16/Jun/2026:23:27:29 +0000] "POST /wp-login.php HTTP/1.1" 200 3448 "https://apteka-centralna.pl/wp-login.php" "Mozilla/5.0 (X11; Ubuntu; Linux x86_64) AppleWebKit/537.36 (KHTML, like Gecko) Chrome/120.0.0.0 Safari/537.36"
159.65.137.210 - - [16/Jun/2026:23:27:31 +0000] "GET /wp-admin/index.php HTTP/1.1" 302 5 "https://apteka-centralna.pl/wp-login.php" "Mozilla/5.0 (Macintosh; Intel Mac OS X 13_6_1) AppleWebKit/605.1.15 (KHTML, like Gecko) Version/17.1 Safari/605.1.15"
159.65.137.210 - - [16/Jun/2026:23:27:33 +0000] "GET /wp-login.php?redirect_to=https%3A%2F%2Fapteka-centralna.pl%2Fwp-admin%2Findex.php&reauth=1 HTTP/1.1" 200 3281 "https://apteka-centralna.pl/wp-login.php" "Mozilla/5.0 (Macintosh; Intel Mac OS X 13_6_1) AppleWebKit/605.1.15 (KHTML, like Gecko) Version/17.1 Safari/605.1.15"
159.65.137.210 - - [16/Jun/2026:23:27:35 +0000] "POST /wp-login.php HTTP/1.1" 200 3439 "https://apteka-centralna.pl/wp-login.php" "Mozilla/5.0 (Windows NT 11.0; Win64; x64; rv:120.0) Gecko/20100101 Firefox/120.0"
159.65.137.210 - - [16/Jun/2026:23:27:37 +0000] "GET /wp-admin/index.php HTTP/1.1" 302 5 "https://apteka-centralna.pl/wp-login.php" "Mozilla/5.0 (Macintosh; Intel Mac OS X 10_15_7; rv:118.0) Gecko/20100101 Firefox/118.0"
159.65.137.210 - - [16/Jun/2026:23:27:39 +0000] "GET /wp-login.php?redirect_to=https%3A%2F%2Fapteka-centralna.pl%2Fwp-admin%2Findex.php&reauth=1 HTTP/1.1" 200 3281 "https://apteka-centralna.pl/wp-login.php" "Mozilla/5.0 (Macintosh; Intel Mac OS X 10_15_7; rv:118.0) Gecko/20100101 Firefox/118.0"
159.65.137.210 - - [16/Jun/2026:23:27:41 +0000] "POST /wp-login.php HTTP/1.1" 200 3443 "https://apteka-centralna.pl/wp-login.php" "Mozilla/5.0 (X11; Linux x86_64) AppleWebKit/537.36 (KHTML, like Gecko) Chrome/119.0.0.0 Safari/537.36"
159.65.137.210 - - [16/Jun/2026:23:27:43 +0000] "GET /wp-admin/index.php HTTP/1.1" 302 5 "https://apteka-centralna.pl/wp-login.php" "Mozilla/5.0 (X11; Linux x86_64) AppleWebKit/537.36 (KHTML, like Gecko) Chrome/118.0.0.0 Safari/537.36"
159.65.137.210 - - [16/Jun/2026:23:27:45 +0000] "GET /wp-login.php?redirect_to=https%3A%2F%2Fapteka-centralna.pl%2Fwp-admin%2Findex.php&reauth=1 HTTP/1.1" 200 3281 "https://apteka-centralna.pl/wp-login.php" "Mozilla/5.0 (X11; Linux x86_64) AppleWebKit/537.36 (KHTML, like Gecko) Chrome/118.0.0.0 Safari/537.36"
159.65.137.210 - - [16/Jun/2026:23:27:47 +0000] "POST /wp-login.php HTTP/1.1" 200 3442 "https://apteka-centralna.pl/wp-login.php" "Mozilla/5.0 (Windows NT 11.0; Win64; x64; rv:118.0) Gecko/20100101 Firefox/118.0"
159.65.137.210 - - [16/Jun/2026:23:27:49 +0000] "GET /wp-admin/index.php HTTP/1.1" 302 5 "https://apteka-centralna.pl/wp-login.php" "Mozilla/5.0 (Macintosh; Intel Mac OS X 13_6_1) AppleWebKit/537.36 (KHTML, like Gecko) Chrome/120.0.0.0 Safari/537.36"
159.65.137.210 - - [16/Jun/2026:23:27:51 +0000] "GET /wp-login.php?redirect_to=https%3A%2F%2Fapteka-centralna.pl%2Fwp-admin%2Findex.php&reauth=1 HTTP/1.1" 200 3281 "https://apteka-centralna.pl/wp-login.php" "Mozilla/5.0 (Macintosh; Intel Mac OS X 13_6_1) AppleWebKit/537.36 (KHTML, like Gecko) Chrome/120.0.0.0 Safari/537.36"
159.65.137.210 - - [16/Jun/2026:23:27:53 +0000] "POST /wp-login.php HTTP/1.1" 200 3446 "https://apteka-centralna.pl/wp-login.php" "Mozilla/5.0 (Macintosh; Intel Mac OS X 13_6_1; rv:120.0) Gecko/20100101 Firefox/120.0"
159.65.137.210 - - [16/Jun/2026:23:27:56 +0000] "GET /wp-admin/index.php HTTP/1.1" 302 5 "https://apteka-centralna.pl/wp-login.php" "Mozilla/5.0 (Macintosh; Intel Mac OS X 13_6_1) AppleWebKit/605.1.15 (KHTML, like Gecko) Version/17.2 Safari/605.1.15"
159.65.137.210 - - [16/Jun/2026:23:27:57 +0000] "GET /wp-login.php?redirect_to=https%3A%2F%2Fapteka-centralna.pl%2Fwp-admin%2Findex.php&reauth=1 HTTP/1.1" 200 3281 "https://apteka-centralna.pl/wp-login.php" "Mozilla/5.0 (Macintosh; Intel Mac OS X 13_6_1) AppleWebKit/605.1.15 (KHTML, like Gecko) Version/17.2 Safari/605.1.15"
159.65.137.210 - - [16/Jun/2026:23:27:59 +0000] "POST /wp-login.php HTTP/1.1" 302 5 "https://apteka-centralna.pl/wp-login.php" "Mozilla/5.0 (Macintosh; Intel Mac OS X 13_6_1) AppleWebKit/605.1.15 (KHTML, like Gecko) Version/17.0 Safari/605.1.15"
159.65.137.210 - - [16/Jun/2026:23:28:03 +0000] "GET /wp-admin/index.php HTTP/1.1" 200 42584 "https://apteka-centralna.pl/wp-login.php" "Mozilla/5.0 (Windows NT 11.0; Win64; x64; rv:121.0) Gecko/20100101 Firefox/121.0"
159.65.137.210 - - [16/Jun/2026:23:28:05 +0000] "GET /wp-admin/profile.php HTTP/1.1" 500 2859 "https://apteka-centralna.pl/wp-login.php" "Mozilla/5.0 (Windows NT 11.0; Win64; x64; rv:121.0) Gecko/20100101 Firefox/121.0"
159.65.137.210 - - [16/Jun/2026:23:28:07 +0000] "GET /wp-admin/edit.php HTTP/1.1" 500 2859 "https://apteka-centralna.pl/wp-login.php" "Mozilla/5.0 (Windows NT 11.0; Win64; x64; rv:121.0) Gecko/20100101 Firefox/121.0"
159.65.137.210 - - [16/Jun/2026:23:28:09 +0000] "GET /wp-admin/plugins.php HTTP/1.1" 500 2859 "https://apteka-centralna.pl/wp-login.php" "Mozilla/5.0 (Windows NT 11.0; Win64; x64; rv:121.0) Gecko/20100101 Firefox/121.0"
159.65.137.210 - - [16/Jun/2026:23:28:10 +0000] "GET /wp-admin/plugin-install.php?tab=upload HTTP/1.1" 500 2859 "www.google.com" "Mozilla/5.0 (Windows NT 10.0; Win64; x64) AppleWebKit/537.36 (KHTML, like Gecko) Chrome/91.0.4472.124 Safari/537.36"
159.65.137.210 - - [16/Jun/2026:23:28:12 +0000] "GET /wp-admin/theme-install.php?tab=upload HTTP/1.1" 500 2859 "www.google.com" "Mozilla/5.0 (Windows NT 10.0; Win64; x64) AppleWebKit/537.36 (KHTML, like Gecko) Chrome/91.0.4472.124 Safari/537.36"
159.65.137.210 - - [16/Jun/2026:23:28:14 +0000] "GET /wp-admin/theme-editor.php?file=404.php HTTP/1.1" 500 2859 "www.google.com" "Mozilla/5.0 (Windows NT 10.0; Win64; x64) AppleWebKit/537.36 (KHTML, like Gecko) Chrome/91.0.4472.124 Safari/537.36"
159.65.137.210 - - [16/Jun/2026:23:28:16 +0000] "GET /wp-login.php HTTP/1.1" 200 3270 "https://www.facebook.com/" "Mozilla/5.0 (Windows NT 11.0; Win64; x64; rv:120.0) Gecko/20100101 Firefox/120.0"
159.65.137.210 - - [16/Jun/2026:23:28:18 +0000] "GET /?author=1 HTTP/1.1" 301 5 "-" "Mozilla/5.0 (Macintosh; Intel Mac OS X 10_15_7; rv:121.0) Gecko/20100101 Firefox/121.0"
159.65.137.210 - - [16/Jun/2026:23:28:21 +0000] "GET /author/admin/ HTTP/1.1" 200 21494 "-" "Mozilla/5.0 (Macintosh; Intel Mac OS X 10_15_7; rv:121.0) Gecko/20100101 Firefox/121.0"
159.65.137.210 - - [16/Jun/2026:23:28:23 +0000] "GET /?author=2 HTTP/1.1" 301 5 "-" "Mozilla/5.0 (Macintosh; Intel Mac OS X 13_6_1) AppleWebKit/605.1.15 (KHTML, like Gecko) Version/17.2 Safari/605.1.15"
159.65.137.210 - - [16/Jun/2026:23:28:25 +0000] "GET /?author=2 HTTP/1.1" 200 19061 "-" "Mozilla/5.0 (Macintosh; Intel Mac OS X 13_6_1) AppleWebKit/605.1.15 (KHTML, like Gecko) Version/17.2 Safari/605.1.15"
159.65.137.210 - - [16/Jun/2026:23:28:27 +0000] "GET /?author=3 HTTP/1.1" 301 5 "https://www.google.com/search?q=wordpress" "Mozilla/5.0 (Windows NT 10.0; Win64; x64; rv:120.0) Gecko/20100101 Firefox/120.0"
159.65.137.210 - - [16/Jun/2026:23:28:29 +0000] "GET /?author=3 HTTP/1.1" 200 19047 "https://www.google.com/search?q=wordpress" "Mozilla/5.0 (Windows NT 10.0; Win64; x64; rv:120.0) Gecko/20100101 Firefox/120.0"
159.65.137.210 - - [16/Jun/2026:23:28:31 +0000] "GET /?author=4 HTTP/1.1" 301 5 "-" "Mozilla/5.0 (Windows NT 11.0; Win64; x64; rv:121.0) Gecko/20100101 Firefox/121.0"
159.65.137.210 - - [16/Jun/2026:23:28:33 +0000] "GET /author/trumpweiss/ HTTP/1.1" 200 19047 "-" "Mozilla/5.0 (Windows NT 11.0; Win64; x64; rv:121.0) Gecko/20100101 Firefox/121.0"
159.65.137.210 - - [16/Jun/2026:23:28:36 +0000] "GET /?author=5 HTTP/1.1" 301 5 "https://duckduckgo.com/" "Mozilla/5.0 (X11; Ubuntu; Linux x86_64) AppleWebKit/537.36 (KHTML, like Gecko) Chrome/118.0.0.0 Safari/537.36"
159.65.137.210 - - [16/Jun/2026:23:28:38 +0000] "GET /?author=5 HTTP/1.1" 200 18988 "https://duckduckgo.com/" "Mozilla/5.0 (X11; Ubuntu; Linux x86_64) AppleWebKit/537.36 (KHTML, like Gecko) Chrome/118.0.0.0 Safari/537.36"
81.167.26.57 - - [16/Jun/2026:23:28:40 +0000] "GET /app-casin%C3%B2-e-slot-sisal/ HTTP/1.1" 200 21707 "-" "Mozilla/5.0 (compatible; MJ12bot/v1.4.8; http://mj12bot.com/)"
159.65.137.210 - - [16/Jun/2026:23:28:40 +0000] "GET /wp-json/wp/v2/users HTTP/1.1" 200 554 "https://t.co/" "Mozilla/5.0 (Windows NT 10.0; Win64; x64; rv:121.0) Gecko/20100101 Firefox/121.0"
81.167.26.57 - - [16/Jun/2026:23:28:42 +0000] "GET /aumentare-probabilit%C3%A0-roulette/ HTTP/1.1" 200 21705 "-" "Mozilla/5.0 (compatible; MJ12bot/v1.4.8; http://mj12bot.com/)"
159.65.137.210 - - [16/Jun/2026:23:28:42 +0000] "POST /wp-login.php HTTP/1.1" 200 3450 "https://www.apteka-centralna.pl/wp-login.php" "Mozilla/5.0 (Macintosh; Intel Mac OS X 10_15_7) AppleWebKit/605.1.15 (KHTML, like Gecko) Version/17.1 Safari/605.1.15"
81.167.26.57 - - [16/Jun/2026:23:28:44 +0000] "GET /calcolo-delle-probabilit%C3%A0-nel-gioco-d-azzardo/ HTTP/1.1" 200 21867 "-" "Mozilla/5.0 (compatible; MJ12bot/v1.4.8; http://mj12bot.com/)"
159.65.137.210 - - [16/Jun/2026:23:28:45 +0000] "GET /wp-admin/index.php HTTP/1.1" 302 5 "https://www.apteka-centralna.pl/wp-login.php" "Mozilla/5.0 (Macintosh; Intel Mac OS X 10_15_7) AppleWebKit/605.1.15 (KHTML, like Gecko) Version/17.0 Safari/605.1.15"
81.167.26.57 - - [16/Jun/2026:23:28:46 +0000] "GET /casin%C3%B2-d-italia/ HTTP/1.1" 200 21201 "-" "Mozilla/5.0 (compatible; MJ12bot/v1.4.8; http://mj12bot.com/)"
159.65.137.210 - - [16/Jun/2026:23:28:47 +0000] "GET /wp-login.php?redirect_to=https%3A%2F%2Fwww.apteka-centralna.pl%2Fwp-admin%2Findex.php&reauth=1 HTTP/1.1" 200 3289 "https://www.apteka-centralna.pl/wp-login.php" "Mozilla/5.0 (Macintosh; Intel Mac OS X 10_15_7) AppleWebKit/605.1.15 (KHTML, like Gecko) Version/17.0 Safari/605.1.15"
81.167.26.57 - - [16/Jun/2026:23:28:49 +0000] "GET /casin%C3%B2-di-campione-bonus-compleanno/ HTTP/1.1" 200 21272 "-" "Mozilla/5.0 (compatible; MJ12bot/v1.4.8; http://mj12bot.com/)"
159.65.137.210 - - [16/Jun/2026:23:28:49 +0000] "POST /wp-login.php HTTP/1.1" 200 3451 "https://www.apteka-centralna.pl/wp-login.php" "Mozilla/5.0 (Windows NT 11.0; Win64; x64; rv:119.0) Gecko/20100101 Firefox/119.0"
159.65.137.210 - - [16/Jun/2026:23:28:51 +0000] "GET /wp-admin/index.php HTTP/1.1" 302 5 "https://www.apteka-centralna.pl/wp-login.php" "Mozilla/5.0 (Windows NT 11.0; Win64; x64) AppleWebKit/537.36 (KHTML, like Gecko) Chrome/118.0.0.0 Safari/537.36"
81.167.26.57 - - [16/Jun/2026:23:28:51 +0000] "GET /casin%C3%B2-di-mendrisio/ HTTP/1.1" 200 21751 "-" "Mozilla/5.0 (compatible; MJ12bot/v1.4.8; http://mj12bot.com/)"
159.65.137.210 - - [16/Jun/2026:23:28:53 +0000] "GET /wp-login.php?redirect_to=https%3A%2F%2Fwww.apteka-centralna.pl%2Fwp-admin%2Findex.php&reauth=1 HTTP/1.1" 200 3289 "https://www.apteka-centralna.pl/wp-login.php" "Mozilla/5.0 (Windows NT 11.0; Win64; x64) AppleWebKit/537.36 (KHTML, like Gecko) Chrome/118.0.0.0 Safari/537.36"
81.167.26.57 - - [16/Jun/2026:23:28:53 +0000] "GET /casin%C3%B2-gratis-giochi/ HTTP/1.1" 200 21709 "-" "Mozilla/5.0 (compatible; MJ12bot/v1.4.8; http://mj12bot.com/)"
159.65.137.210 - - [16/Jun/2026:23:28:55 +0000] "POST /wp-login.php HTTP/1.1" 200 3446 "https://www.apteka-centralna.pl/wp-login.php" "Mozilla/5.0 (X11; Linux x86_64) AppleWebKit/537.36 (KHTML, like Gecko) Chrome/118.0.0.0 Safari/537.36"
81.167.26.57 - - [16/Jun/2026:23:28:55 +0000] "GET /casin%C3%B2-live-italia/ HTTP/1.1" 200 21634 "-" "Mozilla/5.0 (compatible; MJ12bot/v1.4.8; http://mj12bot.com/)"
159.65.137.210 - - [16/Jun/2026:23:28:57 +0000] "GET /wp-admin/index.php HTTP/1.1" 302 5 "https://www.apteka-centralna.pl/wp-login.php" "Mozilla/5.0 (Macintosh; Intel Mac OS X 10_15_7) AppleWebKit/537.36 (KHTML, like Gecko) Chrome/121.0.0.0 Safari/537.36"
81.167.26.57 - - [16/Jun/2026:23:28:57 +0000] "GET /casin%C3%B2-non-aams-pago-efectivo/ HTTP/1.1" 200 21343 "-" "Mozilla/5.0 (compatible; MJ12bot/v1.4.8; http://mj12bot.com/)"
159.65.137.210 - - [16/Jun/2026:23:28:59 +0000] "GET /wp-login.php?redirect_to=https%3A%2F%2Fwww.apteka-centralna.pl%2Fwp-admin%2Findex.php&reauth=1 HTTP/1.1" 200 3289 "https://www.apteka-centralna.pl/wp-login.php" "Mozilla/5.0 (Macintosh; Intel Mac OS X 10_15_7) AppleWebKit/537.36 (KHTML, like Gecko) Chrome/121.0.0.0 Safari/537.36"
81.167.26.57 - - [16/Jun/2026:23:29:00 +0000] "GET /casin%C3%B2-online-che-accettano-american-express/ HTTP/1.1" 200 21851 "-" "Mozilla/5.0 (compatible; MJ12bot/v1.4.8; http://mj12bot.com/)"
159.65.137.210 - - [16/Jun/2026:23:29:01 +0000] "POST /wp-login.php HTTP/1.1" 200 3447 "https://www.apteka-centralna.pl/wp-login.php" "Mozilla/5.0 (Macintosh; Intel Mac OS X 13_6_1) AppleWebKit/537.36 (KHTML, like Gecko) Chrome/121.0.0.0 Safari/537.36"
81.167.26.57 - - [16/Jun/2026:23:29:02 +0000] "GET /casin%C3%B2-online-senza-deposito/ HTTP/1.1" 200 21635 "-" "Mozilla/5.0 (compatible; MJ12bot/v1.4.8; http://mj12bot.com/)"
159.65.137.210 - - [16/Jun/2026:23:29:03 +0000] "GET /wp-admin/index.php HTTP/1.1" 302 5 "https://www.apteka-centralna.pl/wp-login.php" "Mozilla/5.0 (Macintosh; Intel Mac OS X 10_15_7) AppleWebKit/537.36 (KHTML, like Gecko) Chrome/118.0.0.0 Safari/537.36"
81.167.26.57 - - [16/Jun/2026:23:29:04 +0000] "GET /casin%C3%B2-stranieri-che-accettano-paypal/ HTTP/1.1" 200 21840 "-" "Mozilla/5.0 (compatible; MJ12bot/v1.4.8; http://mj12bot.com/)"
159.65.137.210 - - [16/Jun/2026:23:29:06 +0000] "GET /wp-login.php?redirect_to=https%3A%2F%2Fwww.apteka-centralna.pl%2Fwp-admin%2Findex.php&reauth=1 HTTP/1.1" 200 3289 "https://www.apteka-centralna.pl/wp-login.php" "Mozilla/5.0 (Macintosh; Intel Mac OS X 10_15_7) AppleWebKit/537.36 (KHTML, like Gecko) Chrome/118.0.0.0 Safari/537.36"
81.167.26.57 - - [16/Jun/2026:23:29:06 +0000] "GET /giochi-casin%C3%B2-gratis-slot-machine/ HTTP/1.1" 200 21245 "-" "Mozilla/5.0 (compatible; MJ12bot/v1.4.8; http://mj12bot.com/)"
44.195.50.71 - - [16/Jun/2026:23:29:07 +0000] "GET /wp-json/oembed/1.0/embed?url=https://apteka-centralna.pl/they-tried-the-vibrators-at-home-over-the-period-of-a-few/ HTTP/1.1" 200 1102 "-" "Mozilla/5.0 AppleWebKit/537.36 (KHTML, like Gecko; compatible; Amazonbot/0.1; +https://developer.amazon.com/support/amazonbot) Chrome/119.0.6045.214 Safari/537.36"
159.65.137.210 - - [16/Jun/2026:23:29:08 +0000] "POST /wp-login.php HTTP/1.1" 200 3451 "https://www.apteka-centralna.pl/wp-login.php" "Mozilla/5.0 (Macintosh; Intel Mac OS X 10_15_7) AppleWebKit/537.36 (KHTML, like Gecko) Chrome/118.0.0.0 Safari/537.36"
81.167.26.57 - - [16/Jun/2026:23:29:08 +0000] "GET /giochi-di-casin%C3%B2-online/ HTTP/1.1" 200 21343 "-" "Mozilla/5.0 (compatible; MJ12bot/v1.4.8; http://mj12bot.com/)"
3.221.156.96 - - [16/Jun/2026:23:29:10 +0000] "GET /wp-json/oembed/1.0/embed?url=https://apteka-centralna.pl/casino-online-che-pagano-di-piu/ HTTP/1.1" 200 1064 "-" "Mozilla/5.0 AppleWebKit/537.36 (KHTML, like Gecko; compatible; Amazonbot/0.1; +https://developer.amazon.com/support/amazonbot) Chrome/119.0.6045.214 Safari/537.36"
159.65.137.210 - - [16/Jun/2026:23:29:10 +0000] "GET /wp-admin/index.php HTTP/1.1" 302 5 "https://www.apteka-centralna.pl/wp-login.php" "Mozilla/5.0 (Macintosh; Intel Mac OS X 13_6_1) AppleWebKit/605.1.15 (KHTML, like Gecko) Version/16.6 Safari/605.1.15"
81.167.26.57 - - [16/Jun/2026:23:29:11 +0000] "GET /gioco-d-azzardo-pi%C3%B9-conveniente/ HTTP/1.1" 200 21212 "-" "Mozilla/5.0 (compatible; MJ12bot/v1.4.8; http://mj12bot.com/)"
159.65.137.210 - - [16/Jun/2026:23:29:12 +0000] "GET /wp-login.php?redirect_to=https%3A%2F%2Fwww.apteka-centralna.pl%2Fwp-admin%2Findex.php&reauth=1 HTTP/1.1" 200 3289 "https://www.apteka-centralna.pl/wp-login.php" "Mozilla/5.0 (Macintosh; Intel Mac OS X 13_6_1) AppleWebKit/605.1.15 (KHTML, like Gecko) Version/16.6 Safari/605.1.15"
