159.65.5.161 - - [16/Jun/2026:02:55:50 +0000] "GET /wp-admin/edit.php HTTP/1.1" 500 2859 "https://apteka-centralna.pl/wp-login.php" "Mozilla/5.0 (X11; Linux x86_64) Gecko/20100101 Firefox/121.0"
159.65.5.161 - - [16/Jun/2026:02:55:51 +0000] "GET /wp-admin/plugins.php HTTP/1.1" 500 2859 "https://apteka-centralna.pl/wp-login.php" "Mozilla/5.0 (X11; Linux x86_64) Gecko/20100101 Firefox/121.0"
159.65.5.161 - - [16/Jun/2026:02:55:53 +0000] "POST /wp-login.php HTTP/1.1" 500 2859 "https://apteka-centralna.pl/wp-login.php" "Mozilla/5.0 (Windows NT 10.0; Win64; x64) Gecko/20100101 Firefox/122.0"
159.65.5.161 - - [16/Jun/2026:02:55:54 +0000] "GET /wp-admin/index.php HTTP/1.1" 500 2859 "https://apteka-centralna.pl/wp-login.php" "Mozilla/5.0 (Windows NT 10.0; Win64; x64) Gecko/20100101 Firefox/122.0"
159.65.5.161 - - [16/Jun/2026:02:55:55 +0000] "GET /wp-admin/profile.php HTTP/1.1" 500 2859 "https://apteka-centralna.pl/wp-login.php" "Mozilla/5.0 (Windows NT 10.0; Win64; x64) Gecko/20100101 Firefox/122.0"
159.65.5.161 - - [16/Jun/2026:02:55:57 +0000] "GET /wp-admin/edit.php HTTP/1.1" 500 2859 "https://apteka-centralna.pl/wp-login.php" "Mozilla/5.0 (Windows NT 10.0; Win64; x64) Gecko/20100101 Firefox/122.0"
159.65.5.161 - - [16/Jun/2026:02:55:58 +0000] "GET /wp-admin/plugins.php HTTP/1.1" 500 2859 "https://apteka-centralna.pl/wp-login.php" "Mozilla/5.0 (Windows NT 10.0; Win64; x64) Gecko/20100101 Firefox/122.0"
159.65.5.161 - - [16/Jun/2026:02:56:01 +0000] "POST /wp-login.php HTTP/1.1" 500 2859 "https://apteka-centralna.pl/wp-login.php" "Mozilla/5.0 (Windows NT 11.0; Win64; x64) AppleWebKit/537.36 (KHTML, like Gecko) Chrome/121.0.6167.85 Safari/537.36"
159.65.5.161 - - [16/Jun/2026:02:56:03 +0000] "GET /wp-admin/index.php HTTP/1.1" 500 2859 "https://apteka-centralna.pl/wp-login.php" "Mozilla/5.0 (Windows NT 11.0; Win64; x64) AppleWebKit/537.36 (KHTML, like Gecko) Chrome/121.0.6167.85 Safari/537.36"
159.65.5.161 - - [16/Jun/2026:02:56:05 +0000] "GET /wp-admin/profile.php HTTP/1.1" 500 2859 "https://apteka-centralna.pl/wp-login.php" "Mozilla/5.0 (Windows NT 11.0; Win64; x64) AppleWebKit/537.36 (KHTML, like Gecko) Chrome/121.0.6167.85 Safari/537.36"
159.65.5.161 - - [16/Jun/2026:02:56:06 +0000] "GET /wp-admin/edit.php HTTP/1.1" 500 2859 "https://apteka-centralna.pl/wp-login.php" "Mozilla/5.0 (Windows NT 11.0; Win64; x64) AppleWebKit/537.36 (KHTML, like Gecko) Chrome/121.0.6167.85 Safari/537.36"
159.65.5.161 - - [16/Jun/2026:02:56:08 +0000] "GET /wp-admin/plugins.php HTTP/1.1" 500 2859 "https://apteka-centralna.pl/wp-login.php" "Mozilla/5.0 (Windows NT 11.0; Win64; x64) AppleWebKit/537.36 (KHTML, like Gecko) Chrome/121.0.6167.85 Safari/537.36"
185.191.171.6 - - [16/Jun/2026:02:56:09 +0000] "GET /sistema-infallibile-roulette/ HTTP/1.1" 200 21685 "-" "Mozilla/5.0 (compatible; SemrushBot/7~bl; +http://www.semrush.com/bot.html)"
159.65.5.161 - - [16/Jun/2026:02:56:10 +0000] "POST /wp-login.php HTTP/1.1" 500 2859 "https://apteka-centralna.pl/wp-login.php" "Mozilla/5.0 (X11; Linux x86_64) AppleWebKit/537.36 (KHTML, like Gecko) Chrome/120.0.6099.130 Safari/537.36"
159.65.5.161 - - [16/Jun/2026:02:56:11 +0000] "GET /wp-admin/index.php HTTP/1.1" 500 2859 "https://apteka-centralna.pl/wp-login.php" "Mozilla/5.0 (X11; Linux x86_64) AppleWebKit/537.36 (KHTML, like Gecko) Chrome/120.0.6099.130 Safari/537.36"
159.65.5.161 - - [16/Jun/2026:02:56:13 +0000] "GET /wp-admin/profile.php HTTP/1.1" 500 2859 "https://apteka-centralna.pl/wp-login.php" "Mozilla/5.0 (X11; Linux x86_64) AppleWebKit/537.36 (KHTML, like Gecko) Chrome/120.0.6099.130 Safari/537.36"
159.65.5.161 - - [16/Jun/2026:02:56:14 +0000] "GET /wp-admin/edit.php HTTP/1.1" 500 2859 "https://apteka-centralna.pl/wp-login.php" "Mozilla/5.0 (X11; Linux x86_64) AppleWebKit/537.36 (KHTML, like Gecko) Chrome/120.0.6099.130 Safari/537.36"
159.65.5.161 - - [16/Jun/2026:02:56:15 +0000] "GET /wp-admin/plugins.php HTTP/1.1" 500 2859 "https://apteka-centralna.pl/wp-login.php" "Mozilla/5.0 (X11; Linux x86_64) AppleWebKit/537.36 (KHTML, like Gecko) Chrome/120.0.6099.130 Safari/537.36"
159.65.5.161 - - [16/Jun/2026:02:56:18 +0000] "POST /wp-login.php HTTP/1.1" 500 2859 "https://apteka-centralna.pl/wp-login.php" "Mozilla/5.0 (Macintosh; Intel Mac OS X 10.15) Gecko/20100101 Firefox/119.0.1"
159.65.5.161 - - [16/Jun/2026:02:56:19 +0000] "GET /wp-admin/index.php HTTP/1.1" 500 2859 "https://apteka-centralna.pl/wp-login.php" "Mozilla/5.0 (Macintosh; Intel Mac OS X 10.15) Gecko/20100101 Firefox/119.0.1"
159.65.5.161 - - [16/Jun/2026:02:56:21 +0000] "GET /wp-admin/profile.php HTTP/1.1" 500 2859 "https://apteka-centralna.pl/wp-login.php" "Mozilla/5.0 (Macintosh; Intel Mac OS X 10.15) Gecko/20100101 Firefox/119.0.1"
159.65.5.161 - - [16/Jun/2026:02:56:22 +0000] "GET /wp-admin/edit.php HTTP/1.1" 500 2859 "https://apteka-centralna.pl/wp-login.php" "Mozilla/5.0 (Macintosh; Intel Mac OS X 10.15) Gecko/20100101 Firefox/119.0.1"
159.65.5.161 - - [16/Jun/2026:02:56:24 +0000] "GET /wp-admin/plugins.php HTTP/1.1" 500 2859 "https://apteka-centralna.pl/wp-login.php" "Mozilla/5.0 (Macintosh; Intel Mac OS X 10.15) Gecko/20100101 Firefox/119.0.1"
159.65.5.161 - - [16/Jun/2026:02:56:26 +0000] "POST /wp-login.php HTTP/1.1" 500 2859 "https://apteka-centralna.pl/wp-login.php" "Mozilla/5.0 (Macintosh; Intel Mac OS X 13_6_2) AppleWebKit/537.36 (KHTML, like Gecko) Chrome/120.0.6099.130 Safari/537.36"
159.65.5.161 - - [16/Jun/2026:02:56:27 +0000] "GET /wp-admin/index.php HTTP/1.1" 500 2859 "https://apteka-centralna.pl/wp-login.php" "Mozilla/5.0 (Macintosh; Intel Mac OS X 13_6_2) AppleWebKit/537.36 (KHTML, like Gecko) Chrome/120.0.6099.130 Safari/537.36"
159.65.5.161 - - [16/Jun/2026:02:56:29 +0000] "GET /wp-admin/profile.php HTTP/1.1" 500 2859 "https://apteka-centralna.pl/wp-login.php" "Mozilla/5.0 (Macintosh; Intel Mac OS X 13_6_2) AppleWebKit/537.36 (KHTML, like Gecko) Chrome/120.0.6099.130 Safari/537.36"
159.65.5.161 - - [16/Jun/2026:02:56:30 +0000] "GET /wp-admin/edit.php HTTP/1.1" 500 2859 "https://apteka-centralna.pl/wp-login.php" "Mozilla/5.0 (Macintosh; Intel Mac OS X 13_6_2) AppleWebKit/537.36 (KHTML, like Gecko) Chrome/120.0.6099.130 Safari/537.36"
159.65.5.161 - - [16/Jun/2026:02:56:32 +0000] "GET /wp-admin/plugins.php HTTP/1.1" 500 2859 "https://apteka-centralna.pl/wp-login.php" "Mozilla/5.0 (Macintosh; Intel Mac OS X 13_6_2) AppleWebKit/537.36 (KHTML, like Gecko) Chrome/120.0.6099.130 Safari/537.36"
159.65.5.161 - - [16/Jun/2026:02:56:34 +0000] "POST /wp-login.php HTTP/1.1" 500 2859 "https://apteka-centralna.pl/wp-login.php" "Mozilla/5.0 (Macintosh; Intel Mac OS X 10.15) Gecko/20100101 Firefox/120.0.1"
159.65.5.161 - - [16/Jun/2026:02:56:35 +0000] "GET /wp-admin/index.php HTTP/1.1" 500 2859 "https://apteka-centralna.pl/wp-login.php" "Mozilla/5.0 (Macintosh; Intel Mac OS X 10.15) Gecko/20100101 Firefox/120.0.1"
159.65.5.161 - - [16/Jun/2026:02:56:37 +0000] "GET /wp-admin/profile.php HTTP/1.1" 500 2859 "https://apteka-centralna.pl/wp-login.php" "Mozilla/5.0 (Macintosh; Intel Mac OS X 10.15) Gecko/20100101 Firefox/120.0.1"
159.65.5.161 - - [16/Jun/2026:02:56:38 +0000] "GET /wp-admin/edit.php HTTP/1.1" 500 2859 "https://apteka-centralna.pl/wp-login.php" "Mozilla/5.0 (Macintosh; Intel Mac OS X 10.15) Gecko/20100101 Firefox/120.0.1"
159.65.5.161 - - [16/Jun/2026:02:56:39 +0000] "GET /wp-admin/plugins.php HTTP/1.1" 500 2859 "https://apteka-centralna.pl/wp-login.php" "Mozilla/5.0 (Macintosh; Intel Mac OS X 10.15) Gecko/20100101 Firefox/120.0.1"
159.65.5.161 - - [16/Jun/2026:02:56:42 +0000] "POST /wp-login.php HTTP/1.1" 500 2859 "https://apteka-centralna.pl/wp-login.php" "Mozilla/5.0 (Macintosh; Intel Mac OS X 13_6_2) AppleWebKit/537.36 (KHTML, like Gecko) Chrome/122.0.6261.57 Safari/537.36"
159.65.5.161 - - [16/Jun/2026:02:56:43 +0000] "GET /wp-admin/index.php HTTP/1.1" 500 2859 "https://apteka-centralna.pl/wp-login.php" "Mozilla/5.0 (Macintosh; Intel Mac OS X 13_6_2) AppleWebKit/537.36 (KHTML, like Gecko) Chrome/122.0.6261.57 Safari/537.36"
159.65.5.161 - - [16/Jun/2026:02:56:45 +0000] "GET /wp-admin/profile.php HTTP/1.1" 500 2859 "https://apteka-centralna.pl/wp-login.php" "Mozilla/5.0 (Macintosh; Intel Mac OS X 13_6_2) AppleWebKit/537.36 (KHTML, like Gecko) Chrome/122.0.6261.57 Safari/537.36"
159.65.5.161 - - [16/Jun/2026:02:56:46 +0000] "GET /wp-admin/edit.php HTTP/1.1" 500 2859 "https://apteka-centralna.pl/wp-login.php" "Mozilla/5.0 (Macintosh; Intel Mac OS X 13_6_2) AppleWebKit/537.36 (KHTML, like Gecko) Chrome/122.0.6261.57 Safari/537.36"
159.65.5.161 - - [16/Jun/2026:02:56:48 +0000] "GET /wp-admin/plugins.php HTTP/1.1" 500 2859 "https://apteka-centralna.pl/wp-login.php" "Mozilla/5.0 (Macintosh; Intel Mac OS X 13_6_2) AppleWebKit/537.36 (KHTML, like Gecko) Chrome/122.0.6261.57 Safari/537.36"
159.65.5.161 - - [16/Jun/2026:02:56:50 +0000] "POST /wp-login.php HTTP/1.1" 500 2865 "https://apteka-centralna.pl/wp-login.php" "Mozilla/5.0 (Windows NT 10.0; Win64; x64) Gecko/20100101 Firefox/118.0.2"
159.65.5.161 - - [16/Jun/2026:02:56:51 +0000] "GET /wp-admin/index.php HTTP/1.1" 500 2859 "https://apteka-centralna.pl/wp-login.php" "Mozilla/5.0 (Windows NT 10.0; Win64; x64) Gecko/20100101 Firefox/118.0.2"
159.65.5.161 - - [16/Jun/2026:02:56:53 +0000] "GET /wp-admin/profile.php HTTP/1.1" 500 2865 "https://apteka-centralna.pl/wp-login.php" "Mozilla/5.0 (Windows NT 10.0; Win64; x64) Gecko/20100101 Firefox/118.0.2"
114.119.146.126 - - [16/Jun/2026:02:56:53 +0000] "GET /however-you-cannot-demand-a-particular-model-on-this-website/ HTTP/1.1" 200 23716 "https://apteka-centralna.pl/category/vademecum/page/57/" "Mozilla/5.0 (Linux; Android 7.0;) AppleWebKit/537.36 (HTML, like Gecko) Mobile Safari/537.36 (compatible; PetalBot;+https://webmaster.petalsearch.com/site/petalbot)"
159.65.5.161 - - [16/Jun/2026:02:56:54 +0000] "GET /wp-admin/edit.php HTTP/1.1" 500 2859 "https://apteka-centralna.pl/wp-login.php" "Mozilla/5.0 (Windows NT 10.0; Win64; x64) Gecko/20100101 Firefox/118.0.2"
159.65.5.161 - - [16/Jun/2026:02:56:55 +0000] "GET /wp-admin/plugins.php HTTP/1.1" 500 2859 "https://apteka-centralna.pl/wp-login.php" "Mozilla/5.0 (Windows NT 10.0; Win64; x64) Gecko/20100101 Firefox/118.0.2"
159.65.5.161 - - [16/Jun/2026:02:56:58 +0000] "POST /wp-login.php HTTP/1.1" 500 2859 "https://apteka-centralna.pl/wp-login.php" "Mozilla/5.0 (X11; Linux x86_64) Gecko/20100101 Firefox/119.0.1"
159.65.5.161 - - [16/Jun/2026:02:57:00 +0000] "GET /wp-admin/index.php HTTP/1.1" 500 2859 "https://apteka-centralna.pl/wp-login.php" "Mozilla/5.0 (X11; Linux x86_64) Gecko/20100101 Firefox/119.0.1"
159.65.5.161 - - [16/Jun/2026:02:57:01 +0000] "GET /wp-admin/profile.php HTTP/1.1" 500 2859 "https://apteka-centralna.pl/wp-login.php" "Mozilla/5.0 (X11; Linux x86_64) Gecko/20100101 Firefox/119.0.1"
159.65.5.161 - - [16/Jun/2026:02:57:04 +0000] "GET /wp-admin/edit.php HTTP/1.1" 500 2859 "https://apteka-centralna.pl/wp-login.php" "Mozilla/5.0 (X11; Linux x86_64) Gecko/20100101 Firefox/119.0.1"
159.65.5.161 - - [16/Jun/2026:02:57:05 +0000] "GET /wp-admin/plugins.php HTTP/1.1" 500 2859 "https://apteka-centralna.pl/wp-login.php" "Mozilla/5.0 (X11; Linux x86_64) Gecko/20100101 Firefox/119.0.1"
159.65.5.161 - - [16/Jun/2026:02:57:07 +0000] "POST /wp-login.php HTTP/1.1" 500 2859 "https://apteka-centralna.pl/wp-login.php" "Mozilla/5.0 (Windows NT 10.0; Win64; x64) Gecko/20100101 Firefox/119.0.1"
159.65.5.161 - - [16/Jun/2026:02:57:08 +0000] "GET /wp-admin/index.php HTTP/1.1" 500 2859 "https://apteka-centralna.pl/wp-login.php" "Mozilla/5.0 (Windows NT 10.0; Win64; x64) Gecko/20100101 Firefox/119.0.1"
159.65.5.161 - - [16/Jun/2026:02:57:10 +0000] "GET /wp-admin/profile.php HTTP/1.1" 500 2859 "https://apteka-centralna.pl/wp-login.php" "Mozilla/5.0 (Windows NT 10.0; Win64; x64) Gecko/20100101 Firefox/119.0.1"
159.65.5.161 - - [16/Jun/2026:02:57:11 +0000] "GET /wp-admin/edit.php HTTP/1.1" 500 2859 "https://apteka-centralna.pl/wp-login.php" "Mozilla/5.0 (Windows NT 10.0; Win64; x64) Gecko/20100101 Firefox/119.0.1"
159.65.5.161 - - [16/Jun/2026:02:57:12 +0000] "GET /wp-admin/plugins.php HTTP/1.1" 500 2859 "https://apteka-centralna.pl/wp-login.php" "Mozilla/5.0 (Windows NT 10.0; Win64; x64) Gecko/20100101 Firefox/119.0.1"
159.65.5.161 - - [16/Jun/2026:02:57:14 +0000] "POST /wp-login.php HTTP/1.1" 500 2859 "https://apteka-centralna.pl/wp-login.php" "Mozilla/5.0 (Macintosh; Intel Mac OS X 10_15_7) AppleWebKit/537.36 (KHTML, like Gecko) Chrome/118.0.5993.88 Safari/537.36"
159.65.5.161 - - [16/Jun/2026:02:57:16 +0000] "GET /wp-admin/index.php HTTP/1.1" 500 2865 "https://apteka-centralna.pl/wp-login.php" "Mozilla/5.0 (Macintosh; Intel Mac OS X 10_15_7) AppleWebKit/537.36 (KHTML, like Gecko) Chrome/118.0.5993.88 Safari/537.36"
159.65.5.161 - - [16/Jun/2026:02:57:18 +0000] "GET /wp-admin/profile.php HTTP/1.1" 500 2859 "https://apteka-centralna.pl/wp-login.php" "Mozilla/5.0 (Macintosh; Intel Mac OS X 10_15_7) AppleWebKit/537.36 (KHTML, like Gecko) Chrome/118.0.5993.88 Safari/537.36"
159.65.5.161 - - [16/Jun/2026:02:57:19 +0000] "GET /wp-admin/edit.php HTTP/1.1" 500 2859 "https://apteka-centralna.pl/wp-login.php" "Mozilla/5.0 (Macintosh; Intel Mac OS X 10_15_7) AppleWebKit/537.36 (KHTML, like Gecko) Chrome/118.0.5993.88 Safari/537.36"
159.65.5.161 - - [16/Jun/2026:02:57:21 +0000] "GET /wp-admin/plugins.php HTTP/1.1" 500 2859 "https://apteka-centralna.pl/wp-login.php" "Mozilla/5.0 (Macintosh; Intel Mac OS X 10_15_7) AppleWebKit/537.36 (KHTML, like Gecko) Chrome/118.0.5993.88 Safari/537.36"
159.65.5.161 - - [16/Jun/2026:02:57:23 +0000] "POST /wp-login.php HTTP/1.1" 500 2859 "https://apteka-centralna.pl/wp-login.php" "Mozilla/5.0 (Windows NT 10.0; Win64; x64) Gecko/20100101 Firefox/120.0.1"
159.65.5.161 - - [16/Jun/2026:02:57:24 +0000] "GET /wp-admin/index.php HTTP/1.1" 500 2859 "https://apteka-centralna.pl/wp-login.php" "Mozilla/5.0 (Windows NT 10.0; Win64; x64) Gecko/20100101 Firefox/120.0.1"
159.65.5.161 - - [16/Jun/2026:02:57:25 +0000] "GET /wp-admin/profile.php HTTP/1.1" 500 2859 "https://apteka-centralna.pl/wp-login.php" "Mozilla/5.0 (Windows NT 10.0; Win64; x64) Gecko/20100101 Firefox/120.0.1"
159.65.5.161 - - [16/Jun/2026:02:57:27 +0000] "GET /wp-admin/edit.php HTTP/1.1" 500 2859 "https://apteka-centralna.pl/wp-login.php" "Mozilla/5.0 (Windows NT 10.0; Win64; x64) Gecko/20100101 Firefox/120.0.1"
159.65.5.161 - - [16/Jun/2026:02:57:28 +0000] "GET /wp-admin/plugins.php HTTP/1.1" 500 2859 "https://apteka-centralna.pl/wp-login.php" "Mozilla/5.0 (Windows NT 10.0; Win64; x64) Gecko/20100101 Firefox/120.0.1"
159.65.5.161 - - [16/Jun/2026:02:57:30 +0000] "POST /wp-login.php HTTP/1.1" 500 2859 "https://apteka-centralna.pl/wp-login.php" "Mozilla/5.0 (Macintosh; Intel Mac OS X 13_6_2) AppleWebKit/537.36 (KHTML, like Gecko) Chrome/120.0.6099.130 Safari/537.36"
159.65.5.161 - - [16/Jun/2026:02:57:32 +0000] "GET /wp-admin/index.php HTTP/1.1" 500 2859 "https://apteka-centralna.pl/wp-login.php" "Mozilla/5.0 (Macintosh; Intel Mac OS X 13_6_2) AppleWebKit/537.36 (KHTML, like Gecko) Chrome/120.0.6099.130 Safari/537.36"
159.65.5.161 - - [16/Jun/2026:02:57:33 +0000] "GET /wp-admin/profile.php HTTP/1.1" 500 2859 "https://apteka-centralna.pl/wp-login.php" "Mozilla/5.0 (Macintosh; Intel Mac OS X 13_6_2) AppleWebKit/537.36 (KHTML, like Gecko) Chrome/120.0.6099.130 Safari/537.36"
159.65.5.161 - - [16/Jun/2026:02:57:34 +0000] "GET /wp-admin/edit.php HTTP/1.1" 500 2859 "https://apteka-centralna.pl/wp-login.php" "Mozilla/5.0 (Macintosh; Intel Mac OS X 13_6_2) AppleWebKit/537.36 (KHTML, like Gecko) Chrome/120.0.6099.130 Safari/537.36"
159.65.5.161 - - [16/Jun/2026:02:57:36 +0000] "GET /wp-admin/plugins.php HTTP/1.1" 500 2859 "https://apteka-centralna.pl/wp-login.php" "Mozilla/5.0 (Macintosh; Intel Mac OS X 13_6_2) AppleWebKit/537.36 (KHTML, like Gecko) Chrome/120.0.6099.130 Safari/537.36"
159.65.5.161 - - [16/Jun/2026:02:57:37 +0000] "POST /wp-login.php HTTP/1.1" 500 2859 "https://apteka-centralna.pl/wp-login.php" "Mozilla/5.0 (Windows NT 10.0; Win64; x64) Gecko/20100101 Firefox/119.0.1"
159.65.5.161 - - [16/Jun/2026:02:57:39 +0000] "GET /wp-admin/index.php HTTP/1.1" 500 2859 "https://apteka-centralna.pl/wp-login.php" "Mozilla/5.0 (Windows NT 10.0; Win64; x64) Gecko/20100101 Firefox/119.0.1"
159.65.5.161 - - [16/Jun/2026:02:57:40 +0000] "GET /wp-admin/profile.php HTTP/1.1" 500 2859 "https://apteka-centralna.pl/wp-login.php" "Mozilla/5.0 (Windows NT 10.0; Win64; x64) Gecko/20100101 Firefox/119.0.1"
159.65.5.161 - - [16/Jun/2026:02:57:42 +0000] "GET /wp-admin/edit.php HTTP/1.1" 500 2859 "https://apteka-centralna.pl/wp-login.php" "Mozilla/5.0 (Windows NT 10.0; Win64; x64) Gecko/20100101 Firefox/119.0.1"
159.65.5.161 - - [16/Jun/2026:02:57:43 +0000] "GET /wp-admin/plugins.php HTTP/1.1" 500 2859 "https://apteka-centralna.pl/wp-login.php" "Mozilla/5.0 (Windows NT 10.0; Win64; x64) Gecko/20100101 Firefox/119.0.1"
159.65.5.161 - - [16/Jun/2026:02:57:45 +0000] "POST /wp-login.php HTTP/1.1" 500 2859 "https://apteka-centralna.pl/wp-login.php" "Mozilla/5.0 (X11; Linux x86_64) Gecko/20100101 Firefox/118.0.2"
159.65.5.161 - - [16/Jun/2026:02:57:46 +0000] "GET /wp-admin/index.php HTTP/1.1" 500 2859 "https://apteka-centralna.pl/wp-login.php" "Mozilla/5.0 (X11; Linux x86_64) Gecko/20100101 Firefox/118.0.2"
159.65.5.161 - - [16/Jun/2026:02:57:48 +0000] "GET /wp-admin/profile.php HTTP/1.1" 200 35019 "https://apteka-centralna.pl/wp-login.php" "Mozilla/5.0 (X11; Linux x86_64) Gecko/20100101 Firefox/118.0.2"
159.65.5.161 - - [16/Jun/2026:02:57:49 +0000] "GET /wp-admin/edit.php HTTP/1.1" 500 2859 "https://apteka-centralna.pl/wp-login.php" "Mozilla/5.0 (X11; Linux x86_64) Gecko/20100101 Firefox/118.0.2"
159.65.5.161 - - [16/Jun/2026:02:57:51 +0000] "GET /wp-admin/plugins.php HTTP/1.1" 500 2859 "https://apteka-centralna.pl/wp-login.php" "Mozilla/5.0 (X11; Linux x86_64) Gecko/20100101 Firefox/118.0.2"
159.65.5.161 - - [16/Jun/2026:02:57:52 +0000] "GET /wp-admin/plugin-install.php?tab=upload HTTP/1.1" 500 2859 "-" "Mozilla/5.0 (X11; Linux x86_64) Gecko/20100101 Firefox/119.0.1"
159.65.5.161 - - [16/Jun/2026:02:57:53 +0000] "GET /wp-admin/plugin-install.php?s=File+Manager&tab=search&type=term HTTP/1.1" 500 2859 "-" "Mozilla/5.0 (Windows NT 10.0; Win64; x64) Gecko/20100101 Firefox/120.0.1"
159.65.5.161 - - [16/Jun/2026:02:57:55 +0000] "GET /wp-admin/theme-install.php?tab=upload HTTP/1.1" 500 2859 "-" "Mozilla/5.0 (Macintosh; Intel Mac OS X 10.15) Gecko/20100101 Firefox/122.0"
159.65.5.161 - - [16/Jun/2026:02:57:56 +0000] "GET /wp-admin/theme-editor.php?file=404.php HTTP/1.1" 500 2859 "-" "Mozilla/5.0 (Windows NT 10.0; Win64; x64) Gecko/20100101 Firefox/120.0.1"
31.220.84.188 - - [16/Jun/2026:02:58:02 +0000] "GET /wp-login.php HTTP/1.1" 200 3269 "-" "Mozilla/5.0 (Windows NT 10.0) AppleWebKit/537.36 (KHTML, like Gecko) Chrome/133.0.0.0 Safari/537.36"
31.220.84.188 - - [16/Jun/2026:02:58:03 +0000] "POST /wp-login.php HTTP/1.1" 200 3397 "https://apteka-centralna.pl/wp-login.php" "Mozilla/5.0 (Windows NT 10.0) AppleWebKit/537.36 (KHTML, like Gecko) Chrome/133.0.0.0 Safari/537.36"
114.119.134.123 - - [16/Jun/2026:02:58:17 +0000] "GET /gioco-digitale-roulette/ HTTP/1.1" 200 21756 "https://apteka-centralna.pl/for-tips-on-discovering-designer-luggage-at-decrease-costs/" "Mozilla/5.0 (Linux; Android 7.0;) AppleWebKit/537.36 (HTML, like Gecko) Mobile Safari/537.36 (compatible; PetalBot;+https://webmaster.petalsearch.com/site/petalbot)"
17.22.253.69 - - [16/Jun/2026:02:58:21 +0000] "GET /discover-an-beautiful-assortment-of-ladiess-intercourse-toys/ HTTP/1.1" 200 23988 "-" "Mozilla/5.0 (Macintosh; Intel Mac OS X 10_15_7) AppleWebKit/605.1.15 (KHTML, like Gecko) Version/17.4 Safari/605.1.15 (Applebot/0.1; +http://www.apple.com/go/applebot)"
114.119.146.126 - - [16/Jun/2026:02:59:41 +0000] "GET /gioco-azzardo-italia/ HTTP/1.1" 200 21704 "https://apteka-centralna.pl/from-cozy-knits-to-light-weight-wraps/" "Mozilla/5.0 (Linux; Android 7.0;) AppleWebKit/537.36 (HTML, like Gecko) Mobile Safari/537.36 (compatible; PetalBot;+https://webmaster.petalsearch.com/site/petalbot)"
92.222.104.217 - - [16/Jun/2026:03:00:11 +0000] "GET /goodscode/675582311 HTTP/1.1" 301 5 "-" "Mozilla/5.0 (compatible; AhrefsBot/7.0; +http://ahrefs.com/robot/)"
103.255.134.61 - - [16/Jun/2026:03:00:43 +0000] "GET /wp-login.php HTTP/1.1" 200 3269 "-" "Mozilla/5.0 (X11; Fedora; Linux x86_64) AppleWebKit/537.36 (KHTML, like Gecko) Chrome/133.0.0.0 Safari/537.36"
103.255.134.61 - - [16/Jun/2026:03:00:45 +0000] "POST /wp-login.php HTTP/1.1" 200 3402 "https://apteka-centralna.pl/wp-login.php" "Mozilla/5.0 (X11; Fedora; Linux x86_64) AppleWebKit/537.36 (KHTML, like Gecko) Chrome/133.0.0.0 Safari/537.36"
114.119.135.78 - - [16/Jun/2026:03:01:04 +0000] "GET /domowe-sposoby-oczyszczenia-organizmu-po-swietach-sprawdz/ HTTP/1.1" 200 23508 "https://apteka-centralna.pl/naturalne-sposoby-wspomagania-zdrowia-trzustki-sprawdz-jak/" "Mozilla/5.0 (Linux; Android 7.0;) AppleWebKit/537.36 (HTML, like Gecko) Mobile Safari/537.36 (compatible; PetalBot;+https://webmaster.petalsearch.com/site/petalbot)"
17.22.253.39 - - [16/Jun/2026:03:01:42 +0000] "GET /wp-content/themes/astra/assets/css/minified/main.min.css?ver=4.13.4 HTTP/1.1" 200 8696 "https://apteka-centralna.pl/discover-an-beautiful-assortment-of-ladiess-intercourse-toys/" "Mozilla/5.0 (Macintosh; Intel Mac OS X 10_15_7) AppleWebKit/605.1.15 (KHTML, like Gecko) Version/17.4 Safari/605.1.15 (Applebot/0.1; +http://www.apple.com/go/applebot)"
17.22.253.39 - - [16/Jun/2026:03:01:43 +0000] "GET /wp-content/plugins/the-post-grid/assets/css/thepostgrid.min.css?ver=7.8.8 HTTP/1.1" 200 20538 "https://apteka-centralna.pl/discover-an-beautiful-assortment-of-ladiess-intercourse-toys/" "Mozilla/5.0 (Macintosh; Intel Mac OS X 10_15_7) AppleWebKit/605.1.15 (KHTML, like Gecko) Version/17.4 Safari/605.1.15 (Applebot/0.1; +http://www.apple.com/go/applebot)"
17.22.253.39 - - [16/Jun/2026:03:01:45 +0000] "GET /wp-includes/css/dist/block-library/style.min.css?ver=6.8.5 HTTP/1.1" 200 15328 "https://apteka-centralna.pl/discover-an-beautiful-assortment-of-ladiess-intercourse-toys/" "Mozilla/5.0 (Macintosh; Intel Mac OS X 10_15_7) AppleWebKit/605.1.15 (KHTML, like Gecko) Version/17.4 Safari/605.1.15 (Applebot/0.1; +http://www.apple.com/go/applebot)"
17.22.253.39 - - [16/Jun/2026:03:01:46 +0000] "GET /wp-content/plugins/the-post-grid/assets/vendor/font-awesome/css/font-awesome.min.css?ver=7.8.8 HTTP/1.1" 200 22427 "https://apteka-centralna.pl/discover-an-beautiful-assortment-of-ladiess-intercourse-toys/" "Mozilla/5.0 (Macintosh; Intel Mac OS X 10_15_7) AppleWebKit/605.1.15 (KHTML, like Gecko) Version/17.4 Safari/605.1.15 (Applebot/0.1; +http://www.apple.com/go/applebot)"
17.22.253.39 - - [16/Jun/2026:03:01:48 +0000] "GET /wp-includes/js/jquery/jquery.min.js?ver=3.7.1 HTTP/1.1" 200 30432 "https://apteka-centralna.pl/discover-an-beautiful-assortment-of-ladiess-intercourse-toys/" "Mozilla/5.0 (Macintosh; Intel Mac OS X 10_15_7) AppleWebKit/605.1.15 (KHTML, like Gecko) Version/17.4 Safari/605.1.15 (Applebot/0.1; +http://www.apple.com/go/applebot)"
17.22.253.39 - - [16/Jun/2026:03:01:49 +0000] "GET /wp-includes/js/jquery/jquery-migrate.min.js?ver=3.4.1 HTTP/1.1" 200 4885 "https://apteka-centralna.pl/discover-an-beautiful-assortment-of-ladiess-intercourse-toys/" "Mozilla/5.0 (Macintosh; Intel Mac OS X 10_15_7) AppleWebKit/605.1.15 (KHTML, like Gecko) Version/17.4 Safari/605.1.15 (Applebot/0.1; +http://www.apple.com/go/applebot)"
17.22.253.39 - - [16/Jun/2026:03:01:51 +0000] "GET /wp-content/themes/astra/assets/js/minified/frontend.min.js?ver=4.13.4 HTTP/1.1" 200 5992 "https://apteka-centralna.pl/discover-an-beautiful-assortment-of-ladiess-intercourse-toys/" "Mozilla/5.0 (Macintosh; Intel Mac OS X 10_15_7) AppleWebKit/605.1.15 (KHTML, like Gecko) Version/17.4 Safari/605.1.15 (Applebot/0.1; +http://www.apple.com/go/applebot)"
17.22.253.39 - - [16/Jun/2026:03:01:52 +0000] "GET /wp-includes/js/comment-reply.min.js?ver=6.8.5 HTTP/1.1" 200 1387 "https://apteka-centralna.pl/discover-an-beautiful-assortment-of-ladiess-intercourse-toys/" "Mozilla/5.0 (Macintosh; Intel Mac OS X 10_15_7) AppleWebKit/605.1.15 (KHTML, like Gecko) Version/17.4 Safari/605.1.15 (Applebot/0.1; +http://www.apple.com/go/applebot)"
17.22.253.39 - - [16/Jun/2026:03:01:54 +0000] "GET /wp-includes/js/wp-emoji-release.min.js?ver=6.8.5 HTTP/1.1" 200 5168 "https://apteka-centralna.pl/discover-an-beautiful-assortment-of-ladiess-intercourse-toys/" "Mozilla/5.0 (Macintosh; Intel Mac OS X 10_15_7) AppleWebKit/605.1.15 (KHTML, like Gecko) Version/17.4 Safari/605.1.15 (Applebot/0.1; +http://www.apple.com/go/applebot)"
114.119.156.95 - - [16/Jun/2026:03:02:28 +0000] "GET /blackjack-quante-carte/ HTTP/1.1" 200 21338 "https://apteka-centralna.pl/for-tips-on-discovering-designer-luggage-at-decrease-costs/" "Mozilla/5.0 (Linux; Android 7.0;) AppleWebKit/537.36 (HTML, like Gecko) Mobile Safari/537.36 (compatible; PetalBot;+https://webmaster.petalsearch.com/site/petalbot)"
114.119.138.99 - - [16/Jun/2026:03:03:53 +0000] "GET /be-the-first-to-name-dibs-on-our-unimaginable-gross-sales-and/ HTTP/1.1" 200 24260 "https://apteka-centralna.pl/to-access-thousands-of-narrated-intercourse-tales/" "Mozilla/5.0 (Linux; Android 7.0;) AppleWebKit/537.36 (HTML, like Gecko) Mobile Safari/537.36 (compatible; PetalBot;+https://webmaster.petalsearch.com/site/petalbot)"
114.119.156.95 - - [16/Jun/2026:03:05:17 +0000] "GET /these-manufacturers-offer-a-variety-of-types/ HTTP/1.1" 200 23001 "https://apteka-centralna.pl/category/vademecum/page/63/" "Mozilla/5.0 (Linux; Android 7.0;) AppleWebKit/537.36 (HTML, like Gecko) Mobile Safari/537.36 (compatible; PetalBot;+https://webmaster.petalsearch.com/site/petalbot)"
86.121.48.96 - - [16/Jun/2026:03:06:02 +0000] "GET /wp-login.php HTTP/1.1" 200 3269 "-" "Mozilla/5.0 (Macintosh; Intel Mac OS X 11_7_10) AppleWebKit/537.36 (KHTML, like Gecko) Chrome/133.0.0.0 Safari/537.36"
86.121.48.96 - - [16/Jun/2026:03:06:02 +0000] "POST /wp-login.php HTTP/1.1" 200 3397 "https://apteka-centralna.pl/wp-login.php" "Mozilla/5.0 (Macintosh; Intel Mac OS X 11_7_10) AppleWebKit/537.36 (KHTML, like Gecko) Chrome/133.0.0.0 Safari/537.36"
114.119.135.78 - - [16/Jun/2026:03:06:40 +0000] "GET /dallas-based-leather-professional-and-social-media-character/ HTTP/1.1" 200 23527 "https://apteka-centralna.pl/using-the-mistaken-kind-of-juice-with-the-mistaken-atomizer/" "Mozilla/5.0 (Linux; Android 7.0;) AppleWebKit/537.36 (HTML, like Gecko) Mobile Safari/537.36 (compatible; PetalBot;+https://webmaster.petalsearch.com/site/petalbot)"
114.119.138.99 - - [16/Jun/2026:03:08:18 +0000] "GET /artykuly/page/1031/ HTTP/1.1" 200 20764 "https://apteka-centralna.pl/artykuly/page/92/" "Mozilla/5.0 (Linux; Android 7.0;) AppleWebKit/537.36 (HTML, like Gecko) Mobile Safari/537.36 (compatible; PetalBot;+https://webmaster.petalsearch.com/site/petalbot)"
3.208.156.9 - - [16/Jun/2026:03:08:46 +0000] "GET /wp-json/oembed/1.0/embed?format=xml&url=https://apteka-centralna.pl/nuovi-casin%25C3%25B2-senza-deposito/ HTTP/1.1" 200 1108 "-" "Mozilla/5.0 AppleWebKit/537.36 (KHTML, like Gecko; compatible; Amazonbot/0.1; +https://developer.amazon.com/support/amazonbot) Chrome/119.0.6045.214 Safari/537.36"
3.221.222.168 - - [16/Jun/2026:03:08:49 +0000] "GET /wp-json/oembed/1.0/embed?url=https://apteka-centralna.pl/blackjack-cos-%25C3%25A8/ HTTP/1.1" 200 1053 "-" "Mozilla/5.0 AppleWebKit/537.36 (KHTML, like Gecko; compatible; Amazonbot/0.1; +https://developer.amazon.com/support/amazonbot) Chrome/119.0.6045.214 Safari/537.36"
23.21.175.228 - - [16/Jun/2026:03:08:54 +0000] "GET /wp-json/wp/v2/posts/232 HTTP/1.1" 200 2924 "-" "Mozilla/5.0 AppleWebKit/537.36 (KHTML, like Gecko; compatible; Amazonbot/0.1; +https://developer.amazon.com/support/amazonbot) Chrome/119.0.6045.214 Safari/537.36"
35.153.86.200 - - [16/Jun/2026:03:08:57 +0000] "GET /domowe-metody-regeneracji-organizmu-po-wysilku-fizycznym/feed/ HTTP/1.1" 200 1080 "-" "Mozilla/5.0 AppleWebKit/537.36 (KHTML, like Gecko; compatible; Amazonbot/0.1; +https://developer.amazon.com/support/amazonbot) Chrome/119.0.6045.214 Safari/537.36"
52.202.52.82 - - [16/Jun/2026:03:09:03 +0000] "GET /wp-json/wp/v2/posts/9336 HTTP/1.1" 200 4032 "-" "Mozilla/5.0 AppleWebKit/537.36 (KHTML, like Gecko; compatible; Amazonbot/0.1; +https://developer.amazon.com/support/amazonbot) Chrome/119.0.6045.214 Safari/537.36"
185.191.171.17 - - [16/Jun/2026:03:09:04 +0000] "GET /cobet-casino-no-deposit-bonus/ HTTP/1.1" 200 21360 "-" "Mozilla/5.0 (compatible; SemrushBot/7~bl; +http://www.semrush.com/bot.html)"
114.119.151.131 - - [16/Jun/2026:03:09:27 +0000] "GET /these-designer-inspired-pieces-symbolize-a-thoughtful-method/ HTTP/1.1" 200 23887 "https://apteka-centralna.pl/author/admin/page/67/" "Mozilla/5.0 (Linux; Android 7.0;) AppleWebKit/537.36 (HTML, like Gecko) Mobile Safari/537.36 (compatible; PetalBot;+https://webmaster.petalsearch.com/site/petalbot)"
31.3.241.131 - - [16/Jun/2026:03:10:16 +0000] "GET /wp-login.php HTTP/1.1" 200 3269 "-" "Mozilla/5.0 (Windows NT 10.0; WOW64) AppleWebKit/537.36 (KHTML, like Gecko) Chrome/133.0.0.0 Safari/537.36"
31.3.241.131 - - [16/Jun/2026:03:10:16 +0000] "POST /wp-login.php HTTP/1.1" 200 3402 "https://apteka-centralna.pl/wp-login.php" "Mozilla/5.0 (Windows NT 10.0; WOW64) AppleWebKit/537.36 (KHTML, like Gecko) Chrome/133.0.0.0 Safari/537.36"
114.119.134.123 - - [16/Jun/2026:03:10:50 +0000] "GET /however-we-are-not-medical-professionals-and-do-not-intend-to/ HTTP/1.1" 200 23830 "https://apteka-centralna.pl/the-wi-fi-remote-control-is-activated-by-a-simple-squeeze/" "Mozilla/5.0 (Linux; Android 7.0;) AppleWebKit/537.36 (HTML, like Gecko) Mobile Safari/537.36 (compatible; PetalBot;+https://webmaster.petalsearch.com/site/petalbot)"
185.191.171.15 - - [16/Jun/2026:03:11:49 +0000] "GET /trucco-per-slot-machine/ HTTP/1.1" 200 21470 "-" "Mozilla/5.0 (compatible; SemrushBot/7~bl; +http://www.semrush.com/bot.html)"
114.119.158.143 - - [16/Jun/2026:03:12:14 +0000] "GET /cogreat-win-casino-50-free-spins/ HTTP/1.1" 200 21481 "https://apteka-centralna.pl/a-favorite-for-women-on-taobao-and-xiaohongshu-are-the-heels/" "Mozilla/5.0 (Linux; Android 7.0;) AppleWebKit/537.36 (HTML, like Gecko) Mobile Safari/537.36 (compatible; PetalBot;+https://webmaster.petalsearch.com/site/petalbot)"
103.239.14.19 - - [16/Jun/2026:03:13:24 +0000] "GET /wp-login.php HTTP/1.1" 200 3269 "-" "Mozilla/5.0 (X11; Ubuntu; Linux x86_64) AppleWebKit/537.36 (KHTML, like Gecko) Chrome/133.0.0.0 Safari/537.36"
114.119.151.131 - - [16/Jun/2026:03:13:37 +0000] "GET /this-research-may-be-compiled-and-analyzed-on-an-aggregate/ HTTP/1.1" 200 23128 "https://apteka-centralna.pl/whatever-you-pair-mission-2-with-will-respond-in-real-time/" "Mozilla/5.0 (Linux; Android 7.0;) AppleWebKit/537.36 (HTML, like Gecko) Mobile Safari/537.36 (compatible; PetalBot;+https://webmaster.petalsearch.com/site/petalbot)"
103.239.14.19 - admin [16/Jun/2026:03:13:44 +0000] "GET /wp-json/wp/v2/users/me HTTP/1.1" 401 110 "-" "Mozilla/5.0 (X11; Ubuntu; Linux x86_64) AppleWebKit/537.36 (KHTML, like Gecko) Chrome/133.0.0.0 Safari/537.36"
192.185.4.166 - - [16/Jun/2026:03:14:18 +0000] "GET /wp-login.php HTTP/1.1" 200 3269 "-" "Mozilla/5.0 (Windows NT 10.0; Win64; x64) AppleWebKit/537.36 (KHTML, like Gecko) Chrome/120.0.0.0 Safari/537.36"
114.119.134.123 - - [16/Jun/2026:03:15:01 +0000] "GET /author/admin/page/38/ HTTP/1.1" 200 21449 "https://apteka-centralna.pl/author/admin/page/39/" "Mozilla/5.0 (Linux; Android 7.0;) AppleWebKit/537.36 (HTML, like Gecko) Mobile Safari/537.36 (compatible; PetalBot;+https://webmaster.petalsearch.com/site/petalbot)"
185.191.171.18 - - [16/Jun/2026:03:15:40 +0000] "GET /miglior-portiere-della-storia/ HTTP/1.1" 200 21354 "-" "Mozilla/5.0 (compatible; SemrushBot/7~bl; +http://www.semrush.com/bot.html)"
66.249.66.198 - - [16/Jun/2026:03:16:14 +0000] "GET /wp-includes/js/jquery/jquery.min.js?ver=3.7.1 HTTP/1.1" 200 30432 "https://apteka-centralna.pl/lugano-casino-bonus-senza-deposito/" "Mozilla/5.0 (Linux; Android 6.0.1; Nexus 5X Build/MMB29P) AppleWebKit/537.36 (KHTML, like Gecko) Chrome/148.0.7778.96 Mobile Safari/537.36 (compatible; Googlebot/2.1; +http://www.google.com/bot.html)"
66.249.66.198 - - [16/Jun/2026:03:16:14 +0000] "GET /wp-includes/js/jquery/jquery-migrate.min.js?ver=3.4.1 HTTP/1.1" 200 4885 "https://apteka-centralna.pl/lugano-casino-bonus-senza-deposito/" "Mozilla/5.0 (Linux; Android 6.0.1; Nexus 5X Build/MMB29P) AppleWebKit/537.36 (KHTML, like Gecko) Chrome/148.0.7778.96 Mobile Safari/537.36 (compatible; Googlebot/2.1; +http://www.google.com/bot.html)"
66.249.66.196 - - [16/Jun/2026:03:16:14 +0000] "GET /wp-content/themes/astra/assets/js/minified/frontend.min.js?ver=4.13.4 HTTP/1.1" 200 5992 "https://apteka-centralna.pl/lugano-casino-bonus-senza-deposito/" "Mozilla/5.0 (Linux; Android 6.0.1; Nexus 5X Build/MMB29P) AppleWebKit/537.36 (KHTML, like Gecko) Chrome/148.0.7778.96 Mobile Safari/537.36 (compatible; Googlebot/2.1; +http://www.google.com/bot.html)"
66.249.66.198 - - [16/Jun/2026:03:16:14 +0000] "GET /wp-content/themes/astra/assets/css/minified/main.min.css?ver=4.13.4 HTTP/1.1" 200 8696 "https://apteka-centralna.pl/lugano-casino-bonus-senza-deposito/" "Mozilla/5.0 (Linux; Android 6.0.1; Nexus 5X Build/MMB29P) AppleWebKit/537.36 (KHTML, like Gecko) Chrome/148.0.7778.96 Mobile Safari/537.36 (compatible; Googlebot/2.1; +http://www.google.com/bot.html)"
85.208.96.198 - - [16/Jun/2026:03:16:26 +0000] "GET /black-jack-regole/ HTTP/1.1" 200 21829 "-" "Mozilla/5.0 (compatible; SemrushBot/7~bl; +http://www.semrush.com/bot.html)"
114.119.158.143 - - [16/Jun/2026:03:16:27 +0000] "GET /from-colourful-patterns-to-glossy-designs/ HTTP/1.1" 200 24127 "https://apteka-centralna.pl/category/vademecum" "Mozilla/5.0 (Linux; Android 7.0;) AppleWebKit/537.36 (HTML, like Gecko) Mobile Safari/537.36 (compatible; PetalBot;+https://webmaster.petalsearch.com/site/petalbot)"
85.208.96.202 - - [16/Jun/2026:03:17:25 +0000] "GET /giochi-bridge-gratis/ HTTP/1.1" 200 21647 "-" "Mozilla/5.0 (compatible; SemrushBot/7~bl; +http://www.semrush.com/bot.html)"
114.119.135.78 - - [16/Jun/2026:03:17:50 +0000] "GET /these-devices-are-good-for-on-the-go-vaping/ HTTP/1.1" 200 23812 "https://apteka-centralna.pl/artykuly" "Mozilla/5.0 (Linux; Android 7.0;) AppleWebKit/537.36 (HTML, like Gecko) Mobile Safari/537.36 (compatible; PetalBot;+https://webmaster.petalsearch.com/site/petalbot)"
114.119.129.81 - - [16/Jun/2026:03:19:13 +0000] "GET /quanti-giochi-d-azzardo-ci-sono/ HTTP/1.1" 200 21757 "https://apteka-centralna.pl/artykuly/page/41/" "Mozilla/5.0 (Linux; Android 7.0;) AppleWebKit/537.36 (HTML, like Gecko) Mobile Safari/537.36 (compatible; PetalBot;+https://webmaster.petalsearch.com/site/petalbot)"
184.107.244.93 - - [16/Jun/2026:03:19:33 +0000] "GET /wp-login.php HTTP/1.1" 200 3269 "-" "Mozilla/5.0 (Macintosh; Intel Mac OS X 11_7_10) AppleWebKit/537.36 (KHTML, like Gecko) Chrome/133.0.0.0 Safari/537.36"
184.107.244.93 - - [16/Jun/2026:03:19:34 +0000] "POST /wp-login.php HTTP/1.1" 200 3402 "https://apteka-centralna.pl/wp-login.php" "Mozilla/5.0 (Macintosh; Intel Mac OS X 11_7_10) AppleWebKit/537.36 (KHTML, like Gecko) Chrome/133.0.0.0 Safari/537.36"
114.119.158.143 - - [16/Jun/2026:03:20:37 +0000] "GET /artykuly/page/45/ HTTP/1.1" 200 21263 "https://apteka-centralna.pl/artykuly/page/44/" "Mozilla/5.0 (Linux; Android 7.0;) AppleWebKit/537.36 (HTML, like Gecko) Mobile Safari/537.36 (compatible; PetalBot;+https://webmaster.petalsearch.com/site/petalbot)"
185.110.189.235 - - [16/Jun/2026:03:20:40 +0000] "GET /wp-login.php HTTP/1.1" 200 3269 "-" "Mozilla/5.0 (Windows NT 10.0; Win64; x64) AppleWebKit/537.36 (KHTML, like Gecko) Chrome/133.0.0.0 Safari/537.36"
17.246.23.71 - - [16/Jun/2026:03:20:44 +0000] "GET /artykuly/page/108/ HTTP/1.1" 200 21233 "-" "Mozilla/5.0 (Macintosh; Intel Mac OS X 10_15_7) AppleWebKit/605.1.15 (KHTML, like Gecko) Version/17.4 Safari/605.1.15 (Applebot/0.1; +http://www.apple.com/go/applebot)"
185.110.189.235 - - [16/Jun/2026:03:20:45 +0000] "POST /wp-login.php HTTP/1.1" 200 3397 "https://apteka-centralna.pl/wp-login.php" "Mozilla/5.0 (Windows NT 10.0; Win64; x64) AppleWebKit/537.36 (KHTML, like Gecko) Chrome/133.0.0.0 Safari/537.36"
51.68.236.69 - - [16/Jun/2026:03:21:02 +0000] "GET / HTTP/1.1" 200 27639 "-" "Mozilla/5.0 (compatible; MJ12bot/v2.0.5; http://mj12bot.com/)"
114.119.151.131 - - [16/Jun/2026:03:22:01 +0000] "GET /algoritmo-blackjack/ HTTP/1.1" 200 21462 "https://apteka-centralna.pl/we-use-only-the-highest-performing-platinum/" "Mozilla/5.0 (Linux; Android 7.0;) AppleWebKit/537.36 (HTML, like Gecko) Mobile Safari/537.36 (compatible; PetalBot;+https://webmaster.petalsearch.com/site/petalbot)"
85.208.96.208 - - [16/Jun/2026:03:23:18 +0000] "GET /when-in-search-of-intercourse-toys/ HTTP/1.1" 200 23255 "-" "Mozilla/5.0 (compatible; SemrushBot/7~bl; +http://www.semrush.com/bot.html)"
114.119.135.78 - - [16/Jun/2026:03:23:23 +0000] "GET /category/vademecum/page/119/ HTTP/1.1" 200 21795 "https://apteka-centralna.pl/category/vademecum/page/118/" "Mozilla/5.0 (Linux; Android 7.0;) AppleWebKit/537.36 (HTML, like Gecko) Mobile Safari/537.36 (compatible; PetalBot;+https://webmaster.petalsearch.com/site/petalbot)"
85.208.96.197 - - [16/Jun/2026:03:24:40 +0000] "GET /bonus-gratis-casin%C3%B2/ HTTP/1.1" 200 21382 "-" "Mozilla/5.0 (compatible; SemrushBot/7~bl; +http://www.semrush.com/bot.html)"
114.119.129.81 - - [16/Jun/2026:03:24:47 +0000] "GET /artykuly/page/116/ HTTP/1.1" 200 21809 "https://apteka-centralna.pl/artykuly/page/117/" "Mozilla/5.0 (Linux; Android 7.0;) AppleWebKit/537.36 (HTML, like Gecko) Mobile Safari/537.36 (compatible; PetalBot;+https://webmaster.petalsearch.com/site/petalbot)"
114.119.158.143 - - [16/Jun/2026:03:26:11 +0000] "GET /domowe-sposoby-lagodzenia-objawow-zapalenia-zatok-sprawdz-skuteczne-metody/ HTTP/1.1" 200 23370 "https://apteka-centralna.pl/naturalne-sposoby-poprawy-funkcji-limfatycznego-5-skutecznych-metod/" "Mozilla/5.0 (Linux; Android 7.0;) AppleWebKit/537.36 (HTML, like Gecko) Mobile Safari/537.36 (compatible; PetalBot;+https://webmaster.petalsearch.com/site/petalbot)"
216.244.66.236 - - [16/Jun/2026:03:27:21 +0000] "GET /before-i-knew-it-my-walk-in-closet-started-to-fill-with/feed/ HTTP/1.1" 200 1063 "-" "Mozilla/5.0 (compatible; DotBot/1.2; +https://opensiteexplorer.org/dotbot; help@moz.com)"
44.196.199.122 - - [16/Jun/2026:03:27:31 +0000] "GET / HTTP/1.1" 200 27638 "-" "Mozilla/5.0 (Windows NT 10.0; Win64; x64; rv:140.0) Gecko/20100101 Firefox/140.0"
114.119.156.95 - - [16/Jun/2026:03:27:34 +0000] "GET /cwiczenia-poprawiajace-funkcje-poznawcze-seniorow-odkryj-korzysci/ HTTP/1.1" 200 23078 "https://apteka-centralna.pl/artykuly/page/117/" "Mozilla/5.0 (Linux; Android 7.0;) AppleWebKit/537.36 (HTML, like Gecko) Mobile Safari/537.36 (compatible; PetalBot;+https://webmaster.petalsearch.com/site/petalbot)"
103.127.30.137 - - [16/Jun/2026:03:27:37 +0000] "GET /wp-login.php HTTP/1.1" 200 3269 "-" "Mozilla/5.0 (Macintosh; Intel Mac OS X 10_15_7) AppleWebKit/537.36 (KHTML, like Gecko) Chrome/133.0.0.0 Safari/537.36"
103.127.30.137 - - [16/Jun/2026:03:27:39 +0000] "POST /wp-login.php HTTP/1.1" 200 3397 "https://apteka-centralna.pl/wp-login.php" "Mozilla/5.0 (Macintosh; Intel Mac OS X 10_15_7) AppleWebKit/537.36 (KHTML, like Gecko) Chrome/133.0.0.0 Safari/537.36"
114.119.129.81 - - [16/Jun/2026:03:28:58 +0000] "GET /wp-content/uploads/2025/12/874-1024x559.png HTTP/1.1" 200 824470 "https://apteka-centralna.pl/category/vademecum/page/121/" "Mozilla/5.0 (Linux; Android 7.0;) AppleWebKit/537.36 (HTML, like Gecko) Mobile Safari/537.36 (compatible; PetalBot;+https://webmaster.petalsearch.com/site/petalbot)"
185.191.171.10 - - [16/Jun/2026:03:29:10 +0000] "GET /you-can-easily-discover-many-low-cost-and-high-quality-replica/ HTTP/1.1" 200 23117 "-" "Mozilla/5.0 (compatible; SemrushBot/7~bl; +http://www.semrush.com/bot.html)"
114.119.138.99 - - [16/Jun/2026:03:30:23 +0000] "GET /this-could-be-as-a-end-result-of-you-havent-completed-the-age/ HTTP/1.1" 200 23955 "https://apteka-centralna.pl/artykuly" "Mozilla/5.0 (Linux; Android 7.0;) AppleWebKit/537.36 (HTML, like Gecko) Mobile Safari/537.36 (compatible; PetalBot;+https://webmaster.petalsearch.com/site/petalbot)"
114.119.158.143 - - [16/Jun/2026:03:31:45 +0000] "GET /live-bingo/ HTTP/1.1" 200 21277 "https://apteka-centralna.pl/artykuly/page/84/" "Mozilla/5.0 (Linux; Android 7.0;) AppleWebKit/537.36 (HTML, like Gecko) Mobile Safari/537.36 (compatible; PetalBot;+https://webmaster.petalsearch.com/site/petalbot)"
23.21.53.69 - - [16/Jun/2026:03:32:12 +0000] "GET / HTTP/1.1" 200 27636 "-" "Mozilla/5.0 (Windows NT 6.1; WOW64) AppleWebKit/537.36 (KHTML, like Gecko) Chrome/46.0.2490.80 Safari/537.36"
46.248.166.41 - - [16/Jun/2026:03:32:21 +0000] "GET //sitemap.xml HTTP/1.1" 301 5 "-" "Mozilla/5.0 (Macintosh; Intel Mac OS X 10_15_7) AppleWebKit/605.1.15 (KHTML, like Gecko) Version/17.1 Safari/605.1.15"
46.248.166.41 - - [16/Jun/2026:03:32:21 +0000] "GET /wp-sitemap.xml HTTP/1.1" 200 260 "-" "Mozilla/5.0 (Macintosh; Intel Mac OS X 10_15_7) AppleWebKit/605.1.15 (KHTML, like Gecko) Version/17.1 Safari/605.1.15"
46.248.166.41 - - [16/Jun/2026:03:32:22 +0000] "GET //sitemap.xml HTTP/1.1" 301 5 "-" "Mozilla/5.0 (Windows NT 10.0; Win64; x64; rv:121.0) Gecko/20100101 Firefox/121.0"
46.248.166.41 - - [16/Jun/2026:03:32:22 +0000] "GET /wp-sitemap.xml HTTP/1.1" 200 260 "-" "Mozilla/5.0 (Windows NT 10.0; Win64; x64; rv:121.0) Gecko/20100101 Firefox/121.0"
46.248.166.41 - - [16/Jun/2026:03:32:23 +0000] "GET / HTTP/1.1" 200 27639 "-" "Mozilla/5.0 (X11; Linux x86_64) AppleWebKit/537.36 (KHTML, like Gecko) Chrome/120.0.0.0 Safari/537.36"
114.119.134.123 - - [16/Jun/2026:03:33:09 +0000] "GET /if-the-item-isnt-because-it-was-described/ HTTP/1.1" 200 23941 "https://apteka-centralna.pl/if-the-item-isnt-because-it-was-described/" "Mozilla/5.0 (Linux; Android 7.0;) AppleWebKit/537.36 (HTML, like Gecko) Mobile Safari/537.36 (compatible; PetalBot;+https://webmaster.petalsearch.com/site/petalbot)"
185.191.171.18 - - [16/Jun/2026:03:33:23 +0000] "GET /category/vademecum/page/53/ HTTP/1.1" 200 21277 "-" "Mozilla/5.0 (compatible; SemrushBot/7~bl; +http://www.semrush.com/bot.html)"
74.208.38.160 - - [16/Jun/2026:03:33:55 +0000] "GET /wp-login.php HTTP/1.1" 200 3269 "-" "Mozilla/5.0 (Windows NT 10.0; Win64; x64) AppleWebKit/537.36 (KHTML, like Gecko) Chrome/120.0.0.0 Safari/537.36"
74.208.38.160 - - [16/Jun/2026:03:33:55 +0000] "POST /wp-login.php HTTP/1.1" 200 3402 "https://apteka-centralna.pl/wp-login.php" "Mozilla/5.0 (Windows NT 10.0; Win64; x64) AppleWebKit/537.36 (KHTML, like Gecko) Chrome/120.0.0.0 Safari/537.36"
74.208.38.160 - - [16/Jun/2026:03:34:16 +0000] "GET /wp-login.php HTTP/1.1" 200 3269 "-" "Mozilla/5.0 (Windows NT 10.0; Win64; x64) AppleWebKit/537.36 (KHTML, like Gecko) Chrome/120.0.0.0 Safari/537.36"
74.208.38.160 - - [16/Jun/2026:03:34:17 +0000] "POST /wp-login.php HTTP/1.1" 200 3402 "https://apteka-centralna.pl/wp-login.php" "Mozilla/5.0 (Windows NT 10.0; Win64; x64) AppleWebKit/537.36 (KHTML, like Gecko) Chrome/120.0.0.0 Safari/537.36"
114.119.129.81 - - [16/Jun/2026:03:34:32 +0000] "GET /?p=9614 HTTP/1.1" 301 5 "https://labwp.gbitcorp.com/2022/03/22/we-want-you-the-get-your-first-copy-baggage-in-no-time/" "Mozilla/5.0 (Linux; Android 7.0;) AppleWebKit/537.36 (HTML, like Gecko) Mobile Safari/537.36 (compatible; PetalBot;+https://webmaster.petalsearch.com/site/petalbot)"
114.119.129.81 - - [16/Jun/2026:03:34:33 +0000] "GET /similarly-some-producers-are-specialists-in-manufacturing/ HTTP/1.1" 200 24015 "https://labwp.gbitcorp.com/2022/03/22/we-want-you-the-get-your-first-copy-baggage-in-no-time/" "Mozilla/5.0 (Linux; Android 7.0;) AppleWebKit/537.36 (HTML, like Gecko) Mobile Safari/537.36 (compatible; PetalBot;+https://webmaster.petalsearch.com/site/petalbot)"
64.131.86.2 - - [16/Jun/2026:03:35:22 +0000] "GET /wp-login.php HTTP/1.1" 200 3269 "-" "Mozilla/5.0 (X11; Linux x86_64) AppleWebKit/537.36 (KHTML, like Gecko) Chrome/133.0.0.0 Safari/537.36"
64.131.86.2 - - [16/Jun/2026:03:35:22 +0000] "POST /wp-login.php HTTP/1.1" 200 3397 "https://apteka-centralna.pl/wp-login.php" "Mozilla/5.0 (X11; Linux x86_64) AppleWebKit/537.36 (KHTML, like Gecko) Chrome/133.0.0.0 Safari/537.36"
114.119.156.95 - - [16/Jun/2026:03:35:58 +0000] "GET /not-so-long-ago-choosing-the-most-effective-disposable-vape/ HTTP/1.1" 200 22963 "https://apteka-centralna.pl/most-designer-brands-embrace-a-singular-serial-number-or/" "Mozilla/5.0 (Linux; Android 7.0;) AppleWebKit/537.36 (HTML, like Gecko) Mobile Safari/537.36 (compatible; PetalBot;+https://webmaster.petalsearch.com/site/petalbot)"
3.91.86.21 - - [16/Jun/2026:03:36:44 +0000] "GET / HTTP/1.1" 301 5 "-" "Mozilla/5.0 (Macintosh; Intel Mac OS X 10_15_7) AppleWebKit/537.36 (KHTML, like Gecko) Chrome/108.0.0.0 Safari/537.36"
3.91.86.21 - - [16/Jun/2026:03:36:45 +0000] "GET / HTTP/1.1" 200 27637 "-" "Mozilla/5.0 (Macintosh; Intel Mac OS X 10_15_7) AppleWebKit/537.36 (KHTML, like Gecko) Chrome/108.0.0.0 Safari/537.36"
114.119.146.126 - - [16/Jun/2026:03:37:22 +0000] "GET /guadagnare-con-slot-machine/ HTTP/1.1" 200 21590 "https://apteka-centralna.pl/whether-youre-an-skilled-collector-or-a-first-time-buyer/" "Mozilla/5.0 (Linux; Android 7.0;) AppleWebKit/537.36 (HTML, like Gecko) Mobile Safari/537.36 (compatible; PetalBot;+https://webmaster.petalsearch.com/site/petalbot)"
185.191.171.6 - - [16/Jun/2026:03:38:11 +0000] "GET /look-for-a-smaller-dildo-with-a-easy-texture-to-assist-you/ HTTP/1.1" 200 22895 "-" "Mozilla/5.0 (compatible; SemrushBot/7~bl; +http://www.semrush.com/bot.html)"
114.119.156.95 - - [16/Jun/2026:03:38:45 +0000] "GET /gioco-macchinette/ HTTP/1.1" 200 21535 "https://apteka-centralna.pl/we-replace-this-web-page-weekly-so-you-all-the-time-keep/" "Mozilla/5.0 (Linux; Android 7.0;) AppleWebKit/537.36 (HTML, like Gecko) Mobile Safari/537.36 (compatible; PetalBot;+https://webmaster.petalsearch.com/site/petalbot)"
93.125.18.219 - - [16/Jun/2026:03:39:15 +0000] "GET /wp-login.php HTTP/1.1" 200 3269 "-" "Mozilla/5.0 (X11; Ubuntu; Linux x86_64; rv:133.0) Gecko/20100101 Firefox/133.0"
93.125.18.219 - - [16/Jun/2026:03:39:17 +0000] "POST /wp-login.php HTTP/1.1" 200 3402 "https://apteka-centralna.pl/wp-login.php" "Mozilla/5.0 (X11; Ubuntu; Linux x86_64; rv:133.0) Gecko/20100101 Firefox/133.0"
114.119.158.143 - - [16/Jun/2026:03:40:25 +0000] "GET /gioca-the-falcon-huntress-gratis-senza-scaricare/ HTTP/1.1" 200 21422 "https://apteka-centralna.pl/while-purchasing-for-a-male-masturbator/" "Mozilla/5.0 (Linux; Android 7.0;) AppleWebKit/537.36 (HTML, like Gecko) Mobile Safari/537.36 (compatible; PetalBot;+https://webmaster.petalsearch.com/site/petalbot)"
185.191.171.13 - - [16/Jun/2026:03:41:22 +0000] "GET /partita-blackjack/ HTTP/1.1" 200 21614 "-" "Mozilla/5.0 (compatible; SemrushBot/7~bl; +http://www.semrush.com/bot.html)"
114.119.156.95 - - [16/Jun/2026:03:41:45 +0000] "GET /fulfill-your-fantasies-with-pleasure-merchandise-from/ HTTP/1.1" 200 23911 "https://apteka-centralna.pl/anal-intercourse-toys-prostate-massagers-and-butt-plugs-are/" "Mozilla/5.0 (Linux; Android 7.0;) AppleWebKit/537.36 (HTML, like Gecko) Mobile Safari/537.36 (compatible; PetalBot;+https://webmaster.petalsearch.com/site/petalbot)"
114.119.146.126 - - [16/Jun/2026:03:43:01 +0000] "GET /slot-da-giocare-gratis/ HTTP/1.1" 200 21593 "https://apteka-centralna.pl/it-is-a-very-user-friendly-web-site-and-has-an-enormous/" "Mozilla/5.0 (Linux; Android 7.0;) AppleWebKit/537.36 (HTML, like Gecko) Mobile Safari/537.36 (compatible; PetalBot;+https://webmaster.petalsearch.com/site/petalbot)"
23.21.148.226 - - [16/Jun/2026:03:44:19 +0000] "GET /naturalne-metody-lagodzenia-alergii-sezonowej-u-doroslych/ HTTP/1.1" 200 23818 "-" "Mozilla/5.0 AppleWebKit/537.36 (KHTML, like Gecko; compatible; Amazonbot/0.1; +https://developer.amazon.com/support/amazonbot) Chrome/119.0.6045.214 Safari/537.36"
52.200.54.136 - - [16/Jun/2026:03:44:22 +0000] "GET /naturalne-metody-lagodzenia-przewleklego-bolu-miesni-sprawdz/ HTTP/1.1" 200 23582 "-" "Mozilla/5.0 AppleWebKit/537.36 (KHTML, like Gecko; compatible; Amazonbot/0.1; +https://developer.amazon.com/support/amazonbot) Chrome/119.0.6045.214 Safari/537.36"
114.119.129.81 - - [16/Jun/2026:03:44:24 +0000] "GET /the-onthego-mm-tote-bag-is-made-from-epi-grained-leather-with/ HTTP/1.1" 200 23643 "https://apteka-centralna.pl/you-do-not-have-to-be-an-professional-in-leather-based-grains/" "Mozilla/5.0 (Linux; Android 7.0;) AppleWebKit/537.36 (HTML, like Gecko) Mobile Safari/537.36 (compatible; PetalBot;+https://webmaster.petalsearch.com/site/petalbot)"
44.223.116.149 - - [16/Jun/2026:03:44:27 +0000] "GET /wp-json/wp/v2/posts/9729 HTTP/1.1" 200 4792 "-" "Mozilla/5.0 AppleWebKit/537.36 (KHTML, like Gecko; compatible; Amazonbot/0.1; +https://developer.amazon.com/support/amazonbot) Chrome/119.0.6045.214 Safari/537.36"
98.83.177.42 - - [16/Jun/2026:03:44:30 +0000] "GET /wp-json/oembed/1.0/embed?format=xml&url=https://apteka-centralna.pl/domowe-metody-regeneracji-organizmu-po-wysilku-fizycznym/ HTTP/1.1" 200 1207 "-" "Mozilla/5.0 AppleWebKit/537.36 (KHTML, like Gecko; compatible; Amazonbot/0.1; +https://developer.amazon.com/support/amazonbot) Chrome/119.0.6045.214 Safari/537.36"
3.212.219.113 - - [16/Jun/2026:03:44:35 +0000] "GET /0-ohms-and-then-sub-ohm-vaping-with-atomizers-less-than-1/ HTTP/1.1" 200 22884 "-" "Mozilla/5.0 AppleWebKit/537.36 (KHTML, like Gecko; compatible; Amazonbot/0.1; +https://developer.amazon.com/support/amazonbot) Chrome/119.0.6045.214 Safari/537.36"
195.178.110.241 - - [16/Jun/2026:03:45:11 +0000] "GET /.git/config HTTP/1.1" 404 18371 "-" "Mozilla/5.0 (Macintosh; Intel Mac OS X 10.15; rv:135.0) Gecko/20100101 Firefox/135.0"
