94.130.218.167 - - [16/Jun/2026:21:46:44 +0000] "POST /wp-login.php HTTP/1.1" 200 3403 "https://apteka-centralna.pl/wp-login.php" "Mozilla/5.0 (Windows NT 10.0; Win64; x64; rv:133.0) Gecko/20100101 Firefox/133.0"
85.208.96.198 - - [16/Jun/2026:21:47:57 +0000] "GET /migliori-bonus-casino-senza-deposito/ HTTP/1.1" 200 21632 "-" "Mozilla/5.0 (compatible; SemrushBot/7~bl; +http://www.semrush.com/bot.html)"
74.208.140.41 - - [16/Jun/2026:21:48:14 +0000] "GET /wp-login.php HTTP/1.1" 200 3270 "-" "Mozilla/5.0 (X11; Linux x86_64) AppleWebKit/537.36 (KHTML, like Gecko) Chrome/133.0.0.0 Safari/537.36 Edg/133.0.0.0"
74.208.140.41 - - [16/Jun/2026:21:48:14 +0000] "POST /wp-login.php HTTP/1.1" 200 3397 "https://apteka-centralna.pl/wp-login.php" "Mozilla/5.0 (X11; Linux x86_64) AppleWebKit/537.36 (KHTML, like Gecko) Chrome/133.0.0.0 Safari/537.36 Edg/133.0.0.0"
85.208.96.202 - - [16/Jun/2026:21:48:30 +0000] "GET /ramino-regole-gioco/ HTTP/1.1" 200 21575 "-" "Mozilla/5.0 (compatible; SemrushBot/7~bl; +http://www.semrush.com/bot.html)"
185.191.171.13 - - [16/Jun/2026:21:49:23 +0000] "GET /giochi-slots-gratis-in-linea/ HTTP/1.1" 200 21728 "-" "Mozilla/5.0 (compatible; SemrushBot/7~bl; +http://www.semrush.com/bot.html)"
85.208.96.206 - - [16/Jun/2026:21:51:32 +0000] "GET /casino-con-versamento-minimo-5-euro/ HTTP/1.1" 200 21679 "-" "Mozilla/5.0 (compatible; SemrushBot/7~bl; +http://www.semrush.com/bot.html)"
85.208.96.209 - - [16/Jun/2026:21:52:45 +0000] "GET /gioca-razor-shark-gratis-senza-scaricare/ HTTP/1.1" 200 21486 "-" "Mozilla/5.0 (compatible; SemrushBot/7~bl; +http://www.semrush.com/bot.html)"
216.244.66.236 - - [16/Jun/2026:21:54:34 +0000] "GET /bonus-ricarica-eurobet-casin%C3%B2-online-eurobet-italia/ HTTP/1.1" 200 113280 "-" "Mozilla/5.0 (compatible; DotBot/1.2; +https://opensiteexplorer.org/dotbot; help@moz.com)"
85.208.96.210 - - [16/Jun/2026:21:54:55 +0000] "GET /although-criminal-expenses-may-be-rare/ HTTP/1.1" 200 22965 "-" "Mozilla/5.0 (compatible; SemrushBot/7~bl; +http://www.semrush.com/bot.html)"
185.191.171.3 - - [16/Jun/2026:21:55:48 +0000] "GET /weve-additionally-tried-the-magic-wand-micro/ HTTP/1.1" 200 23347 "-" "Mozilla/5.0 (compatible; SemrushBot/7~bl; +http://www.semrush.com/bot.html)"
85.208.96.198 - - [16/Jun/2026:21:55:53 +0000] "GET /carte-da-gioco-bridge/ HTTP/1.1" 200 21398 "-" "Mozilla/5.0 (compatible; SemrushBot/7~bl; +http://www.semrush.com/bot.html)"
185.191.171.1 - - [16/Jun/2026:21:55:55 +0000] "GET /similarly-some-producers-are-specialists-in-manufacturing/ HTTP/1.1" 200 24016 "-" "Mozilla/5.0 (compatible; SemrushBot/7~bl; +http://www.semrush.com/bot.html)"
176.31.139.8 - - [16/Jun/2026:21:56:24 +0000] "GET /silicone-toys-ought-to-be-paired-with-water-based-lubricants/feed/ HTTP/1.1" 200 1077 "-" "Mozilla/5.0 (compatible; AhrefsBot/7.0; +http://ahrefs.com/robot/)"
31.3.241.131 - - [16/Jun/2026:21:56:49 +0000] "GET /wp-login.php HTTP/1.1" 200 3270 "-" "Mozilla/5.0 (X11; Linux x86_64; rv:133.0) Gecko/20100101 Firefox/133.0"
31.3.241.131 - - [16/Jun/2026:21:56:50 +0000] "POST /wp-login.php HTTP/1.1" 200 3397 "https://apteka-centralna.pl/wp-login.php" "Mozilla/5.0 (X11; Linux x86_64; rv:133.0) Gecko/20100101 Firefox/133.0"
185.191.171.8 - - [16/Jun/2026:21:58:39 +0000] "GET /comastercard-casino-no-deposit-bonus/ HTTP/1.1" 200 21704 "-" "Mozilla/5.0 (compatible; SemrushBot/7~bl; +http://www.semrush.com/bot.html)"
216.244.66.236 - - [16/Jun/2026:21:58:42 +0000] "GET /smoking-cigarettes-will-increase-your-threat-of-creating-lung/ HTTP/1.1" 200 121173 "-" "Mozilla/5.0 (compatible; DotBot/1.2; +https://opensiteexplorer.org/dotbot; help@moz.com)"
185.191.171.10 - - [16/Jun/2026:21:58:49 +0000] "GET /gioco-digitale-app-casin%C3%B2/ HTTP/1.1" 200 21615 "-" "Mozilla/5.0 (compatible; SemrushBot/7~bl; +http://www.semrush.com/bot.html)"
85.208.96.209 - - [16/Jun/2026:21:58:53 +0000] "GET /migliori-casino-mit-epay/ HTTP/1.1" 200 21352 "-" "Mozilla/5.0 (compatible; SemrushBot/7~bl; +http://www.semrush.com/bot.html)"
216.244.66.236 - - [16/Jun/2026:21:59:12 +0000] "GET /com-provide-high-quality-lv-reproduction-bags-known-for-their/feed/ HTTP/1.1" 200 1080 "-" "Mozilla/5.0 (compatible; DotBot/1.2; +https://opensiteexplorer.org/dotbot; help@moz.com)"
185.191.171.2 - - [16/Jun/2026:21:59:17 +0000] "GET /category/vademecum/page/81/ HTTP/1.1" 200 21168 "-" "Mozilla/5.0 (compatible; SemrushBot/7~bl; +http://www.semrush.com/bot.html)"
92.222.108.113 - - [16/Jun/2026:21:59:19 +0000] "GET /naturalne-metody-przeciwdzialania-zapaleniu-dziasel-skuteczne-porady/ HTTP/1.1" 200 23388 "-" "Mozilla/5.0 (compatible; AhrefsBot/7.0; +http://ahrefs.com/robot/)"
185.191.171.12 - - [16/Jun/2026:21:59:36 +0000] "GET /sistema-labouchere-roulette/ HTTP/1.1" 200 21434 "-" "Mozilla/5.0 (compatible; SemrushBot/7~bl; +http://www.semrush.com/bot.html)"
185.191.171.9 - - [16/Jun/2026:21:59:39 +0000] "GET /roulette-dal-vivo-sisal-casino/ HTTP/1.1" 200 21651 "-" "Mozilla/5.0 (compatible; SemrushBot/7~bl; +http://www.semrush.com/bot.html)"
85.208.96.199 - - [16/Jun/2026:21:59:52 +0000] "GET /setting-realistic-expectations-helps-you-respect-the-quality/ HTTP/1.1" 200 24137 "-" "Mozilla/5.0 (compatible; SemrushBot/7~bl; +http://www.semrush.com/bot.html)"
85.208.96.206 - - [16/Jun/2026:22:00:10 +0000] "GET /elenco-completo-casino-aams/ HTTP/1.1" 200 21454 "-" "Mozilla/5.0 (compatible; SemrushBot/7~bl; +http://www.semrush.com/bot.html)"
185.191.171.10 - - [16/Jun/2026:22:01:22 +0000] "GET /artykuly/page/15/ HTTP/1.1" 200 21304 "-" "Mozilla/5.0 (compatible; SemrushBot/7~bl; +http://www.semrush.com/bot.html)"
51.75.236.130 - - [16/Jun/2026:22:02:08 +0000] "GET /slot-machine-senza-soldi/ HTTP/1.1" 200 21981 "-" "Mozilla/5.0 (compatible; AhrefsBot/7.0; +http://ahrefs.com/robot/)"
85.208.96.193 - - [16/Jun/2026:22:02:29 +0000] "GET /in-2016-a-womanizer-examine-had-some-interesting-particulars/ HTTP/1.1" 200 22963 "-" "Mozilla/5.0 (compatible; SemrushBot/7~bl; +http://www.semrush.com/bot.html)"
185.191.171.8 - - [16/Jun/2026:22:03:54 +0000] "GET /but-whether-youre-an-entire-sex-toy-novice/ HTTP/1.1" 200 24277 "-" "Mozilla/5.0 (compatible; SemrushBot/7~bl; +http://www.semrush.com/bot.html)"
121.200.216.55 - - [16/Jun/2026:22:04:08 +0000] "GET /wp-login.php HTTP/1.1" 200 3270 "-" "Mozilla/5.0 (Windows NT 10.0) AppleWebKit/537.36 (KHTML, like Gecko) Chrome/133.0.0.0 Safari/537.36"
121.200.216.55 - - [16/Jun/2026:22:04:09 +0000] "POST /wp-login.php HTTP/1.1" 200 3397 "https://apteka-centralna.pl/wp-login.php" "Mozilla/5.0 (Windows NT 10.0) AppleWebKit/537.36 (KHTML, like Gecko) Chrome/133.0.0.0 Safari/537.36"
5.39.1.248 - - [16/Jun/2026:22:04:26 +0000] "GET /cashwin-casino-no-deposit-bonus/ HTTP/1.1" 200 21609 "-" "Mozilla/5.0 (compatible; AhrefsBot/7.0; +http://ahrefs.com/robot/)"
85.208.96.208 - - [16/Jun/2026:22:04:42 +0000] "GET /sistema-roulette/ HTTP/1.1" 200 21513 "-" "Mozilla/5.0 (compatible; SemrushBot/7~bl; +http://www.semrush.com/bot.html)"
185.191.171.11 - - [16/Jun/2026:22:05:32 +0000] "GET /quali-slot-online-pagano-di-piu/ HTTP/1.1" 200 21206 "-" "Mozilla/5.0 (compatible; SemrushBot/7~bl; +http://www.semrush.com/bot.html)"
31.3.241.131 - - [16/Jun/2026:22:06:41 +0000] "GET /wp-login.php HTTP/1.1" 200 3270 "-" "Mozilla/5.0 (X11; Linux x86_64; rv:133.0) Gecko/20100101 Firefox/133.0"
31.3.241.131 - - [16/Jun/2026:22:06:41 +0000] "POST /wp-login.php HTTP/1.1" 200 3403 "https://apteka-centralna.pl/wp-login.php" "Mozilla/5.0 (X11; Linux x86_64; rv:133.0) Gecko/20100101 Firefox/133.0"
185.191.171.2 - - [16/Jun/2026:22:06:50 +0000] "GET /roulette-gioco-digitale/ HTTP/1.1" 200 21177 "-" "Mozilla/5.0 (compatible; SemrushBot/7~bl; +http://www.semrush.com/bot.html)"
5.39.1.230 - - [16/Jun/2026:22:07:36 +0000] "GET /siti-italiani-casino/ HTTP/1.1" 200 21562 "-" "Mozilla/5.0 (compatible; AhrefsBot/7.0; +http://ahrefs.com/robot/)"
185.191.171.15 - - [16/Jun/2026:22:09:05 +0000] "GET /i-soldi-vinti-al-casino-sono-tassati/ HTTP/1.1" 200 21578 "-" "Mozilla/5.0 (compatible; SemrushBot/7~bl; +http://www.semrush.com/bot.html)"
185.191.171.2 - - [16/Jun/2026:22:09:53 +0000] "GET /canasta-significato/ HTTP/1.1" 200 21808 "-" "Mozilla/5.0 (compatible; SemrushBot/7~bl; +http://www.semrush.com/bot.html)"
94.23.188.211 - - [16/Jun/2026:22:10:13 +0000] "GET /imparare-a-giocare-a-burraco/ HTTP/1.1" 200 21232 "-" "Mozilla/5.0 (compatible; AhrefsBot/7.0; +http://ahrefs.com/robot/)"
85.208.96.194 - - [16/Jun/2026:22:10:27 +0000] "GET /gabinet-masazu-piotr-czajkowski-kielce/ HTTP/1.1" 200 23795 "-" "Mozilla/5.0 (compatible; SemrushBot/7~bl; +http://www.semrush.com/bot.html)"
85.208.96.210 - - [16/Jun/2026:22:10:39 +0000] "GET /bbet-casino-it-2025-review/ HTTP/1.1" 200 21637 "-" "Mozilla/5.0 (compatible; SemrushBot/7~bl; +http://www.semrush.com/bot.html)"
85.208.96.206 - - [16/Jun/2026:22:10:50 +0000] "GET /quali-sono-le-slot-online-che-pagano-di-pi%C3%B9/ HTTP/1.1" 200 21730 "-" "Mozilla/5.0 (compatible; SemrushBot/7~bl; +http://www.semrush.com/bot.html)"
185.191.171.11 - - [16/Jun/2026:22:10:52 +0000] "GET /the-tapered-nozzle-cups-the-clitoris-and-gently-pulses/ HTTP/1.1" 200 24062 "-" "Mozilla/5.0 (compatible; SemrushBot/7~bl; +http://www.semrush.com/bot.html)"
185.191.171.5 - - [16/Jun/2026:22:10:58 +0000] "GET /regole-di-gioco-punto-banco/ HTTP/1.1" 200 21588 "-" "Mozilla/5.0 (compatible; SemrushBot/7~bl; +http://www.semrush.com/bot.html)"
3.209.174.110 - - [16/Jun/2026:22:11:48 +0000] "GET /domowe-sposoby-na-zapobieganie-wypadaniu-wlosow-7-skutecznych-metod/feed/ HTTP/1.1" 200 1118 "-" "Mozilla/5.0 AppleWebKit/537.36 (KHTML, like Gecko; compatible; Amazonbot/0.1; +https://developer.amazon.com/support/amazonbot) Chrome/119.0.6045.214 Safari/537.36"
3.217.82.254 - - [16/Jun/2026:22:11:52 +0000] "GET /wp-json/oembed/1.0/embed?url=https://apteka-centralna.pl/naturalne-metody-obnizania-poziomu-trojglicerydow-sprawdzone-porady/ HTTP/1.1" 200 1182 "-" "Mozilla/5.0 AppleWebKit/537.36 (KHTML, like Gecko; compatible; Amazonbot/0.1; +https://developer.amazon.com/support/amazonbot) Chrome/119.0.6045.214 Safari/537.36"
44.205.180.155 - - [16/Jun/2026:22:11:56 +0000] "GET /wp-json/wp/v2/posts/9456 HTTP/1.1" 200 3531 "-" "Mozilla/5.0 AppleWebKit/537.36 (KHTML, like Gecko; compatible; Amazonbot/0.1; +https://developer.amazon.com/support/amazonbot) Chrome/119.0.6045.214 Safari/537.36"
54.225.148.123 - - [16/Jun/2026:22:11:59 +0000] "GET /wp-json/oembed/1.0/embed?url=https://apteka-centralna.pl/1-player-with-a-jersey-or-establish-your-team-pride-with-a-hat/ HTTP/1.1" 200 1102 "-" "Mozilla/5.0 AppleWebKit/537.36 (KHTML, like Gecko; compatible; Amazonbot/0.1; +https://developer.amazon.com/support/amazonbot) Chrome/119.0.6045.214 Safari/537.36"
34.202.88.37 - - [16/Jun/2026:22:12:04 +0000] "GET /wp-json/oembed/1.0/embed?format=xml&url=https://apteka-centralna.pl/naturalne-metody-stabilizacji-poziomu-cukru-we-krwi-w-diecie/ HTTP/1.1" 200 1213 "-" "Mozilla/5.0 AppleWebKit/537.36 (KHTML, like Gecko; compatible; Amazonbot/0.1; +https://developer.amazon.com/support/amazonbot) Chrome/119.0.6045.214 Safari/537.36"
176.61.149.165 - - [16/Jun/2026:22:12:25 +0000] "GET /wp-login.php HTTP/1.1" 200 3270 "-" "Mozilla/5.0 (Macintosh; Intel Mac OS X 11_7_10) AppleWebKit/537.36 (KHTML, like Gecko) Chrome/133.0.0.0 Safari/537.36"
176.61.149.165 - - [16/Jun/2026:22:12:26 +0000] "POST /wp-login.php HTTP/1.1" 200 3397 "https://apteka-centralna.pl/wp-login.php" "Mozilla/5.0 (Macintosh; Intel Mac OS X 11_7_10) AppleWebKit/537.36 (KHTML, like Gecko) Chrome/133.0.0.0 Safari/537.36"
85.208.96.200 - - [16/Jun/2026:22:12:31 +0000] "GET /tombola-divertente/ HTTP/1.1" 200 21333 "-" "Mozilla/5.0 (compatible; SemrushBot/7~bl; +http://www.semrush.com/bot.html)"
54.37.118.78 - - [16/Jun/2026:22:12:55 +0000] "GET /giochi-gratis-casino-slot-machine/ HTTP/1.1" 200 21460 "-" "Mozilla/5.0 (compatible; AhrefsBot/7.0; +http://ahrefs.com/robot/)"
185.191.171.10 - - [16/Jun/2026:22:14:42 +0000] "GET /however-many-consumers-simply-cannot-afford-or-choose-not-to/ HTTP/1.1" 200 23939 "-" "Mozilla/5.0 (compatible; SemrushBot/7~bl; +http://www.semrush.com/bot.html)"
192.185.4.35 - - [16/Jun/2026:22:14:56 +0000] "GET /wp-login.php HTTP/1.1" 200 3270 "-" "Mozilla/5.0 (Windows NT 10.0; Win64; x64) AppleWebKit/537.36 (KHTML, like Gecko) Chrome/120.0.0.0 Safari/537.36"
192.185.4.35 - - [16/Jun/2026:22:15:02 +0000] "POST /wp-login.php HTTP/1.1" 200 3403 "https://apteka-centralna.pl/wp-login.php" "Mozilla/5.0 (Windows NT 10.0; Win64; x64) AppleWebKit/537.36 (KHTML, like Gecko) Chrome/120.0.0.0 Safari/537.36"
185.191.171.15 - - [16/Jun/2026:22:15:08 +0000] "GET /slot-machine-in-linea-gratis/ HTTP/1.1" 200 21552 "-" "Mozilla/5.0 (compatible; SemrushBot/7~bl; +http://www.semrush.com/bot.html)"
185.191.171.11 - - [16/Jun/2026:22:15:39 +0000] "GET /snai-casino-bonus-benvenuto-300-euro/ HTTP/1.1" 200 21869 "-" "Mozilla/5.0 (compatible; SemrushBot/7~bl; +http://www.semrush.com/bot.html)"
185.191.171.15 - - [16/Jun/2026:22:15:55 +0000] "GET /casino-con-prelievo-astropay/ HTTP/1.1" 200 21540 "-" "Mozilla/5.0 (compatible; SemrushBot/7~bl; +http://www.semrush.com/bot.html)"
185.191.171.3 - - [16/Jun/2026:22:16:54 +0000] "GET /migliori-slot-inspired/ HTTP/1.1" 200 21628 "-" "Mozilla/5.0 (compatible; SemrushBot/7~bl; +http://www.semrush.com/bot.html)"
185.191.171.14 - - [16/Jun/2026:22:17:33 +0000] "GET /slot-machine-senza-deposito-con-bonus/ HTTP/1.1" 200 21424 "-" "Mozilla/5.0 (compatible; SemrushBot/7~bl; +http://www.semrush.com/bot.html)"
185.191.171.19 - - [16/Jun/2026:22:18:28 +0000] "GET /category/vademecum/page/85/ HTTP/1.1" 200 21183 "-" "Mozilla/5.0 (compatible; SemrushBot/7~bl; +http://www.semrush.com/bot.html)"
81.167.26.57 - - [16/Jun/2026:22:19:14 +0000] "GET /calcolo-probabilit%C3%A0-roulette-rosso-e-nero/ HTTP/1.1" 200 21351 "-" "Mozilla/5.0 (compatible; MJ12bot/v1.4.8; http://mj12bot.com/)"
81.167.26.57 - - [16/Jun/2026:22:19:17 +0000] "GET /casin%C3%B2-gamebeat-bonus-senza-deposito/ HTTP/1.1" 200 21251 "-" "Mozilla/5.0 (compatible; MJ12bot/v1.4.8; http://mj12bot.com/)"
81.167.26.57 - - [16/Jun/2026:22:19:19 +0000] "GET /casin%C3%B2-gioco-d-azzardo/ HTTP/1.1" 200 21580 "-" "Mozilla/5.0 (compatible; MJ12bot/v1.4.8; http://mj12bot.com/)"
81.167.26.57 - - [16/Jun/2026:22:19:21 +0000] "GET /casin%C3%B2-mendrisio-giochi/ HTTP/1.1" 200 21410 "-" "Mozilla/5.0 (compatible; MJ12bot/v1.4.8; http://mj12bot.com/)"
81.167.26.57 - - [16/Jun/2026:22:19:24 +0000] "GET /casin%C3%B2-non-aams-jeton/ HTTP/1.1" 200 21882 "-" "Mozilla/5.0 (compatible; MJ12bot/v1.4.8; http://mj12bot.com/)"
81.167.26.57 - - [16/Jun/2026:22:19:26 +0000] "GET /casin%C3%B2-non-aams-prelievo-immediato/ HTTP/1.1" 200 21578 "-" "Mozilla/5.0 (compatible; MJ12bot/v1.4.8; http://mj12bot.com/)"
81.167.26.57 - - [16/Jun/2026:22:19:28 +0000] "GET /giocare-al-casin%C3%B2-online/ HTTP/1.1" 200 21599 "-" "Mozilla/5.0 (compatible; MJ12bot/v1.4.8; http://mj12bot.com/)"
81.167.26.57 - - [16/Jun/2026:22:19:30 +0000] "GET /naturalne-metody-obnizania-cholesterolu-bez-lek%C3%B3w-sprawdz-jak/ HTTP/1.1" 404 18371 "-" "Mozilla/5.0 (compatible; MJ12bot/v1.4.8; http://mj12bot.com/)"
81.167.26.57 - - [16/Jun/2026:22:19:32 +0000] "GET /przepis-na-zdrowe-smoothie-detoksykuj%C4%85ce-zr%C3%B3b-to-sam/ HTTP/1.1" 404 18371 "-" "Mozilla/5.0 (compatible; MJ12bot/v1.4.8; http://mj12bot.com/)"
81.167.26.57 - - [16/Jun/2026:22:19:34 +0000] "GET /punto-banco-live-casin%C3%B2/ HTTP/1.1" 200 21522 "-" "Mozilla/5.0 (compatible; MJ12bot/v1.4.8; http://mj12bot.com/)"
81.167.26.57 - - [16/Jun/2026:22:19:36 +0000] "GET /siti-casin%C3%B2-con-bonus-senza-deposito/ HTTP/1.1" 200 21468 "-" "Mozilla/5.0 (compatible; MJ12bot/v1.4.8; http://mj12bot.com/)"
81.167.26.57 - - [16/Jun/2026:22:19:39 +0000] "GET /%C4%87wiczenia-poprawiajace-kr%C4%85%C5%BCenie-obwodowe-naturalnie-sprawdzone-metody/ HTTP/1.1" 404 18371 "-" "Mozilla/5.0 (compatible; MJ12bot/v1.4.8; http://mj12bot.com/)"
85.208.96.204 - - [16/Jun/2026:22:20:13 +0000] "GET /gioca-kitty-glitter-gratis-senza-scaricare/ HTTP/1.1" 200 21638 "-" "Mozilla/5.0 (compatible; SemrushBot/7~bl; +http://www.semrush.com/bot.html)"
185.191.171.15 - - [16/Jun/2026:22:21:36 +0000] "GET /burraco-online-soldi/ HTTP/1.1" 200 21491 "-" "Mozilla/5.0 (compatible; SemrushBot/7~bl; +http://www.semrush.com/bot.html)"
184.107.244.93 - - [16/Jun/2026:22:21:41 +0000] "GET /wp-login.php HTTP/1.1" 200 3270 "-" "Mozilla/5.0 (X11; Ubuntu; Linux x86_64) AppleWebKit/537.36 (KHTML, like Gecko) Chrome/133.0.0.0 Safari/537.36"
184.107.244.93 - - [16/Jun/2026:22:21:42 +0000] "POST /wp-login.php HTTP/1.1" 200 3397 "https://apteka-centralna.pl/wp-login.php" "Mozilla/5.0 (X11; Ubuntu; Linux x86_64) AppleWebKit/537.36 (KHTML, like Gecko) Chrome/133.0.0.0 Safari/537.36"
85.208.96.208 - - [16/Jun/2026:22:21:45 +0000] "GET /casino-aosta/ HTTP/1.1" 200 21683 "-" "Mozilla/5.0 (compatible; SemrushBot/7~bl; +http://www.semrush.com/bot.html)"
17.241.227.169 - - [16/Jun/2026:22:21:46 +0000] "GET /artykuly/page/114/ HTTP/1.1" 200 21779 "-" "Mozilla/5.0 (Macintosh; Intel Mac OS X 10_15_7) AppleWebKit/605.1.15 (KHTML, like Gecko) Version/17.4 Safari/605.1.15 (Applebot/0.1; +http://www.apple.com/go/applebot)"
185.191.171.12 - - [16/Jun/2026:22:21:48 +0000] "GET /roulette-online-gioco-gratis/ HTTP/1.1" 200 21852 "-" "Mozilla/5.0 (compatible; SemrushBot/7~bl; +http://www.semrush.com/bot.html)"
85.208.96.208 - - [16/Jun/2026:22:22:25 +0000] "GET /gioco-casino-bonus/ HTTP/1.1" 200 21582 "-" "Mozilla/5.0 (compatible; SemrushBot/7~bl; +http://www.semrush.com/bot.html)"
94.103.84.74 - - [16/Jun/2026:22:24:21 +0000] "GET /wp-login.php HTTP/1.1" 200 3270 "-" "Mozilla/5.0 (Windows NT 10.0; Win64; x64) AppleWebKit/537.36 (KHTML, like Gecko) Chrome/124.0.0.0 Safari/537.36"
94.103.84.74 - - [16/Jun/2026:22:24:25 +0000] "GET /wp-login.php?wp_lang=en_US HTTP/1.1" 200 2406 "-" "Mozilla/5.0 (Windows NT 10.0; Win64; x64; rv:133.0) Gecko/20100101 Firefox/133.0"
94.103.84.74 - - [16/Jun/2026:22:24:27 +0000] "POST /wp-login.php?wp_lang=en_US HTTP/1.1" 302 5 "https://apteka-centralna.pl/wp-login.php?wp_lang=en_US" "Mozilla/5.0 (Windows NT 10.0; Win64; x64; rv:133.0) Gecko/20100101 Firefox/133.0"
94.103.84.74 - - [16/Jun/2026:22:24:28 +0000] "GET /wp-admin/ HTTP/1.1" 200 42555 "https://apteka-centralna.pl/wp-login.php?wp_lang=en_US" "Mozilla/5.0 (Windows NT 10.0; Win64; x64; rv:133.0) Gecko/20100101 Firefox/133.0"
94.103.84.74 - - [16/Jun/2026:22:24:32 +0000] "GET /wp-admin/plugin-install.php HTTP/1.1" 500 2859 "-" "Mozilla/5.0 (Windows NT 10.0; Win64; x64; rv:133.0) Gecko/20100101 Firefox/133.0"
94.103.84.74 - - [16/Jun/2026:22:24:35 +0000] "GET /wp-admin/plugin-install.php HTTP/1.1" 500 2859 "-" "Mozilla/5.0 (Windows NT 10.0; Win64; x64; rv:133.0) Gecko/20100101 Firefox/133.0"
94.103.84.74 - - [16/Jun/2026:22:24:37 +0000] "GET /wp-admin/plugin-install.php HTTP/1.1" 500 2859 "-" "Mozilla/5.0 (Windows NT 10.0; Win64; x64; rv:133.0) Gecko/20100101 Firefox/133.0"
94.103.84.74 - - [16/Jun/2026:22:24:40 +0000] "GET /wp-admin/plugin-install.php HTTP/1.1" 500 2859 "-" "Mozilla/5.0 (Windows NT 10.0; Win64; x64; rv:133.0) Gecko/20100101 Firefox/133.0"
94.103.84.74 - - [16/Jun/2026:22:24:43 +0000] "GET /wp-admin/plugin-install.php HTTP/1.1" 500 2859 "-" "Mozilla/5.0 (Windows NT 10.0; Win64; x64; rv:133.0) Gecko/20100101 Firefox/133.0"
94.103.84.74 - - [16/Jun/2026:22:24:46 +0000] "GET /wp-admin/plugin-install.php HTTP/1.1" 500 2859 "-" "Mozilla/5.0 (Windows NT 10.0; Win64; x64; rv:133.0) Gecko/20100101 Firefox/133.0"
94.103.84.74 - - [16/Jun/2026:22:24:54 +0000] "GET /wp-admin/plugin-install.php HTTP/1.1" 500 2859 "-" "Mozilla/5.0 (Windows NT 10.0; Win64; x64; rv:133.0) Gecko/20100101 Firefox/133.0"
94.103.84.74 - - [16/Jun/2026:22:24:56 +0000] "GET /wp-admin/plugin-install.php HTTP/1.1" 500 2859 "-" "Mozilla/5.0 (Windows NT 10.0; Win64; x64; rv:133.0) Gecko/20100101 Firefox/133.0"
94.103.84.74 - - [16/Jun/2026:22:24:58 +0000] "GET /wp-admin/plugin-install.php HTTP/1.1" 500 2859 "-" "Mozilla/5.0 (Windows NT 10.0; Win64; x64; rv:133.0) Gecko/20100101 Firefox/133.0"
94.103.84.74 - - [16/Jun/2026:22:24:59 +0000] "GET /wp-admin/plugin-install.php HTTP/1.1" 500 2859 "-" "Mozilla/5.0 (Windows NT 10.0; Win64; x64; rv:133.0) Gecko/20100101 Firefox/133.0"
94.103.84.74 - - [16/Jun/2026:22:25:01 +0000] "GET /wp-admin/plugins.php HTTP/1.1" 500 2859 "-" "Mozilla/5.0 (Windows NT 10.0; Win64; x64; rv:133.0) Gecko/20100101 Firefox/133.0"
94.103.84.74 - - [16/Jun/2026:22:25:02 +0000] "GET /wp-admin/plugins.php HTTP/1.1" 500 2859 "-" "Mozilla/5.0 (Windows NT 10.0; Win64; x64; rv:133.0) Gecko/20100101 Firefox/133.0"
94.103.84.74 - - [16/Jun/2026:22:25:03 +0000] "GET /wp-admin/plugins.php HTTP/1.1" 500 2859 "-" "Mozilla/5.0 (Windows NT 10.0; Win64; x64; rv:133.0) Gecko/20100101 Firefox/133.0"
66.249.66.166 - - [16/Jun/2026:22:25:04 +0000] "GET /?goodscode46845151?kg=0046784190 HTTP/1.1" 301 5 "-" "Mozilla/5.0 (Linux; Android 6.0.1; Nexus 5X Build/MMB29P) AppleWebKit/537.36 (KHTML, like Gecko) Chrome/148.0.7778.96 Mobile Safari/537.36 (compatible; Googlebot/2.1; +http://www.google.com/bot.html)"
94.103.84.74 - - [16/Jun/2026:22:25:04 +0000] "GET /wp-admin/plugins.php HTTP/1.1" 500 2859 "-" "Mozilla/5.0 (Windows NT 10.0; Win64; x64; rv:133.0) Gecko/20100101 Firefox/133.0"
94.103.84.74 - - [16/Jun/2026:22:25:06 +0000] "GET /wp-admin/plugins.php HTTP/1.1" 500 2859 "-" "Mozilla/5.0 (Windows NT 10.0; Win64; x64; rv:133.0) Gecko/20100101 Firefox/133.0"
85.208.96.202 - - [16/Jun/2026:22:25:44 +0000] "GET /gioco-d-azzardo-per-comune/ HTTP/1.1" 200 21568 "-" "Mozilla/5.0 (compatible; SemrushBot/7~bl; +http://www.semrush.com/bot.html)"
185.191.171.11 - - [16/Jun/2026:22:25:46 +0000] "GET /roulette-on-line-come-funziona/ HTTP/1.1" 200 21470 "-" "Mozilla/5.0 (compatible; SemrushBot/7~bl; +http://www.semrush.com/bot.html)"
85.208.96.196 - - [16/Jun/2026:22:25:52 +0000] "GET /regole-del-burraco-a-due/ HTTP/1.1" 200 21838 "-" "Mozilla/5.0 (compatible; SemrushBot/7~bl; +http://www.semrush.com/bot.html)"
85.208.96.211 - - [16/Jun/2026:22:26:09 +0000] "GET /blackjack-free/ HTTP/1.1" 200 21590 "-" "Mozilla/5.0 (compatible; SemrushBot/7~bl; +http://www.semrush.com/bot.html)"
185.191.171.11 - - [16/Jun/2026:22:26:33 +0000] "GET /giochi-online-briscola/ HTTP/1.1" 200 21641 "-" "Mozilla/5.0 (compatible; SemrushBot/7~bl; +http://www.semrush.com/bot.html)"
17.241.75.132 - - [16/Jun/2026:22:27:26 +0000] "GET /wp-content/plugins/the-post-grid/assets/css/thepostgrid.min.css?ver=7.8.8 HTTP/1.1" 200 20538 "https://apteka-centralna.pl/artykuly/page/114/" "Mozilla/5.0 (Macintosh; Intel Mac OS X 10_15_7) AppleWebKit/605.1.15 (KHTML, like Gecko) Version/17.4 Safari/605.1.15 (Applebot/0.1; +http://www.apple.com/go/applebot)"
17.241.75.132 - - [16/Jun/2026:22:27:27 +0000] "GET /wp-includes/css/dist/block-library/style.min.css?ver=6.8.5 HTTP/1.1" 200 15328 "https://apteka-centralna.pl/artykuly/page/114/" "Mozilla/5.0 (Macintosh; Intel Mac OS X 10_15_7) AppleWebKit/605.1.15 (KHTML, like Gecko) Version/17.4 Safari/605.1.15 (Applebot/0.1; +http://www.apple.com/go/applebot)"
17.241.75.132 - - [16/Jun/2026:22:27:28 +0000] "GET /wp-content/plugins/the-post-grid/assets/vendor/font-awesome/css/font-awesome.min.css?ver=7.8.8 HTTP/1.1" 200 22427 "https://apteka-centralna.pl/artykuly/page/114/" "Mozilla/5.0 (Macintosh; Intel Mac OS X 10_15_7) AppleWebKit/605.1.15 (KHTML, like Gecko) Version/17.4 Safari/605.1.15 (Applebot/0.1; +http://www.apple.com/go/applebot)"
17.241.75.132 - - [16/Jun/2026:22:27:30 +0000] "GET /wp-includes/js/jquery/jquery.min.js?ver=3.7.1 HTTP/1.1" 200 30432 "https://apteka-centralna.pl/artykuly/page/114/" "Mozilla/5.0 (Macintosh; Intel Mac OS X 10_15_7) AppleWebKit/605.1.15 (KHTML, like Gecko) Version/17.4 Safari/605.1.15 (Applebot/0.1; +http://www.apple.com/go/applebot)"
17.241.75.132 - - [16/Jun/2026:22:27:31 +0000] "GET /wp-includes/js/jquery/jquery-migrate.min.js?ver=3.4.1 HTTP/1.1" 200 4885 "https://apteka-centralna.pl/artykuly/page/114/" "Mozilla/5.0 (Macintosh; Intel Mac OS X 10_15_7) AppleWebKit/605.1.15 (KHTML, like Gecko) Version/17.4 Safari/605.1.15 (Applebot/0.1; +http://www.apple.com/go/applebot)"
17.241.75.132 - - [16/Jun/2026:22:27:33 +0000] "GET /wp-includes/js/wp-emoji-release.min.js?ver=6.8.5 HTTP/1.1" 200 5168 "https://apteka-centralna.pl/artykuly/page/114/" "Mozilla/5.0 (Macintosh; Intel Mac OS X 10_15_7) AppleWebKit/605.1.15 (KHTML, like Gecko) Version/17.4 Safari/605.1.15 (Applebot/0.1; +http://www.apple.com/go/applebot)"
54.37.118.78 - - [16/Jun/2026:22:28:09 +0000] "GET /giocare-a-bridge-online/ HTTP/1.1" 200 21429 "-" "Mozilla/5.0 (compatible; AhrefsBot/7.0; +http://ahrefs.com/robot/)"
185.191.171.14 - - [16/Jun/2026:22:28:59 +0000] "GET /artykuly/page/114/ HTTP/1.1" 200 21779 "-" "Mozilla/5.0 (compatible; SemrushBot/7~bl; +http://www.semrush.com/bot.html)"
185.191.171.13 - - [16/Jun/2026:22:29:35 +0000] "GET /gioca-wild-leprechauns-gratis-senza-scaricare/ HTTP/1.1" 200 21507 "-" "Mozilla/5.0 (compatible; SemrushBot/7~bl; +http://www.semrush.com/bot.html)"
185.191.171.19 - - [16/Jun/2026:22:29:48 +0000] "GET /betfair-casino-recensioni/ HTTP/1.1" 200 21260 "-" "Mozilla/5.0 (compatible; SemrushBot/7~bl; +http://www.semrush.com/bot.html)"
185.191.171.7 - - [16/Jun/2026:22:30:43 +0000] "GET /before-making-any-buy-we-hope-youre-taking-the-time-to/ HTTP/1.1" 200 23448 "-" "Mozilla/5.0 (compatible; SemrushBot/7~bl; +http://www.semrush.com/bot.html)"
168.63.79.147 - - [16/Jun/2026:22:30:59 +0000] "GET /wp-login.php HTTP/1.1" 200 3270 "-" "Mozilla/5.0 (Windows NT 10.0; Win64; x64) AppleWebKit/537.36 (KHTML, like Gecko) Chrome/133.0.0.0 Safari/537.36"
168.63.79.147 - - [16/Jun/2026:22:31:00 +0000] "POST /wp-login.php HTTP/1.1" 200 3397 "https://apteka-centralna.pl/wp-login.php" "Mozilla/5.0 (Windows NT 10.0; Win64; x64) AppleWebKit/537.36 (KHTML, like Gecko) Chrome/133.0.0.0 Safari/537.36"
85.208.96.200 - - [16/Jun/2026:22:31:34 +0000] "GET /giocare-slots-gratis/ HTTP/1.1" 200 21571 "-" "Mozilla/5.0 (compatible; SemrushBot/7~bl; +http://www.semrush.com/bot.html)"
51.75.236.136 - - [16/Jun/2026:22:31:46 +0000] "GET /the-tiny-but-super-powerful-we-vibe-tango-is-a-good-worth-for/ HTTP/1.1" 200 23365 "-" "Mozilla/5.0 (compatible; AhrefsBot/7.0; +http://ahrefs.com/robot/)"
185.191.171.11 - - [16/Jun/2026:22:32:53 +0000] "GET /casin%C3%B2-deposito-minimo-5-euro/ HTTP/1.1" 200 21766 "-" "Mozilla/5.0 (compatible; SemrushBot/7~bl; +http://www.semrush.com/bot.html)"
185.191.171.5 - - [16/Jun/2026:22:33:05 +0000] "GET /siti-casino-bonus/ HTTP/1.1" 200 21520 "-" "Mozilla/5.0 (compatible; SemrushBot/7~bl; +http://www.semrush.com/bot.html)"
34.236.41.241 - - [16/Jun/2026:22:33:32 +0000] "GET /regole-roulette-francese-vincite/ HTTP/1.1" 200 21434 "-" "Mozilla/5.0 AppleWebKit/537.36 (KHTML, like Gecko; compatible; Amazonbot/0.1; +https://developer.amazon.com/support/amazonbot) Chrome/119.0.6045.214 Safari/537.36"
44.195.145.102 - - [16/Jun/2026:22:33:38 +0000] "GET /misaligned-or-inconsistent-patterns-are-sometimes-an/feed/ HTTP/1.1" 200 1053 "-" "Mozilla/5.0 AppleWebKit/537.36 (KHTML, like Gecko; compatible; Amazonbot/0.1; +https://developer.amazon.com/support/amazonbot) Chrome/119.0.6045.214 Safari/537.36"
34.205.170.13 - - [16/Jun/2026:22:33:41 +0000] "GET /wp-json/wp/v2/posts/234 HTTP/1.1" 200 2591 "-" "Mozilla/5.0 AppleWebKit/537.36 (KHTML, like Gecko; compatible; Amazonbot/0.1; +https://developer.amazon.com/support/amazonbot) Chrome/119.0.6045.214 Safari/537.36"
52.4.213.199 - - [16/Jun/2026:22:33:45 +0000] "GET /wp-json/oembed/1.0/embed?url=https://apteka-centralna.pl/bonus-giochi-sisal/ HTTP/1.1" 200 1047 "-" "Mozilla/5.0 AppleWebKit/537.36 (KHTML, like Gecko; compatible; Amazonbot/0.1; +https://developer.amazon.com/support/amazonbot) Chrome/119.0.6045.214 Safari/537.36"
44.195.145.102 - - [16/Jun/2026:22:33:48 +0000] "GET /naturalne-metody-obnizania-poziomu-trojglicerydow-sprawdzone-porady/feed/ HTTP/1.1" 200 1105 "-" "Mozilla/5.0 AppleWebKit/537.36 (KHTML, like Gecko; compatible; Amazonbot/0.1; +https://developer.amazon.com/support/amazonbot) Chrome/119.0.6045.214 Safari/537.36"
18.207.89.138 - - [16/Jun/2026:22:33:52 +0000] "GET /naturalne-sposoby-redukcji-objawow-astmy-skuteczne-metody/ HTTP/1.1" 200 23302 "-" "Mozilla/5.0 AppleWebKit/537.36 (KHTML, like Gecko; compatible; Amazonbot/0.1; +https://developer.amazon.com/support/amazonbot) Chrome/119.0.6045.214 Safari/537.36"
3.94.156.104 - - [16/Jun/2026:22:33:56 +0000] "GET /naturalne-metody-radzenia-sobie-z-alergia-pokarmowa-porady/ HTTP/1.1" 200 23634 "-" "Mozilla/5.0 AppleWebKit/537.36 (KHTML, like Gecko; compatible; Amazonbot/0.1; +https://developer.amazon.com/support/amazonbot) Chrome/119.0.6045.214 Safari/537.36"
92.222.104.223 - - [16/Jun/2026:22:35:22 +0000] "GET /gioco-carte-blackjack/ HTTP/1.1" 200 21458 "-" "Mozilla/5.0 (compatible; AhrefsBot/7.0; +http://ahrefs.com/robot/)"
52.45.77.169 - - [16/Jun/2026:22:35:28 +0000] "GET /however-we-discovered-the-top-to-be-massive-and-awkwardly/feed/ HTTP/1.1" 200 1069 "-" "Mozilla/5.0 AppleWebKit/537.36 (KHTML, like Gecko; compatible; Amazonbot/0.1; +https://developer.amazon.com/support/amazonbot) Chrome/119.0.6045.214 Safari/537.36"
85.208.96.197 - - [16/Jun/2026:22:35:33 +0000] "GET /regole-burraco-in-tre/ HTTP/1.1" 200 21581 "-" "Mozilla/5.0 (compatible; SemrushBot/7~bl; +http://www.semrush.com/bot.html)"
216.244.66.236 - - [16/Jun/2026:22:36:17 +0000] "GET /naturalne-metody-relaksacji-dla-zdrowia-psychicznego-sprawdz-techniki/ HTTP/1.1" 200 122508 "-" "Mozilla/5.0 (compatible; DotBot/1.2; +https://opensiteexplorer.org/dotbot; help@moz.com)"
185.191.171.5 - - [16/Jun/2026:22:36:21 +0000] "GET /still-some-replicas-have-overly-stiff-bodies-or-barely/ HTTP/1.1" 200 23668 "-" "Mozilla/5.0 (compatible; SemrushBot/7~bl; +http://www.semrush.com/bot.html)"
216.244.66.236 - - [16/Jun/2026:22:36:33 +0000] "GET /gioca-star-clusters-megaclusters-gratis-senza-scaricare/ HTTP/1.1" 200 112793 "-" "Mozilla/5.0 (compatible; DotBot/1.2; +https://opensiteexplorer.org/dotbot; help@moz.com)"
216.244.66.236 - - [16/Jun/2026:22:37:01 +0000] "GET /casin%C3%B2-non-aams-m-pesa/ HTTP/1.1" 200 111099 "-" "Mozilla/5.0 (compatible; DotBot/1.2; +https://opensiteexplorer.org/dotbot; help@moz.com)"
216.244.66.236 - - [16/Jun/2026:22:37:14 +0000] "GET /naturalne-sposoby-poprawy-zdrowia-psychicznego-dzieki-aromaterapii/ HTTP/1.1" 200 122092 "-" "Mozilla/5.0 (compatible; DotBot/1.2; +https://opensiteexplorer.org/dotbot; help@moz.com)"
92.222.104.205 - - [16/Jun/2026:22:38:43 +0000] "GET /domowe-sposoby-na-redukcje-objawow-alergii-skornej-sprawdz/ HTTP/1.1" 200 23455 "-" "Mozilla/5.0 (compatible; AhrefsBot/7.0; +http://ahrefs.com/robot/)"
185.191.171.6 - - [16/Jun/2026:22:38:52 +0000] "GET /dallas-based-leather-professional-and-social-media-character/ HTTP/1.1" 200 23529 "-" "Mozilla/5.0 (compatible; SemrushBot/7~bl; +http://www.semrush.com/bot.html)"
185.191.171.16 - - [16/Jun/2026:22:40:04 +0000] "GET /gratis-bridge/ HTTP/1.1" 200 21780 "-" "Mozilla/5.0 (compatible; SemrushBot/7~bl; +http://www.semrush.com/bot.html)"
147.135.213.153 - - [16/Jun/2026:22:40:08 +0000] "GET /artykuly/page/1027/ HTTP/1.1" 200 20730 "-" "Mozilla/5.0 (compatible; MJ12bot/v1.4.8; http://mj12bot.com/)"
147.135.213.153 - - [16/Jun/2026:22:40:10 +0000] "GET /blackjack-cos-%C3%A8/ HTTP/1.1" 200 21260 "-" "Mozilla/5.0 (compatible; MJ12bot/v1.4.8; http://mj12bot.com/)"
147.135.213.153 - - [16/Jun/2026:22:40:12 +0000] "GET /bonus-giochi-sisal/ HTTP/1.1" 200 21690 "-" "Mozilla/5.0 (compatible; MJ12bot/v1.4.8; http://mj12bot.com/)"
147.135.213.153 - - [16/Jun/2026:22:40:14 +0000] "GET /casino-online-che-pagano-di-piu/ HTTP/1.1" 200 21602 "-" "Mozilla/5.0 (compatible; MJ12bot/v1.4.8; http://mj12bot.com/)"
147.135.213.153 - - [16/Jun/2026:22:40:16 +0000] "GET /codici-bonus-casin%C3%B2-gi%C3%A0-registrato/ HTTP/1.1" 200 21458 "-" "Mozilla/5.0 (compatible; MJ12bot/v1.4.8; http://mj12bot.com/)"
85.208.96.197 - - [16/Jun/2026:22:40:17 +0000] "GET /come-si-gioca-al-black-jack/ HTTP/1.1" 200 21422 "-" "Mozilla/5.0 (compatible; SemrushBot/7~bl; +http://www.semrush.com/bot.html)"
85.208.96.198 - - [16/Jun/2026:22:40:22 +0000] "GET /comalta-casino-no-deposit-bonus/ HTTP/1.1" 200 21483 "-" "Mozilla/5.0 (compatible; SemrushBot/7~bl; +http://www.semrush.com/bot.html)"
184.107.244.93 - - [16/Jun/2026:22:40:24 +0000] "GET /wp-login.php HTTP/1.1" 200 3270 "-" "Mozilla/5.0 (X11; Linux x86_64; rv:133.0) Gecko/20100101 Firefox/133.0"
184.107.244.93 - - [16/Jun/2026:22:40:25 +0000] "POST /wp-login.php HTTP/1.1" 200 3403 "https://apteka-centralna.pl/wp-login.php" "Mozilla/5.0 (X11; Linux x86_64; rv:133.0) Gecko/20100101 Firefox/133.0"
147.135.213.153 - - [16/Jun/2026:22:40:25 +0000] "GET /come-funziona-la-roulette-online/ HTTP/1.1" 200 21520 "-" "Mozilla/5.0 (compatible; MJ12bot/v1.4.8; http://mj12bot.com/)"
147.135.213.153 - - [16/Jun/2026:22:40:28 +0000] "GET /gioco-simile-al-baccar%C3%A0/ HTTP/1.1" 200 21670 "-" "Mozilla/5.0 (compatible; MJ12bot/v1.4.8; http://mj12bot.com/)"
147.135.213.153 - - [16/Jun/2026:22:40:30 +0000] "GET /its-a-reliable-alternative-if-youre-after-performance-and/feed/ HTTP/1.1" 200 1068 "-" "Mozilla/5.0 (compatible; MJ12bot/v1.4.8; http://mj12bot.com/)"
147.135.213.153 - - [16/Jun/2026:22:40:32 +0000] "GET /migliori-bonus-benvenuto-casin%C3%B2/ HTTP/1.1" 200 21632 "-" "Mozilla/5.0 (compatible; MJ12bot/v1.4.8; http://mj12bot.com/)"
147.135.213.153 - - [16/Jun/2026:22:40:34 +0000] "GET /nuovi-casin%C3%B2-senza-deposito/ HTTP/1.1" 200 21371 "-" "Mozilla/5.0 (compatible; MJ12bot/v1.4.8; http://mj12bot.com/)"
147.135.213.153 - - [16/Jun/2026:22:40:36 +0000] "GET /slot-vincenti-in-linea/ HTTP/1.1" 200 21941 "-" "Mozilla/5.0 (compatible; MJ12bot/v1.4.8; http://mj12bot.com/)"
147.135.213.153 - - [16/Jun/2026:22:40:38 +0000] "GET /slots-machines-gratis-senza-scaricare/ HTTP/1.1" 200 21677 "-" "Mozilla/5.0 (compatible; MJ12bot/v1.4.8; http://mj12bot.com/)"
147.135.213.153 - - [16/Jun/2026:22:40:40 +0000] "GET /valore-baccarat/ HTTP/1.1" 200 21809 "-" "Mozilla/5.0 (compatible; MJ12bot/v1.4.8; http://mj12bot.com/)"
103.127.30.137 - - [16/Jun/2026:22:40:42 +0000] "GET /wp-login.php HTTP/1.1" 200 3270 "-" "Mozilla/5.0 (Macintosh; Intel Mac OS X 10_15_7) AppleWebKit/537.36 (KHTML, like Gecko) Chrome/133.0.0.0 Safari/537.36"
147.135.213.153 - - [16/Jun/2026:22:40:42 +0000] "GET /vaping-is-usually-thought-of-as-safer-than-cigarette-smoking/ HTTP/1.1" 200 23104 "-" "Mozilla/5.0 (compatible; MJ12bot/v1.4.8; http://mj12bot.com/)"
103.127.30.137 - - [16/Jun/2026:22:40:43 +0000] "POST /wp-login.php HTTP/1.1" 200 3397 "https://apteka-centralna.pl/wp-login.php" "Mozilla/5.0 (Macintosh; Intel Mac OS X 10_15_7) AppleWebKit/537.36 (KHTML, like Gecko) Chrome/133.0.0.0 Safari/537.36"
85.208.96.197 - - [16/Jun/2026:22:40:43 +0000] "GET /gioca-flame-busters-gratis-senza-scaricare/ HTTP/1.1" 200 21804 "-" "Mozilla/5.0 (compatible; SemrushBot/7~bl; +http://www.semrush.com/bot.html)"
147.135.213.153 - - [16/Jun/2026:22:40:45 +0000] "GET /vincere-roulette-in-linea/ HTTP/1.1" 200 21324 "-" "Mozilla/5.0 (compatible; MJ12bot/v1.4.8; http://mj12bot.com/)"
85.208.96.208 - - [16/Jun/2026:22:41:23 +0000] "GET /gioco-burraco-gratis-on-line/ HTTP/1.1" 200 21811 "-" "Mozilla/5.0 (compatible; SemrushBot/7~bl; +http://www.semrush.com/bot.html)"
192.253.209.18 - - [16/Jun/2026:22:41:42 +0000] "GET /wp-login.php HTTP/1.1" 200 3270 "-" "Mozilla/5.0 (Linux; Android 12; SM-G991B) AppleWebKit/537.36 (KHTML, like Gecko) Chrome/129.0.0.0 Mobile Safari/537.36"
192.253.209.18 - - [16/Jun/2026:22:41:54 +0000] "GET /?author=1 HTTP/1.1" 301 5 "-" "Mozilla/5.0 (Linux; Android 12; SM-G991B) AppleWebKit/537.36 (KHTML, like Gecko) Chrome/129.0.0.0 Mobile Safari/537.36"
192.253.209.18 - - [16/Jun/2026:22:41:55 +0000] "GET /?rest_route=/wp/v2/users HTTP/1.1" 200 554 "-" "Mozilla/5.0 (Macintosh; Intel Mac OS X 10_15_7) AppleWebKit/605.1.15 (KHTML, like Gecko) Version/17.0 Safari/605.1.15"
92.222.108.117 - - [16/Jun/2026:22:42:07 +0000] "GET /gioca-keks-gratis-senza-scaricare/ HTTP/1.1" 200 21484 "-" "Mozilla/5.0 (compatible; AhrefsBot/7.0; +http://ahrefs.com/robot/)"
185.191.171.15 - - [16/Jun/2026:22:42:14 +0000] "GET /tecnica-vincita-roulette/ HTTP/1.1" 200 21838 "-" "Mozilla/5.0 (compatible; SemrushBot/7~bl; +http://www.semrush.com/bot.html)"
216.244.66.236 - - [16/Jun/2026:22:42:22 +0000] "GET /the-wi-fi-vary-was-additionally-impressive/feed/ HTTP/1.1" 200 1023 "-" "Mozilla/5.0 (compatible; DotBot/1.2; +https://opensiteexplorer.org/dotbot; help@moz.com)"
192.185.4.94 - - [16/Jun/2026:22:42:34 +0000] "GET /wp-login.php HTTP/1.1" 200 3270 "-" "Mozilla/5.0 (Windows NT 10.0; Win64; x64) AppleWebKit/537.36 (KHTML, like Gecko) Chrome/120.0.0.0 Safari/537.36"
192.185.4.94 - - [16/Jun/2026:22:42:36 +0000] "POST /wp-login.php HTTP/1.1" 200 3397 "https://apteka-centralna.pl/wp-login.php" "Mozilla/5.0 (Windows NT 10.0; Win64; x64) AppleWebKit/537.36 (KHTML, like Gecko) Chrome/120.0.0.0 Safari/537.36"
216.244.66.236 - - [16/Jun/2026:22:42:48 +0000] "GET /category/vademecum/page/121/ HTTP/1.1" 200 135041 "-" "Mozilla/5.0 (compatible; DotBot/1.2; +https://opensiteexplorer.org/dotbot; help@moz.com)"
185.191.171.12 - - [16/Jun/2026:22:43:01 +0000] "GET /casin%C3%B2-mendrisio-vincite/ HTTP/1.1" 200 21335 "-" "Mozilla/5.0 (compatible; SemrushBot/7~bl; +http://www.semrush.com/bot.html)"
54.89.90.224 - - [16/Jun/2026:22:44:31 +0000] "GET /wp-json/oembed/1.0/embed?url=https://apteka-centralna.pl/with-over-5-years-of-expertise/ HTTP/1.1" 200 1069 "-" "Mozilla/5.0 AppleWebKit/537.36 (KHTML, like Gecko; compatible; Amazonbot/0.1; +https://developer.amazon.com/support/amazonbot) Chrome/119.0.6045.214 Safari/537.36"
54.163.169.168 - - [16/Jun/2026:22:44:35 +0000] "GET /wp-json/oembed/1.0/embed?url=https://apteka-centralna.pl/naturalne-metody-poprawy-jedrnosci-skory-po-50-sprawdz-porady/ HTTP/1.1" 200 1191 "-" "Mozilla/5.0 AppleWebKit/537.36 (KHTML, like Gecko; compatible; Amazonbot/0.1; +https://developer.amazon.com/support/amazonbot) Chrome/119.0.6045.214 Safari/537.36"
44.195.50.71 - - [16/Jun/2026:22:44:39 +0000] "GET /wplyw-aktywnosci-fizycznej-na-zdrowie-psychiczne-odkryj-korzysci HTTP/1.1" 301 5 "-" "Mozilla/5.0 AppleWebKit/537.36 (KHTML, like Gecko; compatible; Amazonbot/0.1; +https://developer.amazon.com/support/amazonbot) Chrome/119.0.6045.214 Safari/537.36"
23.23.104.107 - - [16/Jun/2026:22:44:41 +0000] "GET /wplyw-aktywnosci-fizycznej-na-zdrowie-psychiczne-odkryj-korzysci/ HTTP/1.1" 200 23234 "-" "Mozilla/5.0 AppleWebKit/537.36 (KHTML, like Gecko; compatible; Amazonbot/0.1; +https://developer.amazon.com/support/amazonbot) Chrome/119.0.6045.214 Safari/537.36"
52.22.87.224 - - [16/Jun/2026:22:44:43 +0000] "GET /women-have-at-all-times-had-their-decide-in-relation-to-sex/ HTTP/1.1" 200 23255 "-" "Mozilla/5.0 AppleWebKit/537.36 (KHTML, like Gecko; compatible; Amazonbot/0.1; +https://developer.amazon.com/support/amazonbot) Chrome/119.0.6045.214 Safari/537.36"
85.208.96.203 - - [16/Jun/2026:22:44:55 +0000] "GET /teen-patti-giocareing-card/ HTTP/1.1" 200 21342 "-" "Mozilla/5.0 (compatible; SemrushBot/7~bl; +http://www.semrush.com/bot.html)"
176.31.139.27 - - [16/Jun/2026:22:45:45 +0000] "GET /goodscode/675406159 HTTP/1.1" 301 5 "-" "Mozilla/5.0 (compatible; AhrefsBot/7.0; +http://ahrefs.com/robot/)"
185.177.72.13 - - [16/Jun/2026:22:45:56 +0000] "GET /wp-json/gravitysmtp/v1/tests/mock-data?page=gravitysmtp-settings HTTP/1.1" 404 147 "-" "curl/8.7.1"
185.177.72.13 - - [16/Jun/2026:22:45:57 +0000] "GET /wp-json/gravitysmtp/v1/tests/mock-data?page=gravitysmtp-settings HTTP/1.1" 404 147 "-" "curl/8.7.1"
185.177.72.13 - - [16/Jun/2026:22:45:58 +0000] "GET /.aws/credentials HTTP/1.1" 404 18371 "-" "curl/8.7.1"
185.177.72.13 - - [16/Jun/2026:22:45:58 +0000] "GET /%2F.aws%2Fcredentials HTTP/1.1" 404 18371 "-" "curl/8.7.1"
185.177.72.13 - - [16/Jun/2026:22:45:59 +0000] "GET /%252F.aws%252Fcredentials HTTP/1.1" 404 18371 "-" "curl/8.7.1"
185.177.72.13 - - [16/Jun/2026:22:45:59 +0000] "GET /%00.aws/%00credentials HTTP/1.1" 400 166 "-" "-"
185.177.72.13 - - [16/Jun/2026:22:46:00 +0000] "GET /.aws/credentials?id=%00&exemple=%3Csvg/onload=confirm(1)%3E HTTP/1.1" 404 18371 "-" "curl/8.7.1"
185.177.72.13 - - [16/Jun/2026:22:46:01 +0000] "GET /.aws/config HTTP/1.1" 404 18371 "-" "curl/8.7.1"
185.177.72.13 - - [16/Jun/2026:22:46:01 +0000] "GET /%2F.aws%2Fconfig HTTP/1.1" 404 18371 "-" "curl/8.7.1"
185.177.72.13 - - [16/Jun/2026:22:46:02 +0000] "GET /%252F.aws%252Fconfig HTTP/1.1" 404 18371 "-" "curl/8.7.1"
185.177.72.13 - - [16/Jun/2026:22:46:02 +0000] "GET /%00.aws/%00config HTTP/1.1" 400 166 "-" "-"
185.177.72.13 - - [16/Jun/2026:22:46:03 +0000] "GET /.aws/config?id=%00&exemple=%3Csvg/onload=confirm(1)%3E HTTP/1.1" 404 18371 "-" "curl/8.7.1"
185.177.72.13 - - [16/Jun/2026:22:46:04 +0000] "GET /.aws_credentials HTTP/1.1" 404 18371 "-" "curl/8.7.1"
185.177.72.13 - - [16/Jun/2026:22:46:04 +0000] "GET /%2F.aws_credentials HTTP/1.1" 404 18371 "-" "curl/8.7.1"
185.177.72.13 - - [16/Jun/2026:22:46:05 +0000] "GET /%252F.aws_credentials HTTP/1.1" 404 18371 "-" "curl/8.7.1"
185.177.72.13 - - [16/Jun/2026:22:46:05 +0000] "GET /%00.aws_credentials HTTP/1.1" 400 166 "-" "-"
185.177.72.13 - - [16/Jun/2026:22:46:06 +0000] "GET /.aws_credentials?id=%00&exemple=%3Csvg/onload=confirm(1)%3E HTTP/1.1" 404 18371 "-" "curl/8.7.1"
185.177.72.13 - - [16/Jun/2026:22:46:06 +0000] "GET /.aws_config HTTP/1.1" 404 18371 "-" "curl/8.7.1"
185.177.72.13 - - [16/Jun/2026:22:46:07 +0000] "GET /%2F.aws_config HTTP/1.1" 404 18371 "-" "curl/8.7.1"
185.177.72.13 - - [16/Jun/2026:22:46:08 +0000] "GET /%252F.aws_config HTTP/1.1" 404 18371 "-" "curl/8.7.1"
185.177.72.13 - - [16/Jun/2026:22:46:08 +0000] "GET /%00.aws_config HTTP/1.1" 400 166 "-" "-"
185.177.72.13 - - [16/Jun/2026:22:46:08 +0000] "GET /.aws_config?id=%00&exemple=%3Csvg/onload=confirm(1)%3E HTTP/1.1" 404 18371 "-" "curl/8.7.1"
185.177.72.13 - - [16/Jun/2026:22:46:09 +0000] "GET /aws/credentials HTTP/1.1" 404 18371 "-" "curl/8.7.1"
185.177.72.13 - - [16/Jun/2026:22:46:10 +0000] "GET /%2Faws%2Fcredentials HTTP/1.1" 404 18371 "-" "curl/8.7.1"
185.177.72.13 - - [16/Jun/2026:22:46:10 +0000] "GET /%252Faws%252Fcredentials HTTP/1.1" 404 18371 "-" "curl/8.7.1"
185.177.72.13 - - [16/Jun/2026:22:46:10 +0000] "GET /%00aws/%00credentials HTTP/1.1" 400 166 "-" "-"
185.177.72.13 - - [16/Jun/2026:22:46:11 +0000] "GET /aws/credentials?id=%00&exemple=%3Csvg/onload=confirm(1)%3E HTTP/1.1" 404 18371 "-" "curl/8.7.1"
185.177.72.13 - - [16/Jun/2026:22:46:12 +0000] "GET /aws/config HTTP/1.1" 404 18371 "-" "curl/8.7.1"
185.177.72.13 - - [16/Jun/2026:22:46:12 +0000] "GET /%2Faws%2Fconfig HTTP/1.1" 404 18371 "-" "curl/8.7.1"
185.177.72.13 - - [16/Jun/2026:22:46:13 +0000] "GET /%252Faws%252Fconfig HTTP/1.1" 404 18371 "-" "curl/8.7.1"
185.177.72.13 - - [16/Jun/2026:22:46:13 +0000] "GET /%00aws/%00config HTTP/1.1" 400 166 "-" "-"
185.177.72.13 - - [16/Jun/2026:22:46:14 +0000] "GET /aws/config?id=%00&exemple=%3Csvg/onload=confirm(1)%3E HTTP/1.1" 404 18371 "-" "curl/8.7.1"
185.177.72.13 - - [16/Jun/2026:22:46:15 +0000] "GET /aws.json HTTP/1.1" 404 18371 "-" "curl/8.7.1"
185.177.72.13 - - [16/Jun/2026:22:46:15 +0000] "GET /%2Faws.json HTTP/1.1" 404 18371 "-" "curl/8.7.1"
185.177.72.13 - - [16/Jun/2026:22:46:16 +0000] "GET /%252Faws.json HTTP/1.1" 404 18371 "-" "curl/8.7.1"
185.177.72.13 - - [16/Jun/2026:22:46:16 +0000] "GET /%00aws.json HTTP/1.1" 400 166 "-" "-"
185.177.72.13 - - [16/Jun/2026:22:46:17 +0000] "GET /aws.json?id=%00&exemple=%3Csvg/onload=confirm(1)%3E HTTP/1.1" 404 18371 "-" "curl/8.7.1"
185.177.72.13 - - [16/Jun/2026:22:46:17 +0000] "GET /aws.yml HTTP/1.1" 404 18371 "-" "curl/8.7.1"
185.177.72.13 - - [16/Jun/2026:22:46:18 +0000] "GET /%2Faws.yml HTTP/1.1" 404 18371 "-" "curl/8.7.1"
185.177.72.13 - - [16/Jun/2026:22:46:19 +0000] "GET /%252Faws.yml HTTP/1.1" 404 18371 "-" "curl/8.7.1"
185.177.72.13 - - [16/Jun/2026:22:46:19 +0000] "GET /%00aws.yml HTTP/1.1" 400 166 "-" "-"
185.177.72.13 - - [16/Jun/2026:22:46:19 +0000] "GET /aws.yml?id=%00&exemple=%3Csvg/onload=confirm(1)%3E HTTP/1.1" 404 18371 "-" "curl/8.7.1"
185.177.72.13 - - [16/Jun/2026:22:46:20 +0000] "GET /aws.yaml HTTP/1.1" 404 18371 "-" "curl/8.7.1"
185.177.72.13 - - [16/Jun/2026:22:46:21 +0000] "GET /%2Faws.yaml HTTP/1.1" 404 18371 "-" "curl/8.7.1"
185.177.72.13 - - [16/Jun/2026:22:46:21 +0000] "GET /%252Faws.yaml HTTP/1.1" 404 18371 "-" "curl/8.7.1"
185.177.72.13 - - [16/Jun/2026:22:46:21 +0000] "GET /%00aws.yaml HTTP/1.1" 400 166 "-" "-"
185.177.72.13 - - [16/Jun/2026:22:46:22 +0000] "GET /aws.yaml?id=%00&exemple=%3Csvg/onload=confirm(1)%3E HTTP/1.1" 404 18371 "-" "curl/8.7.1"
185.177.72.13 - - [16/Jun/2026:22:46:23 +0000] "GET /aws.key HTTP/1.1" 404 18371 "-" "curl/8.7.1"
185.177.72.13 - - [16/Jun/2026:22:46:24 +0000] "GET /%2Faws.key HTTP/1.1" 404 18371 "-" "curl/8.7.1"
85.208.96.199 - - [16/Jun/2026:22:46:24 +0000] "GET /artykuly/page/117/ HTTP/1.1" 200 21765 "-" "Mozilla/5.0 (compatible; SemrushBot/7~bl; +http://www.semrush.com/bot.html)"
185.177.72.13 - - [16/Jun/2026:22:46:24 +0000] "GET /%252Faws.key HTTP/1.1" 404 18371 "-" "curl/8.7.1"
185.177.72.13 - - [16/Jun/2026:22:46:24 +0000] "GET /%00aws.key HTTP/1.1" 400 166 "-" "-"
185.177.72.13 - - [16/Jun/2026:22:46:25 +0000] "GET /aws.key?id=%00&exemple=%3Csvg/onload=confirm(1)%3E HTTP/1.1" 404 18371 "-" "curl/8.7.1"
185.177.72.13 - - [16/Jun/2026:22:46:26 +0000] "GET /aws.secret HTTP/1.1" 404 18371 "-" "curl/8.7.1"
185.177.72.13 - - [16/Jun/2026:22:46:26 +0000] "GET /%2Faws.secret HTTP/1.1" 404 18371 "-" "curl/8.7.1"
185.177.72.13 - - [16/Jun/2026:22:46:27 +0000] "GET /%252Faws.secret HTTP/1.1" 404 18371 "-" "curl/8.7.1"
185.177.72.13 - - [16/Jun/2026:22:46:27 +0000] "GET /%00aws.secret HTTP/1.1" 400 166 "-" "-"
185.177.72.13 - - [16/Jun/2026:22:46:28 +0000] "GET /aws.secret?id=%00&exemple=%3Csvg/onload=confirm(1)%3E HTTP/1.1" 404 18371 "-" "curl/8.7.1"
185.177.72.13 - - [16/Jun/2026:22:46:28 +0000] "GET /aws_credentials HTTP/1.1" 404 18371 "-" "curl/8.7.1"
185.177.72.13 - - [16/Jun/2026:22:46:29 +0000] "GET /%2Faws_credentials HTTP/1.1" 404 18371 "-" "curl/8.7.1"
185.177.72.13 - - [16/Jun/2026:22:46:30 +0000] "GET /%252Faws_credentials HTTP/1.1" 404 18371 "-" "curl/8.7.1"
185.177.72.13 - - [16/Jun/2026:22:46:30 +0000] "GET /%00aws_credentials HTTP/1.1" 400 166 "-" "-"
185.177.72.13 - - [16/Jun/2026:22:46:30 +0000] "GET /aws_credentials?id=%00&exemple=%3Csvg/onload=confirm(1)%3E HTTP/1.1" 404 18371 "-" "curl/8.7.1"
185.177.72.13 - - [16/Jun/2026:22:46:31 +0000] "GET /aws_access_keys.txt HTTP/1.1" 404 18371 "-" "curl/8.7.1"
185.177.72.13 - - [16/Jun/2026:22:46:32 +0000] "GET /%2Faws_access_keys.txt HTTP/1.1" 404 18371 "-" "curl/8.7.1"
185.177.72.13 - - [16/Jun/2026:22:46:32 +0000] "GET /%252Faws_access_keys.txt HTTP/1.1" 404 18371 "-" "curl/8.7.1"
185.177.72.13 - - [16/Jun/2026:22:46:33 +0000] "GET /%00aws_access_keys.txt HTTP/1.1" 400 166 "-" "-"
185.177.72.13 - - [16/Jun/2026:22:46:33 +0000] "GET /aws_access_keys.txt?id=%00&exemple=%3Csvg/onload=confirm(1)%3E HTTP/1.1" 404 18371 "-" "curl/8.7.1"
185.177.72.13 - - [16/Jun/2026:22:46:34 +0000] "GET /credentials HTTP/1.1" 404 18371 "-" "curl/8.7.1"
185.177.72.13 - - [16/Jun/2026:22:46:34 +0000] "GET /%2Fcredentials HTTP/1.1" 404 18371 "-" "curl/8.7.1"
185.177.72.13 - - [16/Jun/2026:22:46:35 +0000] "GET /%252Fcredentials HTTP/1.1" 404 18371 "-" "curl/8.7.1"
185.177.72.13 - - [16/Jun/2026:22:46:35 +0000] "GET /%00credentials HTTP/1.1" 400 166 "-" "-"
185.177.72.13 - - [16/Jun/2026:22:46:36 +0000] "GET /credentials?id=%00&exemple=%3Csvg/onload=confirm(1)%3E HTTP/1.1" 404 18371 "-" "curl/8.7.1"
185.177.72.13 - - [16/Jun/2026:22:46:36 +0000] "GET /credentials.json HTTP/1.1" 404 18371 "-" "curl/8.7.1"
185.177.72.13 - - [16/Jun/2026:22:46:37 +0000] "GET /%2Fcredentials.json HTTP/1.1" 404 18371 "-" "curl/8.7.1"
185.177.72.13 - - [16/Jun/2026:22:46:38 +0000] "GET /%252Fcredentials.json HTTP/1.1" 404 18371 "-" "curl/8.7.1"
185.177.72.13 - - [16/Jun/2026:22:46:38 +0000] "GET /%00credentials.json HTTP/1.1" 400 166 "-" "-"
185.177.72.13 - - [16/Jun/2026:22:46:39 +0000] "GET /credentials.json?id=%00&exemple=%3Csvg/onload=confirm(1)%3E HTTP/1.1" 404 18371 "-" "curl/8.7.1"
185.177.72.13 - - [16/Jun/2026:22:46:39 +0000] "GET /.env.aws HTTP/1.1" 404 18371 "-" "curl/8.7.1"
185.177.72.13 - - [16/Jun/2026:22:46:40 +0000] "GET /%2F.env.aws HTTP/1.1" 404 18371 "-" "curl/8.7.1"
185.177.72.13 - - [16/Jun/2026:22:46:41 +0000] "GET /%252F.env.aws HTTP/1.1" 404 18371 "-" "curl/8.7.1"
185.177.72.13 - - [16/Jun/2026:22:46:41 +0000] "GET /%00.env.aws HTTP/1.1" 400 166 "-" "-"
185.177.72.13 - - [16/Jun/2026:22:46:41 +0000] "GET /.env.aws?id=%00&exemple=%3Csvg/onload=confirm(1)%3E HTTP/1.1" 404 18371 "-" "curl/8.7.1"
185.177.72.13 - - [16/Jun/2026:22:46:42 +0000] "GET /terraform.tfstate HTTP/1.1" 404 18371 "-" "curl/8.7.1"
185.177.72.13 - - [16/Jun/2026:22:46:43 +0000] "GET /%2Fterraform.tfstate HTTP/1.1" 404 18371 "-" "curl/8.7.1"
185.177.72.13 - - [16/Jun/2026:22:46:43 +0000] "GET /%252Fterraform.tfstate HTTP/1.1" 404 18371 "-" "curl/8.7.1"
185.177.72.13 - - [16/Jun/2026:22:46:43 +0000] "GET /%00terraform.tfstate HTTP/1.1" 400 166 "-" "-"
185.177.72.13 - - [16/Jun/2026:22:46:44 +0000] "GET /terraform.tfstate?id=%00&exemple=%3Csvg/onload=confirm(1)%3E HTTP/1.1" 404 18371 "-" "curl/8.7.1"
185.177.72.13 - - [16/Jun/2026:22:46:45 +0000] "GET /terraform.tfvars HTTP/1.1" 404 18371 "-" "curl/8.7.1"
185.177.72.13 - - [16/Jun/2026:22:46:45 +0000] "GET /%2Fterraform.tfvars HTTP/1.1" 404 18371 "-" "curl/8.7.1"
85.208.96.212 - - [16/Jun/2026:22:46:46 +0000] "GET /author/admin/page/36/ HTTP/1.1" 200 21419 "-" "Mozilla/5.0 (compatible; SemrushBot/7~bl; +http://www.semrush.com/bot.html)"
185.177.72.13 - - [16/Jun/2026:22:46:46 +0000] "GET /%252Fterraform.tfvars HTTP/1.1" 404 18371 "-" "curl/8.7.1"
185.177.72.13 - - [16/Jun/2026:22:46:46 +0000] "GET /%00terraform.tfvars HTTP/1.1" 400 166 "-" "-"
185.177.72.13 - - [16/Jun/2026:22:46:47 +0000] "GET /terraform.tfvars?id=%00&exemple=%3Csvg/onload=confirm(1)%3E HTTP/1.1" 404 18371 "-" "curl/8.7.1"
