185.191.171.19 - - [16/Jun/2026:04:49:44 +0000] "GET /gioca-wild-warriors-gratis-senza-scaricare/ HTTP/1.1" 404 22981 "-" "Mozilla/5.0 (compatible; SemrushBot/7~bl; +http://www.semrush.com/bot.html)"
57.141.0.29 - - [16/Jun/2026:04:50:05 +0000] "GET /giocare-live-blackjack-online-gratis/ HTTP/1.1" 404 22981 "-" "meta-externalagent/1.1 (+https://developers.facebook.com/docs/sharing/webmasters/crawler)"
57.141.0.24 - - [16/Jun/2026:04:50:05 +0000] "GET /luckylouis-casino-no-deposit-bonus/ HTTP/1.1" 404 22981 "-" "meta-externalagent/1.1 (+https://developers.facebook.com/docs/sharing/webmasters/crawler)"
57.141.0.28 - - [16/Jun/2026:04:50:06 +0000] "GET /wp-content/litespeed/css/9838862c9b620ccc7da183b23b976788.css?ver=c02af HTTP/1.1" 200 121656 "https://aquacity.com.pl/giocare-live-blackjack-online-gratis/" "meta-externalagent/1.1 (+https://developers.facebook.com/docs/sharing/webmasters/crawler)"
57.141.0.30 - - [16/Jun/2026:04:50:06 +0000] "GET /wp-content/litespeed/css/9838862c9b620ccc7da183b23b976788.css?ver=c02af HTTP/1.1" 200 121656 "https://aquacity.com.pl/luckylouis-casino-no-deposit-bonus/" "meta-externalagent/1.1 (+https://developers.facebook.com/docs/sharing/webmasters/crawler)"
57.141.0.61 - - [16/Jun/2026:04:50:06 +0000] "POST /wp-content/plugins/litespeed-cache/guest.vary.php HTTP/1.1" 403 133 "https://aquacity.com.pl/giocare-live-blackjack-online-gratis/" "meta-externalagent/1.1 (+https://developers.facebook.com/docs/sharing/webmasters/crawler)"
57.141.0.68 - - [16/Jun/2026:04:50:07 +0000] "POST /wp-content/plugins/litespeed-cache/guest.vary.php HTTP/1.1" 403 133 "https://aquacity.com.pl/luckylouis-casino-no-deposit-bonus/" "meta-externalagent/1.1 (+https://developers.facebook.com/docs/sharing/webmasters/crawler)"
74.208.140.41 - - [16/Jun/2026:04:50:11 +0000] "GET /wp-login.php HTTP/1.1" 200 3212 "-" "Mozilla/5.0 (Macintosh; Intel Mac OS X 14_7_4) AppleWebKit/537.36 (KHTML, like Gecko) Chrome/133.0.0.0 Safari/537.36"
74.208.140.41 - - [16/Jun/2026:04:50:12 +0000] "POST /wp-login.php HTTP/1.1" 200 4307 "https://aquacity.com.pl/wp-login.php" "Mozilla/5.0 (Macintosh; Intel Mac OS X 14_7_4) AppleWebKit/537.36 (KHTML, like Gecko) Chrome/133.0.0.0 Safari/537.36"
85.208.96.206 - - [16/Jun/2026:04:51:22 +0000] "GET /happybet-casino-50-free-spins/ HTTP/1.1" 404 22981 "-" "Mozilla/5.0 (compatible; SemrushBot/7~bl; +http://www.semrush.com/bot.html)"
57.141.0.59 - - [16/Jun/2026:04:51:27 +0000] "GET /casino-migliori/ HTTP/1.1" 404 117274 "-" "meta-externalagent/1.1 (+https://developers.facebook.com/docs/sharing/webmasters/crawler)"
57.141.0.34 - - [16/Jun/2026:04:51:27 +0000] "GET /carta-prepagata-mooney/ HTTP/1.1" 404 22981 "-" "meta-externalagent/1.1 (+https://developers.facebook.com/docs/sharing/webmasters/crawler)"
57.141.0.20 - - [16/Jun/2026:04:51:28 +0000] "POST /wp-content/plugins/litespeed-cache/guest.vary.php HTTP/1.1" 403 133 "https://aquacity.com.pl/carta-prepagata-mooney/" "meta-externalagent/1.1 (+https://developers.facebook.com/docs/sharing/webmasters/crawler)"
57.141.0.61 - - [16/Jun/2026:04:51:47 +0000] "GET /gioca-dragons-awakening-gratis-senza-scaricare/ HTTP/1.1" 404 117274 "-" "meta-externalagent/1.1 (+https://developers.facebook.com/docs/sharing/webmasters/crawler)"
114.119.148.88 - - [16/Jun/2026:04:52:00 +0000] "GET /shopdetail4607346?kg=0004453798 HTTP/1.1" 404 20108 "https://aquacity.com.pl/sitemap.xml" "Mozilla/5.0 (Linux; Android 7.0;) AppleWebKit/537.36 (HTML, like Gecko) Mobile Safari/537.36 (compatible; PetalBot;+https://webmaster.petalsearch.com/site/petalbot)"
57.141.0.28 - - [16/Jun/2026:04:52:06 +0000] "GET /casino-venezia-login/ HTTP/1.1" 404 22981 "-" "meta-externalagent/1.1 (+https://developers.facebook.com/docs/sharing/webmasters/crawler)"
57.141.0.64 - - [16/Jun/2026:04:52:07 +0000] "GET /wp-content/litespeed/css/9838862c9b620ccc7da183b23b976788.css?ver=c02af HTTP/1.1" 200 121656 "https://aquacity.com.pl/casino-venezia-login/" "meta-externalagent/1.1 (+https://developers.facebook.com/docs/sharing/webmasters/crawler)"
57.141.0.18 - - [16/Jun/2026:04:52:08 +0000] "POST /wp-content/plugins/litespeed-cache/guest.vary.php HTTP/1.1" 403 133 "https://aquacity.com.pl/casino-venezia-login/" "meta-externalagent/1.1 (+https://developers.facebook.com/docs/sharing/webmasters/crawler)"
185.191.171.5 - - [16/Jun/2026:04:52:10 +0000] "GET /slot-vicino-a-me/ HTTP/1.1" 404 22981 "-" "Mozilla/5.0 (compatible; SemrushBot/7~bl; +http://www.semrush.com/bot.html)"
57.141.0.36 - - [16/Jun/2026:04:52:26 +0000] "GET /conaudapay-casino-no-deposit-bonus/ HTTP/1.1" 404 22981 "-" "meta-externalagent/1.1 (+https://developers.facebook.com/docs/sharing/webmasters/crawler)"
57.141.0.58 - - [16/Jun/2026:04:52:27 +0000] "POST /wp-content/plugins/litespeed-cache/guest.vary.php HTTP/1.1" 403 133 "https://aquacity.com.pl/conaudapay-casino-no-deposit-bonus/" "meta-externalagent/1.1 (+https://developers.facebook.com/docs/sharing/webmasters/crawler)"
57.141.0.56 - - [16/Jun/2026:04:52:30 +0000] "GET /casino-migliori-bonus/ HTTP/1.1" 404 117274 "-" "meta-externalagent/1.1 (+https://developers.facebook.com/docs/sharing/webmasters/crawler)"
57.141.0.64 - - [16/Jun/2026:04:52:30 +0000] "GET /blackjack-vantaggio-del-banco/ HTTP/1.1" 404 117274 "-" "meta-externalagent/1.1 (+https://developers.facebook.com/docs/sharing/webmasters/crawler)"
57.141.0.52 - - [16/Jun/2026:04:52:35 +0000] "GET /significato-di-casino/ HTTP/1.1" 404 117274 "-" "meta-externalagent/1.1 (+https://developers.facebook.com/docs/sharing/webmasters/crawler)"
85.208.96.197 - - [16/Jun/2026:04:52:40 +0000] "GET /slot-gratis-gioco-online/ HTTP/1.1" 404 22981 "-" "Mozilla/5.0 (compatible; SemrushBot/7~bl; +http://www.semrush.com/bot.html)"
57.141.0.44 - - [16/Jun/2026:04:52:43 +0000] "GET /slot-non-aams-bonus-senza-deposito/ HTTP/1.1" 404 117274 "-" "meta-externalagent/1.1 (+https://developers.facebook.com/docs/sharing/webmasters/crawler)"
57.141.0.63 - - [16/Jun/2026:04:52:53 +0000] "GET /bonus-5-euro-senza-deposito/ HTTP/1.1" 404 117274 "-" "meta-externalagent/1.1 (+https://developers.facebook.com/docs/sharing/webmasters/crawler)"
85.208.96.200 - - [16/Jun/2026:04:52:58 +0000] "GET /gioco-di-burraco-online-gratis/ HTTP/1.1" 404 22981 "-" "Mozilla/5.0 (compatible; SemrushBot/7~bl; +http://www.semrush.com/bot.html)"
57.141.0.38 - - [16/Jun/2026:04:53:01 +0000] "GET /giochiamo-a-dadi/ HTTP/1.1" 404 117274 "-" "meta-externalagent/1.1 (+https://developers.facebook.com/docs/sharing/webmasters/crawler)"
85.208.96.208 - - [16/Jun/2026:04:53:01 +0000] "GET /giochi-di-casin%C3%B2-online/ HTTP/1.1" 404 22981 "-" "Mozilla/5.0 (compatible; SemrushBot/7~bl; +http://www.semrush.com/bot.html)"
20.104.244.165 - - [16/Jun/2026:04:53:09 +0000] "GET /inputs.php HTTP/1.1" 404 194 "-" "Mozilla/5.0 (Windows NT 10.0; Win64; x64) AppleWebKit/537.36 (KHTML, like Gecko) Chrome/120.0.0.0 Safari/537.36"
20.104.244.165 - - [16/Jun/2026:04:53:09 +0000] "GET /admin.php HTTP/1.1" 404 194 "-" "Mozilla/5.0 (Windows NT 10.0; Win64; x64) AppleWebKit/537.36 (KHTML, like Gecko) Chrome/120.0.0.0 Safari/537.36"
20.104.244.165 - - [16/Jun/2026:04:53:09 +0000] "GET /goods.php HTTP/1.1" 404 194 "-" "Mozilla/5.0 (Windows NT 10.0; Win64; x64) AppleWebKit/537.36 (KHTML, like Gecko) Chrome/120.0.0.0 Safari/537.36"
20.104.244.165 - - [16/Jun/2026:04:53:09 +0000] "GET /file.php HTTP/1.1" 404 194 "-" "Mozilla/5.0 (Windows NT 10.0; Win64; x64) AppleWebKit/537.36 (KHTML, like Gecko) Chrome/120.0.0.0 Safari/537.36"
20.104.244.165 - - [16/Jun/2026:04:53:09 +0000] "GET /adminfuns.php HTTP/1.1" 404 194 "-" "Mozilla/5.0 (Windows NT 10.0; Win64; x64) AppleWebKit/537.36 (KHTML, like Gecko) Chrome/120.0.0.0 Safari/537.36"
20.104.244.165 - - [16/Jun/2026:04:53:09 +0000] "GET /404.php HTTP/1.1" 404 194 "-" "Mozilla/5.0 (Windows NT 10.0; Win64; x64) AppleWebKit/537.36 (KHTML, like Gecko) Chrome/120.0.0.0 Safari/537.36"
20.104.244.165 - - [16/Jun/2026:04:53:10 +0000] "GET /wk/index.php HTTP/1.1" 404 194 "-" "Mozilla/5.0 (Windows NT 10.0; Win64; x64) AppleWebKit/537.36 (KHTML, like Gecko) Chrome/120.0.0.0 Safari/537.36"
20.104.244.165 - - [16/Jun/2026:04:53:10 +0000] "GET /about.php HTTP/1.1" 404 194 "-" "Mozilla/5.0 (Windows NT 10.0; Win64; x64) AppleWebKit/537.36 (KHTML, like Gecko) Chrome/120.0.0.0 Safari/537.36"
20.104.244.165 - - [16/Jun/2026:04:53:10 +0000] "GET /term.php HTTP/1.1" 404 194 "-" "Mozilla/5.0 (Windows NT 10.0; Win64; x64) AppleWebKit/537.36 (KHTML, like Gecko) Chrome/120.0.0.0 Safari/537.36"
20.104.244.165 - - [16/Jun/2026:04:53:10 +0000] "GET /ioxi-o.php HTTP/1.1" 404 194 "-" "Mozilla/5.0 (Windows NT 10.0; Win64; x64) AppleWebKit/537.36 (KHTML, like Gecko) Chrome/120.0.0.0 Safari/537.36"
20.104.244.165 - - [16/Jun/2026:04:53:10 +0000] "GET /1.php HTTP/1.1" 404 194 "-" "Mozilla/5.0 (Windows NT 10.0; Win64; x64) AppleWebKit/537.36 (KHTML, like Gecko) Chrome/120.0.0.0 Safari/537.36"
20.104.244.165 - - [16/Jun/2026:04:53:10 +0000] "GET /alfa.php HTTP/1.1" 404 194 "-" "Mozilla/5.0 (Windows NT 10.0; Win64; x64) AppleWebKit/537.36 (KHTML, like Gecko) Chrome/120.0.0.0 Safari/537.36"
20.104.244.165 - - [16/Jun/2026:04:53:10 +0000] "GET /edit.php HTTP/1.1" 404 194 "-" "Mozilla/5.0 (Windows NT 10.0; Win64; x64) AppleWebKit/537.36 (KHTML, like Gecko) Chrome/120.0.0.0 Safari/537.36"
20.104.244.165 - - [16/Jun/2026:04:53:10 +0000] "GET /elp.php HTTP/1.1" 404 194 "-" "Mozilla/5.0 (Windows NT 10.0; Win64; x64) AppleWebKit/537.36 (KHTML, like Gecko) Chrome/120.0.0.0 Safari/537.36"
20.104.244.165 - - [16/Jun/2026:04:53:10 +0000] "GET /classwithtostring.php HTTP/1.1" 404 194 "-" "Mozilla/5.0 (Windows NT 10.0; Win64; x64) AppleWebKit/537.36 (KHTML, like Gecko) Chrome/120.0.0.0 Safari/537.36"
57.141.0.28 - - [16/Jun/2026:04:53:11 +0000] "GET /normative-sul-gioco-d-azzardo/ HTTP/1.1" 404 22983 "-" "meta-externalagent/1.1 (+https://developers.facebook.com/docs/sharing/webmasters/crawler)"
20.104.244.165 - - [16/Jun/2026:04:53:11 +0000] "GET /666.php HTTP/1.1" 404 194 "-" "Mozilla/5.0 (Windows NT 10.0; Win64; x64) AppleWebKit/537.36 (KHTML, like Gecko) Chrome/120.0.0.0 Safari/537.36"
57.141.0.56 - - [16/Jun/2026:04:53:11 +0000] "POST /wp-content/plugins/litespeed-cache/guest.vary.php HTTP/1.1" 403 133 "https://aquacity.com.pl/normative-sul-gioco-d-azzardo/" "meta-externalagent/1.1 (+https://developers.facebook.com/docs/sharing/webmasters/crawler)"
20.104.244.165 - - [16/Jun/2026:04:53:12 +0000] "GET /wp-admin/ HTTP/1.1" 302 5 "-" "Mozilla/5.0 (Windows NT 10.0; Win64; x64) AppleWebKit/537.36 (KHTML, like Gecko) Chrome/120.0.0.0 Safari/537.36"
57.141.0.1 - - [16/Jun/2026:04:53:12 +0000] "GET /numeri-che-escono-spesso-alla-roulette/ HTTP/1.1" 404 117274 "-" "meta-externalagent/1.1 (+https://developers.facebook.com/docs/sharing/webmasters/crawler)"
20.104.244.165 - - [16/Jun/2026:04:53:12 +0000] "GET /ws54.php HTTP/1.1" 404 194 "-" "Mozilla/5.0 (Windows NT 10.0; Win64; x64) AppleWebKit/537.36 (KHTML, like Gecko) Chrome/120.0.0.0 Safari/537.36"
20.104.244.165 - - [16/Jun/2026:04:53:12 +0000] "GET /deepseek_d.php HTTP/1.1" 404 194 "-" "Mozilla/5.0 (Windows NT 10.0; Win64; x64) AppleWebKit/537.36 (KHTML, like Gecko) Chrome/120.0.0.0 Safari/537.36"
20.104.244.165 - - [16/Jun/2026:04:53:12 +0000] "GET /function/function.php HTTP/1.1" 404 194 "-" "Mozilla/5.0 (Windows NT 10.0; Win64; x64) AppleWebKit/537.36 (KHTML, like Gecko) Chrome/120.0.0.0 Safari/537.36"
20.104.244.165 - - [16/Jun/2026:04:53:12 +0000] "GET /nw.php HTTP/1.1" 404 194 "-" "Mozilla/5.0 (Windows NT 10.0; Win64; x64) AppleWebKit/537.36 (KHTML, like Gecko) Chrome/120.0.0.0 Safari/537.36"
20.104.244.165 - - [16/Jun/2026:04:53:12 +0000] "GET /xleet.php HTTP/1.1" 404 194 "-" "Mozilla/5.0 (Windows NT 10.0; Win64; x64) AppleWebKit/537.36 (KHTML, like Gecko) Chrome/120.0.0.0 Safari/537.36"
20.104.244.165 - - [16/Jun/2026:04:53:12 +0000] "GET /wp.php HTTP/1.1" 404 194 "-" "Mozilla/5.0 (Windows NT 10.0; Win64; x64) AppleWebKit/537.36 (KHTML, like Gecko) Chrome/120.0.0.0 Safari/537.36"
20.104.244.165 - - [16/Jun/2026:04:53:12 +0000] "GET /155.php HTTP/1.1" 404 194 "-" "Mozilla/5.0 (Windows NT 10.0; Win64; x64) AppleWebKit/537.36 (KHTML, like Gecko) Chrome/120.0.0.0 Safari/537.36"
20.104.244.165 - - [16/Jun/2026:04:53:12 +0000] "GET /96i.php HTTP/1.1" 404 194 "-" "Mozilla/5.0 (Windows NT 10.0; Win64; x64) AppleWebKit/537.36 (KHTML, like Gecko) Chrome/120.0.0.0 Safari/537.36"
20.104.244.165 - - [16/Jun/2026:04:53:13 +0000] "GET /as.php HTTP/1.1" 404 194 "-" "Mozilla/5.0 (Windows NT 10.0; Win64; x64) AppleWebKit/537.36 (KHTML, like Gecko) Chrome/120.0.0.0 Safari/537.36"
20.104.244.165 - - [16/Jun/2026:04:53:13 +0000] "GET /min.php HTTP/1.1" 404 194 "-" "Mozilla/5.0 (Windows NT 10.0; Win64; x64) AppleWebKit/537.36 (KHTML, like Gecko) Chrome/120.0.0.0 Safari/537.36"
57.141.0.63 - - [16/Jun/2026:04:53:14 +0000] "GET /giochi-da-casino-slot-machine/ HTTP/1.1" 404 117274 "-" "meta-externalagent/1.1 (+https://developers.facebook.com/docs/sharing/webmasters/crawler)"
185.191.171.3 - - [16/Jun/2026:04:53:14 +0000] "GET /giochi-burraco/ HTTP/1.1" 404 23230 "-" "Mozilla/5.0 (compatible; SemrushBot/7~bl; +http://www.semrush.com/bot.html)"
20.104.244.165 - - [16/Jun/2026:04:53:14 +0000] "GET /.well-known/ HTTP/1.1" 404 22981 "-" "Mozilla/5.0 (Windows NT 10.0; Win64; x64) AppleWebKit/537.36 (KHTML, like Gecko) Chrome/120.0.0.0 Safari/537.36"
20.104.244.165 - - [16/Jun/2026:04:53:14 +0000] "GET /php8.php HTTP/1.1" 404 194 "-" "Mozilla/5.0 (Windows NT 10.0; Win64; x64) AppleWebKit/537.36 (KHTML, like Gecko) Chrome/120.0.0.0 Safari/537.36"
20.104.244.165 - - [16/Jun/2026:04:53:14 +0000] "GET /wp-content/admin.php HTTP/1.1" 403 193 "-" "Mozilla/5.0 (Windows NT 10.0; Win64; x64) AppleWebKit/537.36 (KHTML, like Gecko) Chrome/120.0.0.0 Safari/537.36"
20.104.244.165 - - [16/Jun/2026:04:53:14 +0000] "GET /222.php HTTP/1.1" 404 194 "-" "Mozilla/5.0 (Windows NT 10.0; Win64; x64) AppleWebKit/537.36 (KHTML, like Gecko) Chrome/120.0.0.0 Safari/537.36"
20.104.244.165 - - [16/Jun/2026:04:53:14 +0000] "GET /wp-content/themes/pridmag/il.php HTTP/1.1" 403 193 "-" "Mozilla/5.0 (Windows NT 10.0; Win64; x64) AppleWebKit/537.36 (KHTML, like Gecko) Chrome/120.0.0.0 Safari/537.36"
20.104.244.165 - - [16/Jun/2026:04:53:15 +0000] "GET /info.php HTTP/1.1" 404 194 "-" "Mozilla/5.0 (Windows NT 10.0; Win64; x64) AppleWebKit/537.36 (KHTML, like Gecko) Chrome/120.0.0.0 Safari/537.36"
20.104.244.165 - - [16/Jun/2026:04:53:15 +0000] "GET /a.php HTTP/1.1" 404 194 "-" "Mozilla/5.0 (Windows NT 10.0; Win64; x64) AppleWebKit/537.36 (KHTML, like Gecko) Chrome/120.0.0.0 Safari/537.36"
20.104.244.165 - - [16/Jun/2026:04:53:15 +0000] "GET /chosen.php HTTP/1.1" 404 194 "-" "Mozilla/5.0 (Windows NT 10.0; Win64; x64) AppleWebKit/537.36 (KHTML, like Gecko) Chrome/120.0.0.0 Safari/537.36"
20.104.244.165 - - [16/Jun/2026:04:53:15 +0000] "GET /wp-content/index.php HTTP/1.1" 403 193 "-" "Mozilla/5.0 (Windows NT 10.0; Win64; x64) AppleWebKit/537.36 (KHTML, like Gecko) Chrome/120.0.0.0 Safari/537.36"
20.104.244.165 - - [16/Jun/2026:04:53:15 +0000] "GET /vx.php HTTP/1.1" 404 194 "-" "Mozilla/5.0 (Windows NT 10.0; Win64; x64) AppleWebKit/537.36 (KHTML, like Gecko) Chrome/120.0.0.0 Safari/537.36"
20.104.244.165 - - [16/Jun/2026:04:53:16 +0000] "GET /admin/controller/extension/ HTTP/1.1" 404 23563 "-" "Mozilla/5.0 (Windows NT 10.0; Win64; x64) AppleWebKit/537.36 (KHTML, like Gecko) Chrome/120.0.0.0 Safari/537.36"
20.104.244.165 - - [16/Jun/2026:04:53:16 +0000] "GET /wap.php HTTP/1.1" 404 194 "-" "Mozilla/5.0 (Windows NT 10.0; Win64; x64) AppleWebKit/537.36 (KHTML, like Gecko) Chrome/120.0.0.0 Safari/537.36"
20.104.244.165 - - [16/Jun/2026:04:53:16 +0000] "GET /wp-admin/wp.php HTTP/1.1" 404 194 "-" "Mozilla/5.0 (Windows NT 10.0; Win64; x64) AppleWebKit/537.36 (KHTML, like Gecko) Chrome/120.0.0.0 Safari/537.36"
20.104.244.165 - - [16/Jun/2026:04:53:17 +0000] "GET /bgymj.php HTTP/1.1" 404 194 "-" "Mozilla/5.0 (Windows NT 10.0; Win64; x64) AppleWebKit/537.36 (KHTML, like Gecko) Chrome/120.0.0.0 Safari/537.36"
20.104.244.165 - - [16/Jun/2026:04:53:17 +0000] "GET /aa.php HTTP/1.1" 404 194 "-" "Mozilla/5.0 (Windows NT 10.0; Win64; x64) AppleWebKit/537.36 (KHTML, like Gecko) Chrome/120.0.0.0 Safari/537.36"
20.104.244.165 - - [16/Jun/2026:04:53:18 +0000] "GET /wp-mail.php HTTP/1.1" 403 1089 "-" "Mozilla/5.0 (Windows NT 10.0; Win64; x64) AppleWebKit/537.36 (KHTML, like Gecko) Chrome/120.0.0.0 Safari/537.36"
20.104.244.165 - - [16/Jun/2026:04:53:18 +0000] "GET /bolt.php HTTP/1.1" 404 194 "-" "Mozilla/5.0 (Windows NT 10.0; Win64; x64) AppleWebKit/537.36 (KHTML, like Gecko) Chrome/120.0.0.0 Safari/537.36"
20.104.244.165 - - [16/Jun/2026:04:53:18 +0000] "GET /bthil.php HTTP/1.1" 404 194 "-" "Mozilla/5.0 (Windows NT 10.0; Win64; x64) AppleWebKit/537.36 (KHTML, like Gecko) Chrome/120.0.0.0 Safari/537.36"
20.104.244.165 - - [16/Jun/2026:04:53:19 +0000] "GET /cgi-bin/ HTTP/1.1" 404 22981 "-" "Mozilla/5.0 (Windows NT 10.0; Win64; x64) AppleWebKit/537.36 (KHTML, like Gecko) Chrome/120.0.0.0 Safari/537.36"
20.104.244.165 - - [16/Jun/2026:04:53:19 +0000] "GET /x.php HTTP/1.1" 404 194 "-" "Mozilla/5.0 (Windows NT 10.0; Win64; x64) AppleWebKit/537.36 (KHTML, like Gecko) Chrome/120.0.0.0 Safari/537.36"
20.104.244.165 - - [16/Jun/2026:04:53:19 +0000] "GET /index/function.php HTTP/1.1" 404 194 "-" "Mozilla/5.0 (Windows NT 10.0; Win64; x64) AppleWebKit/537.36 (KHTML, like Gecko) Chrome/120.0.0.0 Safari/537.36"
20.104.244.165 - - [16/Jun/2026:04:53:20 +0000] "GET /aaa.php HTTP/1.1" 404 194 "-" "Mozilla/5.0 (Windows NT 10.0; Win64; x64) AppleWebKit/537.36 (KHTML, like Gecko) Chrome/120.0.0.0 Safari/537.36"
20.104.244.165 - - [16/Jun/2026:04:53:20 +0000] "GET /abcd.php HTTP/1.1" 404 194 "-" "Mozilla/5.0 (Windows NT 10.0; Win64; x64) AppleWebKit/537.36 (KHTML, like Gecko) Chrome/120.0.0.0 Safari/537.36"
20.104.244.165 - - [16/Jun/2026:04:53:20 +0000] "GET /wp-good.php HTTP/1.1" 404 194 "-" "Mozilla/5.0 (Windows NT 10.0; Win64; x64) AppleWebKit/537.36 (KHTML, like Gecko) Chrome/120.0.0.0 Safari/537.36"
20.104.244.165 - - [16/Jun/2026:04:53:20 +0000] "GET /simple.php HTTP/1.1" 404 194 "-" "Mozilla/5.0 (Windows NT 10.0; Win64; x64) AppleWebKit/537.36 (KHTML, like Gecko) Chrome/120.0.0.0 Safari/537.36"
20.104.244.165 - - [16/Jun/2026:04:53:20 +0000] "GET /edit-tags.php HTTP/1.1" 404 194 "-" "Mozilla/5.0 (Windows NT 10.0; Win64; x64) AppleWebKit/537.36 (KHTML, like Gecko) Chrome/120.0.0.0 Safari/537.36"
20.104.244.165 - - [16/Jun/2026:04:53:20 +0000] "GET /u.php HTTP/1.1" 404 194 "-" "Mozilla/5.0 (Windows NT 10.0; Win64; x64) AppleWebKit/537.36 (KHTML, like Gecko) Chrome/120.0.0.0 Safari/537.36"
20.104.244.165 - - [16/Jun/2026:04:53:20 +0000] "GET /wp-content/themes/admin.php HTTP/1.1" 403 193 "-" "Mozilla/5.0 (Windows NT 10.0; Win64; x64) AppleWebKit/537.36 (KHTML, like Gecko) Chrome/120.0.0.0 Safari/537.36"
20.104.244.165 - - [16/Jun/2026:04:53:20 +0000] "GET /h.php HTTP/1.1" 404 194 "-" "Mozilla/5.0 (Windows NT 10.0; Win64; x64) AppleWebKit/537.36 (KHTML, like Gecko) Chrome/120.0.0.0 Safari/537.36"
20.104.244.165 - - [16/Jun/2026:04:53:20 +0000] "GET /ms-edit.php HTTP/1.1" 404 194 "-" "Mozilla/5.0 (Windows NT 10.0; Win64; x64) AppleWebKit/537.36 (KHTML, like Gecko) Chrome/120.0.0.0 Safari/537.36"
20.104.244.165 - - [16/Jun/2026:04:53:21 +0000] "GET /a7.php HTTP/1.1" 404 194 "-" "Mozilla/5.0 (Windows NT 10.0; Win64; x64) AppleWebKit/537.36 (KHTML, like Gecko) Chrome/120.0.0.0 Safari/537.36"
20.104.244.165 - - [16/Jun/2026:04:53:21 +0000] "GET /manager.php HTTP/1.1" 404 194 "-" "Mozilla/5.0 (Windows NT 10.0; Win64; x64) AppleWebKit/537.36 (KHTML, like Gecko) Chrome/120.0.0.0 Safari/537.36"
20.104.244.165 - - [16/Jun/2026:04:53:21 +0000] "GET /w1.php HTTP/1.1" 404 194 "-" "Mozilla/5.0 (Windows NT 10.0; Win64; x64) AppleWebKit/537.36 (KHTML, like Gecko) Chrome/120.0.0.0 Safari/537.36"
20.104.244.165 - - [16/Jun/2026:04:53:21 +0000] "GET /wp-includes/fonts/ HTTP/1.1" 403 193 "-" "Mozilla/5.0 (Windows NT 10.0; Win64; x64) AppleWebKit/537.36 (KHTML, like Gecko) Chrome/120.0.0.0 Safari/537.36"
57.141.0.52 - - [16/Jun/2026:04:53:21 +0000] "GET /giochi-in-linea-slot/ HTTP/1.1" 404 22981 "-" "meta-externalagent/1.1 (+https://developers.facebook.com/docs/sharing/webmasters/crawler)"
20.104.244.165 - - [16/Jun/2026:04:53:22 +0000] "GET /wp-login.php HTTP/1.1" 200 3212 "-" "Mozilla/5.0 (Windows NT 10.0; Win64; x64) AppleWebKit/537.36 (KHTML, like Gecko) Chrome/120.0.0.0 Safari/537.36"
20.104.244.165 - - [16/Jun/2026:04:53:22 +0000] "GET /default.php HTTP/1.1" 404 194 "-" "Mozilla/5.0 (Windows NT 10.0; Win64; x64) AppleWebKit/537.36 (KHTML, like Gecko) Chrome/120.0.0.0 Safari/537.36"
20.104.244.165 - - [16/Jun/2026:04:53:22 +0000] "GET /i.php HTTP/1.1" 404 194 "-" "Mozilla/5.0 (Windows NT 10.0; Win64; x64) AppleWebKit/537.36 (KHTML, like Gecko) Chrome/120.0.0.0 Safari/537.36"
20.104.244.165 - - [16/Jun/2026:04:53:22 +0000] "GET /wp-content/uploads/ HTTP/1.1" 403 193 "-" "Mozilla/5.0 (Windows NT 10.0; Win64; x64) AppleWebKit/537.36 (KHTML, like Gecko) Chrome/120.0.0.0 Safari/537.36"
57.141.0.31 - - [16/Jun/2026:04:53:22 +0000] "POST /wp-content/plugins/litespeed-cache/guest.vary.php HTTP/1.1" 403 133 "https://aquacity.com.pl/giochi-in-linea-slot/" "meta-externalagent/1.1 (+https://developers.facebook.com/docs/sharing/webmasters/crawler)"
20.104.244.165 - - [16/Jun/2026:04:53:22 +0000] "GET /wp-includes/Requests/library/index.php HTTP/1.1" 403 193 "-" "Mozilla/5.0 (Windows NT 10.0; Win64; x64) AppleWebKit/537.36 (KHTML, like Gecko) Chrome/120.0.0.0 Safari/537.36"
20.104.244.165 - - [16/Jun/2026:04:53:22 +0000] "GET /wp-content/themes/index.php HTTP/1.1" 403 193 "-" "Mozilla/5.0 (Windows NT 10.0; Win64; x64) AppleWebKit/537.36 (KHTML, like Gecko) Chrome/120.0.0.0 Safari/537.36"
20.104.244.165 - - [16/Jun/2026:04:53:22 +0000] "GET /gecko-new.php HTTP/1.1" 404 194 "-" "Mozilla/5.0 (Windows NT 10.0; Win64; x64) AppleWebKit/537.36 (KHTML, like Gecko) Chrome/120.0.0.0 Safari/537.36"
114.119.142.207 - - [16/Jun/2026:04:53:23 +0000] "GET /gioca-keks-gratis-senza-scaricare/ HTTP/1.1" 404 20108 "https://aquacity.com.pl/ile-kosztuje-lot-z-warszawy-do-nowego-jorku-przewodnik-po-cenach-i-promocjach" "Mozilla/5.0 (Linux; Android 7.0;) AppleWebKit/537.36 (HTML, like Gecko) Mobile Safari/537.36 (compatible; PetalBot;+https://webmaster.petalsearch.com/site/petalbot)"
20.104.244.165 - - [16/Jun/2026:04:53:23 +0000] "GET /NewFile.php HTTP/1.1" 404 194 "-" "Mozilla/5.0 (Windows NT 10.0; Win64; x64) AppleWebKit/537.36 (KHTML, like Gecko) Chrome/120.0.0.0 Safari/537.36"
20.104.244.165 - - [16/Jun/2026:04:53:23 +0000] "GET /wp-Blogs.php HTTP/1.1" 404 194 "-" "Mozilla/5.0 (Windows NT 10.0; Win64; x64) AppleWebKit/537.36 (KHTML, like Gecko) Chrome/120.0.0.0 Safari/537.36"
20.104.244.165 - - [16/Jun/2026:04:53:23 +0000] "GET /wp-includes/fonts/index.php HTTP/1.1" 403 193 "-" "Mozilla/5.0 (Windows NT 10.0; Win64; x64) AppleWebKit/537.36 (KHTML, like Gecko) Chrome/120.0.0.0 Safari/537.36"
20.104.244.165 - - [16/Jun/2026:04:53:23 +0000] "GET /themes.php HTTP/1.1" 404 194 "-" "Mozilla/5.0 (Windows NT 10.0; Win64; x64) AppleWebKit/537.36 (KHTML, like Gecko) Chrome/120.0.0.0 Safari/537.36"
20.104.244.165 - - [16/Jun/2026:04:53:23 +0000] "GET /cv.php HTTP/1.1" 404 194 "-" "Mozilla/5.0 (Windows NT 10.0; Win64; x64) AppleWebKit/537.36 (KHTML, like Gecko) Chrome/120.0.0.0 Safari/537.36"
185.191.171.5 - - [16/Jun/2026:04:53:23 +0000] "GET /imparare-il-burraco/ HTTP/1.1" 404 22981 "-" "Mozilla/5.0 (compatible; SemrushBot/7~bl; +http://www.semrush.com/bot.html)"
20.104.244.165 - - [16/Jun/2026:04:53:23 +0000] "GET /wp-admin/js/ HTTP/1.1" 403 193 "-" "Mozilla/5.0 (Windows NT 10.0; Win64; x64) AppleWebKit/537.36 (KHTML, like Gecko) Chrome/120.0.0.0 Safari/537.36"
20.104.244.165 - - [16/Jun/2026:04:53:23 +0000] "GET /wp-content/uploads/index.php HTTP/1.1" 403 193 "-" "Mozilla/5.0 (Windows NT 10.0; Win64; x64) AppleWebKit/537.36 (KHTML, like Gecko) Chrome/120.0.0.0 Safari/537.36"
20.104.244.165 - - [16/Jun/2026:04:53:23 +0000] "GET /ws83.php HTTP/1.1" 404 194 "-" "Mozilla/5.0 (Windows NT 10.0; Win64; x64) AppleWebKit/537.36 (KHTML, like Gecko) Chrome/120.0.0.0 Safari/537.36"
20.104.244.165 - - [16/Jun/2026:04:53:24 +0000] "GET /atex1.php HTTP/1.1" 404 194 "-" "Mozilla/5.0 (Windows NT 10.0; Win64; x64) AppleWebKit/537.36 (KHTML, like Gecko) Chrome/120.0.0.0 Safari/537.36"
20.104.244.165 - - [16/Jun/2026:04:53:24 +0000] "GET /class-t.api.php HTTP/1.1" 404 194 "-" "Mozilla/5.0 (Windows NT 10.0; Win64; x64) AppleWebKit/537.36 (KHTML, like Gecko) Chrome/120.0.0.0 Safari/537.36"
20.104.244.165 - - [16/Jun/2026:04:53:24 +0000] "GET /w.php HTTP/1.1" 404 194 "-" "Mozilla/5.0 (Windows NT 10.0; Win64; x64) AppleWebKit/537.36 (KHTML, like Gecko) Chrome/120.0.0.0 Safari/537.36"
20.104.244.165 - - [16/Jun/2026:04:53:24 +0000] "GET /archive.php HTTP/1.1" 404 194 "-" "Mozilla/5.0 (Windows NT 10.0; Win64; x64) AppleWebKit/537.36 (KHTML, like Gecko) Chrome/120.0.0.0 Safari/537.36"
20.104.244.165 - - [16/Jun/2026:04:53:24 +0000] "GET /bless.php HTTP/1.1" 404 194 "-" "Mozilla/5.0 (Windows NT 10.0; Win64; x64) AppleWebKit/537.36 (KHTML, like Gecko) Chrome/120.0.0.0 Safari/537.36"
20.104.244.165 - - [16/Jun/2026:04:53:24 +0000] "GET /sagax1.php HTTP/1.1" 404 194 "-" "Mozilla/5.0 (Windows NT 10.0; Win64; x64) AppleWebKit/537.36 (KHTML, like Gecko) Chrome/120.0.0.0 Safari/537.36"
20.104.244.165 - - [16/Jun/2026:04:53:24 +0000] "GET /wpc.php HTTP/1.1" 404 194 "-" "Mozilla/5.0 (Windows NT 10.0; Win64; x64) AppleWebKit/537.36 (KHTML, like Gecko) Chrome/120.0.0.0 Safari/537.36"
20.104.244.165 - - [16/Jun/2026:04:53:24 +0000] "GET /fone1.php HTTP/1.1" 404 194 "-" "Mozilla/5.0 (Windows NT 10.0; Win64; x64) AppleWebKit/537.36 (KHTML, like Gecko) Chrome/120.0.0.0 Safari/537.36"
20.104.244.165 - - [16/Jun/2026:04:53:24 +0000] "GET /ncx.php HTTP/1.1" 404 194 "-" "Mozilla/5.0 (Windows NT 10.0; Win64; x64) AppleWebKit/537.36 (KHTML, like Gecko) Chrome/120.0.0.0 Safari/537.36"
20.104.244.165 - - [16/Jun/2026:04:53:25 +0000] "GET /wp-admin/js/index.php HTTP/1.1" 404 194 "-" "Mozilla/5.0 (Windows NT 10.0; Win64; x64) AppleWebKit/537.36 (KHTML, like Gecko) Chrome/120.0.0.0 Safari/537.36"
20.104.244.165 - - [16/Jun/2026:04:53:25 +0000] "GET /wso.php HTTP/1.1" 404 194 "-" "Mozilla/5.0 (Windows NT 10.0; Win64; x64) AppleWebKit/537.36 (KHTML, like Gecko) Chrome/120.0.0.0 Safari/537.36"
20.104.244.165 - - [16/Jun/2026:04:53:26 +0000] "GET /zup.php73 HTTP/1.1" 404 22981 "-" "Mozilla/5.0 (Windows NT 10.0; Win64; x64) AppleWebKit/537.36 (KHTML, like Gecko) Chrome/120.0.0.0 Safari/537.36"
20.104.244.165 - - [16/Jun/2026:04:53:26 +0000] "GET /k.php HTTP/1.1" 404 194 "-" "Mozilla/5.0 (Windows NT 10.0; Win64; x64) AppleWebKit/537.36 (KHTML, like Gecko) Chrome/120.0.0.0 Safari/537.36"
20.104.244.165 - - [16/Jun/2026:04:53:26 +0000] "GET /wp-blink.php HTTP/1.1" 404 194 "-" "Mozilla/5.0 (Windows NT 10.0; Win64; x64) AppleWebKit/537.36 (KHTML, like Gecko) Chrome/120.0.0.0 Safari/537.36"
20.104.244.165 - - [16/Jun/2026:04:53:27 +0000] "GET /randkeyword.PhP7 HTTP/1.1" 404 22981 "-" "Mozilla/5.0 (Windows NT 10.0; Win64; x64) AppleWebKit/537.36 (KHTML, like Gecko) Chrome/120.0.0.0 Safari/537.36"
20.104.244.165 - - [16/Jun/2026:04:53:28 +0000] "GET /wp-admin/css/colors/ectoplasm/ HTTP/1.1" 403 193 "-" "Mozilla/5.0 (Windows NT 10.0; Win64; x64) AppleWebKit/537.36 (KHTML, like Gecko) Chrome/120.0.0.0 Safari/537.36"
20.104.244.165 - - [16/Jun/2026:04:53:28 +0000] "GET /wp-content/ HTTP/1.1" 403 193 "-" "Mozilla/5.0 (Windows NT 10.0; Win64; x64) AppleWebKit/537.36 (KHTML, like Gecko) Chrome/120.0.0.0 Safari/537.36"
20.104.244.165 - - [16/Jun/2026:04:53:28 +0000] "GET /ww5.php HTTP/1.1" 404 194 "-" "Mozilla/5.0 (Windows NT 10.0; Win64; x64) AppleWebKit/537.36 (KHTML, like Gecko) Chrome/120.0.0.0 Safari/537.36"
20.104.244.165 - - [16/Jun/2026:04:53:28 +0000] "GET /2.php HTTP/1.1" 404 194 "-" "Mozilla/5.0 (Windows NT 10.0; Win64; x64) AppleWebKit/537.36 (KHTML, like Gecko) Chrome/120.0.0.0 Safari/537.36"
20.104.244.165 - - [16/Jun/2026:04:53:28 +0000] "GET /wp-admin/classwithtostring.php HTTP/1.1" 404 194 "-" "Mozilla/5.0 (Windows NT 10.0; Win64; x64) AppleWebKit/537.36 (KHTML, like Gecko) Chrome/120.0.0.0 Safari/537.36"
20.104.244.165 - - [16/Jun/2026:04:53:28 +0000] "GET /atomlib.php HTTP/1.1" 404 194 "-" "Mozilla/5.0 (Windows NT 10.0; Win64; x64) AppleWebKit/537.36 (KHTML, like Gecko) Chrome/120.0.0.0 Safari/537.36"
20.104.244.165 - - [16/Jun/2026:04:53:28 +0000] "GET /rip.php HTTP/1.1" 404 194 "-" "Mozilla/5.0 (Windows NT 10.0; Win64; x64) AppleWebKit/537.36 (KHTML, like Gecko) Chrome/120.0.0.0 Safari/537.36"
20.104.244.165 - - [16/Jun/2026:04:53:28 +0000] "GET /p.php HTTP/1.1" 404 194 "-" "Mozilla/5.0 (Windows NT 10.0; Win64; x64) AppleWebKit/537.36 (KHTML, like Gecko) Chrome/120.0.0.0 Safari/537.36"
20.104.244.165 - - [16/Jun/2026:04:53:28 +0000] "GET /php.php HTTP/1.1" 404 194 "-" "Mozilla/5.0 (Windows NT 10.0; Win64; x64) AppleWebKit/537.36 (KHTML, like Gecko) Chrome/120.0.0.0 Safari/537.36"
57.129.81.227 - - [16/Jun/2026:04:53:37 +0000] "GET /ile-kosztuje-lot-do-barcelony-przewodnik-po-cenach-i-ofertach-lotow/ HTTP/1.1" 200 33063 "-" "Mozilla/5.0 (Windows NT 10.0; Win64; x64) AppleWebKit/537.36 (KHTML, like Gecko) Chrome/139.0.0.0 Safari/537.36"
57.141.0.24 - - [16/Jun/2026:04:54:02 +0000] "GET /slot-in-linea-con-bonus-immediato/ HTTP/1.1" 404 117274 "-" "meta-externalagent/1.1 (+https://developers.facebook.com/docs/sharing/webmasters/crawler)"
57.141.0.7 - - [16/Jun/2026:04:54:11 +0000] "GET /gioca-thai-flower-gratis-senza-scaricare/ HTTP/1.1" 404 22981 "-" "meta-externalagent/1.1 (+https://developers.facebook.com/docs/sharing/webmasters/crawler)"
57.141.0.15 - - [16/Jun/2026:04:54:12 +0000] "GET /wp-content/litespeed/css/9838862c9b620ccc7da183b23b976788.css?ver=c02af HTTP/1.1" 200 121656 "https://aquacity.com.pl/gioca-thai-flower-gratis-senza-scaricare/" "meta-externalagent/1.1 (+https://developers.facebook.com/docs/sharing/webmasters/crawler)"
57.141.0.33 - - [16/Jun/2026:04:54:13 +0000] "POST /wp-content/plugins/litespeed-cache/guest.vary.php HTTP/1.1" 403 133 "https://aquacity.com.pl/gioca-thai-flower-gratis-senza-scaricare/" "meta-externalagent/1.1 (+https://developers.facebook.com/docs/sharing/webmasters/crawler)"
57.141.0.34 - - [16/Jun/2026:04:54:16 +0000] "GET /colafiesta-casino-50-free-spins/ HTTP/1.1" 404 22980 "-" "meta-externalagent/1.1 (+https://developers.facebook.com/docs/sharing/webmasters/crawler)"
57.141.0.49 - - [16/Jun/2026:04:54:17 +0000] "POST /wp-content/plugins/litespeed-cache/guest.vary.php HTTP/1.1" 403 133 "https://aquacity.com.pl/colafiesta-casino-50-free-spins/" "meta-externalagent/1.1 (+https://developers.facebook.com/docs/sharing/webmasters/crawler)"
57.141.0.65 - - [16/Jun/2026:04:54:22 +0000] "GET /gioca-choco-reels-gratis-senza-scaricare/ HTTP/1.1" 404 22981 "-" "meta-externalagent/1.1 (+https://developers.facebook.com/docs/sharing/webmasters/crawler)"
57.141.0.41 - - [16/Jun/2026:04:54:23 +0000] "GET /wp-content/litespeed/css/9838862c9b620ccc7da183b23b976788.css?ver=c02af HTTP/1.1" 200 121656 "https://aquacity.com.pl/gioca-choco-reels-gratis-senza-scaricare/" "meta-externalagent/1.1 (+https://developers.facebook.com/docs/sharing/webmasters/crawler)"
57.141.0.16 - - [16/Jun/2026:04:54:24 +0000] "POST /wp-content/plugins/litespeed-cache/guest.vary.php HTTP/1.1" 403 133 "https://aquacity.com.pl/gioca-choco-reels-gratis-senza-scaricare/" "meta-externalagent/1.1 (+https://developers.facebook.com/docs/sharing/webmasters/crawler)"
57.141.0.20 - - [16/Jun/2026:04:54:36 +0000] "GET /gioca-reels-of-wealth-gratis-senza-scaricare/ HTTP/1.1" 404 22981 "-" "meta-externalagent/1.1 (+https://developers.facebook.com/docs/sharing/webmasters/crawler)"
57.141.0.29 - - [16/Jun/2026:04:54:36 +0000] "GET /miglior-marcatore-champions/ HTTP/1.1" 404 22981 "-" "meta-externalagent/1.1 (+https://developers.facebook.com/docs/sharing/webmasters/crawler)"
57.141.0.37 - - [16/Jun/2026:04:54:37 +0000] "POST /wp-content/plugins/litespeed-cache/guest.vary.php HTTP/1.1" 403 133 "https://aquacity.com.pl/gioca-reels-of-wealth-gratis-senza-scaricare/" "meta-externalagent/1.1 (+https://developers.facebook.com/docs/sharing/webmasters/crawler)"
57.141.0.29 - - [16/Jun/2026:04:54:37 +0000] "POST /wp-content/plugins/litespeed-cache/guest.vary.php HTTP/1.1" 403 133 "https://aquacity.com.pl/miglior-marcatore-champions/" "meta-externalagent/1.1 (+https://developers.facebook.com/docs/sharing/webmasters/crawler)"
85.208.96.201 - - [16/Jun/2026:04:54:40 +0000] "GET /chemin-de-fer-gambling/ HTTP/1.1" 404 22981 "-" "Mozilla/5.0 (compatible; SemrushBot/7~bl; +http://www.semrush.com/bot.html)"
114.119.142.207 - - [16/Jun/2026:04:54:47 +0000] "GET /category/blog/page/9/ HTTP/1.1" 200 23765 "https://aquacity.com.pl/category/blog/page/8/" "Mozilla/5.0 (Linux; Android 7.0;) AppleWebKit/537.36 (HTML, like Gecko) Mobile Safari/537.36 (compatible; PetalBot;+https://webmaster.petalsearch.com/site/petalbot)"
57.141.0.34 - - [16/Jun/2026:04:54:50 +0000] "GET /sistemi-roulette-settori/ HTTP/1.1" 404 117274 "-" "meta-externalagent/1.1 (+https://developers.facebook.com/docs/sharing/webmasters/crawler)"
57.141.0.24 - - [16/Jun/2026:04:55:02 +0000] "GET /bonus-casino-senza-deposito-stranieri/ HTTP/1.1" 404 117274 "-" "meta-externalagent/1.1 (+https://developers.facebook.com/docs/sharing/webmasters/crawler)"
57.141.0.34 - - [16/Jun/2026:04:55:19 +0000] "GET /cobonanza-casino-50-free-spins/ HTTP/1.1" 404 117274 "-" "meta-externalagent/1.1 (+https://developers.facebook.com/docs/sharing/webmasters/crawler)"
57.141.0.17 - - [16/Jun/2026:04:55:33 +0000] "GET /codice-bonus-terrybet/ HTTP/1.1" 404 117274 "-" "meta-externalagent/1.1 (+https://developers.facebook.com/docs/sharing/webmasters/crawler)"
185.191.171.5 - - [16/Jun/2026:04:55:42 +0000] "GET /casino-aams-online/ HTTP/1.1" 404 22983 "-" "Mozilla/5.0 (compatible; SemrushBot/7~bl; +http://www.semrush.com/bot.html)"
57.141.0.41 - - [16/Jun/2026:04:55:49 +0000] "GET /strategie-in-linea-roulette/ HTTP/1.1" 404 22981 "-" "meta-externalagent/1.1 (+https://developers.facebook.com/docs/sharing/webmasters/crawler)"
57.141.0.55 - - [16/Jun/2026:04:55:50 +0000] "POST /wp-content/plugins/litespeed-cache/guest.vary.php HTTP/1.1" 403 133 "https://aquacity.com.pl/strategie-in-linea-roulette/" "meta-externalagent/1.1 (+https://developers.facebook.com/docs/sharing/webmasters/crawler)"
57.141.0.61 - - [16/Jun/2026:04:55:50 +0000] "GET /puntoscommesse-casino-no-deposit-bonus/ HTTP/1.1" 404 22981 "-" "meta-externalagent/1.1 (+https://developers.facebook.com/docs/sharing/webmasters/crawler)"
185.191.171.8 - - [16/Jun/2026:04:55:51 +0000] "GET /trucchi-casino-live/ HTTP/1.1" 404 22981 "-" "Mozilla/5.0 (compatible; SemrushBot/7~bl; +http://www.semrush.com/bot.html)"
57.141.0.64 - - [16/Jun/2026:04:55:51 +0000] "POST /wp-content/plugins/litespeed-cache/guest.vary.php HTTP/1.1" 403 133 "https://aquacity.com.pl/puntoscommesse-casino-no-deposit-bonus/" "meta-externalagent/1.1 (+https://developers.facebook.com/docs/sharing/webmasters/crawler)"
57.141.0.57 - - [16/Jun/2026:04:55:54 +0000] "GET /roulette-in-linea-vincite/ HTTP/1.1" 404 22981 "-" "meta-externalagent/1.1 (+https://developers.facebook.com/docs/sharing/webmasters/crawler)"
57.141.0.2 - - [16/Jun/2026:04:55:54 +0000] "POST /wp-content/plugins/litespeed-cache/guest.vary.php HTTP/1.1" 403 133 "https://aquacity.com.pl/roulette-in-linea-vincite/" "meta-externalagent/1.1 (+https://developers.facebook.com/docs/sharing/webmasters/crawler)"
57.141.0.45 - - [16/Jun/2026:04:56:01 +0000] "GET /guida-giochi-casino/ HTTP/1.1" 404 117274 "-" "meta-externalagent/1.1 (+https://developers.facebook.com/docs/sharing/webmasters/crawler)"
114.119.142.207 - - [16/Jun/2026:04:56:10 +0000] "GET /casino-macchinette-slot/ HTTP/1.1" 404 20108 "https://aquacity.com.pl/casino-macchinette-slot/" "Mozilla/5.0 (Linux; Android 7.0;) AppleWebKit/537.36 (HTML, like Gecko) Mobile Safari/537.36 (compatible; PetalBot;+https://webmaster.petalsearch.com/site/petalbot)"
57.141.0.1 - - [16/Jun/2026:04:56:10 +0000] "GET /giochi-roulette/ HTTP/1.1" 404 22981 "-" "meta-externalagent/1.1 (+https://developers.facebook.com/docs/sharing/webmasters/crawler)"
57.141.0.3 - - [16/Jun/2026:04:56:11 +0000] "POST /wp-content/plugins/litespeed-cache/guest.vary.php HTTP/1.1" 403 133 "https://aquacity.com.pl/giochi-roulette/" "meta-externalagent/1.1 (+https://developers.facebook.com/docs/sharing/webmasters/crawler)"
57.141.0.45 - - [16/Jun/2026:04:56:24 +0000] "GET /burraco-come-si-gioca/ HTTP/1.1" 404 117274 "-" "meta-externalagent/1.1 (+https://developers.facebook.com/docs/sharing/webmasters/crawler)"
57.141.0.41 - - [16/Jun/2026:04:56:26 +0000] "GET /starburst-casino-bonus-senza-deposito/ HTTP/1.1" 404 117274 "-" "meta-externalagent/1.1 (+https://developers.facebook.com/docs/sharing/webmasters/crawler)"
85.208.96.210 - - [16/Jun/2026:04:56:28 +0000] "GET /belote-%C3%A8-un-gioco/ HTTP/1.1" 404 22981 "-" "Mozilla/5.0 (compatible; SemrushBot/7~bl; +http://www.semrush.com/bot.html)"
57.141.0.34 - - [16/Jun/2026:04:56:34 +0000] "GET /joker-carte/ HTTP/1.1" 404 117274 "-" "meta-externalagent/1.1 (+https://developers.facebook.com/docs/sharing/webmasters/crawler)"
57.141.0.68 - - [16/Jun/2026:04:57:20 +0000] "GET /vincite-casino-online-2025/ HTTP/1.1" 404 22981 "-" "meta-externalagent/1.1 (+https://developers.facebook.com/docs/sharing/webmasters/crawler)"
57.141.0.40 - - [16/Jun/2026:04:57:21 +0000] "GET /wp-content/litespeed/css/9838862c9b620ccc7da183b23b976788.css?ver=c02af HTTP/1.1" 200 121656 "https://aquacity.com.pl/vincite-casino-online-2025/" "meta-externalagent/1.1 (+https://developers.facebook.com/docs/sharing/webmasters/crawler)"
57.141.0.40 - - [16/Jun/2026:04:57:21 +0000] "POST /wp-content/plugins/litespeed-cache/guest.vary.php HTTP/1.1" 403 133 "https://aquacity.com.pl/vincite-casino-online-2025/" "meta-externalagent/1.1 (+https://developers.facebook.com/docs/sharing/webmasters/crawler)"
184.107.244.93 - - [16/Jun/2026:04:57:22 +0000] "GET /wp-login.php HTTP/1.1" 200 3212 "-" "Mozilla/5.0 (X11; Ubuntu; Linux x86_64) AppleWebKit/537.36 (KHTML, like Gecko) Chrome/133.0.0.0 Safari/537.36"
184.107.244.93 - - [16/Jun/2026:04:57:23 +0000] "POST /wp-login.php HTTP/1.1" 200 4307 "https://aquacity.com.pl/wp-login.php" "Mozilla/5.0 (X11; Ubuntu; Linux x86_64) AppleWebKit/537.36 (KHTML, like Gecko) Chrome/133.0.0.0 Safari/537.36"
43.173.181.221 - - [16/Jun/2026:04:57:23 +0000] "GET /ile-kosztuje-lot-do-las-vegas-przewodnik-po-cenach-biletow-i-oszczednosciach HTTP/1.1" 301 5 "-" "Mozilla/5.0 (Windows NT 10.0; Win64; x64) AppleWebKit/537.36 (KHTML, like Gecko) Chrome/106.0.5249.119 Safari/537.36"
57.141.0.64 - - [16/Jun/2026:04:57:23 +0000] "GET /giocare-gratis-european-roulette-online/ HTTP/1.1" 404 117274 "-" "meta-externalagent/1.1 (+https://developers.facebook.com/docs/sharing/webmasters/crawler)"
185.191.171.15 - - [16/Jun/2026:04:57:25 +0000] "GET /palm-casino-bonus-senza-deposito/ HTTP/1.1" 404 22981 "-" "Mozilla/5.0 (compatible; SemrushBot/7~bl; +http://www.semrush.com/bot.html)"
43.172.197.62 - - [16/Jun/2026:04:57:25 +0000] "GET /ile-kosztuje-lot-do-las-vegas-przewodnik-po-cenach-biletow-i-oszczednosciach/ HTTP/1.1" 200 32367 "-" "Mozilla/5.0 (Windows NT 10.0; Win64; x64) AppleWebKit/537.36 (KHTML, like Gecko) Chrome/106.0.5249.119 Safari/537.36"
43.173.174.148 - - [16/Jun/2026:04:57:29 +0000] "POST /wp-content/plugins/litespeed-cache/guest.vary.php HTTP/1.1" 403 193 "https://aquacity.com.pl/ile-kosztuje-lot-do-las-vegas-przewodnik-po-cenach-biletow-i-oszczednosciach/" "Mozilla/5.0 (Windows NT 10.0; Win64; x64) AppleWebKit/537.36 (KHTML, like Gecko) Chrome/106.0.5249.119 Safari/537.36"
114.119.152.59 - - [16/Jun/2026:04:57:34 +0000] "GET /okolica/159-opis-o%C5%9Brodka-narciarskiego-tatrza%C5%84ska-%C5%82omnica-kolejki,-wyci%C4%85gi,-trasy HTTP/1.1" 301 5 "http://www.aquacity.com.pl/okolica/120-wysokie-tatry-zim%C4%85/156-wysokie-tatry-opis-o%C5%9Brodka" "Mozilla/5.0 (Linux; Android 7.0;) AppleWebKit/537.36 (HTML, like Gecko) Mobile Safari/537.36 (compatible; PetalBot;+https://webmaster.petalsearch.com/site/petalbot)"
57.141.0.37 - - [16/Jun/2026:04:57:34 +0000] "GET /pinnacola-online/ HTTP/1.1" 404 117274 "-" "meta-externalagent/1.1 (+https://developers.facebook.com/docs/sharing/webmasters/crawler)"
114.119.152.59 - - [16/Jun/2026:04:57:37 +0000] "GET /okolica/159-opis-o%C5%9Brodka-narciarskiego-tatrza%C5%84ska-%C5%82omnica-kolejki,-wyci%C4%85gi,-trasy HTTP/1.1" 404 20110 "http://www.aquacity.com.pl/okolica/120-wysokie-tatry-zim%C4%85/156-wysokie-tatry-opis-o%C5%9Brodka" "Mozilla/5.0 (Linux; Android 7.0;) AppleWebKit/537.36 (HTML, like Gecko) Mobile Safari/537.36 (compatible; PetalBot;+https://webmaster.petalsearch.com/site/petalbot)"
85.208.96.212 - - [16/Jun/2026:04:57:45 +0000] "GET /le-migliori-slot-machine-in-linea/ HTTP/1.1" 404 22981 "-" "Mozilla/5.0 (compatible; SemrushBot/7~bl; +http://www.semrush.com/bot.html)"
198.57.247.165 - - [16/Jun/2026:04:57:58 +0000] "GET /wp-login.php HTTP/1.1" 499 0 "-" "Mozilla/5.0 (Windows NT 10.0; Win64; x64) AppleWebKit/537.36 (KHTML, like Gecko) Chrome/120.0.0.0 Safari/537.36"
192.169.174.130 - - [16/Jun/2026:04:58:00 +0000] "GET /wp-login.php HTTP/1.1" 499 0 "-" "Mozilla/5.0 (Windows NT 10.0; Win64; x64) AppleWebKit/537.36 (KHTML, like Gecko) Chrome/120.0.0.0 Safari/537.36"
43.173.1.57 - - [16/Jun/2026:04:58:02 +0000] "GET / HTTP/1.1" 301 5 "http://www.aquacity.com.pl" "Mozilla/5.0 (iPhone; CPU iPhone OS 13_2_3 like Mac OS X) AppleWebKit/605.1.15 (KHTML, like Gecko) Version/13.0.3 Mobile/15E148 Safari/604.1"
43.173.1.57 - - [16/Jun/2026:04:58:05 +0000] "GET / HTTP/1.1" 200 28255 "https://www.aquacity.com.pl/" "Mozilla/5.0 (iPhone; CPU iPhone OS 13_2_3 like Mac OS X) AppleWebKit/605.1.15 (KHTML, like Gecko) Version/13.0.3 Mobile/15E148 Safari/604.1"
57.141.0.28 - - [16/Jun/2026:04:58:05 +0000] "GET /bonus-dei-casin%C3%B2/ HTTP/1.1" 404 22981 "-" "meta-externalagent/1.1 (+https://developers.facebook.com/docs/sharing/webmasters/crawler)"
57.141.0.3 - - [16/Jun/2026:04:58:06 +0000] "POST /wp-content/plugins/litespeed-cache/guest.vary.php HTTP/1.1" 403 133 "https://aquacity.com.pl/bonus-dei-casin%C3%B2/" "meta-externalagent/1.1 (+https://developers.facebook.com/docs/sharing/webmasters/crawler)"
57.141.0.24 - - [16/Jun/2026:04:58:17 +0000] "GET /casino-non-aams-migliori/ HTTP/1.1" 404 117274 "-" "meta-externalagent/1.1 (+https://developers.facebook.com/docs/sharing/webmasters/crawler)"
57.141.0.30 - - [16/Jun/2026:04:58:21 +0000] "GET /giocare-blackjack/ HTTP/1.1" 404 22981 "-" "meta-externalagent/1.1 (+https://developers.facebook.com/docs/sharing/webmasters/crawler)"
57.141.0.5 - - [16/Jun/2026:04:58:22 +0000] "GET /wp-content/litespeed/css/9838862c9b620ccc7da183b23b976788.css?ver=c02af HTTP/1.1" 200 121656 "https://aquacity.com.pl/giocare-blackjack/" "meta-externalagent/1.1 (+https://developers.facebook.com/docs/sharing/webmasters/crawler)"
57.141.0.26 - - [16/Jun/2026:04:58:22 +0000] "POST /wp-content/plugins/litespeed-cache/guest.vary.php HTTP/1.1" 403 133 "https://aquacity.com.pl/giocare-blackjack/" "meta-externalagent/1.1 (+https://developers.facebook.com/docs/sharing/webmasters/crawler)"
57.141.0.1 - - [16/Jun/2026:04:58:23 +0000] "GET /slot-bonus/ HTTP/1.1" 404 117274 "-" "meta-externalagent/1.1 (+https://developers.facebook.com/docs/sharing/webmasters/crawler)"
85.208.96.208 - - [16/Jun/2026:04:58:27 +0000] "GET /papara-casino-bonus-senza-deposito/ HTTP/1.1" 404 22981 "-" "Mozilla/5.0 (compatible; SemrushBot/7~bl; +http://www.semrush.com/bot.html)"
57.141.0.68 - - [16/Jun/2026:04:58:32 +0000] "GET /slot-con-bonus-benvenuto/ HTTP/1.1" 404 117274 "-" "meta-externalagent/1.1 (+https://developers.facebook.com/docs/sharing/webmasters/crawler)"
85.208.96.202 - - [16/Jun/2026:04:58:34 +0000] "GET /macchinette-gioco-d-azzardo/ HTTP/1.1" 404 22981 "-" "Mozilla/5.0 (compatible; SemrushBot/7~bl; +http://www.semrush.com/bot.html)"
57.141.0.65 - - [16/Jun/2026:04:58:44 +0000] "GET /roulette-online-gratis-senza-scaricare/ HTTP/1.1" 404 22981 "-" "meta-externalagent/1.1 (+https://developers.facebook.com/docs/sharing/webmasters/crawler)"
57.141.0.52 - - [16/Jun/2026:04:58:44 +0000] "POST /wp-content/plugins/litespeed-cache/guest.vary.php HTTP/1.1" 403 133 "https://aquacity.com.pl/roulette-online-gratis-senza-scaricare/" "meta-externalagent/1.1 (+https://developers.facebook.com/docs/sharing/webmasters/crawler)"
57.141.0.12 - - [16/Jun/2026:04:58:45 +0000] "GET /strategia-roulette-in-linea/ HTTP/1.1" 404 22981 "-" "meta-externalagent/1.1 (+https://developers.facebook.com/docs/sharing/webmasters/crawler)"
57.141.0.7 - - [16/Jun/2026:04:58:46 +0000] "POST /wp-content/plugins/litespeed-cache/guest.vary.php HTTP/1.1" 403 133 "https://aquacity.com.pl/strategia-roulette-in-linea/" "meta-externalagent/1.1 (+https://developers.facebook.com/docs/sharing/webmasters/crawler)"
185.191.171.1 - - [16/Jun/2026:04:58:51 +0000] "GET /i-migliori-siti-scommesse/ HTTP/1.1" 404 22981 "-" "Mozilla/5.0 (compatible; SemrushBot/7~bl; +http://www.semrush.com/bot.html)"
185.191.171.4 - - [16/Jun/2026:04:59:07 +0000] "GET /siti-slot-e-scommesse/ HTTP/1.1" 404 22981 "-" "Mozilla/5.0 (compatible; SemrushBot/7~bl; +http://www.semrush.com/bot.html)"
185.191.171.19 - - [16/Jun/2026:04:59:14 +0000] "GET /casino-in-linea-i-migliori/ HTTP/1.1" 404 22981 "-" "Mozilla/5.0 (compatible; SemrushBot/7~bl; +http://www.semrush.com/bot.html)"
57.141.0.31 - - [16/Jun/2026:04:59:17 +0000] "GET /migliori-casino-aams/ HTTP/1.1" 404 117274 "-" "meta-externalagent/1.1 (+https://developers.facebook.com/docs/sharing/webmasters/crawler)"
85.208.96.210 - - [16/Jun/2026:04:59:20 +0000] "GET /playson/ HTTP/1.1" 404 22981 "-" "Mozilla/5.0 (compatible; SemrushBot/7~bl; +http://www.semrush.com/bot.html)"
57.141.0.6 - - [16/Jun/2026:04:59:30 +0000] "GET /giocare-slot-machine-gratis/ HTTP/1.1" 404 117274 "-" "meta-externalagent/1.1 (+https://developers.facebook.com/docs/sharing/webmasters/crawler)"
185.191.171.14 - - [16/Jun/2026:04:59:36 +0000] "GET /app-casin%C3%B2-e-slot/ HTTP/1.1" 404 22981 "-" "Mozilla/5.0 (compatible; SemrushBot/7~bl; +http://www.semrush.com/bot.html)"
57.141.0.22 - - [16/Jun/2026:04:59:38 +0000] "GET /blackjack-con-croupier/ HTTP/1.1" 404 117274 "-" "meta-externalagent/1.1 (+https://developers.facebook.com/docs/sharing/webmasters/crawler)"
185.191.171.16 - - [16/Jun/2026:04:59:54 +0000] "GET /roulette-numero-pieno/ HTTP/1.1" 404 22981 "-" "Mozilla/5.0 (compatible; SemrushBot/7~bl; +http://www.semrush.com/bot.html)"
57.141.0.57 - - [16/Jun/2026:05:00:05 +0000] "GET /quanti-casin%C3%B2-ci-sono-in-europa/ HTTP/1.1" 404 22981 "-" "meta-externalagent/1.1 (+https://developers.facebook.com/docs/sharing/webmasters/crawler)"
57.141.0.1 - - [16/Jun/2026:05:00:06 +0000] "GET /slot-machine-gratis-senza-soldi-senza-registrazione/ HTTP/1.1" 404 117274 "-" "meta-externalagent/1.1 (+https://developers.facebook.com/docs/sharing/webmasters/crawler)"
57.141.0.45 - - [16/Jun/2026:05:00:06 +0000] "POST /wp-content/plugins/litespeed-cache/guest.vary.php HTTP/1.1" 403 133 "https://aquacity.com.pl/quanti-casin%C3%B2-ci-sono-in-europa/" "meta-externalagent/1.1 (+https://developers.facebook.com/docs/sharing/webmasters/crawler)"
57.141.0.58 - - [16/Jun/2026:05:00:11 +0000] "GET /roulette-on-line/ HTTP/1.1" 404 117274 "-" "meta-externalagent/1.1 (+https://developers.facebook.com/docs/sharing/webmasters/crawler)"
57.141.0.1 - - [16/Jun/2026:05:00:20 +0000] "GET /giochi-di-burraco-gratis-online/ HTTP/1.1" 404 117274 "-" "meta-externalagent/1.1 (+https://developers.facebook.com/docs/sharing/webmasters/crawler)"
57.141.0.31 - - [16/Jun/2026:05:00:30 +0000] "GET /gioca-hot-twenty-gratis-senza-scaricare/ HTTP/1.1" 404 117274 "-" "meta-externalagent/1.1 (+https://developers.facebook.com/docs/sharing/webmasters/crawler)"
78.142.18.172 - - [16/Jun/2026:05:00:34 +0000] "GET /wp-login.php HTTP/1.1" 200 3212 "-" "Mozilla/5.0 (X11; Ubuntu; Linux x86_64) AppleWebKit/537.36 (KHTML, like Gecko) Chrome/133.0.0.0 Safari/537.36"
78.142.18.172 - - [16/Jun/2026:05:00:35 +0000] "POST /wp-login.php HTTP/1.1" 200 4307 "https://www.aquacity.com.pl/wp-login.php" "Mozilla/5.0 (X11; Ubuntu; Linux x86_64) AppleWebKit/537.36 (KHTML, like Gecko) Chrome/133.0.0.0 Safari/537.36"
57.141.0.60 - - [16/Jun/2026:05:00:41 +0000] "GET /slot-gratis-senza-scaricare-e-senza-soldi/ HTTP/1.1" 404 22981 "-" "meta-externalagent/1.1 (+https://developers.facebook.com/docs/sharing/webmasters/crawler)"
57.141.0.47 - - [16/Jun/2026:05:00:42 +0000] "POST /wp-content/plugins/litespeed-cache/guest.vary.php HTTP/1.1" 403 133 "https://aquacity.com.pl/slot-gratis-senza-scaricare-e-senza-soldi/" "meta-externalagent/1.1 (+https://developers.facebook.com/docs/sharing/webmasters/crawler)"
85.208.96.201 - - [16/Jun/2026:05:00:46 +0000] "GET /casin%C3%B2-europei/ HTTP/1.1" 404 22981 "-" "Mozilla/5.0 (compatible; SemrushBot/7~bl; +http://www.semrush.com/bot.html)"
57.141.0.12 - - [16/Jun/2026:05:00:48 +0000] "GET /casino-virtuale-gratis/ HTTP/1.1" 404 117274 "-" "meta-externalagent/1.1 (+https://developers.facebook.com/docs/sharing/webmasters/crawler)"
57.141.0.31 - - [16/Jun/2026:05:00:50 +0000] "GET /gioca-legacy-of-ra-megaways-gratis-senza-scaricare/ HTTP/1.1" 404 22984 "-" "meta-externalagent/1.1 (+https://developers.facebook.com/docs/sharing/webmasters/crawler)"
57.141.0.38 - - [16/Jun/2026:05:00:50 +0000] "GET /il-miglior-casin%C3%B2-italiano/ HTTP/1.1" 404 117274 "-" "meta-externalagent/1.1 (+https://developers.facebook.com/docs/sharing/webmasters/crawler)"
57.141.0.65 - - [16/Jun/2026:05:00:50 +0000] "GET /costake-casino-no-deposit-bonus/ HTTP/1.1" 404 117274 "-" "meta-externalagent/1.1 (+https://developers.facebook.com/docs/sharing/webmasters/crawler)"
