74.7.228.193 - - [16/Jun/2026:10:10:45 +0000] "GET /wyjazd-do-usa-co-potrzeba-do-bezproblemowej-podrozy/ HTTP/1.1" 200 30914 "https://aquacity.com.pl/ile-kosztuje-wyjazd-do-zakopanego-na-3-dni-przewodnik-po-cenach-i-atrakcjach/" "Mozilla/5.0 (Macintosh; Intel Mac OS X 10_15_7) AppleWebKit/537.36 (KHTML, like Gecko) Chrome/131.0.0.0 Safari/537.36; compatible; OAI-SearchBot/1.4; +https://openai.com/searchbot"
74.7.227.16 - - [16/Jun/2026:10:10:46 +0000] "GET /?p=421 HTTP/1.1" 301 5 "https://aquacity.com.pl/wyjazd-do-usa-co-potrzeba-do-bezproblemowej-podrozy/" "Mozilla/5.0 AppleWebKit/537.36 (KHTML, like Gecko; compatible; GPTBot/1.4; +https://openai.com/gptbot)"
74.7.229.92 - - [16/Jun/2026:10:10:47 +0000] "GET /feed/ HTTP/1.1" 200 66550 "https://aquacity.com.pl/ile-kosztuje-wyjazd-do-zakopanego-na-3-dni-przewodnik-po-cenach-i-atrakcjach/" "Mozilla/5.0 (Macintosh; Intel Mac OS X 10_15_7) AppleWebKit/537.36 (KHTML, like Gecko) Chrome/131.0.0.0 Safari/537.36; compatible; OAI-SearchBot/1.4; +https://openai.com/searchbot"
74.7.227.16 - - [16/Jun/2026:10:10:47 +0000] "GET /wyjazd-do-usa-co-potrzeba-do-bezproblemowej-podrozy/ HTTP/1.1" 200 30915 "https://aquacity.com.pl/?p=421" "Mozilla/5.0 AppleWebKit/537.36 (KHTML, like Gecko; compatible; GPTBot/1.4; +https://openai.com/gptbot)"
74.7.228.193 - - [16/Jun/2026:10:10:49 +0000] "GET /wp-json/oembed/1.0/embed?format=xml&url=https%3A%2F%2Faquacity.com.pl%2File-kosztuje-wyjazd-do-zakopanego-na-3-dni-przewodnik-po-cenach-i-atrakcjach%2F HTTP/1.1" 200 1244 "https://aquacity.com.pl/ile-kosztuje-wyjazd-do-zakopanego-na-3-dni-przewodnik-po-cenach-i-atrakcjach/" "Mozilla/5.0 (Macintosh; Intel Mac OS X 10_15_7) AppleWebKit/537.36 (KHTML, like Gecko) Chrome/131.0.0.0 Safari/537.36; compatible; OAI-SearchBot/1.4; +https://openai.com/searchbot"
74.7.229.181 - - [16/Jun/2026:10:10:51 +0000] "GET /category/porady-podroznicze/ HTTP/1.1" 200 25127 "https://aquacity.com.pl/ile-kosztuje-wyjazd-do-zakopanego-na-3-dni-przewodnik-po-cenach-i-atrakcjach/" "Mozilla/5.0 (Macintosh; Intel Mac OS X 10_15_7) AppleWebKit/537.36 (KHTML, like Gecko) Chrome/131.0.0.0 Safari/537.36; compatible; OAI-SearchBot/1.4; +https://openai.com/searchbot"
74.7.227.16 - - [16/Jun/2026:10:10:52 +0000] "GET /wp-json/wp/v2/posts/421 HTTP/1.1" 200 7000 "https://aquacity.com.pl/?p=421" "Mozilla/5.0 AppleWebKit/537.36 (KHTML, like Gecko; compatible; GPTBot/1.4; +https://openai.com/gptbot)"
74.7.229.181 - - [16/Jun/2026:10:10:53 +0000] "GET /ile-kosztuje-wyjazd-do-zakopanego-na-3-dni-przewodnik-po-cenach-i-atrakcjach/feed/ HTTP/1.1" 200 945 "https://aquacity.com.pl/ile-kosztuje-wyjazd-do-zakopanego-na-3-dni-przewodnik-po-cenach-i-atrakcjach/" "Mozilla/5.0 (Macintosh; Intel Mac OS X 10_15_7) AppleWebKit/537.36 (KHTML, like Gecko) Chrome/131.0.0.0 Safari/537.36; compatible; OAI-SearchBot/1.4; +https://openai.com/searchbot"
74.7.228.193 - - [16/Jun/2026:10:10:55 +0000] "GET /regulamin/ HTTP/1.1" 200 29335 "https://aquacity.com.pl/ile-kosztuje-wyjazd-do-zakopanego-na-3-dni-przewodnik-po-cenach-i-atrakcjach/" "Mozilla/5.0 (Macintosh; Intel Mac OS X 10_15_7) AppleWebKit/537.36 (KHTML, like Gecko) Chrome/131.0.0.0 Safari/537.36; compatible; OAI-SearchBot/1.4; +https://openai.com/searchbot"
74.7.227.16 - - [16/Jun/2026:10:10:55 +0000] "GET /wp-json/oembed/1.0/embed?url=https%3A%2F%2Faquacity.com.pl%2Fwyjazd-do-usa-co-potrzeba-do-bezproblemowej-podrozy%2F HTTP/1.1" 200 1181 "https://aquacity.com.pl/?p=421" "Mozilla/5.0 AppleWebKit/537.36 (KHTML, like Gecko; compatible; GPTBot/1.4; +https://openai.com/gptbot)"
74.7.243.38 - - [16/Jun/2026:10:10:56 +0000] "GET /category/polska/ HTTP/1.1" 200 24837 "https://aquacity.com.pl/ile-kosztuje-wyjazd-do-zakopanego-na-3-dni-przewodnik-po-cenach-i-atrakcjach/" "Mozilla/5.0 (Macintosh; Intel Mac OS X 10_15_7) AppleWebKit/537.36 (KHTML, like Gecko) Chrome/131.0.0.0 Safari/537.36; compatible; OAI-SearchBot/1.4; +https://openai.com/searchbot"
74.7.227.16 - - [16/Jun/2026:10:10:58 +0000] "GET /wp-json/oembed/1.0/embed?format=xml&url=https%3A%2F%2Faquacity.com.pl%2Fwyjazd-do-usa-co-potrzeba-do-bezproblemowej-podrozy%2F HTTP/1.1" 200 1227 "https://aquacity.com.pl/?p=421" "Mozilla/5.0 AppleWebKit/537.36 (KHTML, like Gecko; compatible; GPTBot/1.4; +https://openai.com/gptbot)"
74.7.228.208 - - [16/Jun/2026:10:10:58 +0000] "GET /category/stany-zjednoczone/ HTTP/1.1" 200 24486 "https://aquacity.com.pl/ile-kosztuje-wyjazd-do-zakopanego-na-3-dni-przewodnik-po-cenach-i-atrakcjach/" "Mozilla/5.0 (Macintosh; Intel Mac OS X 10_15_7) AppleWebKit/537.36 (KHTML, like Gecko) Chrome/131.0.0.0 Safari/537.36; compatible; OAI-SearchBot/1.4; +https://openai.com/searchbot"
74.7.229.181 - - [16/Jun/2026:10:10:59 +0000] "GET /polityka-prywatnosci/ HTTP/1.1" 200 32153 "https://aquacity.com.pl/ile-kosztuje-wyjazd-do-zakopanego-na-3-dni-przewodnik-po-cenach-i-atrakcjach/" "Mozilla/5.0 (Macintosh; Intel Mac OS X 10_15_7) AppleWebKit/537.36 (KHTML, like Gecko) Chrome/131.0.0.0 Safari/537.36; compatible; OAI-SearchBot/1.4; +https://openai.com/searchbot"
74.7.227.16 - - [16/Jun/2026:10:11:00 +0000] "GET /wp-json/oembed/1.0/embed?url=https%3A%2F%2Faquacity.com.pl%2Fwyjazd-do-usa-co-potrzeba-do-bezproblemowej-podrozy%2F HTTP/1.1" 200 1185 "https://aquacity.com.pl/?p=421" "Mozilla/5.0 AppleWebKit/537.36 (KHTML, like Gecko; compatible; GPTBot/1.4; +https://openai.com/gptbot)"
74.7.228.208 - - [16/Jun/2026:10:11:00 +0000] "GET /?p=423 HTTP/1.1" 301 5 "https://aquacity.com.pl/ile-kosztuje-wyjazd-do-zakopanego-na-3-dni-przewodnik-po-cenach-i-atrakcjach/" "Mozilla/5.0 (Macintosh; Intel Mac OS X 10_15_7) AppleWebKit/537.36 (KHTML, like Gecko) Chrome/131.0.0.0 Safari/537.36; compatible; OAI-SearchBot/1.4; +https://openai.com/searchbot"
74.7.229.92 - - [16/Jun/2026:10:11:02 +0000] "GET /?p=172 HTTP/1.1" 301 5 "https://aquacity.com.pl/polityka-prywatnosci/" "Mozilla/5.0 (Macintosh; Intel Mac OS X 10_15_7) AppleWebKit/537.36 (KHTML, like Gecko) Chrome/131.0.0.0 Safari/537.36; compatible; OAI-SearchBot/1.4; +https://openai.com/searchbot"
74.7.227.16 - - [16/Jun/2026:10:11:02 +0000] "GET /wp-json/oembed/1.0/embed?format=xml&url=https%3A%2F%2Faquacity.com.pl%2Fwyjazd-do-usa-co-potrzeba-do-bezproblemowej-podrozy%2F HTTP/1.1" 200 1227 "https://aquacity.com.pl/?p=421" "Mozilla/5.0 AppleWebKit/537.36 (KHTML, like Gecko; compatible; GPTBot/1.4; +https://openai.com/gptbot)"
74.7.242.151 - - [16/Jun/2026:10:11:03 +0000] "GET /category/blog/ HTTP/1.1" 200 28153 "https://aquacity.com.pl/ile-kosztuje-wyjazd-do-zakopanego-na-3-dni-przewodnik-po-cenach-i-atrakcjach/" "Mozilla/5.0 (Macintosh; Intel Mac OS X 10_15_7) AppleWebKit/537.36 (KHTML, like Gecko) Chrome/131.0.0.0 Safari/537.36; compatible; OAI-SearchBot/1.4; +https://openai.com/searchbot"
74.7.227.16 - - [16/Jun/2026:10:11:04 +0000] "GET /wp-json/wp/v2/posts/421 HTTP/1.1" 200 7000 "https://aquacity.com.pl/?p=421" "Mozilla/5.0 AppleWebKit/537.36 (KHTML, like Gecko; compatible; GPTBot/1.4; +https://openai.com/gptbot)"
74.7.243.38 - - [16/Jun/2026:10:11:05 +0000] "GET / HTTP/1.1" 200 31818 "https://aquacity.com.pl/ile-kosztuje-wyjazd-do-zakopanego-na-3-dni-przewodnik-po-cenach-i-atrakcjach/" "Mozilla/5.0 (Macintosh; Intel Mac OS X 10_15_7) AppleWebKit/537.36 (KHTML, like Gecko) Chrome/131.0.0.0 Safari/537.36; compatible; OAI-SearchBot/1.4; +https://openai.com/searchbot"
74.7.229.181 - - [16/Jun/2026:10:11:05 +0000] "GET /xmlrpc.php HTTP/1.1" 403 193 "https://aquacity.com.pl/ile-kosztuje-wyjazd-do-zakopanego-na-3-dni-przewodnik-po-cenach-i-atrakcjach/" "Mozilla/5.0 (Macintosh; Intel Mac OS X 10_15_7) AppleWebKit/537.36 (KHTML, like Gecko) Chrome/131.0.0.0 Safari/537.36; compatible; OAI-SearchBot/1.4; +https://openai.com/searchbot"
74.7.227.16 - - [16/Jun/2026:10:11:05 +0000] "GET /?p=170 HTTP/1.1" 301 5 "https://aquacity.com.pl/regulamin/" "Mozilla/5.0 AppleWebKit/537.36 (KHTML, like Gecko; compatible; GPTBot/1.4; +https://openai.com/gptbot)"
74.7.227.16 - - [16/Jun/2026:10:11:06 +0000] "GET /regulamin/ HTTP/1.1" 200 29336 "https://aquacity.com.pl/?p=170" "Mozilla/5.0 AppleWebKit/537.36 (KHTML, like Gecko; compatible; GPTBot/1.4; +https://openai.com/gptbot)"
74.7.228.208 - - [16/Jun/2026:10:11:07 +0000] "GET /wp-json/oembed/1.0/embed?url=https%3A%2F%2Faquacity.com.pl%2File-kosztuje-wyjazd-do-zakopanego-na-3-dni-przewodnik-po-cenach-i-atrakcjach%2F HTTP/1.1" 200 1206 "https://aquacity.com.pl/ile-kosztuje-wyjazd-do-zakopanego-na-3-dni-przewodnik-po-cenach-i-atrakcjach/" "Mozilla/5.0 (Macintosh; Intel Mac OS X 10_15_7) AppleWebKit/537.36 (KHTML, like Gecko) Chrome/131.0.0.0 Safari/537.36; compatible; OAI-SearchBot/1.4; +https://openai.com/searchbot"
74.7.243.38 - - [16/Jun/2026:10:11:07 +0000] "GET /wp-content/plugins/elementor-pro/modules/lottie/assets/animations/default.json HTTP/1.1" 200 15573 "https://aquacity.com.pl/ile-kosztuje-wyjazd-do-zakopanego-na-3-dni-przewodnik-po-cenach-i-atrakcjach/" "Mozilla/5.0 (Macintosh; Intel Mac OS X 10_15_7) AppleWebKit/537.36 (KHTML, like Gecko) Chrome/131.0.0.0 Safari/537.36; compatible; OAI-SearchBot/1.4; +https://openai.com/searchbot"
74.7.227.16 - - [16/Jun/2026:10:11:08 +0000] "GET /?p=172 HTTP/1.1" 301 5 "https://aquacity.com.pl/polityka-prywatnosci/" "Mozilla/5.0 AppleWebKit/537.36 (KHTML, like Gecko; compatible; GPTBot/1.4; +https://openai.com/gptbot)"
74.7.229.188 - - [16/Jun/2026:10:11:09 +0000] "GET /category/wycieczki/ HTTP/1.1" 200 24800 "https://aquacity.com.pl/ile-kosztuje-wyjazd-do-zakopanego-na-3-dni-przewodnik-po-cenach-i-atrakcjach/" "Mozilla/5.0 (Macintosh; Intel Mac OS X 10_15_7) AppleWebKit/537.36 (KHTML, like Gecko) Chrome/131.0.0.0 Safari/537.36; compatible; OAI-SearchBot/1.4; +https://openai.com/searchbot"
74.7.227.16 - - [16/Jun/2026:10:11:09 +0000] "GET /polityka-prywatnosci/ HTTP/1.1" 200 32154 "https://aquacity.com.pl/?p=172" "Mozilla/5.0 AppleWebKit/537.36 (KHTML, like Gecko; compatible; GPTBot/1.4; +https://openai.com/gptbot)"
74.7.228.193 - - [16/Jun/2026:10:11:10 +0000] "GET /wp-json/wp/v2/posts/423 HTTP/1.1" 200 5400 "https://aquacity.com.pl/ile-kosztuje-wyjazd-do-zakopanego-na-3-dni-przewodnik-po-cenach-i-atrakcjach/" "Mozilla/5.0 (Macintosh; Intel Mac OS X 10_15_7) AppleWebKit/537.36 (KHTML, like Gecko) Chrome/131.0.0.0 Safari/537.36; compatible; OAI-SearchBot/1.4; +https://openai.com/searchbot"
74.7.229.188 - - [16/Jun/2026:10:11:11 +0000] "GET /comments/feed/ HTTP/1.1" 200 735 "https://aquacity.com.pl/ile-kosztuje-wyjazd-do-zakopanego-na-3-dni-przewodnik-po-cenach-i-atrakcjach/" "Mozilla/5.0 (Macintosh; Intel Mac OS X 10_15_7) AppleWebKit/537.36 (KHTML, like Gecko) Chrome/131.0.0.0 Safari/537.36; compatible; OAI-SearchBot/1.4; +https://openai.com/searchbot"
74.7.227.16 - - [16/Jun/2026:10:11:11 +0000] "GET /wp-json/wp/v2/pages/170 HTTP/1.1" 200 6768 "https://aquacity.com.pl/?p=170" "Mozilla/5.0 AppleWebKit/537.36 (KHTML, like Gecko; compatible; GPTBot/1.4; +https://openai.com/gptbot)"
74.7.229.188 - - [16/Jun/2026:10:11:12 +0000] "GET /category/europa/ HTTP/1.1" 200 24474 "https://aquacity.com.pl/ile-kosztuje-wyjazd-do-zakopanego-na-3-dni-przewodnik-po-cenach-i-atrakcjach/" "Mozilla/5.0 (Macintosh; Intel Mac OS X 10_15_7) AppleWebKit/537.36 (KHTML, like Gecko) Chrome/131.0.0.0 Safari/537.36; compatible; OAI-SearchBot/1.4; +https://openai.com/searchbot"
74.7.227.16 - - [16/Jun/2026:10:11:12 +0000] "GET /wp-json/oembed/1.0/embed?format=xml&url=https%3A%2F%2Faquacity.com.pl%2Fregulamin%2F HTTP/1.1" 200 1084 "https://aquacity.com.pl/?p=170" "Mozilla/5.0 AppleWebKit/537.36 (KHTML, like Gecko; compatible; GPTBot/1.4; +https://openai.com/gptbot)"
74.7.227.16 - - [16/Jun/2026:10:11:13 +0000] "GET /wp-json/oembed/1.0/embed?url=https%3A%2F%2Faquacity.com.pl%2Fregulamin%2F HTTP/1.1" 200 1047 "https://aquacity.com.pl/?p=170" "Mozilla/5.0 AppleWebKit/537.36 (KHTML, like Gecko; compatible; GPTBot/1.4; +https://openai.com/gptbot)"
74.7.229.142 - - [16/Jun/2026:10:11:14 +0000] "GET /sprawdzony-nocleg-blisko-term-a-moze-z-bezposrednim-dostepem-do-basenow-termalnych/ HTTP/1.1" 200 29639 "https://aquacity.com.pl/ile-kosztuje-wyjazd-do-zakopanego-na-3-dni-przewodnik-po-cenach-i-atrakcjach/" "Mozilla/5.0 (Macintosh; Intel Mac OS X 10_15_7) AppleWebKit/537.36 (KHTML, like Gecko) Chrome/131.0.0.0 Safari/537.36; compatible; OAI-SearchBot/1.4; +https://openai.com/searchbot"
74.7.227.16 - - [16/Jun/2026:10:11:15 +0000] "GET /wp-json/wp/v2/pages/172 HTTP/1.1" 200 9486 "https://aquacity.com.pl/?p=172" "Mozilla/5.0 AppleWebKit/537.36 (KHTML, like Gecko; compatible; GPTBot/1.4; +https://openai.com/gptbot)"
74.7.227.16 - - [16/Jun/2026:10:11:17 +0000] "GET /wp-json/oembed/1.0/embed?format=xml&url=https%3A%2F%2Faquacity.com.pl%2Fpolityka-prywatnosci%2F HTTP/1.1" 200 1105 "https://aquacity.com.pl/?p=172" "Mozilla/5.0 AppleWebKit/537.36 (KHTML, like Gecko; compatible; GPTBot/1.4; +https://openai.com/gptbot)"
74.7.227.16 - - [16/Jun/2026:10:11:18 +0000] "GET /wp-json/oembed/1.0/embed?url=https%3A%2F%2Faquacity.com.pl%2Fpolityka-prywatnosci%2F HTTP/1.1" 200 1067 "https://aquacity.com.pl/?p=172" "Mozilla/5.0 AppleWebKit/537.36 (KHTML, like Gecko; compatible; GPTBot/1.4; +https://openai.com/gptbot)"
74.7.227.16 - - [16/Jun/2026:10:11:20 +0000] "GET /wp-json/wp/v2/posts/588 HTTP/1.1" 200 5287 "https://aquacity.com.pl/sprawdzony-nocleg-blisko-term-a-moze-z-bezposrednim-dostepem-do-basenow-termalnych/" "Mozilla/5.0 AppleWebKit/537.36 (KHTML, like Gecko; compatible; GPTBot/1.4; +https://openai.com/gptbot)"
74.7.227.16 - - [16/Jun/2026:10:11:21 +0000] "GET /?p=588 HTTP/1.1" 301 5 "https://aquacity.com.pl/sprawdzony-nocleg-blisko-term-a-moze-z-bezposrednim-dostepem-do-basenow-termalnych/" "Mozilla/5.0 AppleWebKit/537.36 (KHTML, like Gecko; compatible; GPTBot/1.4; +https://openai.com/gptbot)"
57.141.0.59 - - [16/Jun/2026:10:11:22 +0000] "GET /volatilit%C3%A0-slot/ HTTP/1.1" 404 117274 "-" "meta-externalagent/1.1 (+https://developers.facebook.com/docs/sharing/webmasters/crawler)"
74.7.227.16 - - [16/Jun/2026:10:11:22 +0000] "GET /sprawdzony-nocleg-blisko-term-a-moze-z-bezposrednim-dostepem-do-basenow-termalnych/ HTTP/1.1" 200 29639 "https://aquacity.com.pl/?p=588" "Mozilla/5.0 AppleWebKit/537.36 (KHTML, like Gecko; compatible; GPTBot/1.4; +https://openai.com/gptbot)"
74.7.227.16 - - [16/Jun/2026:10:11:25 +0000] "GET /odkryj-swiat-spa-korzysci-z-regularnych-masazy-dla-zdrowia-i-samopoczucia/ HTTP/1.1" 200 27577 "https://aquacity.com.pl/?p=588" "Mozilla/5.0 AppleWebKit/537.36 (KHTML, like Gecko; compatible; GPTBot/1.4; +https://openai.com/gptbot)"
74.7.227.16 - - [16/Jun/2026:10:11:28 +0000] "GET /wp-json/oembed/1.0/embed?format=xml&url=https%3A%2F%2Faquacity.com.pl%2Fodkryj-swiat-spa-korzysci-z-regularnych-masazy-dla-zdrowia-i-samopoczucia%2F HTTP/1.1" 200 1254 "https://aquacity.com.pl/odkryj-swiat-spa-korzysci-z-regularnych-masazy-dla-zdrowia-i-samopoczucia/" "Mozilla/5.0 AppleWebKit/537.36 (KHTML, like Gecko; compatible; GPTBot/1.4; +https://openai.com/gptbot)"
74.7.227.16 - - [16/Jun/2026:10:11:29 +0000] "GET /wp-json/wp/v2/posts/607 HTTP/1.1" 200 3188 "https://aquacity.com.pl/odkryj-swiat-spa-korzysci-z-regularnych-masazy-dla-zdrowia-i-samopoczucia/" "Mozilla/5.0 AppleWebKit/537.36 (KHTML, like Gecko; compatible; GPTBot/1.4; +https://openai.com/gptbot)"
74.7.227.16 - - [16/Jun/2026:10:11:30 +0000] "GET /?p=607 HTTP/1.1" 301 5 "https://aquacity.com.pl/odkryj-swiat-spa-korzysci-z-regularnych-masazy-dla-zdrowia-i-samopoczucia/" "Mozilla/5.0 AppleWebKit/537.36 (KHTML, like Gecko; compatible; GPTBot/1.4; +https://openai.com/gptbot)"
74.7.227.16 - - [16/Jun/2026:10:11:32 +0000] "GET /odkryj-swiat-spa-korzysci-z-regularnych-masazy-dla-zdrowia-i-samopoczucia/feed/ HTTP/1.1" 200 938 "https://aquacity.com.pl/odkryj-swiat-spa-korzysci-z-regularnych-masazy-dla-zdrowia-i-samopoczucia/" "Mozilla/5.0 AppleWebKit/537.36 (KHTML, like Gecko; compatible; GPTBot/1.4; +https://openai.com/gptbot)"
74.7.227.16 - - [16/Jun/2026:10:11:33 +0000] "GET /wp-content/uploads/2025/06/fivesenses_plxaquacity_com_pl.png HTTP/1.1" 200 1679662 "https://aquacity.com.pl/odkryj-swiat-spa-korzysci-z-regularnych-masazy-dla-zdrowia-i-samopoczucia/" "Mozilla/5.0 AppleWebKit/537.36 (KHTML, like Gecko; compatible; GPTBot/1.4; +https://openai.com/gptbot)"
74.7.227.16 - - [16/Jun/2026:10:11:34 +0000] "GET /wp-json/oembed/1.0/embed?url=https%3A%2F%2Faquacity.com.pl%2Fodkryj-swiat-spa-korzysci-z-regularnych-masazy-dla-zdrowia-i-samopoczucia%2F HTTP/1.1" 200 1208 "https://aquacity.com.pl/odkryj-swiat-spa-korzysci-z-regularnych-masazy-dla-zdrowia-i-samopoczucia/" "Mozilla/5.0 AppleWebKit/537.36 (KHTML, like Gecko; compatible; GPTBot/1.4; +https://openai.com/gptbot)"
45.156.129.126 - - [16/Jun/2026:10:11:57 +0000] "GET / HTTP/1.1" 301 5 "http://www.aquacity.com.pl/" "Mozilla/5.0 AppleWebKit/537.36 (KHTML, like Gecko) Chrome/123.0.6312.86 Safari/537.36"
57.141.0.1 - - [16/Jun/2026:10:11:59 +0000] "GET /roulette-metodo-numero-pieno/ HTTP/1.1" 404 117274 "-" "meta-externalagent/1.1 (+https://developers.facebook.com/docs/sharing/webmasters/crawler)"
45.156.129.126 - - [16/Jun/2026:10:11:59 +0000] "GET / HTTP/1.1" 200 31816 "https://www.aquacity.com.pl/" "Mozilla/5.0 AppleWebKit/537.36 (KHTML, like Gecko) Chrome/123.0.6312.86 Safari/537.36"
45.156.129.127 - - [16/Jun/2026:10:12:01 +0000] "GET /sitecore/shell/sitecore.version.xml HTTP/1.1" 301 5 "http://www.aquacity.com.pl/sitecore/shell/sitecore.version.xml" "Mozilla/5.0 AppleWebKit/537.36 (KHTML, like Gecko) Chrome/123.0.6312.86 Safari/537.36"
45.156.129.128 - - [16/Jun/2026:10:12:03 +0000] "GET /sitecore/shell/sitecore.version.xml HTTP/1.1" 404 23564 "https://www.aquacity.com.pl/sitecore/shell/sitecore.version.xml" "Mozilla/5.0 AppleWebKit/537.36 (KHTML, like Gecko) Chrome/123.0.6312.86 Safari/537.36"
45.156.129.128 - - [16/Jun/2026:10:12:05 +0000] "GET / HTTP/1.1" 301 5 "http://www.aquacity.com.pl/" "Mozilla/5.0 AppleWebKit/537.36 (KHTML, like Gecko) Chrome/123.0.6312.86 Safari/537.36"
45.156.129.127 - - [16/Jun/2026:10:12:07 +0000] "GET / HTTP/1.1" 200 31821 "https://www.aquacity.com.pl/" "Mozilla/5.0 AppleWebKit/537.36 (KHTML, like Gecko) Chrome/123.0.6312.86 Safari/537.36"
45.156.129.126 - - [16/Jun/2026:10:12:08 +0000] "GET / HTTP/1.1" 301 5 "http://www.aquacity.com.pl/" "Mozilla/5.0 AppleWebKit/537.36 (KHTML, like Gecko) Chrome/123.0.6312.86 Safari/537.36"
45.156.129.128 - - [16/Jun/2026:10:12:09 +0000] "GET /static/historypage.js HTTP/1.1" 404 194 "http://www.aquacity.com.pl/static/historypage.js" "Mozilla/5.0 AppleWebKit/537.36 (KHTML, like Gecko) Chrome/123.0.6312.86 Safari/537.36"
45.156.129.127 - - [16/Jun/2026:10:12:12 +0000] "GET /zabbix/favicon.ico HTTP/1.1" 404 194 "http://www.aquacity.com.pl/zabbix/favicon.ico" "Mozilla/5.0 AppleWebKit/537.36 (KHTML, like Gecko) Chrome/123.0.6312.86 Safari/537.36"
45.156.129.127 - - [16/Jun/2026:10:12:13 +0000] "GET /license.txt HTTP/1.1" 200 7304 "http://www.aquacity.com.pl/license.txt" "Mozilla/5.0 AppleWebKit/537.36 (KHTML, like Gecko) Chrome/123.0.6312.86 Safari/537.36"
45.156.129.127 - - [16/Jun/2026:10:12:14 +0000] "GET /wp-content/plugins/wp-central/readme.txt HTTP/1.1" 301 5 "http://www.aquacity.com.pl/wp-content/plugins/wp-central/readme.txt" "Mozilla/5.0 AppleWebKit/537.36 (KHTML, like Gecko) Chrome/123.0.6312.86 Safari/537.36"
45.156.129.127 - - [16/Jun/2026:10:12:16 +0000] "GET /wp-content/plugins/wp-central/readme.txt HTTP/1.1" 404 23563 "https://www.aquacity.com.pl/wp-content/plugins/wp-central/readme.txt" "Mozilla/5.0 AppleWebKit/537.36 (KHTML, like Gecko) Chrome/123.0.6312.86 Safari/537.36"
45.156.129.128 - - [16/Jun/2026:10:12:17 +0000] "GET /wp-content/plugins/kingcomposer/readme.txt HTTP/1.1" 301 5 "http://www.aquacity.com.pl/wp-content/plugins/kingcomposer/readme.txt" "Mozilla/5.0 AppleWebKit/537.36 (KHTML, like Gecko) Chrome/123.0.6312.86 Safari/537.36"
45.156.129.125 - - [16/Jun/2026:10:12:19 +0000] "GET /wp-content/plugins/kingcomposer/readme.txt HTTP/1.1" 404 23564 "https://www.aquacity.com.pl/wp-content/plugins/kingcomposer/readme.txt" "Mozilla/5.0 AppleWebKit/537.36 (KHTML, like Gecko) Chrome/123.0.6312.86 Safari/537.36"
45.156.129.128 - - [16/Jun/2026:10:12:20 +0000] "GET /wp-content/plugins/elementor/readme.txt HTTP/1.1" 200 10105 "http://www.aquacity.com.pl/wp-content/plugins/elementor/readme.txt" "Mozilla/5.0 AppleWebKit/537.36 (KHTML, like Gecko) Chrome/123.0.6312.86 Safari/537.36"
45.156.129.128 - - [16/Jun/2026:10:12:22 +0000] "GET /wp-content/plugins/wpschoolpress/readme.txt HTTP/1.1" 301 5 "http://www.aquacity.com.pl/wp-content/plugins/wpschoolpress/readme.txt" "Mozilla/5.0 AppleWebKit/537.36 (KHTML, like Gecko) Chrome/123.0.6312.86 Safari/537.36"
45.156.129.128 - - [16/Jun/2026:10:12:23 +0000] "GET /wp-content/plugins/wpschoolpress/readme.txt HTTP/1.1" 404 23564 "https://www.aquacity.com.pl/wp-content/plugins/wpschoolpress/readme.txt" "Mozilla/5.0 AppleWebKit/537.36 (KHTML, like Gecko) Chrome/123.0.6312.86 Safari/537.36"
45.156.129.128 - - [16/Jun/2026:10:12:25 +0000] "GET /wp-content/plugins/code-snippets/readme.txt HTTP/1.1" 301 5 "http://www.aquacity.com.pl/wp-content/plugins/code-snippets/readme.txt" "Mozilla/5.0 AppleWebKit/537.36 (KHTML, like Gecko) Chrome/123.0.6312.86 Safari/537.36"
45.156.129.125 - - [16/Jun/2026:10:12:27 +0000] "GET /wp-content/plugins/code-snippets/readme.txt HTTP/1.1" 404 23564 "https://www.aquacity.com.pl/wp-content/plugins/code-snippets/readme.txt" "Mozilla/5.0 AppleWebKit/537.36 (KHTML, like Gecko) Chrome/123.0.6312.86 Safari/537.36"
45.156.129.128 - - [16/Jun/2026:10:12:29 +0000] "GET /wp-content/plugins/wp-time-capsule/readme.txt HTTP/1.1" 301 5 "http://www.aquacity.com.pl/wp-content/plugins/wp-time-capsule/readme.txt" "Mozilla/5.0 AppleWebKit/537.36 (KHTML, like Gecko) Chrome/123.0.6312.86 Safari/537.36"
45.156.129.125 - - [16/Jun/2026:10:12:30 +0000] "GET /wp-content/plugins/wp-time-capsule/readme.txt HTTP/1.1" 404 23564 "https://www.aquacity.com.pl/wp-content/plugins/wp-time-capsule/readme.txt" "Mozilla/5.0 AppleWebKit/537.36 (KHTML, like Gecko) Chrome/123.0.6312.86 Safari/537.36"
45.156.129.127 - - [16/Jun/2026:10:12:33 +0000] "GET /wp-content/plugins/iwp-client/readme.txt HTTP/1.1" 301 5 "http://www.aquacity.com.pl/wp-content/plugins/iwp-client/readme.txt" "Mozilla/5.0 AppleWebKit/537.36 (KHTML, like Gecko) Chrome/123.0.6312.86 Safari/537.36"
45.156.129.126 - - [16/Jun/2026:10:12:35 +0000] "GET /wp-content/plugins/iwp-client/readme.txt HTTP/1.1" 404 23564 "https://www.aquacity.com.pl/wp-content/plugins/iwp-client/readme.txt" "Mozilla/5.0 AppleWebKit/537.36 (KHTML, like Gecko) Chrome/123.0.6312.86 Safari/537.36"
45.156.129.126 - - [16/Jun/2026:10:12:37 +0000] "GET /wp-content/plugins/fancy-product-designer/readme.txt HTTP/1.1" 301 5 "http://www.aquacity.com.pl/wp-content/plugins/fancy-product-designer/readme.txt" "Mozilla/5.0 AppleWebKit/537.36 (KHTML, like Gecko) Chrome/123.0.6312.86 Safari/537.36"
45.156.129.125 - - [16/Jun/2026:10:12:38 +0000] "GET /wp-content/plugins/fancy-product-designer/readme.txt HTTP/1.1" 404 23564 "https://www.aquacity.com.pl/wp-content/plugins/fancy-product-designer/readme.txt" "Mozilla/5.0 AppleWebKit/537.36 (KHTML, like Gecko) Chrome/123.0.6312.86 Safari/537.36"
45.156.129.128 - - [16/Jun/2026:10:12:40 +0000] "GET /wp-content/plugins/wordpress-database-reset/readme.txt HTTP/1.1" 301 5 "http://www.aquacity.com.pl/wp-content/plugins/wordpress-database-reset/readme.txt" "Mozilla/5.0 AppleWebKit/537.36 (KHTML, like Gecko) Chrome/123.0.6312.86 Safari/537.36"
185.191.171.18 - - [16/Jun/2026:10:12:41 +0000] "GET /app-sisal-casin%C3%B2/ HTTP/1.1" 404 22981 "-" "Mozilla/5.0 (compatible; SemrushBot/7~bl; +http://www.semrush.com/bot.html)"
45.156.129.126 - - [16/Jun/2026:10:12:42 +0000] "GET /wp-content/plugins/wordpress-database-reset/readme.txt HTTP/1.1" 404 23564 "https://www.aquacity.com.pl/wp-content/plugins/wordpress-database-reset/readme.txt" "Mozilla/5.0 AppleWebKit/537.36 (KHTML, like Gecko) Chrome/123.0.6312.86 Safari/537.36"
45.156.129.128 - - [16/Jun/2026:10:12:44 +0000] "GET /wp-content/plugins/bbpress/readme.txt HTTP/1.1" 301 5 "http://www.aquacity.com.pl/wp-content/plugins/bbpress/readme.txt" "Mozilla/5.0 AppleWebKit/537.36 (KHTML, like Gecko) Chrome/123.0.6312.86 Safari/537.36"
103.127.30.137 - - [16/Jun/2026:10:12:44 +0000] "GET /wp-login.php HTTP/1.1" 200 3212 "-" "Mozilla/5.0 (Macintosh; Intel Mac OS X 11_7_10) AppleWebKit/537.36 (KHTML, like Gecko) Chrome/133.0.0.0 Safari/537.36"
45.156.129.125 - - [16/Jun/2026:10:12:45 +0000] "GET /wp-content/plugins/bbpress/readme.txt HTTP/1.1" 404 23564 "https://www.aquacity.com.pl/wp-content/plugins/bbpress/readme.txt" "Mozilla/5.0 AppleWebKit/537.36 (KHTML, like Gecko) Chrome/123.0.6312.86 Safari/537.36"
103.127.30.137 - - [16/Jun/2026:10:12:46 +0000] "POST /wp-login.php HTTP/1.1" 200 4369 "https://aquacity.com.pl/wp-login.php" "Mozilla/5.0 (Macintosh; Intel Mac OS X 11_7_10) AppleWebKit/537.36 (KHTML, like Gecko) Chrome/133.0.0.0 Safari/537.36"
45.156.129.125 - - [16/Jun/2026:10:12:47 +0000] "GET /wp-content/plugins/wp-fastest-cache/readme.txt HTTP/1.1" 301 5 "http://www.aquacity.com.pl/wp-content/plugins/wp-fastest-cache/readme.txt" "Mozilla/5.0 AppleWebKit/537.36 (KHTML, like Gecko) Chrome/123.0.6312.86 Safari/537.36"
45.156.129.128 - - [16/Jun/2026:10:12:49 +0000] "GET /wp-content/plugins/wp-fastest-cache/readme.txt HTTP/1.1" 404 23564 "https://www.aquacity.com.pl/wp-content/plugins/wp-fastest-cache/readme.txt" "Mozilla/5.0 AppleWebKit/537.36 (KHTML, like Gecko) Chrome/123.0.6312.86 Safari/537.36"
45.156.129.127 - - [16/Jun/2026:10:12:51 +0000] "GET /wp-content/plugins/wp-video-lightbox/readme.txt HTTP/1.1" 301 5 "http://www.aquacity.com.pl/wp-content/plugins/wp-video-lightbox/readme.txt" "Mozilla/5.0 AppleWebKit/537.36 (KHTML, like Gecko) Chrome/123.0.6312.86 Safari/537.36"
45.156.129.126 - - [16/Jun/2026:10:12:53 +0000] "GET /wp-content/plugins/wp-video-lightbox/readme.txt HTTP/1.1" 404 23564 "https://www.aquacity.com.pl/wp-content/plugins/wp-video-lightbox/readme.txt" "Mozilla/5.0 AppleWebKit/537.36 (KHTML, like Gecko) Chrome/123.0.6312.86 Safari/537.36"
45.156.129.125 - - [16/Jun/2026:10:12:54 +0000] "GET /wp-content/plugins/wp-user-avatar/readme.txt HTTP/1.1" 301 5 "http://www.aquacity.com.pl/wp-content/plugins/wp-user-avatar/readme.txt" "Mozilla/5.0 AppleWebKit/537.36 (KHTML, like Gecko) Chrome/123.0.6312.86 Safari/537.36"
45.156.129.126 - - [16/Jun/2026:10:12:56 +0000] "GET /wp-content/plugins/wp-user-avatar/readme.txt HTTP/1.1" 404 23564 "https://www.aquacity.com.pl/wp-content/plugins/wp-user-avatar/readme.txt" "Mozilla/5.0 AppleWebKit/537.36 (KHTML, like Gecko) Chrome/123.0.6312.86 Safari/537.36"
43.173.175.133 - - [16/Jun/2026:10:12:57 +0000] "GET /ile-kosztuje-lot-do-rzymu-przewodnik-po-cenach-biletow-i-sezonach/ HTTP/1.1" 200 31940 "-" "Mozilla/5.0 (Windows NT 10.0; Win64; x64) AppleWebKit/537.36 (KHTML, like Gecko) Chrome/104.0.5112.81 Safari/537.36"
45.156.129.126 - - [16/Jun/2026:10:12:58 +0000] "GET /wp-content/plugins/litespeed-cache/readme.txt HTTP/1.1" 200 18189 "http://www.aquacity.com.pl/wp-content/plugins/litespeed-cache/readme.txt" "Mozilla/5.0 AppleWebKit/537.36 (KHTML, like Gecko) Chrome/123.0.6312.86 Safari/537.36"
45.156.129.125 - - [16/Jun/2026:10:12:58 +0000] "GET /wp-content/plugins/wpforms-lite/readme.txt HTTP/1.1" 200 19916 "http://www.aquacity.com.pl/wp-content/plugins/wpforms-lite/readme.txt" "Mozilla/5.0 AppleWebKit/537.36 (KHTML, like Gecko) Chrome/123.0.6312.86 Safari/537.36"
45.156.129.125 - - [16/Jun/2026:10:12:58 +0000] "GET /wp-content/plugins/limit-login-attempts-reloaded/readme.txt HTTP/1.1" 200 5290 "http://www.aquacity.com.pl/wp-content/plugins/limit-login-attempts-reloaded/readme.txt" "Mozilla/5.0 AppleWebKit/537.36 (KHTML, like Gecko) Chrome/123.0.6312.86 Safari/537.36"
45.156.129.128 - - [16/Jun/2026:10:12:58 +0000] "GET /wp-content/plugins/seo-by-rank-math/readme.txt HTTP/1.1" 200 10056 "http://www.aquacity.com.pl/wp-content/plugins/seo-by-rank-math/readme.txt" "Mozilla/5.0 AppleWebKit/537.36 (KHTML, like Gecko) Chrome/123.0.6312.86 Safari/537.36"
45.156.129.125 - - [16/Jun/2026:10:12:58 +0000] "GET /wp-content/plugins/wp-optimize/readme.txt HTTP/1.1" 200 20842 "http://www.aquacity.com.pl/wp-content/plugins/wp-optimize/readme.txt" "Mozilla/5.0 AppleWebKit/537.36 (KHTML, like Gecko) Chrome/123.0.6312.86 Safari/537.36"
45.156.129.125 - - [16/Jun/2026:10:13:00 +0000] "GET /wp-content/plugins/woocommerce/readme.txt HTTP/1.1" 301 5 "http://www.aquacity.com.pl/wp-content/plugins/woocommerce/readme.txt" "Mozilla/5.0 AppleWebKit/537.36 (KHTML, like Gecko) Chrome/123.0.6312.86 Safari/537.36"
45.156.129.125 - - [16/Jun/2026:10:13:00 +0000] "GET /wp-content/plugins/wordfence/readme.txt HTTP/1.1" 301 5 "http://www.aquacity.com.pl/wp-content/plugins/wordfence/readme.txt" "Mozilla/5.0 AppleWebKit/537.36 (KHTML, like Gecko) Chrome/123.0.6312.86 Safari/537.36"
45.156.129.128 - - [16/Jun/2026:10:13:00 +0000] "GET /wp-content/plugins/akismet/readme.txt HTTP/1.1" 301 5 "http://www.aquacity.com.pl/wp-content/plugins/akismet/readme.txt" "Mozilla/5.0 AppleWebKit/537.36 (KHTML, like Gecko) Chrome/123.0.6312.86 Safari/537.36"
45.156.129.128 - - [16/Jun/2026:10:13:00 +0000] "GET /wp-content/plugins/sg-security/readme.txt HTTP/1.1" 301 5 "http://www.aquacity.com.pl/wp-content/plugins/sg-security/readme.txt" "Mozilla/5.0 AppleWebKit/537.36 (KHTML, like Gecko) Chrome/123.0.6312.86 Safari/537.36"
45.156.129.127 - - [16/Jun/2026:10:13:00 +0000] "GET /wp-content/plugins/redirection/readme.txt HTTP/1.1" 301 5 "http://www.aquacity.com.pl/wp-content/plugins/redirection/readme.txt" "Mozilla/5.0 AppleWebKit/537.36 (KHTML, like Gecko) Chrome/123.0.6312.86 Safari/537.36"
45.156.129.127 - - [16/Jun/2026:10:13:00 +0000] "GET /wp-content/plugins/duplicate-page/readme.txt HTTP/1.1" 301 5 "http://www.aquacity.com.pl/wp-content/plugins/duplicate-page/readme.txt" "Mozilla/5.0 AppleWebKit/537.36 (KHTML, like Gecko) Chrome/123.0.6312.86 Safari/537.36"
45.156.129.127 - - [16/Jun/2026:10:13:00 +0000] "GET /wp-content/plugins/insert-headers-and-footers/readme.txt HTTP/1.1" 301 5 "http://www.aquacity.com.pl/wp-content/plugins/insert-headers-and-footers/readme.txt" "Mozilla/5.0 AppleWebKit/537.36 (KHTML, like Gecko) Chrome/123.0.6312.86 Safari/537.36"
45.156.129.126 - - [16/Jun/2026:10:13:00 +0000] "GET /wp-content/plugins/google-analytics-for-wordpress/readme.txt HTTP/1.1" 301 5 "http://www.aquacity.com.pl/wp-content/plugins/google-analytics-for-wordpress/readme.txt" "Mozilla/5.0 AppleWebKit/537.36 (KHTML, like Gecko) Chrome/123.0.6312.86 Safari/537.36"
45.156.129.128 - - [16/Jun/2026:10:13:00 +0000] "GET /wp-content/plugins/hostinger/readme.txt HTTP/1.1" 301 5 "http://www.aquacity.com.pl/wp-content/plugins/hostinger/readme.txt" "Mozilla/5.0 AppleWebKit/537.36 (KHTML, like Gecko) Chrome/123.0.6312.86 Safari/537.36"
45.156.129.125 - - [16/Jun/2026:10:13:00 +0000] "GET /wp-content/plugins/better-search-replace/readme.txt HTTP/1.1" 301 5 "http://www.aquacity.com.pl/wp-content/plugins/better-search-replace/readme.txt" "Mozilla/5.0 AppleWebKit/537.36 (KHTML, like Gecko) Chrome/123.0.6312.86 Safari/537.36"
45.156.129.126 - - [16/Jun/2026:10:13:00 +0000] "GET /wp-content/plugins/all-in-one-seo-pack/readme.txt HTTP/1.1" 301 5 "http://www.aquacity.com.pl/wp-content/plugins/all-in-one-seo-pack/readme.txt" "Mozilla/5.0 AppleWebKit/537.36 (KHTML, like Gecko) Chrome/123.0.6312.86 Safari/537.36"
45.156.129.125 - - [16/Jun/2026:10:13:00 +0000] "GET /wp-content/plugins/essential-addons-for-elementor-lite/readme.txt HTTP/1.1" 301 5 "http://www.aquacity.com.pl/wp-content/plugins/essential-addons-for-elementor-lite/readme.txt" "Mozilla/5.0 AppleWebKit/537.36 (KHTML, like Gecko) Chrome/123.0.6312.86 Safari/537.36"
45.156.129.127 - - [16/Jun/2026:10:13:00 +0000] "GET /wp-content/plugins/duplicate-post/readme.txt HTTP/1.1" 301 5 "http://www.aquacity.com.pl/wp-content/plugins/duplicate-post/readme.txt" "Mozilla/5.0 AppleWebKit/537.36 (KHTML, like Gecko) Chrome/123.0.6312.86 Safari/537.36"
45.156.129.125 - - [16/Jun/2026:10:13:00 +0000] "GET /wp-content/plugins/jetpack/readme.txt HTTP/1.1" 301 5 "http://www.aquacity.com.pl/wp-content/plugins/jetpack/readme.txt" "Mozilla/5.0 AppleWebKit/537.36 (KHTML, like Gecko) Chrome/123.0.6312.86 Safari/537.36"
45.156.129.127 - - [16/Jun/2026:10:13:00 +0000] "GET /wp-content/plugins/google-site-kit/readme.txt HTTP/1.1" 301 5 "http://www.aquacity.com.pl/wp-content/plugins/google-site-kit/readme.txt" "Mozilla/5.0 AppleWebKit/537.36 (KHTML, like Gecko) Chrome/123.0.6312.86 Safari/537.36"
45.156.129.125 - - [16/Jun/2026:10:13:00 +0000] "GET /wp-content/plugins/really-simple-ssl/readme.txt HTTP/1.1" 301 5 "http://www.aquacity.com.pl/wp-content/plugins/really-simple-ssl/readme.txt" "Mozilla/5.0 AppleWebKit/537.36 (KHTML, like Gecko) Chrome/123.0.6312.86 Safari/537.36"
45.156.129.128 - - [16/Jun/2026:10:13:00 +0000] "GET /wp-content/plugins/astra-sites/readme.txt HTTP/1.1" 301 5 "http://www.aquacity.com.pl/wp-content/plugins/astra-sites/readme.txt" "Mozilla/5.0 AppleWebKit/537.36 (KHTML, like Gecko) Chrome/123.0.6312.86 Safari/537.36"
45.156.129.128 - - [16/Jun/2026:10:13:00 +0000] "GET /wp-content/plugins/loginizer/readme.txt HTTP/1.1" 301 5 "http://www.aquacity.com.pl/wp-content/plugins/loginizer/readme.txt" "Mozilla/5.0 AppleWebKit/537.36 (KHTML, like Gecko) Chrome/123.0.6312.86 Safari/537.36"
45.156.129.127 - - [16/Jun/2026:10:13:00 +0000] "GET /wp-content/plugins/updraftplus/readme.txt HTTP/1.1" 301 5 "http://www.aquacity.com.pl/wp-content/plugins/updraftplus/readme.txt" "Mozilla/5.0 AppleWebKit/537.36 (KHTML, like Gecko) Chrome/123.0.6312.86 Safari/537.36"
45.156.129.125 - - [16/Jun/2026:10:13:00 +0000] "GET /wp-content/plugins/contact-form-7/readme.txt HTTP/1.1" 301 5 "http://www.aquacity.com.pl/wp-content/plugins/contact-form-7/readme.txt" "Mozilla/5.0 AppleWebKit/537.36 (KHTML, like Gecko) Chrome/123.0.6312.86 Safari/537.36"
45.156.129.125 - - [16/Jun/2026:10:13:00 +0000] "GET /wp-content/plugins/all-in-one-wp-migration/readme.txt HTTP/1.1" 301 5 "http://www.aquacity.com.pl/wp-content/plugins/all-in-one-wp-migration/readme.txt" "Mozilla/5.0 AppleWebKit/537.36 (KHTML, like Gecko) Chrome/123.0.6312.86 Safari/537.36"
45.156.129.128 - - [16/Jun/2026:10:13:00 +0000] "GET /wp-content/plugins/mailchimp-for-wp/readme.txt HTTP/1.1" 301 5 "http://www.aquacity.com.pl/wp-content/plugins/mailchimp-for-wp/readme.txt" "Mozilla/5.0 AppleWebKit/537.36 (KHTML, like Gecko) Chrome/123.0.6312.86 Safari/537.36"
45.156.129.126 - - [16/Jun/2026:10:13:00 +0000] "GET /wp-content/plugins/svg-support/readme.txt HTTP/1.1" 301 5 "http://www.aquacity.com.pl/wp-content/plugins/svg-support/readme.txt" "Mozilla/5.0 AppleWebKit/537.36 (KHTML, like Gecko) Chrome/123.0.6312.86 Safari/537.36"
45.156.129.126 - - [16/Jun/2026:10:13:00 +0000] "GET /wp-content/plugins/ewww-image-optimizer/readme.txt HTTP/1.1" 301 5 "http://www.aquacity.com.pl/wp-content/plugins/ewww-image-optimizer/readme.txt" "Mozilla/5.0 AppleWebKit/537.36 (KHTML, like Gecko) Chrome/123.0.6312.86 Safari/537.36"
45.156.129.125 - - [16/Jun/2026:10:13:00 +0000] "GET /wp-content/plugins/duplicator/readme.txt HTTP/1.1" 301 5 "http://www.aquacity.com.pl/wp-content/plugins/duplicator/readme.txt" "Mozilla/5.0 AppleWebKit/537.36 (KHTML, like Gecko) Chrome/123.0.6312.86 Safari/537.36"
45.156.129.126 - - [16/Jun/2026:10:13:01 +0000] "GET /wp-content/plugins/wordpress-seo/readme.txt HTTP/1.1" 301 5 "http://www.aquacity.com.pl/wp-content/plugins/wordpress-seo/readme.txt" "Mozilla/5.0 AppleWebKit/537.36 (KHTML, like Gecko) Chrome/123.0.6312.86 Safari/537.36"
45.156.129.126 - - [16/Jun/2026:10:13:01 +0000] "GET /wp-content/plugins/wp-super-cache/readme.txt HTTP/1.1" 301 5 "http://www.aquacity.com.pl/wp-content/plugins/wp-super-cache/readme.txt" "Mozilla/5.0 AppleWebKit/537.36 (KHTML, like Gecko) Chrome/123.0.6312.86 Safari/537.36"
45.156.129.125 - - [16/Jun/2026:10:13:01 +0000] "GET /wp-content/plugins/wps-hide-login/readme.txt HTTP/1.1" 301 5 "http://www.aquacity.com.pl/wp-content/plugins/wps-hide-login/readme.txt" "Mozilla/5.0 AppleWebKit/537.36 (KHTML, like Gecko) Chrome/123.0.6312.86 Safari/537.36"
45.156.129.126 - - [16/Jun/2026:10:13:01 +0000] "GET /wp-content/plugins/w3-total-cache/readme.txt HTTP/1.1" 301 5 "http://www.aquacity.com.pl/wp-content/plugins/w3-total-cache/readme.txt" "Mozilla/5.0 AppleWebKit/537.36 (KHTML, like Gecko) Chrome/123.0.6312.86 Safari/537.36"
45.156.129.127 - - [16/Jun/2026:10:13:01 +0000] "GET /wp-content/plugins/header-footer-elementor/readme.txt HTTP/1.1" 301 5 "http://www.aquacity.com.pl/wp-content/plugins/header-footer-elementor/readme.txt" "Mozilla/5.0 AppleWebKit/537.36 (KHTML, like Gecko) Chrome/123.0.6312.86 Safari/537.36"
45.156.129.127 - - [16/Jun/2026:10:13:01 +0000] "GET /wp-content/plugins/complianz-gdpr/readme.txt HTTP/1.1" 301 5 "http://www.aquacity.com.pl/wp-content/plugins/complianz-gdpr/readme.txt" "Mozilla/5.0 AppleWebKit/537.36 (KHTML, like Gecko) Chrome/123.0.6312.86 Safari/537.36"
45.156.129.128 - - [16/Jun/2026:10:13:01 +0000] "GET /wp-content/plugins/ultimate-addons-for-gutenberg/readme.txt HTTP/1.1" 301 5 "http://www.aquacity.com.pl/wp-content/plugins/ultimate-addons-for-gutenberg/readme.txt" "Mozilla/5.0 AppleWebKit/537.36 (KHTML, like Gecko) Chrome/123.0.6312.86 Safari/537.36"
45.156.129.128 - - [16/Jun/2026:10:13:02 +0000] "GET /wp-content/plugins/wp-file-manager/readme.txt HTTP/1.1" 301 5 "http://www.aquacity.com.pl/wp-content/plugins/wp-file-manager/readme.txt" "Mozilla/5.0 AppleWebKit/537.36 (KHTML, like Gecko) Chrome/123.0.6312.86 Safari/537.36"
43.173.175.173 - - [16/Jun/2026:10:13:03 +0000] "POST /wp-content/plugins/litespeed-cache/guest.vary.php HTTP/1.1" 403 193 "https://aquacity.com.pl/ile-kosztuje-lot-do-rzymu-przewodnik-po-cenach-biletow-i-sezonach/" "Mozilla/5.0 (Windows NT 10.0; Win64; x64) AppleWebKit/537.36 (KHTML, like Gecko) Chrome/104.0.5112.81 Safari/537.36"
45.156.129.128 - - [16/Jun/2026:10:13:03 +0000] "GET /wp-content/plugins/coming-soon/readme.txt HTTP/1.1" 301 5 "http://www.aquacity.com.pl/wp-content/plugins/coming-soon/readme.txt" "Mozilla/5.0 AppleWebKit/537.36 (KHTML, like Gecko) Chrome/123.0.6312.86 Safari/537.36"
45.156.129.128 - - [16/Jun/2026:10:13:03 +0000] "GET /wp-content/plugins/disable-comments/readme.txt HTTP/1.1" 301 5 "http://www.aquacity.com.pl/wp-content/plugins/disable-comments/readme.txt" "Mozilla/5.0 AppleWebKit/537.36 (KHTML, like Gecko) Chrome/123.0.6312.86 Safari/537.36"
45.156.129.127 - - [16/Jun/2026:10:13:03 +0000] "GET /wp-content/plugins/smart-slider-3/readme.txt HTTP/1.1" 301 5 "http://www.aquacity.com.pl/wp-content/plugins/smart-slider-3/readme.txt" "Mozilla/5.0 AppleWebKit/537.36 (KHTML, like Gecko) Chrome/123.0.6312.86 Safari/537.36"
45.156.129.127 - - [16/Jun/2026:10:13:03 +0000] "GET /wp-content/plugins/envato-elements/readme.txt HTTP/1.1" 301 5 "http://www.aquacity.com.pl/wp-content/plugins/envato-elements/readme.txt" "Mozilla/5.0 AppleWebKit/537.36 (KHTML, like Gecko) Chrome/123.0.6312.86 Safari/537.36"
45.156.129.127 - - [16/Jun/2026:10:13:03 +0000] "GET /wp-content/plugins/redux-framework/readme.txt HTTP/1.1" 301 5 "http://www.aquacity.com.pl/wp-content/plugins/redux-framework/readme.txt" "Mozilla/5.0 AppleWebKit/537.36 (KHTML, like Gecko) Chrome/123.0.6312.86 Safari/537.36"
45.156.129.125 - - [16/Jun/2026:10:13:03 +0000] "GET /wp-content/plugins/advanced-custom-fields/readme.txt HTTP/1.1" 301 5 "http://www.aquacity.com.pl/wp-content/plugins/advanced-custom-fields/readme.txt" "Mozilla/5.0 AppleWebKit/537.36 (KHTML, like Gecko) Chrome/123.0.6312.86 Safari/537.36"
45.156.129.125 - - [16/Jun/2026:10:13:03 +0000] "GET /wp-content/plugins/all-in-one-wp-security-and-firewall/readme.txt HTTP/1.1" 301 5 "http://www.aquacity.com.pl/wp-content/plugins/all-in-one-wp-security-and-firewall/readme.txt" "Mozilla/5.0 AppleWebKit/537.36 (KHTML, like Gecko) Chrome/123.0.6312.86 Safari/537.36"
45.156.129.125 - - [16/Jun/2026:10:13:03 +0000] "GET /wp-content/plugins/autoptimize/readme.txt HTTP/1.1" 301 5 "http://www.aquacity.com.pl/wp-content/plugins/autoptimize/readme.txt" "Mozilla/5.0 AppleWebKit/537.36 (KHTML, like Gecko) Chrome/123.0.6312.86 Safari/537.36"
45.156.129.128 - - [16/Jun/2026:10:13:04 +0000] "GET /wp-content/plugins/better-wp-security/readme.txt HTTP/1.1" 301 5 "http://www.aquacity.com.pl/wp-content/plugins/better-wp-security/readme.txt" "Mozilla/5.0 AppleWebKit/537.36 (KHTML, like Gecko) Chrome/123.0.6312.86 Safari/537.36"
45.156.129.125 - - [16/Jun/2026:10:13:04 +0000] "GET /wp-content/plugins/sg-security/readme.txt HTTP/1.1" 404 23564 "https://www.aquacity.com.pl/wp-content/plugins/sg-security/readme.txt" "Mozilla/5.0 AppleWebKit/537.36 (KHTML, like Gecko) Chrome/123.0.6312.86 Safari/537.36"
45.156.129.126 - - [16/Jun/2026:10:13:04 +0000] "GET /wp-content/plugins/akismet/readme.txt HTTP/1.1" 404 23803 "https://www.aquacity.com.pl/wp-content/plugins/akismet/readme.txt" "Mozilla/5.0 AppleWebKit/537.36 (KHTML, like Gecko) Chrome/123.0.6312.86 Safari/537.36"
45.156.129.128 - - [16/Jun/2026:10:13:05 +0000] "GET /wp-content/plugins/woocommerce/readme.txt HTTP/1.1" 404 23803 "https://www.aquacity.com.pl/wp-content/plugins/woocommerce/readme.txt" "Mozilla/5.0 AppleWebKit/537.36 (KHTML, like Gecko) Chrome/123.0.6312.86 Safari/537.36"
45.156.129.127 - - [16/Jun/2026:10:13:05 +0000] "GET /wp-content/plugins/wordfence/readme.txt HTTP/1.1" 404 23803 "https://www.aquacity.com.pl/wp-content/plugins/wordfence/readme.txt" "Mozilla/5.0 AppleWebKit/537.36 (KHTML, like Gecko) Chrome/123.0.6312.86 Safari/537.36"
45.156.129.126 - - [16/Jun/2026:10:13:05 +0000] "GET /wp-content/plugins/duplicate-page/readme.txt HTTP/1.1" 404 23567 "https://www.aquacity.com.pl/wp-content/plugins/duplicate-page/readme.txt" "Mozilla/5.0 AppleWebKit/537.36 (KHTML, like Gecko) Chrome/123.0.6312.86 Safari/537.36"
45.156.129.128 - - [16/Jun/2026:10:13:05 +0000] "GET /wp-content/plugins/google-analytics-for-wordpress/readme.txt HTTP/1.1" 404 23803 "https://www.aquacity.com.pl/wp-content/plugins/google-analytics-for-wordpress/readme.txt" "Mozilla/5.0 AppleWebKit/537.36 (KHTML, like Gecko) Chrome/123.0.6312.86 Safari/537.36"
45.156.129.126 - - [16/Jun/2026:10:13:05 +0000] "GET /wp-content/plugins/wp-super-cache/readme.txt HTTP/1.1" 404 23803 "https://www.aquacity.com.pl/wp-content/plugins/wp-super-cache/readme.txt" "Mozilla/5.0 AppleWebKit/537.36 (KHTML, like Gecko) Chrome/123.0.6312.86 Safari/537.36"
45.156.129.127 - - [16/Jun/2026:10:13:05 +0000] "GET /wp-content/plugins/updraftplus/readme.txt HTTP/1.1" 404 23803 "https://www.aquacity.com.pl/wp-content/plugins/updraftplus/readme.txt" "Mozilla/5.0 AppleWebKit/537.36 (KHTML, like Gecko) Chrome/123.0.6312.86 Safari/537.36"
45.156.129.127 - - [16/Jun/2026:10:13:05 +0000] "GET /wp-content/plugins/duplicate-post/readme.txt HTTP/1.1" 404 23564 "https://www.aquacity.com.pl/wp-content/plugins/duplicate-post/readme.txt" "Mozilla/5.0 AppleWebKit/537.36 (KHTML, like Gecko) Chrome/123.0.6312.86 Safari/537.36"
45.156.129.125 - - [16/Jun/2026:10:13:05 +0000] "GET /wp-content/plugins/all-in-one-seo-pack/readme.txt HTTP/1.1" 404 23803 "https://www.aquacity.com.pl/wp-content/plugins/all-in-one-seo-pack/readme.txt" "Mozilla/5.0 AppleWebKit/537.36 (KHTML, like Gecko) Chrome/123.0.6312.86 Safari/537.36"
45.156.129.128 - - [16/Jun/2026:10:13:05 +0000] "GET /wp-content/plugins/redirection/readme.txt HTTP/1.1" 404 23564 "https://www.aquacity.com.pl/wp-content/plugins/redirection/readme.txt" "Mozilla/5.0 AppleWebKit/537.36 (KHTML, like Gecko) Chrome/123.0.6312.86 Safari/537.36"
45.156.129.126 - - [16/Jun/2026:10:13:05 +0000] "GET /wp-content/plugins/really-simple-ssl/readme.txt HTTP/1.1" 404 23803 "https://www.aquacity.com.pl/wp-content/plugins/really-simple-ssl/readme.txt" "Mozilla/5.0 AppleWebKit/537.36 (KHTML, like Gecko) Chrome/123.0.6312.86 Safari/537.36"
45.156.129.125 - - [16/Jun/2026:10:13:05 +0000] "GET /wp-content/plugins/astra-sites/readme.txt HTTP/1.1" 404 23564 "https://www.aquacity.com.pl/wp-content/plugins/astra-sites/readme.txt" "Mozilla/5.0 AppleWebKit/537.36 (KHTML, like Gecko) Chrome/123.0.6312.86 Safari/537.36"
45.156.129.125 - - [16/Jun/2026:10:13:05 +0000] "GET /wp-content/plugins/insert-headers-and-footers/readme.txt HTTP/1.1" 404 23803 "https://www.aquacity.com.pl/wp-content/plugins/insert-headers-and-footers/readme.txt" "Mozilla/5.0 AppleWebKit/537.36 (KHTML, like Gecko) Chrome/123.0.6312.86 Safari/537.36"
45.156.129.127 - - [16/Jun/2026:10:13:05 +0000] "GET /wp-content/plugins/hostinger/readme.txt HTTP/1.1" 404 23803 "https://www.aquacity.com.pl/wp-content/plugins/hostinger/readme.txt" "Mozilla/5.0 AppleWebKit/537.36 (KHTML, like Gecko) Chrome/123.0.6312.86 Safari/537.36"
45.156.129.125 - - [16/Jun/2026:10:13:05 +0000] "GET /wp-content/plugins/ewww-image-optimizer/readme.txt HTTP/1.1" 404 23720 "https://www.aquacity.com.pl/wp-content/plugins/ewww-image-optimizer/readme.txt" "Mozilla/5.0 AppleWebKit/537.36 (KHTML, like Gecko) Chrome/123.0.6312.86 Safari/537.36"
45.156.129.126 - - [16/Jun/2026:10:13:06 +0000] "GET /wp-content/plugins/essential-addons-for-elementor-lite/readme.txt HTTP/1.1" 404 23805 "https://www.aquacity.com.pl/wp-content/plugins/essential-addons-for-elementor-lite/readme.txt" "Mozilla/5.0 AppleWebKit/537.36 (KHTML, like Gecko) Chrome/123.0.6312.86 Safari/537.36"
45.156.129.125 - - [16/Jun/2026:10:13:06 +0000] "GET /wp-content/plugins/all-in-one-wp-migration/readme.txt HTTP/1.1" 404 23951 "https://www.aquacity.com.pl/wp-content/plugins/all-in-one-wp-migration/readme.txt" "Mozilla/5.0 AppleWebKit/537.36 (KHTML, like Gecko) Chrome/123.0.6312.86 Safari/537.36"
45.156.129.125 - - [16/Jun/2026:10:13:06 +0000] "GET /wp-content/plugins/jetpack/readme.txt HTTP/1.1" 404 23951 "https://www.aquacity.com.pl/wp-content/plugins/jetpack/readme.txt" "Mozilla/5.0 AppleWebKit/537.36 (KHTML, like Gecko) Chrome/123.0.6312.86 Safari/537.36"
45.156.129.128 - - [16/Jun/2026:10:13:06 +0000] "GET /wp-content/plugins/wps-hide-login/readme.txt HTTP/1.1" 404 23805 "https://www.aquacity.com.pl/wp-content/plugins/wps-hide-login/readme.txt" "Mozilla/5.0 AppleWebKit/537.36 (KHTML, like Gecko) Chrome/123.0.6312.86 Safari/537.36"
45.156.129.127 - - [16/Jun/2026:10:13:06 +0000] "GET /wp-content/plugins/contact-form-7/readme.txt HTTP/1.1" 404 23722 "https://www.aquacity.com.pl/wp-content/plugins/contact-form-7/readme.txt" "Mozilla/5.0 AppleWebKit/537.36 (KHTML, like Gecko) Chrome/123.0.6312.86 Safari/537.36"
45.156.129.126 - - [16/Jun/2026:10:13:06 +0000] "GET /wp-content/plugins/better-search-replace/readme.txt HTTP/1.1" 404 23803 "https://www.aquacity.com.pl/wp-content/plugins/better-search-replace/readme.txt" "Mozilla/5.0 AppleWebKit/537.36 (KHTML, like Gecko) Chrome/123.0.6312.86 Safari/537.36"
45.156.129.126 - - [16/Jun/2026:10:13:06 +0000] "GET /wp-content/plugins/mailchimp-for-wp/readme.txt HTTP/1.1" 404 23948 "https://www.aquacity.com.pl/wp-content/plugins/mailchimp-for-wp/readme.txt" "Mozilla/5.0 AppleWebKit/537.36 (KHTML, like Gecko) Chrome/123.0.6312.86 Safari/537.36"
45.156.129.126 - - [16/Jun/2026:10:13:06 +0000] "GET /wp-content/plugins/wordpress-seo/readme.txt HTTP/1.1" 404 23803 "https://www.aquacity.com.pl/wp-content/plugins/wordpress-seo/readme.txt" "Mozilla/5.0 AppleWebKit/537.36 (KHTML, like Gecko) Chrome/123.0.6312.86 Safari/537.36"
45.156.129.125 - - [16/Jun/2026:10:13:06 +0000] "GET /wp-content/plugins/loginizer/readme.txt HTTP/1.1" 404 23567 "https://www.aquacity.com.pl/wp-content/plugins/loginizer/readme.txt" "Mozilla/5.0 AppleWebKit/537.36 (KHTML, like Gecko) Chrome/123.0.6312.86 Safari/537.36"
45.156.129.125 - - [16/Jun/2026:10:13:06 +0000] "GET /wp-content/plugins/google-site-kit/readme.txt HTTP/1.1" 404 23803 "https://www.aquacity.com.pl/wp-content/plugins/google-site-kit/readme.txt" "Mozilla/5.0 AppleWebKit/537.36 (KHTML, like Gecko) Chrome/123.0.6312.86 Safari/537.36"
45.156.129.128 - - [16/Jun/2026:10:13:06 +0000] "GET /wp-content/plugins/svg-support/readme.txt HTTP/1.1" 404 23564 "https://www.aquacity.com.pl/wp-content/plugins/svg-support/readme.txt" "Mozilla/5.0 AppleWebKit/537.36 (KHTML, like Gecko) Chrome/123.0.6312.86 Safari/537.36"
45.156.129.128 - - [16/Jun/2026:10:13:06 +0000] "GET /wp-content/plugins/ultimate-addons-for-gutenberg/readme.txt HTTP/1.1" 404 23564 "https://www.aquacity.com.pl/wp-content/plugins/ultimate-addons-for-gutenberg/readme.txt" "Mozilla/5.0 AppleWebKit/537.36 (KHTML, like Gecko) Chrome/123.0.6312.86 Safari/537.36"
45.156.129.126 - - [16/Jun/2026:10:13:06 +0000] "GET /wp-content/plugins/wp-file-manager/readme.txt HTTP/1.1" 404 23564 "https://www.aquacity.com.pl/wp-content/plugins/wp-file-manager/readme.txt" "Mozilla/5.0 AppleWebKit/537.36 (KHTML, like Gecko) Chrome/123.0.6312.86 Safari/537.36"
45.156.129.128 - - [16/Jun/2026:10:13:06 +0000] "GET /wp-content/plugins/complianz-gdpr/readme.txt HTTP/1.1" 404 23564 "https://www.aquacity.com.pl/wp-content/plugins/complianz-gdpr/readme.txt" "Mozilla/5.0 AppleWebKit/537.36 (KHTML, like Gecko) Chrome/123.0.6312.86 Safari/537.36"
45.156.129.127 - - [16/Jun/2026:10:13:06 +0000] "GET /wp-content/plugins/header-footer-elementor/readme.txt HTTP/1.1" 404 23803 "https://www.aquacity.com.pl/wp-content/plugins/header-footer-elementor/readme.txt" "Mozilla/5.0 AppleWebKit/537.36 (KHTML, like Gecko) Chrome/123.0.6312.86 Safari/537.36"
45.156.129.127 - - [16/Jun/2026:10:13:06 +0000] "GET /wp-content/plugins/w3-total-cache/readme.txt HTTP/1.1" 404 23564 "https://www.aquacity.com.pl/wp-content/plugins/w3-total-cache/readme.txt" "Mozilla/5.0 AppleWebKit/537.36 (KHTML, like Gecko) Chrome/123.0.6312.86 Safari/537.36"
45.156.129.125 - - [16/Jun/2026:10:13:06 +0000] "GET /wp-content/plugins/duplicator/readme.txt HTTP/1.1" 404 23803 "https://www.aquacity.com.pl/wp-content/plugins/duplicator/readme.txt" "Mozilla/5.0 AppleWebKit/537.36 (KHTML, like Gecko) Chrome/123.0.6312.86 Safari/537.36"
