50.17.171.49 - - [16/Jun/2026:13:04:30 +0000] "GET /wp-content/uploads/2025/02/969.jpg HTTP/1.1" 200 53028 "-" "Mozilla/5.0 (X11; Ubuntu; Linux x86_64; rv:72.0) Gecko/20100101 Firefox/72.0 (compatible; cc-download/1.0; +https://github.com/rom1504/img2dataset)"
50.17.171.49 - - [16/Jun/2026:13:04:35 +0000] "GET /wp-content/uploads/2025/03/group-business-people-man-woman_1169502-6981.jpg HTTP/1.1" 200 58574 "-" "Mozilla/5.0 (X11; Ubuntu; Linux x86_64; rv:72.0) Gecko/20100101 Firefox/72.0 (compatible; cc-download/1.0; +https://github.com/rom1504/img2dataset)"
50.17.171.49 - - [16/Jun/2026:13:04:41 +0000] "GET /wp-content/uploads/2025/02/647.jpg HTTP/1.1" 200 26424 "-" "Mozilla/5.0 (X11; Ubuntu; Linux x86_64; rv:72.0) Gecko/20100101 Firefox/72.0 (compatible; cc-download/1.0; +https://github.com/rom1504/img2dataset)"
50.17.171.49 - - [16/Jun/2026:13:04:44 +0000] "GET /wp-content/uploads/2025/11/617-768x419.png HTTP/1.1" 200 387738 "-" "Mozilla/5.0 (X11; Ubuntu; Linux x86_64; rv:72.0) Gecko/20100101 Firefox/72.0 (compatible; cc-download/1.0; +https://github.com/rom1504/img2dataset)"
50.17.171.49 - - [16/Jun/2026:13:04:50 +0000] "GET /wp-content/uploads/2024/10/circle-pattern.png HTTP/1.1" 200 11838 "-" "Mozilla/5.0 (X11; Ubuntu; Linux x86_64; rv:72.0) Gecko/20100101 Firefox/72.0 (compatible; cc-download/1.0; +https://github.com/rom1504/img2dataset)"
50.17.171.49 - - [16/Jun/2026:13:05:06 +0000] "GET /wp-content/uploads/2024/10/smiling-advisor-and-burnt-out-employee-XCM5YKB-2-150x150.jpg HTTP/1.1" 200 7438 "-" "Mozilla/5.0 (X11; Ubuntu; Linux x86_64; rv:72.0) Gecko/20100101 Firefox/72.0 (compatible; cc-download/1.0; +https://github.com/rom1504/img2dataset)"
50.17.171.49 - - [16/Jun/2026:13:05:32 +0000] "GET /wp-content/uploads/2025/11/724.png HTTP/1.1" 200 1352924 "-" "Mozilla/5.0 (X11; Ubuntu; Linux x86_64; rv:72.0) Gecko/20100101 Firefox/72.0 (compatible; cc-download/1.0; +https://github.com/rom1504/img2dataset)"
50.17.171.49 - - [16/Jun/2026:13:05:34 +0000] "GET /wp-content/uploads/2025/02/365.jpg HTTP/1.1" 200 26711 "-" "Mozilla/5.0 (X11; Ubuntu; Linux x86_64; rv:72.0) Gecko/20100101 Firefox/72.0 (compatible; cc-download/1.0; +https://github.com/rom1504/img2dataset)"
50.17.171.49 - - [16/Jun/2026:13:05:35 +0000] "GET /wp-content/uploads/2025/11/926.png HTTP/1.1" 200 1419041 "-" "Mozilla/5.0 (X11; Ubuntu; Linux x86_64; rv:72.0) Gecko/20100101 Firefox/72.0 (compatible; cc-download/1.0; +https://github.com/rom1504/img2dataset)"
50.17.171.49 - - [16/Jun/2026:13:05:35 +0000] "GET /wp-content/uploads/2026/03/najlepszy-masazysta-w-kielcach-1024x486.webp HTTP/1.1" 200 38320 "-" "Mozilla/5.0 (X11; Ubuntu; Linux x86_64; rv:72.0) Gecko/20100101 Firefox/72.0 (compatible; cc-download/1.0; +https://github.com/rom1504/img2dataset)"
50.17.171.49 - - [16/Jun/2026:13:05:43 +0000] "GET /wp-content/uploads/2025/11/712-768x419.png HTTP/1.1" 200 378456 "-" "Mozilla/5.0 (X11; Ubuntu; Linux x86_64; rv:72.0) Gecko/20100101 Firefox/72.0 (compatible; cc-download/1.0; +https://github.com/rom1504/img2dataset)"
50.17.171.49 - - [16/Jun/2026:13:05:48 +0000] "GET /wp-content/uploads/2025/02/738.jpg HTTP/1.1" 200 24522 "-" "Mozilla/5.0 (X11; Ubuntu; Linux x86_64; rv:72.0) Gecko/20100101 Firefox/72.0 (compatible; cc-download/1.0; +https://github.com/rom1504/img2dataset)"
50.17.171.49 - - [16/Jun/2026:13:05:49 +0000] "GET /wp-content/uploads/2025/02/257.jpg HTTP/1.1" 200 33700 "-" "Mozilla/5.0 (X11; Ubuntu; Linux x86_64; rv:72.0) Gecko/20100101 Firefox/72.0 (compatible; cc-download/1.0; +https://github.com/rom1504/img2dataset)"
50.17.171.49 - - [16/Jun/2026:13:06:03 +0000] "GET /wp-content/uploads/2025/02/430.jpg HTTP/1.1" 200 38577 "-" "Mozilla/5.0 (X11; Ubuntu; Linux x86_64; rv:72.0) Gecko/20100101 Firefox/72.0 (compatible; cc-download/1.0; +https://github.com/rom1504/img2dataset)"
50.17.171.49 - - [16/Jun/2026:13:06:04 +0000] "GET /wp-content/uploads/2025/02/438.jpg HTTP/1.1" 200 38577 "-" "Mozilla/5.0 (X11; Ubuntu; Linux x86_64; rv:72.0) Gecko/20100101 Firefox/72.0 (compatible; cc-download/1.0; +https://github.com/rom1504/img2dataset)"
50.17.171.49 - - [16/Jun/2026:13:06:06 +0000] "GET /wp-content/uploads/2025/02/87.jpg HTTP/1.1" 200 42610 "-" "Mozilla/5.0 (X11; Ubuntu; Linux x86_64; rv:72.0) Gecko/20100101 Firefox/72.0 (compatible; cc-download/1.0; +https://github.com/rom1504/img2dataset)"
50.17.171.49 - - [16/Jun/2026:13:06:11 +0000] "GET /wp-content/uploads/2025/11/691.png HTTP/1.1" 200 1214713 "-" "Mozilla/5.0 (X11; Ubuntu; Linux x86_64; rv:72.0) Gecko/20100101 Firefox/72.0 (compatible; cc-download/1.0; +https://github.com/rom1504/img2dataset)"
50.17.171.49 - - [16/Jun/2026:13:06:13 +0000] "GET /wp-content/uploads/2024/10/square-pattern.png HTTP/1.1" 200 264 "-" "Mozilla/5.0 (X11; Ubuntu; Linux x86_64; rv:72.0) Gecko/20100101 Firefox/72.0 (compatible; cc-download/1.0; +https://github.com/rom1504/img2dataset)"
50.17.171.49 - - [16/Jun/2026:13:06:32 +0000] "GET /wp-content/uploads/2025/02/156.jpg HTTP/1.1" 200 36994 "-" "Mozilla/5.0 (X11; Ubuntu; Linux x86_64; rv:72.0) Gecko/20100101 Firefox/72.0 (compatible; cc-download/1.0; +https://github.com/rom1504/img2dataset)"
50.17.171.49 - - [16/Jun/2026:13:06:43 +0000] "GET /wp-content/uploads/2025/11/224-1024x559.png HTTP/1.1" 200 686709 "-" "Mozilla/5.0 (X11; Ubuntu; Linux x86_64; rv:72.0) Gecko/20100101 Firefox/72.0 (compatible; cc-download/1.0; +https://github.com/rom1504/img2dataset)"
50.17.171.49 - - [16/Jun/2026:13:06:48 +0000] "GET /wp-content/uploads/2025/02/667.jpg HTTP/1.1" 200 38392 "-" "Mozilla/5.0 (X11; Ubuntu; Linux x86_64; rv:72.0) Gecko/20100101 Firefox/72.0 (compatible; cc-download/1.0; +https://github.com/rom1504/img2dataset)"
91.146.102.43 - - [16/Jun/2026:13:06:53 +0000] "GET /wp-login.php HTTP/1.1" 200 3964 "-" "Mozilla/5.0 (Macintosh; Intel Mac OS X 10_15_7) AppleWebKit/537.36 (KHTML, like Gecko) Chrome/133.0.0.0 Safari/537.36"
91.146.102.43 - - [16/Jun/2026:13:06:54 +0000] "POST /wp-login.php HTTP/1.1" 200 4091 "https://centrumdobrejterapiichorzow.pl/wp-login.php" "Mozilla/5.0 (Macintosh; Intel Mac OS X 10_15_7) AppleWebKit/537.36 (KHTML, like Gecko) Chrome/133.0.0.0 Safari/537.36"
50.17.171.49 - - [16/Jun/2026:13:06:59 +0000] "GET /wp-content/uploads/2025/11/211-768x419.png HTTP/1.1" 200 454142 "-" "Mozilla/5.0 (X11; Ubuntu; Linux x86_64; rv:72.0) Gecko/20100101 Firefox/72.0 (compatible; cc-download/1.0; +https://github.com/rom1504/img2dataset)"
50.17.171.49 - - [16/Jun/2026:13:07:01 +0000] "GET /wp-content/uploads/2025/02/91.jpg HTTP/1.1" 200 57981 "-" "Mozilla/5.0 (X11; Ubuntu; Linux x86_64; rv:72.0) Gecko/20100101 Firefox/72.0 (compatible; cc-download/1.0; +https://github.com/rom1504/img2dataset)"
50.17.171.49 - - [16/Jun/2026:13:07:08 +0000] "GET /wp-content/uploads/2025/02/170-1.jpg HTTP/1.1" 200 98011 "-" "Mozilla/5.0 (X11; Ubuntu; Linux x86_64; rv:72.0) Gecko/20100101 Firefox/72.0 (compatible; cc-download/1.0; +https://github.com/rom1504/img2dataset)"
50.17.171.49 - - [16/Jun/2026:13:07:26 +0000] "GET /wp-content/uploads/2025/11/211-300x164.png HTTP/1.1" 200 84805 "-" "Mozilla/5.0 (X11; Ubuntu; Linux x86_64; rv:72.0) Gecko/20100101 Firefox/72.0 (compatible; cc-download/1.0; +https://github.com/rom1504/img2dataset)"
50.17.171.49 - - [16/Jun/2026:13:07:28 +0000] "GET /wp-content/uploads/2025/11/287-300x164.png HTTP/1.1" 200 69774 "-" "Mozilla/5.0 (X11; Ubuntu; Linux x86_64; rv:72.0) Gecko/20100101 Firefox/72.0 (compatible; cc-download/1.0; +https://github.com/rom1504/img2dataset)"
50.17.171.49 - - [16/Jun/2026:13:07:33 +0000] "GET /wp-content/uploads/2025/02/369.jpg HTTP/1.1" 200 30002 "-" "Mozilla/5.0 (X11; Ubuntu; Linux x86_64; rv:72.0) Gecko/20100101 Firefox/72.0 (compatible; cc-download/1.0; +https://github.com/rom1504/img2dataset)"
50.17.171.49 - - [16/Jun/2026:13:07:34 +0000] "GET /wp-content/uploads/2025/02/764.jpg HTTP/1.1" 200 65845 "-" "Mozilla/5.0 (X11; Ubuntu; Linux x86_64; rv:72.0) Gecko/20100101 Firefox/72.0 (compatible; cc-download/1.0; +https://github.com/rom1504/img2dataset)"
85.208.96.212 - - [16/Jun/2026:13:07:37 +0000] "GET /psychologia-inwestowania-kluczowe-bledy-inwestorow-do-unikniecia/ HTTP/1.1" 200 40551 "-" "Mozilla/5.0 (compatible; SemrushBot/7~bl; +http://www.semrush.com/bot.html)"
50.17.171.49 - - [16/Jun/2026:13:07:43 +0000] "GET /wp-content/uploads/2024/10/LV1-1024x450.png HTTP/1.1" 200 303301 "-" "Mozilla/5.0 (X11; Ubuntu; Linux x86_64; rv:72.0) Gecko/20100101 Firefox/72.0 (compatible; cc-download/1.0; +https://github.com/rom1504/img2dataset)"
108.174.63.2 - - [16/Jun/2026:13:07:45 +0000] "GET /webmail/ HTTP/1.1" 404 118189 "-" "Mozilla/5.0 (Windows NT 10.0; WOW64; rv:47.0) Gecko/20100101 Firefox/47.0"
108.174.63.2 - - [16/Jun/2026:13:07:46 +0000] "GET /webmail/ HTTP/1.1" 404 118189 "-" "Mozilla/5.0 (Windows NT 10.0; WOW64; rv:47.0) Gecko/20100101 Firefox/47.0"
50.17.171.49 - - [16/Jun/2026:13:07:51 +0000] "GET /wp-content/uploads/2026/03/najlepszy-masazysta-w-kielcach.webp HTTP/1.1" 200 94810 "-" "Mozilla/5.0 (X11; Ubuntu; Linux x86_64; rv:72.0) Gecko/20100101 Firefox/72.0 (compatible; cc-download/1.0; +https://github.com/rom1504/img2dataset)"
50.17.171.49 - - [16/Jun/2026:13:07:51 +0000] "GET /wp-content/uploads/2025/02/992.jpg HTTP/1.1" 200 113748 "-" "Mozilla/5.0 (X11; Ubuntu; Linux x86_64; rv:72.0) Gecko/20100101 Firefox/72.0 (compatible; cc-download/1.0; +https://github.com/rom1504/img2dataset)"
50.17.171.49 - - [16/Jun/2026:13:08:05 +0000] "GET /wp-content/uploads/2025/11/702-300x164.png HTTP/1.1" 200 42997 "-" "Mozilla/5.0 (X11; Ubuntu; Linux x86_64; rv:72.0) Gecko/20100101 Firefox/72.0 (compatible; cc-download/1.0; +https://github.com/rom1504/img2dataset)"
50.17.171.49 - - [16/Jun/2026:13:08:11 +0000] "GET /wp-content/uploads/2024/10/circle-pattern-300x300.png HTTP/1.1" 200 19967 "-" "Mozilla/5.0 (X11; Ubuntu; Linux x86_64; rv:72.0) Gecko/20100101 Firefox/72.0 (compatible; cc-download/1.0; +https://github.com/rom1504/img2dataset)"
50.17.171.49 - - [16/Jun/2026:13:08:19 +0000] "GET /wp-content/uploads/2025/11/617.png HTTP/1.1" 200 1176190 "-" "Mozilla/5.0 (X11; Ubuntu; Linux x86_64; rv:72.0) Gecko/20100101 Firefox/72.0 (compatible; cc-download/1.0; +https://github.com/rom1504/img2dataset)"
50.17.171.49 - - [16/Jun/2026:13:08:19 +0000] "GET /wp-content/uploads/2024/10/square-pattern-150x150.png HTTP/1.1" 200 6586 "-" "Mozilla/5.0 (X11; Ubuntu; Linux x86_64; rv:72.0) Gecko/20100101 Firefox/72.0 (compatible; cc-download/1.0; +https://github.com/rom1504/img2dataset)"
50.17.171.49 - - [16/Jun/2026:13:08:21 +0000] "GET /wp-content/uploads/2024/10/beautiful-business-lady-with-gadget-76UCCRJ.jpg HTTP/1.1" 200 18978 "-" "Mozilla/5.0 (X11; Ubuntu; Linux x86_64; rv:72.0) Gecko/20100101 Firefox/72.0 (compatible; cc-download/1.0; +https://github.com/rom1504/img2dataset)"
50.17.171.49 - - [16/Jun/2026:13:08:25 +0000] "GET /wp-content/uploads/2025/11/283.png HTTP/1.1" 200 1127428 "-" "Mozilla/5.0 (X11; Ubuntu; Linux x86_64; rv:72.0) Gecko/20100101 Firefox/72.0 (compatible; cc-download/1.0; +https://github.com/rom1504/img2dataset)"
43.172.195.151 - - [16/Jun/2026:13:08:32 +0000] "GET /najlepszy-masazysta-w-kielcach HTTP/1.1" 301 5 "-" "Mozilla/5.0 (Windows NT 10.0; Win64; x64) AppleWebKit/537.36 (KHTML, like Gecko) Chrome/108.0.0.0 Safari/537.36"
43.173.179.70 - - [16/Jun/2026:13:08:33 +0000] "GET /terapia-poznawczo-behawioralna-i-jej-skutki-dla-zdrowia HTTP/1.1" 301 5 "-" "Mozilla/5.0 (Windows NT 10.0; Win64; x64) AppleWebKit/537.36 (KHTML, like Gecko) Chrome/116.0.0.0 Safari/537.36"
43.172.198.107 - - [16/Jun/2026:13:08:34 +0000] "GET /terapia-poznawczo-behawioralna-i-jej-skutki-dla-zdrowia/ HTTP/1.1" 200 39582 "-" "Mozilla/5.0 (Windows NT 10.0; Win64; x64) AppleWebKit/537.36 (KHTML, like Gecko) Chrome/116.0.0.0 Safari/537.36"
43.173.178.91 - - [16/Jun/2026:13:08:35 +0000] "GET /najlepszy-masazysta-w-kielcach/ HTTP/1.1" 200 43506 "-" "Mozilla/5.0 (Windows NT 10.0; Win64; x64) AppleWebKit/537.36 (KHTML, like Gecko) Chrome/108.0.0.0 Safari/537.36"
50.17.171.49 - - [16/Jun/2026:13:08:36 +0000] "GET /wp-content/uploads/2025/02/176.jpg HTTP/1.1" 200 28991 "-" "Mozilla/5.0 (X11; Ubuntu; Linux x86_64; rv:72.0) Gecko/20100101 Firefox/72.0 (compatible; cc-download/1.0; +https://github.com/rom1504/img2dataset)"
43.172.195.96 - - [16/Jun/2026:13:08:38 +0000] "GET /wp-content/uploads/elementor/google-fonts/fonts/opensans-memvyags126mizpba-uvwbx2vvnxbbobj2ovtugmu1ab.woff2 HTTP/1.1" 200 24984 "https://centrumdobrejterapiichorzow.pl/wp-content/uploads/elementor/google-fonts/css/opensans.css?ver=1742280581" "Mozilla/5.0 (Windows NT 10.0; Win64; x64) AppleWebKit/537.36 (KHTML, like Gecko) Chrome/108.0.0.0 Safari/537.36"
50.17.171.49 - - [16/Jun/2026:13:08:41 +0000] "GET /wp-content/uploads/2024/10/emotion-emoticons-used-by-a-psychologist-during-a-D2BFM6T-300x268.jpg HTTP/1.1" 200 18699 "-" "Mozilla/5.0 (X11; Ubuntu; Linux x86_64; rv:72.0) Gecko/20100101 Firefox/72.0 (compatible; cc-download/1.0; +https://github.com/rom1504/img2dataset)"
50.17.171.49 - - [16/Jun/2026:13:08:52 +0000] "GET /wp-content/uploads/2025/11/285-1-1024x559.png HTTP/1.1" 200 952795 "-" "Mozilla/5.0 (X11; Ubuntu; Linux x86_64; rv:72.0) Gecko/20100101 Firefox/72.0 (compatible; cc-download/1.0; +https://github.com/rom1504/img2dataset)"
50.17.171.49 - - [16/Jun/2026:13:09:10 +0000] "GET /wp-content/uploads/2025/11/321-768x419.png HTTP/1.1" 200 452505 "-" "Mozilla/5.0 (X11; Ubuntu; Linux x86_64; rv:72.0) Gecko/20100101 Firefox/72.0 (compatible; cc-download/1.0; +https://github.com/rom1504/img2dataset)"
50.17.171.49 - - [16/Jun/2026:13:09:22 +0000] "GET /wp-content/uploads/2024/10/counselor-and-happy-couple-after-effective-marital-6GBE9L5-150x150.jpg HTTP/1.1" 200 7224 "-" "Mozilla/5.0 (X11; Ubuntu; Linux x86_64; rv:72.0) Gecko/20100101 Firefox/72.0 (compatible; cc-download/1.0; +https://github.com/rom1504/img2dataset)"
50.17.171.49 - - [16/Jun/2026:13:09:36 +0000] "GET /wp-content/uploads/2025/11/786-768x419.png HTTP/1.1" 200 415158 "-" "Mozilla/5.0 (X11; Ubuntu; Linux x86_64; rv:72.0) Gecko/20100101 Firefox/72.0 (compatible; cc-download/1.0; +https://github.com/rom1504/img2dataset)"
50.17.171.49 - - [16/Jun/2026:13:09:36 +0000] "GET /wp-content/uploads/2025/11/691-768x419.png HTTP/1.1" 200 369659 "-" "Mozilla/5.0 (X11; Ubuntu; Linux x86_64; rv:72.0) Gecko/20100101 Firefox/72.0 (compatible; cc-download/1.0; +https://github.com/rom1504/img2dataset)"
50.17.171.49 - - [16/Jun/2026:13:09:58 +0000] "GET /wp-content/uploads/2025/11/285-1-300x164.png HTTP/1.1" 200 83281 "-" "Mozilla/5.0 (X11; Ubuntu; Linux x86_64; rv:72.0) Gecko/20100101 Firefox/72.0 (compatible; cc-download/1.0; +https://github.com/rom1504/img2dataset)"
50.17.171.49 - - [16/Jun/2026:13:10:05 +0000] "GET /wp-content/uploads/2025/02/34-1.jpg HTTP/1.1" 200 34590 "-" "Mozilla/5.0 (X11; Ubuntu; Linux x86_64; rv:72.0) Gecko/20100101 Firefox/72.0 (compatible; cc-download/1.0; +https://github.com/rom1504/img2dataset)"
50.17.171.49 - - [16/Jun/2026:13:10:05 +0000] "GET /wp-content/uploads/2025/11/691-1024x559.png HTTP/1.1" 200 654411 "-" "Mozilla/5.0 (X11; Ubuntu; Linux x86_64; rv:72.0) Gecko/20100101 Firefox/72.0 (compatible; cc-download/1.0; +https://github.com/rom1504/img2dataset)"
50.17.171.49 - - [16/Jun/2026:13:10:08 +0000] "GET /wp-content/uploads/2025/08/Screenshot_2-120x120.jpg HTTP/1.1" 200 4744 "-" "Mozilla/5.0 (X11; Ubuntu; Linux x86_64; rv:72.0) Gecko/20100101 Firefox/72.0 (compatible; cc-download/1.0; +https://github.com/rom1504/img2dataset)"
50.17.171.49 - - [16/Jun/2026:13:10:09 +0000] "GET /wp-content/uploads/2025/11/848-1024x559.png HTTP/1.1" 200 720762 "-" "Mozilla/5.0 (X11; Ubuntu; Linux x86_64; rv:72.0) Gecko/20100101 Firefox/72.0 (compatible; cc-download/1.0; +https://github.com/rom1504/img2dataset)"
50.17.171.49 - - [16/Jun/2026:13:10:48 +0000] "GET /wp-content/uploads/2025/11/702-1024x559.png HTTP/1.1" 200 579032 "-" "Mozilla/5.0 (X11; Ubuntu; Linux x86_64; rv:72.0) Gecko/20100101 Firefox/72.0 (compatible; cc-download/1.0; +https://github.com/rom1504/img2dataset)"
50.17.171.49 - - [16/Jun/2026:13:10:54 +0000] "GET /wp-content/uploads/2025/11/37-300x164.png HTTP/1.1" 200 69767 "-" "Mozilla/5.0 (X11; Ubuntu; Linux x86_64; rv:72.0) Gecko/20100101 Firefox/72.0 (compatible; cc-download/1.0; +https://github.com/rom1504/img2dataset)"
50.17.171.49 - - [16/Jun/2026:13:10:56 +0000] "GET /wp-content/uploads/2024/10/elements-70-psychology-mental-health-line-icons-MYM9N9G-3.png HTTP/1.1" 200 918 "-" "Mozilla/5.0 (X11; Ubuntu; Linux x86_64; rv:72.0) Gecko/20100101 Firefox/72.0 (compatible; cc-download/1.0; +https://github.com/rom1504/img2dataset)"
50.17.171.49 - - [16/Jun/2026:13:10:56 +0000] "GET /wp-content/uploads/2025/02/230.jpg HTTP/1.1" 200 67412 "-" "Mozilla/5.0 (X11; Ubuntu; Linux x86_64; rv:72.0) Gecko/20100101 Firefox/72.0 (compatible; cc-download/1.0; +https://github.com/rom1504/img2dataset)"
50.17.171.49 - - [16/Jun/2026:13:10:58 +0000] "GET /wp-content/uploads/2026/01/915-1024x559.png HTTP/1.1" 200 757776 "-" "Mozilla/5.0 (X11; Ubuntu; Linux x86_64; rv:72.0) Gecko/20100101 Firefox/72.0 (compatible; cc-download/1.0; +https://github.com/rom1504/img2dataset)"
50.17.171.49 - - [16/Jun/2026:13:11:12 +0000] "GET /wp-content/uploads/2024/10/shape-pattern-3.png HTTP/1.1" 404 162 "-" "Mozilla/5.0 (X11; Ubuntu; Linux x86_64; rv:72.0) Gecko/20100101 Firefox/72.0 (compatible; cc-download/1.0; +https://github.com/rom1504/img2dataset)"
66.249.66.38 - - [16/Jun/2026:13:11:21 +0000] "GET /goods22130688?kg=0022073439 HTTP/1.1" 404 22186 "-" "Mozilla/5.0 (Linux; Android 6.0.1; Nexus 5X Build/MMB29P) AppleWebKit/537.36 (KHTML, like Gecko) Chrome/148.0.7778.96 Mobile Safari/537.36 (compatible; Googlebot/2.1; +http://www.google.com/bot.html)"
43.173.181.207 - - [16/Jun/2026:13:11:37 +0000] "GET /teoria-przywiazania-klucz-do-zdrowych-relacji-2 HTTP/1.1" 301 5 "-" "Mozilla/5.0 (Windows NT 10.0; Win64; x64) AppleWebKit/537.36 (KHTML, like Gecko) Chrome/108.0.0.0 Safari/537.36"
43.173.180.47 - - [16/Jun/2026:13:11:39 +0000] "GET /teoria-przywiazania-klucz-do-zdrowych-relacji-2/ HTTP/1.1" 200 41415 "-" "Mozilla/5.0 (Windows NT 10.0; Win64; x64) AppleWebKit/537.36 (KHTML, like Gecko) Chrome/108.0.0.0 Safari/537.36"
50.17.171.49 - - [16/Jun/2026:13:11:45 +0000] "GET /wp-content/uploads/2025/11/285-1-768x419.png HTTP/1.1" 200 549511 "-" "Mozilla/5.0 (X11; Ubuntu; Linux x86_64; rv:72.0) Gecko/20100101 Firefox/72.0 (compatible; cc-download/1.0; +https://github.com/rom1504/img2dataset)"
43.173.176.176 - - [16/Jun/2026:13:11:50 +0000] "GET /teoria-przywiazania-klucz-do-zdrowych-relacji-2 HTTP/1.1" 301 5 "-" "Mozilla/5.0 (Windows NT 10.0; Win64; x64) AppleWebKit/537.36 (KHTML, like Gecko) Chrome/124.0.0.0 Safari/537.36"
50.17.171.49 - - [16/Jun/2026:13:11:52 +0000] "GET /wp-content/uploads/2025/11/224-300x164.png HTTP/1.1" 200 63402 "-" "Mozilla/5.0 (X11; Ubuntu; Linux x86_64; rv:72.0) Gecko/20100101 Firefox/72.0 (compatible; cc-download/1.0; +https://github.com/rom1504/img2dataset)"
43.173.176.176 - - [16/Jun/2026:13:11:52 +0000] "GET /teoria-przywiazania-klucz-do-zdrowych-relacji-2/ HTTP/1.1" 200 41309 "https://centrumdobrejterapiichorzow.pl/teoria-przywiazania-klucz-do-zdrowych-relacji-2" "Mozilla/5.0 (Windows NT 10.0; Win64; x64) AppleWebKit/537.36 (KHTML, like Gecko) Chrome/124.0.0.0 Safari/537.36"
50.17.171.49 - - [16/Jun/2026:13:12:05 +0000] "GET /wp-content/uploads/2024/10/triangle-dots-300x240.png HTTP/1.1" 200 12865 "-" "Mozilla/5.0 (X11; Ubuntu; Linux x86_64; rv:72.0) Gecko/20100101 Firefox/72.0 (compatible; cc-download/1.0; +https://github.com/rom1504/img2dataset)"
50.17.171.49 - - [16/Jun/2026:13:12:09 +0000] "GET /wp-content/uploads/2025/11/402-300x164.png HTTP/1.1" 200 85766 "-" "Mozilla/5.0 (X11; Ubuntu; Linux x86_64; rv:72.0) Gecko/20100101 Firefox/72.0 (compatible; cc-download/1.0; +https://github.com/rom1504/img2dataset)"
50.17.171.49 - - [16/Jun/2026:13:12:14 +0000] "GET /wp-content/uploads/2025/11/877.png HTTP/1.1" 200 1200080 "-" "Mozilla/5.0 (X11; Ubuntu; Linux x86_64; rv:72.0) Gecko/20100101 Firefox/72.0 (compatible; cc-download/1.0; +https://github.com/rom1504/img2dataset)"
50.17.171.49 - - [16/Jun/2026:13:12:24 +0000] "GET /wp-content/uploads/2024/10/counselor-with-paper-C975Z6M.jpg HTTP/1.1" 200 20889 "-" "Mozilla/5.0 (X11; Ubuntu; Linux x86_64; rv:72.0) Gecko/20100101 Firefox/72.0 (compatible; cc-download/1.0; +https://github.com/rom1504/img2dataset)"
50.17.171.49 - - [16/Jun/2026:13:12:43 +0000] "GET /wp-content/uploads/2025/11/617-300x164.png HTTP/1.1" 200 66549 "-" "Mozilla/5.0 (X11; Ubuntu; Linux x86_64; rv:72.0) Gecko/20100101 Firefox/72.0 (compatible; cc-download/1.0; +https://github.com/rom1504/img2dataset)"
50.17.171.49 - - [16/Jun/2026:13:12:46 +0000] "GET /wp-content/uploads/2025/11/283-1024x559.png HTTP/1.1" 200 636994 "-" "Mozilla/5.0 (X11; Ubuntu; Linux x86_64; rv:72.0) Gecko/20100101 Firefox/72.0 (compatible; cc-download/1.0; +https://github.com/rom1504/img2dataset)"
50.17.171.49 - - [16/Jun/2026:13:13:03 +0000] "GET /wp-content/uploads/2025/08/Screenshot_2-150x150.jpg HTTP/1.1" 200 6882 "-" "Mozilla/5.0 (X11; Ubuntu; Linux x86_64; rv:72.0) Gecko/20100101 Firefox/72.0 (compatible; cc-download/1.0; +https://github.com/rom1504/img2dataset)"
50.17.171.49 - - [16/Jun/2026:13:13:04 +0000] "GET /wp-content/uploads/2024/10/smiling-advisor-and-burnt-out-employee-XCM5YKB-2.jpg HTTP/1.1" 200 19576 "-" "Mozilla/5.0 (X11; Ubuntu; Linux x86_64; rv:72.0) Gecko/20100101 Firefox/72.0 (compatible; cc-download/1.0; +https://github.com/rom1504/img2dataset)"
50.17.171.49 - - [16/Jun/2026:13:13:27 +0000] "GET /wp-content/uploads/2025/02/375.jpg HTTP/1.1" 200 34076 "-" "Mozilla/5.0 (X11; Ubuntu; Linux x86_64; rv:72.0) Gecko/20100101 Firefox/72.0 (compatible; cc-download/1.0; +https://github.com/rom1504/img2dataset)"
50.17.171.49 - - [16/Jun/2026:13:13:30 +0000] "GET /wp-content/uploads/2025/11/211-1024x559.png HTTP/1.1" 200 762128 "-" "Mozilla/5.0 (X11; Ubuntu; Linux x86_64; rv:72.0) Gecko/20100101 Firefox/72.0 (compatible; cc-download/1.0; +https://github.com/rom1504/img2dataset)"
50.17.171.49 - - [16/Jun/2026:13:13:33 +0000] "GET /wp-content/uploads/2025/08/Screenshot_2.jpg HTTP/1.1" 200 242397 "-" "Mozilla/5.0 (X11; Ubuntu; Linux x86_64; rv:72.0) Gecko/20100101 Firefox/72.0 (compatible; cc-download/1.0; +https://github.com/rom1504/img2dataset)"
50.17.171.49 - - [16/Jun/2026:13:13:36 +0000] "GET /wp-content/uploads/2026/02/747-290x300.png HTTP/1.1" 200 76407 "-" "Mozilla/5.0 (X11; Ubuntu; Linux x86_64; rv:72.0) Gecko/20100101 Firefox/72.0 (compatible; cc-download/1.0; +https://github.com/rom1504/img2dataset)"
50.17.171.49 - - [16/Jun/2026:13:13:47 +0000] "GET /wp-content/uploads/2025/11/556-300x164.png HTTP/1.1" 200 53335 "-" "Mozilla/5.0 (X11; Ubuntu; Linux x86_64; rv:72.0) Gecko/20100101 Firefox/72.0 (compatible; cc-download/1.0; +https://github.com/rom1504/img2dataset)"
50.17.171.49 - - [16/Jun/2026:13:14:18 +0000] "GET /wp-content/uploads/2025/11/811-300x164.png HTTP/1.1" 200 72255 "-" "Mozilla/5.0 (X11; Ubuntu; Linux x86_64; rv:72.0) Gecko/20100101 Firefox/72.0 (compatible; cc-download/1.0; +https://github.com/rom1504/img2dataset)"
50.17.171.49 - - [16/Jun/2026:13:14:21 +0000] "GET /wp-content/uploads/2025/11/73-768x419.png HTTP/1.1" 200 441198 "-" "Mozilla/5.0 (X11; Ubuntu; Linux x86_64; rv:72.0) Gecko/20100101 Firefox/72.0 (compatible; cc-download/1.0; +https://github.com/rom1504/img2dataset)"
50.17.171.49 - - [16/Jun/2026:13:14:30 +0000] "GET /wp-content/uploads/2025/11/37-1024x559.png HTTP/1.1" 200 708796 "-" "Mozilla/5.0 (X11; Ubuntu; Linux x86_64; rv:72.0) Gecko/20100101 Firefox/72.0 (compatible; cc-download/1.0; +https://github.com/rom1504/img2dataset)"
50.17.171.49 - - [16/Jun/2026:13:14:36 +0000] "GET /wp-content/uploads/2025/11/926-1024x559.png HTTP/1.1" 200 794943 "-" "Mozilla/5.0 (X11; Ubuntu; Linux x86_64; rv:72.0) Gecko/20100101 Firefox/72.0 (compatible; cc-download/1.0; +https://github.com/rom1504/img2dataset)"
50.17.171.49 - - [16/Jun/2026:13:14:44 +0000] "GET /wp-content/uploads/2025/11/277-1024x559.png HTTP/1.1" 200 704636 "-" "Mozilla/5.0 (X11; Ubuntu; Linux x86_64; rv:72.0) Gecko/20100101 Firefox/72.0 (compatible; cc-download/1.0; +https://github.com/rom1504/img2dataset)"
50.17.171.49 - - [16/Jun/2026:13:14:45 +0000] "GET /wp-content/uploads/2025/08/2148868122-300x200.jpg HTTP/1.1" 200 11511 "-" "Mozilla/5.0 (X11; Ubuntu; Linux x86_64; rv:72.0) Gecko/20100101 Firefox/72.0 (compatible; cc-download/1.0; +https://github.com/rom1504/img2dataset)"
50.17.171.49 - - [16/Jun/2026:13:14:45 +0000] "GET /wp-content/uploads/2025/11/617-1024x559.png HTTP/1.1" 200 666873 "-" "Mozilla/5.0 (X11; Ubuntu; Linux x86_64; rv:72.0) Gecko/20100101 Firefox/72.0 (compatible; cc-download/1.0; +https://github.com/rom1504/img2dataset)"
114.119.155.1 - - [16/Jun/2026:13:14:57 +0000] "GET /na-czym-polega-psychoterapia-w-nerwicy-lekowej-odkryj-skutecznosc HTTP/1.1" 301 5 "https://centrumdobrejterapiichorzow.pl/category/psihoterapia" "Mozilla/5.0 (Linux; Android 8.0.0; SM-G955U Build/R16NW) AppleWebKit/537.36 (KHTML, like Gecko) Chrome/148.0.0.0 Mobile Safari/537.36"
159.203.57.110 - - [16/Jun/2026:13:14:58 +0000] "GET /wp-login.php HTTP/1.1" 200 3964 "-" "Mozilla/5.0 (Macintosh; Intel Mac OS X 10_15_7) AppleWebKit/605.1.15 (KHTML, like Gecko) Version/18.3 Safari/605.1.15"
114.119.155.1 - - [16/Jun/2026:13:14:59 +0000] "GET /na-czym-polega-psychoterapia-w-nerwicy-lekowej-odkryj-skutecznosc/ HTTP/1.1" 200 39491 "https://centrumdobrejterapiichorzow.pl/category/psihoterapia" "Mozilla/5.0 (Linux; Android 8.0.0; SM-G955U Build/R16NW) AppleWebKit/537.36 (KHTML, like Gecko) Chrome/148.0.0.0 Mobile Safari/537.36"
159.203.57.110 - - [16/Jun/2026:13:14:59 +0000] "POST /wp-login.php HTTP/1.1" 200 4091 "https://centrumdobrejterapiichorzow.pl/wp-login.php" "Mozilla/5.0 (Macintosh; Intel Mac OS X 10_15_7) AppleWebKit/605.1.15 (KHTML, like Gecko) Version/18.3 Safari/605.1.15"
50.17.171.49 - - [16/Jun/2026:13:15:06 +0000] "GET /wp-content/uploads/2024/10/happy-couple-with-gadget-FR33W48-300x268.jpg HTTP/1.1" 200 21093 "-" "Mozilla/5.0 (X11; Ubuntu; Linux x86_64; rv:72.0) Gecko/20100101 Firefox/72.0 (compatible; cc-download/1.0; +https://github.com/rom1504/img2dataset)"
50.17.171.49 - - [16/Jun/2026:13:15:24 +0000] "GET /wp-content/uploads/2025/11/848-768x419.png HTTP/1.1" 200 421007 "-" "Mozilla/5.0 (X11; Ubuntu; Linux x86_64; rv:72.0) Gecko/20100101 Firefox/72.0 (compatible; cc-download/1.0; +https://github.com/rom1504/img2dataset)"
50.17.171.49 - - [16/Jun/2026:13:15:38 +0000] "GET /wp-content/uploads/2025/11/73-1024x559.png HTTP/1.1" 200 748839 "-" "Mozilla/5.0 (X11; Ubuntu; Linux x86_64; rv:72.0) Gecko/20100101 Firefox/72.0 (compatible; cc-download/1.0; +https://github.com/rom1504/img2dataset)"
50.17.171.49 - - [16/Jun/2026:13:15:40 +0000] "GET /wp-content/uploads/2024/10/psychologist-interviewing-the-man-KJXDG6B-300x300.jpg HTTP/1.1" 200 20638 "-" "Mozilla/5.0 (X11; Ubuntu; Linux x86_64; rv:72.0) Gecko/20100101 Firefox/72.0 (compatible; cc-download/1.0; +https://github.com/rom1504/img2dataset)"
50.17.171.49 - - [16/Jun/2026:13:15:50 +0000] "GET /wp-content/uploads/2025/11/926-768x419.png HTTP/1.1" 200 457121 "-" "Mozilla/5.0 (X11; Ubuntu; Linux x86_64; rv:72.0) Gecko/20100101 Firefox/72.0 (compatible; cc-download/1.0; +https://github.com/rom1504/img2dataset)"
50.17.171.49 - - [16/Jun/2026:13:15:52 +0000] "GET /wp-content/uploads/2025/11/811-768x419.png HTTP/1.1" 200 428422 "-" "Mozilla/5.0 (X11; Ubuntu; Linux x86_64; rv:72.0) Gecko/20100101 Firefox/72.0 (compatible; cc-download/1.0; +https://github.com/rom1504/img2dataset)"
50.17.171.49 - - [16/Jun/2026:13:15:52 +0000] "GET /wp-content/uploads/2026/03/324-300x205.png HTTP/1.1" 200 74147 "-" "Mozilla/5.0 (X11; Ubuntu; Linux x86_64; rv:72.0) Gecko/20100101 Firefox/72.0 (compatible; cc-download/1.0; +https://github.com/rom1504/img2dataset)"
50.17.171.49 - - [16/Jun/2026:13:15:55 +0000] "GET /wp-content/uploads/2025/02/317-1.jpg HTTP/1.1" 200 35217 "-" "Mozilla/5.0 (X11; Ubuntu; Linux x86_64; rv:72.0) Gecko/20100101 Firefox/72.0 (compatible; cc-download/1.0; +https://github.com/rom1504/img2dataset)"
50.17.171.49 - - [16/Jun/2026:13:15:56 +0000] "GET /wp-content/uploads/2024/10/elements-70-psychology-mental-health-line-icons-MYM9N9G-2.png HTTP/1.1" 200 1411 "-" "Mozilla/5.0 (X11; Ubuntu; Linux x86_64; rv:72.0) Gecko/20100101 Firefox/72.0 (compatible; cc-download/1.0; +https://github.com/rom1504/img2dataset)"
50.17.171.49 - - [16/Jun/2026:13:15:58 +0000] "GET /wp-content/uploads/2025/11/867-768x419.png HTTP/1.1" 200 412805 "-" "Mozilla/5.0 (X11; Ubuntu; Linux x86_64; rv:72.0) Gecko/20100101 Firefox/72.0 (compatible; cc-download/1.0; +https://github.com/rom1504/img2dataset)"
50.17.171.49 - - [16/Jun/2026:13:16:10 +0000] "GET /wp-content/uploads/2025/07/coaching-rozwoju-osobistego-768x419.jpg HTTP/1.1" 200 31666 "-" "Mozilla/5.0 (X11; Ubuntu; Linux x86_64; rv:72.0) Gecko/20100101 Firefox/72.0 (compatible; cc-download/1.0; +https://github.com/rom1504/img2dataset)"
50.17.171.49 - - [16/Jun/2026:13:16:14 +0000] "GET /wp-content/uploads/2024/10/counselor-and-happy-couple-after-effective-marital-6GBE9L5.jpg HTTP/1.1" 200 44318 "-" "Mozilla/5.0 (X11; Ubuntu; Linux x86_64; rv:72.0) Gecko/20100101 Firefox/72.0 (compatible; cc-download/1.0; +https://github.com/rom1504/img2dataset)"
114.119.145.130 - - [16/Jun/2026:13:16:21 +0000] "GET /co-to-jest-psychoterapia-i-jej-pozytywne-efekty/ HTTP/1.1" 200 40732 "https://centrumdobrejterapiichorzow.pl/terapia-skoncentrowana-na-rozwiazaniach-praktyczny-przewodnik-krok-po-kroku" "Mozilla/5.0 (Linux; Android 7.0;) AppleWebKit/537.36 (HTML, like Gecko) Mobile Safari/537.36 (compatible; PetalBot;+https://webmaster.petalsearch.com/site/petalbot)"
50.17.171.49 - - [16/Jun/2026:13:16:24 +0000] "GET /wp-content/uploads/2025/11/277-768x419.png HTTP/1.1" 200 407009 "-" "Mozilla/5.0 (X11; Ubuntu; Linux x86_64; rv:72.0) Gecko/20100101 Firefox/72.0 (compatible; cc-download/1.0; +https://github.com/rom1504/img2dataset)"
50.17.171.49 - - [16/Jun/2026:13:16:30 +0000] "GET /wp-content/uploads/2024/11/lampy-antydepresyjne.jpg HTTP/1.1" 200 98188 "-" "Mozilla/5.0 (X11; Ubuntu; Linux x86_64; rv:72.0) Gecko/20100101 Firefox/72.0 (compatible; cc-download/1.0; +https://github.com/rom1504/img2dataset)"
50.17.171.49 - - [16/Jun/2026:13:16:32 +0000] "GET /wp-content/uploads/2025/11/556.png HTTP/1.1" 200 1204837 "-" "Mozilla/5.0 (X11; Ubuntu; Linux x86_64; rv:72.0) Gecko/20100101 Firefox/72.0 (compatible; cc-download/1.0; +https://github.com/rom1504/img2dataset)"
50.17.171.49 - - [16/Jun/2026:13:16:36 +0000] "GET /wp-content/uploads/2024/10/elements-70-psychology-mental-health-line-icons-MYM9N9G-1.png HTTP/1.1" 200 1157 "-" "Mozilla/5.0 (X11; Ubuntu; Linux x86_64; rv:72.0) Gecko/20100101 Firefox/72.0 (compatible; cc-download/1.0; +https://github.com/rom1504/img2dataset)"
50.17.171.49 - - [16/Jun/2026:13:16:36 +0000] "GET /wp-content/uploads/2025/11/926-300x164.png HTTP/1.1" 200 74898 "-" "Mozilla/5.0 (X11; Ubuntu; Linux x86_64; rv:72.0) Gecko/20100101 Firefox/72.0 (compatible; cc-download/1.0; +https://github.com/rom1504/img2dataset)"
50.17.171.49 - - [16/Jun/2026:13:16:56 +0000] "GET /wp-content/uploads/2026/03/913.png HTTP/1.1" 200 467205 "-" "Mozilla/5.0 (X11; Ubuntu; Linux x86_64; rv:72.0) Gecko/20100101 Firefox/72.0 (compatible; cc-download/1.0; +https://github.com/rom1504/img2dataset)"
50.17.171.49 - - [16/Jun/2026:13:17:02 +0000] "GET /wp-content/uploads/2024/10/circle-pattern-2.png HTTP/1.1" 200 461 "-" "Mozilla/5.0 (X11; Ubuntu; Linux x86_64; rv:72.0) Gecko/20100101 Firefox/72.0 (compatible; cc-download/1.0; +https://github.com/rom1504/img2dataset)"
50.17.171.49 - - [16/Jun/2026:13:17:02 +0000] "GET /wp-content/uploads/2025/01/odsniezarka2.jpg HTTP/1.1" 200 90862 "-" "Mozilla/5.0 (X11; Ubuntu; Linux x86_64; rv:72.0) Gecko/20100101 Firefox/72.0 (compatible; cc-download/1.0; +https://github.com/rom1504/img2dataset)"
50.17.171.49 - - [16/Jun/2026:13:17:03 +0000] "GET /wp-content/uploads/2025/11/811-1024x559.png HTTP/1.1" 200 741004 "-" "Mozilla/5.0 (X11; Ubuntu; Linux x86_64; rv:72.0) Gecko/20100101 Firefox/72.0 (compatible; cc-download/1.0; +https://github.com/rom1504/img2dataset)"
50.17.171.49 - - [16/Jun/2026:13:17:07 +0000] "GET /wp-content/uploads/2024/10/female-entrepreneur-XFC8G53.jpg HTTP/1.1" 200 3435 "-" "Mozilla/5.0 (X11; Ubuntu; Linux x86_64; rv:72.0) Gecko/20100101 Firefox/72.0 (compatible; cc-download/1.0; +https://github.com/rom1504/img2dataset)"
50.17.171.49 - - [16/Jun/2026:13:17:15 +0000] "GET /wp-content/uploads/2025/07/coaching-rozwoju-osobistego-1024x559.jpg HTTP/1.1" 200 48484 "-" "Mozilla/5.0 (X11; Ubuntu; Linux x86_64; rv:72.0) Gecko/20100101 Firefox/72.0 (compatible; cc-download/1.0; +https://github.com/rom1504/img2dataset)"
50.17.171.49 - - [16/Jun/2026:13:17:36 +0000] "GET /wp-content/uploads/2024/10/cropped-elements-psychology-concept-line-design-style-icons-set-RUUMCJY-180x180.png HTTP/1.1" 200 22958 "-" "Mozilla/5.0 (X11; Ubuntu; Linux x86_64; rv:72.0) Gecko/20100101 Firefox/72.0 (compatible; cc-download/1.0; +https://github.com/rom1504/img2dataset)"
50.17.171.49 - - [16/Jun/2026:13:17:42 +0000] "GET /wp-content/uploads/2025/11/548-1024x559.png HTTP/1.1" 200 601838 "-" "Mozilla/5.0 (X11; Ubuntu; Linux x86_64; rv:72.0) Gecko/20100101 Firefox/72.0 (compatible; cc-download/1.0; +https://github.com/rom1504/img2dataset)"
114.119.128.126 - - [16/Jun/2026:13:17:44 +0000] "GET /psychoterapia-integracyjna-elastyczne-podejscie-do-terapii HTTP/1.1" 301 5 "https://centrumdobrejterapiichorzow.pl/wplyw-srodowiska-na-osobowosc-kluczowe-czynniki-rozwoju" "Mozilla/5.0 (Linux; Android 7.0;) AppleWebKit/537.36 (HTML, like Gecko) Mobile Safari/537.36 (compatible; PetalBot;+https://webmaster.petalsearch.com/site/petalbot)"
114.119.128.126 - - [16/Jun/2026:13:17:46 +0000] "GET /psychoterapia-integracyjna-elastyczne-podejscie-do-terapii/ HTTP/1.1" 200 40386 "https://centrumdobrejterapiichorzow.pl/wplyw-srodowiska-na-osobowosc-kluczowe-czynniki-rozwoju" "Mozilla/5.0 (Linux; Android 7.0;) AppleWebKit/537.36 (HTML, like Gecko) Mobile Safari/537.36 (compatible; PetalBot;+https://webmaster.petalsearch.com/site/petalbot)"
50.17.171.49 - - [16/Jun/2026:13:17:59 +0000] "GET /wp-content/uploads/2025/11/555.png HTTP/1.1" 200 1079310 "-" "Mozilla/5.0 (X11; Ubuntu; Linux x86_64; rv:72.0) Gecko/20100101 Firefox/72.0 (compatible; cc-download/1.0; +https://github.com/rom1504/img2dataset)"
50.17.171.49 - - [16/Jun/2026:13:18:02 +0000] "GET /wp-content/uploads/2025/11/25-300x164.png HTTP/1.1" 200 79659 "-" "Mozilla/5.0 (X11; Ubuntu; Linux x86_64; rv:72.0) Gecko/20100101 Firefox/72.0 (compatible; cc-download/1.0; +https://github.com/rom1504/img2dataset)"
50.17.171.49 - - [16/Jun/2026:13:18:02 +0000] "GET /wp-content/uploads/2025/11/287.png HTTP/1.1" 200 1135808 "-" "Mozilla/5.0 (X11; Ubuntu; Linux x86_64; rv:72.0) Gecko/20100101 Firefox/72.0 (compatible; cc-download/1.0; +https://github.com/rom1504/img2dataset)"
50.17.171.49 - - [16/Jun/2026:13:18:30 +0000] "GET /wp-content/uploads/2025/11/73.png HTTP/1.1" 200 1295552 "-" "Mozilla/5.0 (X11; Ubuntu; Linux x86_64; rv:72.0) Gecko/20100101 Firefox/72.0 (compatible; cc-download/1.0; +https://github.com/rom1504/img2dataset)"
50.17.171.49 - - [16/Jun/2026:13:18:31 +0000] "GET /wp-content/uploads/2025/11/378-1024x559.png HTTP/1.1" 200 604256 "-" "Mozilla/5.0 (X11; Ubuntu; Linux x86_64; rv:72.0) Gecko/20100101 Firefox/72.0 (compatible; cc-download/1.0; +https://github.com/rom1504/img2dataset)"
50.17.171.49 - - [16/Jun/2026:13:18:35 +0000] "GET /wp-content/uploads/2025/11/349-1024x559.png HTTP/1.1" 200 856175 "-" "Mozilla/5.0 (X11; Ubuntu; Linux x86_64; rv:72.0) Gecko/20100101 Firefox/72.0 (compatible; cc-download/1.0; +https://github.com/rom1504/img2dataset)"
50.17.171.49 - - [16/Jun/2026:13:18:51 +0000] "GET /wp-content/uploads/2025/02/187.jpg HTTP/1.1" 200 64865 "-" "Mozilla/5.0 (X11; Ubuntu; Linux x86_64; rv:72.0) Gecko/20100101 Firefox/72.0 (compatible; cc-download/1.0; +https://github.com/rom1504/img2dataset)"
50.17.171.49 - - [16/Jun/2026:13:18:59 +0000] "GET /wp-content/uploads/2025/11/277.png HTTP/1.1" 200 1250965 "-" "Mozilla/5.0 (X11; Ubuntu; Linux x86_64; rv:72.0) Gecko/20100101 Firefox/72.0 (compatible; cc-download/1.0; +https://github.com/rom1504/img2dataset)"
50.17.171.49 - - [16/Jun/2026:13:19:03 +0000] "GET /wp-content/uploads/2025/02/208.png HTTP/1.1" 200 32913 "-" "Mozilla/5.0 (X11; Ubuntu; Linux x86_64; rv:72.0) Gecko/20100101 Firefox/72.0 (compatible; cc-download/1.0; +https://github.com/rom1504/img2dataset)"
50.17.171.49 - - [16/Jun/2026:13:19:04 +0000] "GET /wp-content/uploads/2025/08/Screenshot_2-300x300.jpg HTTP/1.1" 200 19905 "-" "Mozilla/5.0 (X11; Ubuntu; Linux x86_64; rv:72.0) Gecko/20100101 Firefox/72.0 (compatible; cc-download/1.0; +https://github.com/rom1504/img2dataset)"
50.17.171.49 - - [16/Jun/2026:13:19:04 +0000] "GET /wp-content/uploads/2024/10/psychologist-with-document-8TLDY59.jpg HTTP/1.1" 200 21051 "-" "Mozilla/5.0 (X11; Ubuntu; Linux x86_64; rv:72.0) Gecko/20100101 Firefox/72.0 (compatible; cc-download/1.0; +https://github.com/rom1504/img2dataset)"
50.17.171.49 - - [16/Jun/2026:13:19:04 +0000] "GET /wp-content/uploads/2025/02/318.jpg HTTP/1.1" 200 69827 "-" "Mozilla/5.0 (X11; Ubuntu; Linux x86_64; rv:72.0) Gecko/20100101 Firefox/72.0 (compatible; cc-download/1.0; +https://github.com/rom1504/img2dataset)"
50.17.171.49 - - [16/Jun/2026:13:19:06 +0000] "GET /wp-content/uploads/2026/03/324-1024x701.png HTTP/1.1" 200 569970 "-" "Mozilla/5.0 (X11; Ubuntu; Linux x86_64; rv:72.0) Gecko/20100101 Firefox/72.0 (compatible; cc-download/1.0; +https://github.com/rom1504/img2dataset)"
114.119.167.129 - - [16/Jun/2026:13:19:09 +0000] "GET /arteterapia-cwiczenia-redukcja-stresu-skuteczne-metody-relaksu HTTP/1.1" 301 5 "https://centrumdobrejterapiichorzow.pl/arteterapia-cwiczenia-redukcja-stresu-skuteczne-metody-relaksu" "Mozilla/5.0 (Linux; Android 7.0;) AppleWebKit/537.36 (HTML, like Gecko) Mobile Safari/537.36 (compatible; PetalBot;+https://webmaster.petalsearch.com/site/petalbot)"
50.17.171.49 - - [16/Jun/2026:13:19:09 +0000] "GET /wp-content/uploads/2025/02/396.jpg HTTP/1.1" 200 32379 "-" "Mozilla/5.0 (X11; Ubuntu; Linux x86_64; rv:72.0) Gecko/20100101 Firefox/72.0 (compatible; cc-download/1.0; +https://github.com/rom1504/img2dataset)"
114.119.167.129 - - [16/Jun/2026:13:19:11 +0000] "GET /arteterapia-cwiczenia-redukcja-stresu-skuteczne-metody-relaksu/ HTTP/1.1" 200 44078 "https://centrumdobrejterapiichorzow.pl/arteterapia-cwiczenia-redukcja-stresu-skuteczne-metody-relaksu" "Mozilla/5.0 (Linux; Android 7.0;) AppleWebKit/537.36 (HTML, like Gecko) Mobile Safari/537.36 (compatible; PetalBot;+https://webmaster.petalsearch.com/site/petalbot)"
50.17.171.49 - - [16/Jun/2026:13:19:34 +0000] "GET /wp-content/uploads/2025/11/402.png HTTP/1.1" 200 1437166 "-" "Mozilla/5.0 (X11; Ubuntu; Linux x86_64; rv:72.0) Gecko/20100101 Firefox/72.0 (compatible; cc-download/1.0; +https://github.com/rom1504/img2dataset)"
50.17.171.49 - - [16/Jun/2026:13:19:39 +0000] "GET /wp-content/uploads/2025/07/coaching-rozwoju-osobistego-300x164.jpg HTTP/1.1" 200 8573 "-" "Mozilla/5.0 (X11; Ubuntu; Linux x86_64; rv:72.0) Gecko/20100101 Firefox/72.0 (compatible; cc-download/1.0; +https://github.com/rom1504/img2dataset)"
50.17.171.49 - - [16/Jun/2026:13:19:42 +0000] "GET /wp-content/uploads/2024/10/happy-family-at-home-LLVD2LX-300x268.jpg HTTP/1.1" 200 23977 "-" "Mozilla/5.0 (X11; Ubuntu; Linux x86_64; rv:72.0) Gecko/20100101 Firefox/72.0 (compatible; cc-download/1.0; +https://github.com/rom1504/img2dataset)"
50.17.171.49 - - [16/Jun/2026:13:19:50 +0000] "GET /wp-content/uploads/2025/11/691-300x164.png HTTP/1.1" 200 54042 "-" "Mozilla/5.0 (X11; Ubuntu; Linux x86_64; rv:72.0) Gecko/20100101 Firefox/72.0 (compatible; cc-download/1.0; +https://github.com/rom1504/img2dataset)"
50.17.171.49 - - [16/Jun/2026:13:19:50 +0000] "GET /wp-content/uploads/2024/10/emotion-emoticons-used-by-a-psychologist-during-a-D2BFM6T.jpg HTTP/1.1" 200 40990 "-" "Mozilla/5.0 (X11; Ubuntu; Linux x86_64; rv:72.0) Gecko/20100101 Firefox/72.0 (compatible; cc-download/1.0; +https://github.com/rom1504/img2dataset)"
50.17.171.49 - - [16/Jun/2026:13:19:51 +0000] "GET /wp-content/uploads/2025/11/555-1024x559.png HTTP/1.1" 200 626188 "-" "Mozilla/5.0 (X11; Ubuntu; Linux x86_64; rv:72.0) Gecko/20100101 Firefox/72.0 (compatible; cc-download/1.0; +https://github.com/rom1504/img2dataset)"
114.119.150.101 - - [16/Jun/2026:13:20:32 +0000] "GET /psychologia-rodziny-klucz-do-zdrowych-relacji HTTP/1.1" 301 5 "https://centrumdobrejterapiichorzow.pl/psychologia-odkrywa-tajemnice-ludzkiego-zachowania" "Mozilla/5.0 (Linux; Android 7.0;) AppleWebKit/537.36 (HTML, like Gecko) Mobile Safari/537.36 (compatible; PetalBot;+https://webmaster.petalsearch.com/site/petalbot)"
34.50.165.79 - - [16/Jun/2026:13:20:34 +0000] "GET /wp-content/uploads/2025/02/72-1-300x300.jpg HTTP/1.1" 200 19413 "-" "Mozilla/5.0 AppleWebKit/537.36 (KHTML, like Gecko; compatible; ReyilBot/0.1"
114.119.150.101 - - [16/Jun/2026:13:20:34 +0000] "GET /psychologia-rodziny-klucz-do-zdrowych-relacji/ HTTP/1.1" 200 41297 "https://centrumdobrejterapiichorzow.pl/psychologia-odkrywa-tajemnice-ludzkiego-zachowania" "Mozilla/5.0 (Linux; Android 7.0;) AppleWebKit/537.36 (HTML, like Gecko) Mobile Safari/537.36 (compatible; PetalBot;+https://webmaster.petalsearch.com/site/petalbot)"
108.174.63.2 - - [16/Jun/2026:13:22:13 +0000] "GET /webmail/ HTTP/1.1" 404 118189 "-" "Mozilla/5.0 (Windows NT 10.0; WOW64; rv:47.0) Gecko/20100101 Firefox/47.0"
108.174.63.2 - - [16/Jun/2026:13:22:16 +0000] "GET /webmail/ HTTP/1.1" 404 118189 "-" "Mozilla/5.0 (Windows NT 10.0; WOW64; rv:47.0) Gecko/20100101 Firefox/47.0"
43.173.174.233 - - [16/Jun/2026:13:23:45 +0000] "GET /podejscie-eklektyczne-w-psychoterapii-elastycznosc-i-zindywidualizowanie HTTP/1.1" 301 5 "-" "Mozilla/5.0 (Windows NT 10.0; Win64; x64) AppleWebKit/537.36 (KHTML, like Gecko) Chrome/116.0.0.0 Safari/537.36"
43.173.176.107 - - [16/Jun/2026:13:23:47 +0000] "GET /podejscie-eklektyczne-w-psychoterapii-elastycznosc-i-zindywidualizowanie/ HTTP/1.1" 200 40173 "-" "Mozilla/5.0 (Windows NT 10.0; Win64; x64) AppleWebKit/537.36 (KHTML, like Gecko) Chrome/116.0.0.0 Safari/537.36"
54.38.193.16 - - [16/Jun/2026:13:24:13 +0000] "GET / HTTP/1.1" 200 194834 "-" "Mozilla/5.0 (Windows NT 6.1; rv:8.0) Gecko/20100101 Firefox/8.0"
85.208.96.200 - - [16/Jun/2026:13:24:48 +0000] "GET /author/admin/page/4/ HTTP/1.1" 200 29498 "-" "Mozilla/5.0 (compatible; SemrushBot/7~bl; +http://www.semrush.com/bot.html)"
66.249.66.38 - - [16/Jun/2026:13:26:44 +0000] "GET /?e=28410110574505 HTTP/1.1" 200 32001 "-" "Mozilla/5.0 (Linux; Android 6.0.1; Nexus 5X Build/MMB29P) AppleWebKit/537.36 (KHTML, like Gecko) Chrome/148.0.7778.96 Mobile Safari/537.36 (compatible; Googlebot/2.1; +http://www.google.com/bot.html)"
175.27.136.83 - - [16/Jun/2026:13:27:07 +0000] "GET / HTTP/1.1" 301 5 "http://www.centrumdobrejterapiichorzow.pl" "Mozilla/5.0 (iPhone; CPU iPhone OS 13_2_3 like Mac OS X) AppleWebKit/605.1.15 (KHTML, like Gecko) Version/13.0.3 Mobile/15E148 Safari/604.1"
175.27.136.83 - - [16/Jun/2026:13:27:13 +0000] "GET / HTTP/1.1" 200 32001 "https://www.centrumdobrejterapiichorzow.pl/" "Mozilla/5.0 (iPhone; CPU iPhone OS 13_2_3 like Mac OS X) AppleWebKit/605.1.15 (KHTML, like Gecko) Version/13.0.3 Mobile/15E148 Safari/604.1"
114.119.128.126 - - [16/Jun/2026:13:29:32 +0000] "GET /lv-bet-casino-review-and-current-promotions-your-ultimate-guide HTTP/1.1" 301 5 "https://centrumdobrejterapiichorzow.pl/kontakt" "Mozilla/5.0 (Linux; Android 7.0;) AppleWebKit/537.36 (HTML, like Gecko) Mobile Safari/537.36 (compatible; PetalBot;+https://webmaster.petalsearch.com/site/petalbot)"
114.119.128.126 - - [16/Jun/2026:13:29:34 +0000] "GET /lv-bet-casino-review-and-current-promotions-your-ultimate-guide/ HTTP/1.1" 200 37848 "https://centrumdobrejterapiichorzow.pl/kontakt" "Mozilla/5.0 (Linux; Android 7.0;) AppleWebKit/537.36 (HTML, like Gecko) Mobile Safari/537.36 (compatible; PetalBot;+https://webmaster.petalsearch.com/site/petalbot)"
114.119.150.101 - - [16/Jun/2026:13:30:55 +0000] "GET /efekt-motyla-psychologia-i-jego-ogromne-znaczenie/ HTTP/1.1" 200 39880 "https://centrumdobrejterapiichorzow.pl/psychologia-co-to-jest-odkryj-jej-znaczenie-i-zastosowanie/" "Mozilla/5.0 (Linux; Android 7.0;) AppleWebKit/537.36 (HTML, like Gecko) Mobile Safari/537.36 (compatible; PetalBot;+https://webmaster.petalsearch.com/site/petalbot)"
114.119.167.129 - - [16/Jun/2026:13:32:18 +0000] "GET /category/psihoterapia HTTP/1.1" 301 5 "https://centrumdobrejterapiichorzow.pl/przezwyciezanie-barier-mentalnych-klucz-do-osobistego-rozwoju" "Mozilla/5.0 (Linux; Android 7.0;) AppleWebKit/537.36 (HTML, like Gecko) Mobile Safari/537.36 (compatible; PetalBot;+https://webmaster.petalsearch.com/site/petalbot)"
114.119.167.129 - - [16/Jun/2026:13:32:20 +0000] "GET /category/psihoterapia/ HTTP/1.1" 200 28864 "https://centrumdobrejterapiichorzow.pl/przezwyciezanie-barier-mentalnych-klucz-do-osobistego-rozwoju" "Mozilla/5.0 (Linux; Android 7.0;) AppleWebKit/537.36 (HTML, like Gecko) Mobile Safari/537.36 (compatible; PetalBot;+https://webmaster.petalsearch.com/site/petalbot)"
114.119.137.67 - - [16/Jun/2026:13:33:43 +0000] "GET /kreatywnosc-w-zespole-klucz-do-innowacyjnych-rozwiazan/ HTTP/1.1" 200 40328 "https://centrumdobrejterapiichorzow.pl/feniks-6-1-nowoczesne-wsparcie-dla-podstawowej-opieki-zdrowotnej/" "Mozilla/5.0 (Linux; Android 7.0;) AppleWebKit/537.36 (HTML, like Gecko) Mobile Safari/537.36 (compatible; PetalBot;+https://webmaster.petalsearch.com/site/petalbot)"
103.239.14.19 - - [16/Jun/2026:13:37:21 +0000] "GET /wp-login.php HTTP/1.1" 200 3964 "-" "Mozilla/5.0 (Windows NT 10.0) AppleWebKit/537.36 (KHTML, like Gecko) Chrome/133.0.0.0 Safari/537.36"
103.239.14.19 - - [16/Jun/2026:13:37:22 +0000] "POST /wp-login.php HTTP/1.1" 200 4091 "https://centrumdobrejterapiichorzow.pl/wp-login.php" "Mozilla/5.0 (Windows NT 10.0) AppleWebKit/537.36 (KHTML, like Gecko) Chrome/133.0.0.0 Safari/537.36"
167.99.129.241 - - [16/Jun/2026:13:38:06 +0000] "POST /wp-login.php HTTP/1.1" 200 4143 "https://centrumdobrejterapiichorzow.pl/wp-login.php" "Mozilla/5.0 (Macintosh; Intel Mac OS X 10_15_7) AppleWebKit/537.36 (KHTML, like Gecko) Chrome/119.0.0.0 Safari/537.36"
167.99.129.241 - - [16/Jun/2026:13:38:06 +0000] "POST /wp-login.php HTTP/1.1" 200 4083 "https://centrumdobrejterapiichorzow.pl/wp-login.php" "Mozilla/5.0 (X11; Linux x86_64) AppleWebKit/537.36 (KHTML, like Gecko) Chrome/120.0.0.0 Safari/537.36"
167.99.129.241 - - [16/Jun/2026:13:38:06 +0000] "POST /wp-login.php HTTP/1.1" 200 4085 "https://centrumdobrejterapiichorzow.pl/wp-login.php" "Mozilla/5.0 (X11; Linux x86_64; rv:121.0) Gecko/20100101 Firefox/121.0"
167.99.129.241 - - [16/Jun/2026:13:38:07 +0000] "POST /wp-login.php HTTP/1.1" 200 4143 "https://centrumdobrejterapiichorzow.pl/wp-login.php" "Mozilla/5.0 (Windows NT 10.0; Win64; x64) AppleWebKit/537.36 (KHTML, like Gecko) Chrome/120.0.0.0 Safari/537.36"
167.99.129.241 - - [16/Jun/2026:13:38:07 +0000] "POST /wp-login.php HTTP/1.1" 200 4083 "https://centrumdobrejterapiichorzow.pl/wp-login.php" "Mozilla/5.0 (Windows NT 10.0; Win64; x64; rv:121.0) Gecko/20100101 Firefox/121.0"
167.99.129.241 - - [16/Jun/2026:13:38:07 +0000] "POST /wp-login.php HTTP/1.1" 200 4085 "https://centrumdobrejterapiichorzow.pl/wp-login.php" "Mozilla/5.0 (Macintosh; Intel Mac OS X 10_15_7) AppleWebKit/605.1.15 (KHTML, like Gecko) Version/17.2 Safari/605.1.15"
167.99.129.241 - - [16/Jun/2026:13:38:08 +0000] "POST /wp-login.php HTTP/1.1" 200 4143 "https://centrumdobrejterapiichorzow.pl/wp-login.php" "Mozilla/5.0 (Windows NT 10.0; Win64; x64) AppleWebKit/537.36 (KHTML, like Gecko) Chrome/120.0.0.0 Safari/537.36"
167.99.129.241 - - [16/Jun/2026:13:38:08 +0000] "POST /wp-login.php HTTP/1.1" 200 4083 "https://centrumdobrejterapiichorzow.pl/wp-login.php" "Mozilla/5.0 (Windows NT 10.0; Win64; x64) AppleWebKit/537.36 (KHTML, like Gecko) Chrome/120.0.0.0 Safari/537.36"
167.99.129.241 - - [16/Jun/2026:13:38:08 +0000] "POST /wp-login.php HTTP/1.1" 200 4085 "https://centrumdobrejterapiichorzow.pl/wp-login.php" "Mozilla/5.0 (Windows NT 10.0; Win64; x64) AppleWebKit/537.36 (KHTML, like Gecko) Chrome/119.0.0.0 Safari/537.36"
167.99.129.241 - - [16/Jun/2026:13:38:09 +0000] "POST /wp-login.php HTTP/1.1" 200 4143 "https://centrumdobrejterapiichorzow.pl/wp-login.php" "Mozilla/5.0 (Windows NT 10.0; Win64; x64) AppleWebKit/537.36 (KHTML, like Gecko) Chrome/120.0.0.0 Safari/537.36"
167.99.129.241 - - [16/Jun/2026:13:38:09 +0000] "POST /wp-login.php HTTP/1.1" 200 4083 "https://centrumdobrejterapiichorzow.pl/wp-login.php" "Mozilla/5.0 (Macintosh; Intel Mac OS X 10_15_7) AppleWebKit/537.36 (KHTML, like Gecko) Chrome/119.0.0.0 Safari/537.36"
167.99.129.241 - - [16/Jun/2026:13:38:09 +0000] "POST /wp-login.php HTTP/1.1" 200 4085 "https://centrumdobrejterapiichorzow.pl/wp-login.php" "Mozilla/5.0 (Macintosh; Intel Mac OS X 10_15_7) AppleWebKit/537.36 (KHTML, like Gecko) Chrome/119.0.0.0 Safari/537.36"
167.99.129.241 - - [16/Jun/2026:13:38:10 +0000] "POST /wp-login.php HTTP/1.1" 200 4143 "https://centrumdobrejterapiichorzow.pl/wp-login.php" "Mozilla/5.0 (Windows NT 10.0; Win64; x64) AppleWebKit/537.36 (KHTML, like Gecko) Chrome/120.0.0.0 Safari/537.36"
167.99.129.241 - - [16/Jun/2026:13:38:10 +0000] "POST /wp-login.php HTTP/1.1" 200 4083 "https://centrumdobrejterapiichorzow.pl/wp-login.php" "Mozilla/5.0 (Macintosh; Intel Mac OS X 10_15_7) AppleWebKit/605.1.15 (KHTML, like Gecko) Version/17.2 Safari/605.1.15"
167.99.129.241 - - [16/Jun/2026:13:38:10 +0000] "POST /wp-login.php HTTP/1.1" 200 4085 "https://centrumdobrejterapiichorzow.pl/wp-login.php" "Mozilla/5.0 (Windows NT 10.0; Win64; x64) AppleWebKit/537.36 (KHTML, like Gecko) Chrome/120.0.0.0 Safari/537.36"
