2026/06/16 11:40:40 [error] 3989674#3989674: *90208 FastCGI sent in stderr: "PHP message: PHP Warning: Constant DISABLE_WP_CRON already defined in /var/www/driftworld.pl/wp-config.php on line 93" while reading response header from upstream, client: 64.89.160.64, server: driftworld.pl, request: "GET / HTTP/1.1", upstream: "fastcgi://unix:/run/php/php8.1-fpm.sock:", host: "driftworld.pl", referrer: "http://driftworld.pl/"
2026/06/16 11:40:44 [error] 3989674#3989674: *90276 FastCGI sent in stderr: "PHP message: PHP Warning: Constant DISABLE_WP_CRON already defined in /var/www/driftworld.pl/wp-config.php on line 93" while reading response header from upstream, client: 66.249.66.162, server: driftworld.pl, request: "GET /2025/08/02/jak-driftowac-na-recznym-latwo-i-skutecznie-dzis/ HTTP/1.1", upstream: "fastcgi://unix:/run/php/php8.1-fpm.sock:", host: "driftworld.pl"
2026/06/16 11:40:55 [error] 3989674#3989674: *90432 FastCGI sent in stderr: "PHP message: PHP Warning: Constant DISABLE_WP_CRON already defined in /var/www/driftworld.pl/wp-config.php on line 93" while reading response header from upstream, client: 114.119.130.183, server: driftworld.pl, request: "GET /emocje-na-torze-driftowym-wzmacniaja-pasje-do-jazdy/ HTTP/1.1", upstream: "fastcgi://unix:/run/php/php8.1-fpm.sock:", host: "driftworld.pl", referrer: "https://driftworld.pl/author/admin/page/56"
2026/06/16 11:40:56 [error] 3989674#3989674: *90453 FastCGI sent in stderr: "PHP message: PHP Warning: Constant DISABLE_WP_CRON already defined in /var/www/driftworld.pl/wp-config.php on line 93" while reading response header from upstream, client: 114.119.130.183, server: driftworld.pl, request: "GET /2025/06/13/emocje-na-torze-driftowym-wzmacniaja-pasje-do-jazdy/ HTTP/1.1", upstream: "fastcgi://unix:/run/php/php8.1-fpm.sock:", host: "driftworld.pl", referrer: "https://driftworld.pl/author/admin/page/56"
2026/06/16 11:41:01 [error] 3989674#3989674: *90503 FastCGI sent in stderr: "PHP message: PHP Warning: Constant DISABLE_WP_CRON already defined in /var/www/driftworld.pl/wp-config.php on line 93" while reading response header from upstream, client: 54.66.224.4, server: driftworld.pl, request: "GET /wp-login.php HTTP/1.1", upstream: "fastcgi://unix:/run/php/php8.1-fpm.sock:", host: "driftworld.pl"
2026/06/16 11:41:02 [error] 3989674#3989674: *90503 FastCGI sent in stderr: "PHP message: PHP Warning: Constant DISABLE_WP_CRON already defined in /var/www/driftworld.pl/wp-config.php on line 93" while reading response header from upstream, client: 54.66.224.4, server: driftworld.pl, request: "POST /wp-login.php HTTP/1.1", upstream: "fastcgi://unix:/run/php/php8.1-fpm.sock:", host: "driftworld.pl", referrer: "https://driftworld.pl/wp-login.php"
2026/06/16 11:41:18 [error] 3989674#3989674: *90705 FastCGI sent in stderr: "PHP message: PHP Warning: Constant DISABLE_WP_CRON already defined in /var/www/driftworld.pl/wp-config.php on line 93" while reading response header from upstream, client: 193.56.116.23, server: driftworld.pl, request: "POST /wp-login.php HTTP/1.1", upstream: "fastcgi://unix:/run/php/php8.1-fpm.sock:", host: "driftworld.pl"
2026/06/16 11:42:19 [error] 3989674#3989674: *91444 FastCGI sent in stderr: "PHP message: PHP Warning: Constant DISABLE_WP_CRON already defined in /var/www/driftworld.pl/wp-config.php on line 93" while reading response header from upstream, client: 114.119.131.120, server: driftworld.pl, request: "GET /drift-game-chrome-emocjonujaca-gra-driftingowa-online/ HTTP/1.1", upstream: "fastcgi://unix:/run/php/php8.1-fpm.sock:", host: "driftworld.pl", referrer: "https://driftworld.pl/category/uncategorized/page/13/"
2026/06/16 11:42:21 [error] 3989674#3989674: *91463 FastCGI sent in stderr: "PHP message: PHP Warning: Constant DISABLE_WP_CRON already defined in /var/www/driftworld.pl/wp-config.php on line 93" while reading response header from upstream, client: 114.119.131.120, server: driftworld.pl, request: "GET /2025/08/02/drift-game-chrome-emocjonujaca-gra-driftingowa-online/ HTTP/1.1", upstream: "fastcgi://unix:/run/php/php8.1-fpm.sock:", host: "driftworld.pl", referrer: "https://driftworld.pl/category/uncategorized/page/13/"
2026/06/16 11:42:21 [error] 3989674#3989674: *91474 FastCGI sent in stderr: "PHP message: PHP Warning: Constant DISABLE_WP_CRON already defined in /var/www/driftworld.pl/wp-config.php on line 93" while reading response header from upstream, client: 207.46.13.126, server: driftworld.pl, request: "GET /2025/06/15/szkola-driftu-to-idealne-miejsce-dla-pasjonatow/ HTTP/1.1", upstream: "fastcgi://unix:/run/php/php8.1-fpm.sock:", host: "driftworld.pl"
2026/06/16 11:43:19 [error] 3989674#3989674: *92230 FastCGI sent in stderr: "PHP message: PHP Warning: Constant DISABLE_WP_CRON already defined in /var/www/driftworld.pl/wp-config.php on line 93" while reading response header from upstream, client: 31.220.84.188, server: driftworld.pl, request: "GET /wp-login.php HTTP/1.1", upstream: "fastcgi://unix:/run/php/php8.1-fpm.sock:", host: "www.driftworld.pl"
2026/06/16 11:43:20 [error] 3989674#3989674: *92230 FastCGI sent in stderr: "PHP message: PHP Warning: Constant DISABLE_WP_CRON already defined in /var/www/driftworld.pl/wp-config.php on line 93" while reading response header from upstream, client: 31.220.84.188, server: driftworld.pl, request: "POST /wp-login.php HTTP/1.1", upstream: "fastcgi://unix:/run/php/php8.1-fpm.sock:", host: "www.driftworld.pl", referrer: "https://www.driftworld.pl/wp-login.php"
2026/06/16 11:43:43 [error] 3989674#3989674: *92507 FastCGI sent in stderr: "PHP message: PHP Warning: Constant DISABLE_WP_CRON already defined in /var/www/driftworld.pl/wp-config.php on line 93" while reading response header from upstream, client: 114.119.143.172, server: driftworld.pl, request: "GET /indywidualne-programy-driftu-dla-kazdego-kierowcy HTTP/1.1", upstream: "fastcgi://unix:/run/php/php8.1-fpm.sock:", host: "driftworld.pl", referrer: "https://driftworld.pl/trening-driftu-dla-poczatkujacych-rozpocznij-swoja-przygode"
2026/06/16 11:43:45 [error] 3989674#3989674: *92539 FastCGI sent in stderr: "PHP message: PHP Warning: Constant DISABLE_WP_CRON already defined in /var/www/driftworld.pl/wp-config.php on line 93" while reading response header from upstream, client: 114.119.143.172, server: driftworld.pl, request: "GET /2025/06/12/indywidualne-programy-driftu-dla-kazdego-kierowcy/ HTTP/1.1", upstream: "fastcgi://unix:/run/php/php8.1-fpm.sock:", host: "driftworld.pl", referrer: "https://driftworld.pl/trening-driftu-dla-poczatkujacych-rozpocznij-swoja-przygode"
2026/06/16 11:44:37 [error] 3989674#3989674: *93182 FastCGI sent in stderr: "PHP message: PHP Warning: Constant DISABLE_WP_CRON already defined in /var/www/driftworld.pl/wp-config.php on line 93" while reading response header from upstream, client: 52.7.33.248, server: driftworld.pl, request: "GET /wp-json/wp/v2/posts/487 HTTP/1.1", upstream: "fastcgi://unix:/run/php/php8.1-fpm.sock:", host: "driftworld.pl"
2026/06/16 11:44:40 [error] 3989674#3989674: *93227 FastCGI sent in stderr: "PHP message: PHP Warning: Constant DISABLE_WP_CRON already defined in /var/www/driftworld.pl/wp-config.php on line 93" while reading response header from upstream, client: 3.214.176.44, server: driftworld.pl, request: "GET /2025/06/15/techniki-jazdy-bokiem-ktore-musisz-poznac-natychmiast/ HTTP/1.1", upstream: "fastcgi://unix:/run/php/php8.1-fpm.sock:", host: "driftworld.pl"
2026/06/16 11:44:44 [error] 3989674#3989674: *93272 FastCGI sent in stderr: "PHP message: PHP Warning: Constant DISABLE_WP_CRON already defined in /var/www/driftworld.pl/wp-config.php on line 93" while reading response header from upstream, client: 3.93.98.99, server: driftworld.pl, request: "GET /wp-json/wp/v2/posts/483 HTTP/1.1", upstream: "fastcgi://unix:/run/php/php8.1-fpm.sock:", host: "driftworld.pl"
2026/06/16 11:45:07 [error] 3989674#3989674: *93553 FastCGI sent in stderr: "PHP message: PHP Warning: Constant DISABLE_WP_CRON already defined in /var/www/driftworld.pl/wp-config.php on line 93" while reading response header from upstream, client: 114.119.148.191, server: driftworld.pl, request: "GET /doswiadczenie-instruktorow-drift-wplywa-na-sukces-kursow/ HTTP/1.1", upstream: "fastcgi://unix:/run/php/php8.1-fpm.sock:", host: "driftworld.pl", referrer: "https://driftworld.pl/author/admin/page/37/"
2026/06/16 11:45:08 [error] 3989674#3989674: *93570 FastCGI sent in stderr: "PHP message: PHP Warning: Constant DISABLE_WP_CRON already defined in /var/www/driftworld.pl/wp-config.php on line 93" while reading response header from upstream, client: 114.119.148.191, server: driftworld.pl, request: "GET /2025/06/15/doswiadczenie-instruktorow-drift-wplywa-na-sukces-kursow/ HTTP/1.1", upstream: "fastcgi://unix:/run/php/php8.1-fpm.sock:", host: "driftworld.pl", referrer: "https://driftworld.pl/author/admin/page/37/"
2026/06/16 11:46:31 [error] 3989674#3989674: *94577 FastCGI sent in stderr: "PHP message: PHP Warning: Constant DISABLE_WP_CRON already defined in /var/www/driftworld.pl/wp-config.php on line 93" while reading response header from upstream, client: 114.119.156.111, server: driftworld.pl, request: "GET /kursy-driftu-dla-poczatkujacych-rozpocznij-niesamowita-przygode HTTP/1.1", upstream: "fastcgi://unix:/run/php/php8.1-fpm.sock:", host: "driftworld.pl", referrer: "https://driftworld.pl/kursy-driftu-dla-poczatkujacych-rozpocznij-niesamowita-przygode"
2026/06/16 11:46:33 [error] 3989674#3989674: *94597 FastCGI sent in stderr: "PHP message: PHP Warning: Constant DISABLE_WP_CRON already defined in /var/www/driftworld.pl/wp-config.php on line 93" while reading response header from upstream, client: 114.119.156.111, server: driftworld.pl, request: "GET /2025/06/15/kursy-driftu-dla-poczatkujacych-rozpocznij-niesamowita-przygode/ HTTP/1.1", upstream: "fastcgi://unix:/run/php/php8.1-fpm.sock:", host: "driftworld.pl", referrer: "https://driftworld.pl/kursy-driftu-dla-poczatkujacych-rozpocznij-niesamowita-przygode"
2026/06/16 11:47:35 [error] 3989674#3989674: *95295 FastCGI sent in stderr: "PHP message: PHP Warning: Constant DISABLE_WP_CRON already defined in /var/www/driftworld.pl/wp-config.php on line 93" while reading response header from upstream, client: 213.128.70.19, server: driftworld.pl, request: "GET /wp-login.php HTTP/1.1", upstream: "fastcgi://unix:/run/php/php8.1-fpm.sock:", host: "driftworld.pl"
2026/06/16 11:47:36 [error] 3989674#3989674: *95295 FastCGI sent in stderr: "PHP message: PHP Warning: Constant DISABLE_WP_CRON already defined in /var/www/driftworld.pl/wp-config.php on line 93" while reading response header from upstream, client: 213.128.70.19, server: driftworld.pl, request: "POST /wp-login.php HTTP/1.1", upstream: "fastcgi://unix:/run/php/php8.1-fpm.sock:", host: "driftworld.pl", referrer: "https://driftworld.pl/wp-login.php"
2026/06/16 11:47:55 [error] 3989674#3989674: *95518 FastCGI sent in stderr: "PHP message: PHP Warning: Constant DISABLE_WP_CRON already defined in /var/www/driftworld.pl/wp-config.php on line 93" while reading response header from upstream, client: 114.119.143.172, server: driftworld.pl, request: "GET /drift-21-pozytywnie-zaskakuje-fanow-driftingu/ HTTP/1.1", upstream: "fastcgi://unix:/run/php/php8.1-fpm.sock:", host: "driftworld.pl", referrer: "https://driftworld.pl/author/admin/page/4/"
2026/06/16 11:47:57 [error] 3989674#3989674: *95536 FastCGI sent in stderr: "PHP message: PHP Warning: Constant DISABLE_WP_CRON already defined in /var/www/driftworld.pl/wp-config.php on line 93" while reading response header from upstream, client: 114.119.143.172, server: driftworld.pl, request: "GET /2025/08/03/drift-21-pozytywnie-zaskakuje-fanow-driftingu/ HTTP/1.1", upstream: "fastcgi://unix:/run/php/php8.1-fpm.sock:", host: "driftworld.pl", referrer: "https://driftworld.pl/author/admin/page/4/"
2026/06/16 11:48:34 [error] 3989674#3989674: *95994 FastCGI sent in stderr: "PHP message: PHP Warning: Constant DISABLE_WP_CRON already defined in /var/www/driftworld.pl/wp-config.php on line 93" while reading response header from upstream, client: 66.249.66.71, server: driftworld.pl, request: "GET /2025/06/14/zaawansowane-techniki-driftu-dla-lepszej-kontroli-pojazdu/ HTTP/1.1", upstream: "fastcgi://unix:/run/php/php8.1-fpm.sock:", host: "driftworld.pl"
2026/06/16 11:49:19 [error] 3989674#3989674: *96493 FastCGI sent in stderr: "PHP message: PHP Warning: Constant DISABLE_WP_CRON already defined in /var/www/driftworld.pl/wp-config.php on line 93" while reading response header from upstream, client: 114.119.144.37, server: driftworld.pl, request: "GET /category/uncategorized/page/32/ HTTP/1.1", upstream: "fastcgi://unix:/run/php/php8.1-fpm.sock:", host: "driftworld.pl", referrer: "https://driftworld.pl/category/uncategorized/page/31/"
2026/06/16 11:49:20 [error] 3989674#3989674: *96499 FastCGI sent in stderr: "PHP message: PHP Warning: Constant DISABLE_WP_CRON already defined in /var/www/driftworld.pl/wp-config.php on line 93" while reading response header from upstream, client: 194.163.139.224, server: driftworld.pl, request: "GET /wp-login.php HTTP/1.1", upstream: "fastcgi://unix:/run/php/php8.1-fpm.sock:", host: "www.driftworld.pl"
2026/06/16 11:49:29 [error] 3989674#3989674: *96499 FastCGI sent in stderr: "PHP message: PHP Warning: Constant DISABLE_WP_CRON already defined in /var/www/driftworld.pl/wp-config.php on line 93" while reading response header from upstream, client: 194.163.139.224, server: driftworld.pl, request: "POST /wp-login.php HTTP/1.1", upstream: "fastcgi://unix:/run/php/php8.1-fpm.sock:", host: "www.driftworld.pl", referrer: "https://www.driftworld.pl/wp-login.php"
2026/06/16 11:50:43 [error] 3989674#3989674: *97410 FastCGI sent in stderr: "PHP message: PHP Warning: Constant DISABLE_WP_CRON already defined in /var/www/driftworld.pl/wp-config.php on line 93" while reading response header from upstream, client: 114.119.136.221, server: driftworld.pl, request: "GET /kursy-driftu-dla-zaawansowanych-rozwin-swoje-umiejetnosci HTTP/1.1", upstream: "fastcgi://unix:/run/php/php8.1-fpm.sock:", host: "driftworld.pl", referrer: "https://driftworld.pl/kursy-driftu-dla-zaawansowanych-rozwin-swoje-umiejetnosci"
2026/06/16 11:50:44 [error] 3989674#3989674: *97425 FastCGI sent in stderr: "PHP message: PHP Warning: Constant DISABLE_WP_CRON already defined in /var/www/driftworld.pl/wp-config.php on line 93" while reading response header from upstream, client: 114.119.136.221, server: driftworld.pl, request: "GET /2025/06/14/kursy-driftu-dla-zaawansowanych-rozwin-swoje-umiejetnosci/ HTTP/1.1", upstream: "fastcgi://unix:/run/php/php8.1-fpm.sock:", host: "driftworld.pl", referrer: "https://driftworld.pl/kursy-driftu-dla-zaawansowanych-rozwin-swoje-umiejetnosci"
2026/06/16 11:52:07 [error] 3989675#3989675: *98371 FastCGI sent in stderr: "PHP message: PHP Warning: Constant DISABLE_WP_CRON already defined in /var/www/driftworld.pl/wp-config.php on line 93" while reading response header from upstream, client: 114.119.156.111, server: driftworld.pl, request: "GET /auto-szkola-zebra-najlepszy-wybor-nauki-jazdy/ HTTP/1.1", upstream: "fastcgi://unix:/run/php/php8.1-fpm.sock:", host: "driftworld.pl", referrer: "https://driftworld.pl/auto-szkola-zebra-najlepszy-wybor-nauki-jazdy"
2026/06/16 11:52:09 [error] 3989674#3989674: *98384 FastCGI sent in stderr: "PHP message: PHP Warning: Constant DISABLE_WP_CRON already defined in /var/www/driftworld.pl/wp-config.php on line 93" while reading response header from upstream, client: 114.119.156.111, server: driftworld.pl, request: "GET /2025/08/02/auto-szkola-zebra-najlepszy-wybor-nauki-jazdy/ HTTP/1.1", upstream: "fastcgi://unix:/run/php/php8.1-fpm.sock:", host: "driftworld.pl", referrer: "https://driftworld.pl/auto-szkola-zebra-najlepszy-wybor-nauki-jazdy"
2026/06/16 11:53:30 [error] 3989674#3989674: *99356 FastCGI sent in stderr: "PHP message: PHP Warning: Constant DISABLE_WP_CRON already defined in /var/www/driftworld.pl/wp-config.php on line 93" while reading response header from upstream, client: 114.119.148.191, server: driftworld.pl, request: "GET /2025/08/03/toyota-drift-rozpala-pasje-kazdego-milosnika-motorsportu/ HTTP/1.1", upstream: "fastcgi://unix:/run/php/php8.1-fpm.sock:", host: "driftworld.pl", referrer: "https://driftworld.pl/toyota-drift-rozpala-pasje-kazdego-milosnika-motorsportu"
2026/06/16 11:54:54 [error] 3989674#3989674: *100400 FastCGI sent in stderr: "PHP message: PHP Warning: Constant DISABLE_WP_CRON already defined in /var/www/driftworld.pl/wp-config.php on line 93" while reading response header from upstream, client: 114.119.131.120, server: driftworld.pl, request: "GET /nova-drift-dynamiczna-gra-kosmiczna-pelna-wyzwan/ HTTP/1.1", upstream: "fastcgi://unix:/run/php/php8.1-fpm.sock:", host: "driftworld.pl", referrer: "https://driftworld.pl/drift-bialystok-najlepsze-miejsce-dla-fanow-driftu"
2026/06/16 11:54:56 [error] 3989674#3989674: *100417 FastCGI sent in stderr: "PHP message: PHP Warning: Constant DISABLE_WP_CRON already defined in /var/www/driftworld.pl/wp-config.php on line 93" while reading response header from upstream, client: 114.119.131.120, server: driftworld.pl, request: "GET /2025/08/01/nova-drift-dynamiczna-gra-kosmiczna-pelna-wyzwan/ HTTP/1.1", upstream: "fastcgi://unix:/run/php/php8.1-fpm.sock:", host: "driftworld.pl", referrer: "https://driftworld.pl/drift-bialystok-najlepsze-miejsce-dla-fanow-driftu"
2026/06/16 11:55:05 [error] 3989674#3989674: *100526 FastCGI sent in stderr: "PHP message: PHP Warning: Constant DISABLE_WP_CRON already defined in /var/www/driftworld.pl/wp-config.php on line 93" while reading response header from upstream, client: 213.171.208.62, server: driftworld.pl, request: "GET /wp-login.php HTTP/1.1", upstream: "fastcgi://unix:/run/php/php8.1-fpm.sock:", host: "driftworld.pl"
2026/06/16 11:55:06 [error] 3989674#3989674: *100526 FastCGI sent in stderr: "PHP message: PHP Warning: Constant DISABLE_WP_CRON already defined in /var/www/driftworld.pl/wp-config.php on line 93" while reading response header from upstream, client: 213.171.208.62, server: driftworld.pl, request: "POST /wp-login.php HTTP/1.1", upstream: "fastcgi://unix:/run/php/php8.1-fpm.sock:", host: "driftworld.pl", referrer: "https://driftworld.pl/wp-login.php"
2026/06/16 11:56:18 [error] 3989674#3989674: *101325 FastCGI sent in stderr: "PHP message: PHP Warning: Constant DISABLE_WP_CRON already defined in /var/www/driftworld.pl/wp-config.php on line 93" while reading response header from upstream, client: 114.119.156.111, server: driftworld.pl, request: "GET /2025/08/02/drift-open-2025-oferuje-emocje-i-profesjonalizm/ HTTP/1.1", upstream: "fastcgi://unix:/run/php/php8.1-fpm.sock:", host: "driftworld.pl", referrer: "https://driftworld.pl/drift-bike-najlepszy-wybor-dla-efektownej-jazdy/"
2026/06/16 11:56:30 [error] 3989674#3989674: *101468 FastCGI sent in stderr: "PHP message: PHP Warning: Constant DISABLE_WP_CRON already defined in /var/www/driftworld.pl/wp-config.php on line 93" while reading response header from upstream, client: 74.208.140.41, server: driftworld.pl, request: "GET /wp-login.php HTTP/1.1", upstream: "fastcgi://unix:/run/php/php8.1-fpm.sock:", host: "www.driftworld.pl"
2026/06/16 11:56:32 [error] 3989674#3989674: *101468 FastCGI sent in stderr: "PHP message: PHP Warning: Constant DISABLE_WP_CRON already defined in /var/www/driftworld.pl/wp-config.php on line 93" while reading response header from upstream, client: 74.208.140.41, server: driftworld.pl, request: "POST /wp-login.php HTTP/1.1", upstream: "fastcgi://unix:/run/php/php8.1-fpm.sock:", host: "www.driftworld.pl", referrer: "https://www.driftworld.pl/wp-login.php"
2026/06/16 11:57:43 [error] 3989674#3989674: *102394 FastCGI sent in stderr: "PHP message: PHP Warning: Constant DISABLE_WP_CRON already defined in /var/www/driftworld.pl/wp-config.php on line 93" while reading response header from upstream, client: 114.119.144.37, server: driftworld.pl, request: "GET /2025/08/02/choco-tornado-zachwyca-intensywnym-smakiem-czekolady/ HTTP/1.1", upstream: "fastcgi://unix:/run/php/php8.1-fpm.sock:", host: "driftworld.pl", referrer: "https://driftworld.pl/drift21-download-mega-szybkie-i-bezpieczne-pobieranie"
2026/06/16 11:57:50 [error] 3989674#3989674: *102470 FastCGI sent in stderr: "PHP message: PHP Warning: Constant DISABLE_WP_CRON already defined in /var/www/driftworld.pl/wp-config.php on line 93" while reading response header from upstream, client: 167.71.136.93, server: driftworld.pl, request: "GET /wp-login.php HTTP/1.1", upstream: "fastcgi://unix:/run/php/php8.1-fpm.sock:", host: "www.driftworld.pl"
2026/06/16 11:57:50 [error] 3989674#3989674: *102470 FastCGI sent in stderr: "PHP message: PHP Warning: Constant DISABLE_WP_CRON already defined in /var/www/driftworld.pl/wp-config.php on line 93" while reading response header from upstream, client: 167.71.136.93, server: driftworld.pl, request: "POST /wp-login.php HTTP/1.1", upstream: "fastcgi://unix:/run/php/php8.1-fpm.sock:", host: "www.driftworld.pl", referrer: "https://www.driftworld.pl/wp-login.php"
2026/06/16 11:58:23 [error] 3989674#3989674: *102844 FastCGI sent in stderr: "PHP message: PHP Warning: Constant DISABLE_WP_CRON already defined in /var/www/driftworld.pl/wp-config.php on line 93" while reading response header from upstream, client: 198.244.226.151, server: driftworld.pl, request: "GET /autka-do-driftu-odkryj-najlepsze-modele-na-rynku/feed/ HTTP/1.1", upstream: "fastcgi://unix:/run/php/php8.1-fpm.sock:", host: "driftworld.pl"
2026/06/16 11:59:07 [error] 3989674#3989674: *103326 FastCGI sent in stderr: "PHP message: PHP Warning: Constant DISABLE_WP_CRON already defined in /var/www/driftworld.pl/wp-config.php on line 93" while reading response header from upstream, client: 114.119.136.221, server: driftworld.pl, request: "GET /2025/08/02/carx-drift-racing-online-mods-pelne-emocji-i-nowosci/ HTTP/1.1", upstream: "fastcgi://unix:/run/php/php8.1-fpm.sock:", host: "driftworld.pl", referrer: "https://driftworld.pl/author/admin/page/13"
2026/06/16 12:00:35 [error] 3989674#3989674: *104332 FastCGI sent in stderr: "PHP message: PHP Warning: Constant DISABLE_WP_CRON already defined in /var/www/driftworld.pl/wp-config.php on line 93" while reading response header from upstream, client: 193.56.116.9, server: driftworld.pl, request: "POST /wp-login.php HTTP/1.1", upstream: "fastcgi://unix:/run/php/php8.1-fpm.sock:", host: "driftworld.pl"
2026/06/16 12:00:55 [error] 3989674#3989674: *104554 FastCGI sent in stderr: "PHP message: PHP Warning: Constant DISABLE_WP_CRON already defined in /var/www/driftworld.pl/wp-config.php on line 93" while reading response header from upstream, client: 114.119.136.219, server: driftworld.pl, request: "GET /drift-playground-sprawdz-najlepszy-mod-do-assetto-corsa/ HTTP/1.1", upstream: "fastcgi://unix:/run/php/php8.1-fpm.sock:", host: "driftworld.pl", referrer: "https://driftworld.pl/drift-boss-najlepsza-gra-driftowa-na-start/"
2026/06/16 12:00:57 [error] 3989674#3989674: *104577 FastCGI sent in stderr: "PHP message: PHP Warning: Constant DISABLE_WP_CRON already defined in /var/www/driftworld.pl/wp-config.php on line 93" while reading response header from upstream, client: 114.119.136.219, server: driftworld.pl, request: "GET /2025/08/03/drift-playground-sprawdz-najlepszy-mod-do-assetto-corsa/ HTTP/1.1", upstream: "fastcgi://unix:/run/php/php8.1-fpm.sock:", host: "driftworld.pl", referrer: "https://driftworld.pl/drift-boss-najlepsza-gra-driftowa-na-start/"
2026/06/16 12:02:03 [error] 3989674#3989674: *105537 FastCGI sent in stderr: "PHP message: PHP Warning: Constant DISABLE_WP_CRON already defined in /var/www/driftworld.pl/wp-config.php on line 93" while reading response header from upstream, client: 114.119.136.219, server: driftworld.pl, request: "GET /category/uncategorized/page/26/ HTTP/1.1", upstream: "fastcgi://unix:/run/php/php8.1-fpm.sock:", host: "driftworld.pl", referrer: "https://driftworld.pl/category/uncategorized/page/26/"
2026/06/16 12:02:18 [error] 3989674#3989674: *105814 directory index of "/var/www/driftworld.pl/wp-includes/block-supports/" is forbidden, client: 20.206.64.115, server: driftworld.pl, request: "GET /wp-includes/block-supports/ HTTP/1.1", host: "www.driftworld.pl"
2026/06/16 12:02:19 [error] 3989674#3989674: *105814 access forbidden by rule, client: 20.206.64.115, server: driftworld.pl, request: "GET /wp-content/admin.php HTTP/1.1", host: "www.driftworld.pl"
2026/06/16 12:02:20 [error] 3989674#3989674: *105814 directory index of "/var/www/driftworld.pl/wp-admin/css/" is forbidden, client: 20.206.64.115, server: driftworld.pl, request: "GET /wp-admin/css/ HTTP/1.1", host: "www.driftworld.pl"
2026/06/16 12:02:21 [error] 3989674#3989674: *105814 directory index of "/var/www/driftworld.pl/wp-includes/js/" is forbidden, client: 20.206.64.115, server: driftworld.pl, request: "GET /wp-includes/js/ HTTP/1.1", host: "www.driftworld.pl"
2026/06/16 12:02:21 [error] 3989674#3989674: *105814 directory index of "/var/www/driftworld.pl/wp-admin/css/colors/" is forbidden, client: 20.206.64.115, server: driftworld.pl, request: "GET /wp-admin/css/colors/ HTTP/1.1", host: "www.driftworld.pl"
2026/06/16 12:02:22 [error] 3989674#3989674: *105853 directory index of "/var/www/driftworld.pl/wp-includes/block-supports/" is forbidden, client: 20.206.64.115, server: driftworld.pl, request: "GET /wp-includes/block-supports/ HTTP/1.1", host: "driftworld.pl"
2026/06/16 12:02:22 [error] 3989674#3989674: *105814 directory index of "/var/www/driftworld.pl/wp-includes/html-api/" is forbidden, client: 20.206.64.115, server: driftworld.pl, request: "GET /wp-includes/html-api/ HTTP/1.1", host: "www.driftworld.pl"
2026/06/16 12:02:22 [error] 3989674#3989674: *105853 access forbidden by rule, client: 20.206.64.115, server: driftworld.pl, request: "GET /wp-content/admin.php HTTP/1.1", host: "driftworld.pl"
2026/06/16 12:02:22 [error] 3989674#3989674: *105814 access forbidden by rule, client: 20.206.64.115, server: driftworld.pl, request: "GET /wp-includes/ID3/index.php HTTP/1.1", host: "www.driftworld.pl"
2026/06/16 12:02:23 [error] 3989674#3989674: *105853 directory index of "/var/www/driftworld.pl/wp-admin/css/" is forbidden, client: 20.206.64.115, server: driftworld.pl, request: "GET /wp-admin/css/ HTTP/1.1", host: "driftworld.pl"
2026/06/16 12:02:23 [error] 3989674#3989674: *105814 FastCGI sent in stderr: "PHP message: PHP Warning: Constant DISABLE_WP_CRON already defined in /var/www/driftworld.pl/wp-config.php on line 93" while reading response header from upstream, client: 20.206.64.115, server: driftworld.pl, request: "GET /wp-admin/network/index.php HTTP/1.1", upstream: "fastcgi://unix:/run/php/php8.1-fpm.sock:", host: "www.driftworld.pl"
2026/06/16 12:02:24 [error] 3989674#3989674: *105814 directory index of "/var/www/driftworld.pl/wp-admin/js/" is forbidden, client: 20.206.64.115, server: driftworld.pl, request: "GET /wp-admin/js/ HTTP/1.1", host: "www.driftworld.pl"
2026/06/16 12:02:24 [error] 3989674#3989674: *105853 directory index of "/var/www/driftworld.pl/wp-includes/js/" is forbidden, client: 20.206.64.115, server: driftworld.pl, request: "GET /wp-includes/js/ HTTP/1.1", host: "driftworld.pl"
2026/06/16 12:02:24 [error] 3989674#3989674: *105814 directory index of "/var/www/driftworld.pl/wp-includes/images/" is forbidden, client: 20.206.64.115, server: driftworld.pl, request: "GET /wp-includes/images/ HTTP/1.1", host: "www.driftworld.pl"
2026/06/16 12:02:25 [error] 3989674#3989674: *105853 directory index of "/var/www/driftworld.pl/wp-admin/css/colors/" is forbidden, client: 20.206.64.115, server: driftworld.pl, request: "GET /wp-admin/css/colors/ HTTP/1.1", host: "driftworld.pl"
2026/06/16 12:02:26 [error] 3989674#3989674: *105814 FastCGI sent in stderr: "PHP message: PHP Warning: Constant DISABLE_WP_CRON already defined in /var/www/driftworld.pl/wp-config.php on line 93" while reading response header from upstream, client: 20.206.64.115, server: driftworld.pl, request: "GET /wp-content/cache/ HTTP/1.1", upstream: "fastcgi://unix:/run/php/php8.1-fpm.sock:", host: "www.driftworld.pl"
2026/06/16 12:02:26 [error] 3989674#3989674: *105853 directory index of "/var/www/driftworld.pl/wp-includes/html-api/" is forbidden, client: 20.206.64.115, server: driftworld.pl, request: "GET /wp-includes/html-api/ HTTP/1.1", host: "driftworld.pl"
2026/06/16 12:02:26 [error] 3989674#3989674: *105814 access forbidden by rule, client: 20.206.64.115, server: driftworld.pl, request: "GET /wp-includes/ HTTP/1.1", host: "www.driftworld.pl"
2026/06/16 12:02:26 [error] 3989674#3989674: *105853 access forbidden by rule, client: 20.206.64.115, server: driftworld.pl, request: "GET /wp-includes/ID3/index.php HTTP/1.1", host: "driftworld.pl"
2026/06/16 12:02:27 [error] 3989674#3989674: *105853 FastCGI sent in stderr: "PHP message: PHP Warning: Constant DISABLE_WP_CRON already defined in /var/www/driftworld.pl/wp-config.php on line 93" while reading response header from upstream, client: 20.206.64.115, server: driftworld.pl, request: "GET /wp-admin/network/index.php HTTP/1.1", upstream: "fastcgi://unix:/run/php/php8.1-fpm.sock:", host: "driftworld.pl"
2026/06/16 12:02:27 [error] 3989674#3989674: *105853 directory index of "/var/www/driftworld.pl/wp-admin/js/" is forbidden, client: 20.206.64.115, server: driftworld.pl, request: "GET /wp-admin/js/ HTTP/1.1", host: "driftworld.pl"
2026/06/16 12:02:28 [error] 3989674#3989674: *105814 access forbidden by rule, client: 20.206.64.115, server: driftworld.pl, request: "GET /wp-content/upgrade/index.php HTTP/1.1", host: "www.driftworld.pl"
2026/06/16 12:02:28 [error] 3989674#3989674: *105853 directory index of "/var/www/driftworld.pl/wp-includes/images/" is forbidden, client: 20.206.64.115, server: driftworld.pl, request: "GET /wp-includes/images/ HTTP/1.1", host: "driftworld.pl"
2026/06/16 12:02:28 [error] 3989674#3989674: *105814 directory index of "/var/www/driftworld.pl/wp-includes/js/tinymce/plugins/compat3x/css/" is forbidden, client: 20.206.64.115, server: driftworld.pl, request: "GET /wp-includes/js/tinymce/plugins/compat3x/css/ HTTP/1.1", host: "www.driftworld.pl"
2026/06/16 12:02:29 [error] 3989674#3989674: *105814 directory index of "/var/www/driftworld.pl/wp-includes/pomo/" is forbidden, client: 20.206.64.115, server: driftworld.pl, request: "GET /wp-includes/pomo/ HTTP/1.1", host: "www.driftworld.pl"
2026/06/16 12:02:29 [error] 3989674#3989674: *105853 FastCGI sent in stderr: "PHP message: PHP Warning: Constant DISABLE_WP_CRON already defined in /var/www/driftworld.pl/wp-config.php on line 93" while reading response header from upstream, client: 20.206.64.115, server: driftworld.pl, request: "GET /wp-content/cache/ HTTP/1.1", upstream: "fastcgi://unix:/run/php/php8.1-fpm.sock:", host: "driftworld.pl"
2026/06/16 12:02:30 [error] 3989674#3989674: *105814 FastCGI sent in stderr: "PHP message: PHP Warning: Constant DISABLE_WP_CRON already defined in /var/www/driftworld.pl/wp-config.php on line 93" while reading response header from upstream, client: 20.206.64.115, server: driftworld.pl, request: "GET /wp-admin/user/index.php HTTP/1.1", upstream: "fastcgi://unix:/run/php/php8.1-fpm.sock:", host: "www.driftworld.pl"
2026/06/16 12:02:30 [error] 3989674#3989674: *105853 access forbidden by rule, client: 20.206.64.115, server: driftworld.pl, request: "GET /wp-includes/ HTTP/1.1", host: "driftworld.pl"
2026/06/16 12:02:31 [error] 3989674#3989674: *105814 access forbidden by rule, client: 20.206.64.115, server: driftworld.pl, request: "GET /wp-content/x/index.php HTTP/1.1", host: "www.driftworld.pl"
2026/06/16 12:02:31 [error] 3989674#3989674: *105814 access forbidden by rule, client: 20.206.64.115, server: driftworld.pl, request: "GET /wp-content/index.php HTTP/1.1", host: "www.driftworld.pl"
2026/06/16 12:02:32 [error] 3989674#3989674: *105853 access forbidden by rule, client: 20.206.64.115, server: driftworld.pl, request: "GET /wp-content/upgrade/index.php HTTP/1.1", host: "driftworld.pl"
2026/06/16 12:02:32 [error] 3989674#3989674: *105814 access forbidden by rule, client: 20.206.64.115, server: driftworld.pl, request: "GET /wp-content/themes/admin.php HTTP/1.1", host: "www.driftworld.pl"
2026/06/16 12:02:32 [error] 3989674#3989674: *105853 directory index of "/var/www/driftworld.pl/wp-includes/js/tinymce/plugins/compat3x/css/" is forbidden, client: 20.206.64.115, server: driftworld.pl, request: "GET /wp-includes/js/tinymce/plugins/compat3x/css/ HTTP/1.1", host: "driftworld.pl"
2026/06/16 12:02:33 [error] 3989674#3989674: *105853 directory index of "/var/www/driftworld.pl/wp-includes/pomo/" is forbidden, client: 20.206.64.115, server: driftworld.pl, request: "GET /wp-includes/pomo/ HTTP/1.1", host: "driftworld.pl"
2026/06/16 12:02:33 [error] 3989674#3989674: *105814 access forbidden by rule, client: 20.206.64.115, server: driftworld.pl, request: "GET /wp-includes/blocks/shortcode/index.php HTTP/1.1", host: "www.driftworld.pl"
2026/06/16 12:02:33 [error] 3989674#3989674: *105814 directory index of "/var/www/driftworld.pl/wp-includes/images/smilies/" is forbidden, client: 20.206.64.115, server: driftworld.pl, request: "GET /wp-includes/images/smilies/ HTTP/1.1", host: "www.driftworld.pl"
2026/06/16 12:02:33 [error] 3989674#3989674: *105853 FastCGI sent in stderr: "PHP message: PHP Warning: Constant DISABLE_WP_CRON already defined in /var/www/driftworld.pl/wp-config.php on line 93" while reading response header from upstream, client: 20.206.64.115, server: driftworld.pl, request: "GET /wp-admin/user/index.php HTTP/1.1", upstream: "fastcgi://unix:/run/php/php8.1-fpm.sock:", host: "driftworld.pl"
2026/06/16 12:02:33 [error] 3989674#3989674: *105814 directory index of "/var/www/driftworld.pl/wp-admin/images/" is forbidden, client: 20.206.64.115, server: driftworld.pl, request: "GET /wp-admin/images/ HTTP/1.1", host: "www.driftworld.pl"
2026/06/16 12:02:35 [error] 3989674#3989674: *105979 FastCGI sent in stderr: "PHP message: PHP Warning: Constant DISABLE_WP_CRON already defined in /var/www/driftworld.pl/wp-config.php on line 93" while reading response header from upstream, client: 31.220.84.188, server: driftworld.pl, request: "GET /wp-login.php HTTP/1.1", upstream: "fastcgi://unix:/run/php/php8.1-fpm.sock:", host: "www.driftworld.pl"
2026/06/16 12:02:35 [error] 3989674#3989674: *105814 FastCGI sent in stderr: "PHP message: PHP Warning: Constant DISABLE_WP_CRON already defined in /var/www/driftworld.pl/wp-config.php on line 93" while reading response header from upstream, client: 20.206.64.115, server: driftworld.pl, request: "GET /wp-login.php HTTP/1.1", upstream: "fastcgi://unix:/run/php/php8.1-fpm.sock:", host: "www.driftworld.pl"
2026/06/16 12:02:35 [error] 3989674#3989674: *105853 access forbidden by rule, client: 20.206.64.115, server: driftworld.pl, request: "GET /wp-content/x/index.php HTTP/1.1", host: "driftworld.pl"
2026/06/16 12:02:35 [error] 3989674#3989674: *105814 access forbidden by rule, client: 20.206.64.115, server: driftworld.pl, request: "GET /wp-content/uploads/goods.php HTTP/1.1", host: "www.driftworld.pl"
2026/06/16 12:02:35 [error] 3989674#3989674: *105853 access forbidden by rule, client: 20.206.64.115, server: driftworld.pl, request: "GET /wp-content/index.php HTTP/1.1", host: "driftworld.pl"
2026/06/16 12:02:35 [error] 3989674#3989674: *105814 directory index of "/var/www/driftworld.pl/wp-includes/ID3/" is forbidden, client: 20.206.64.115, server: driftworld.pl, request: "GET /wp-includes/ID3/ HTTP/1.1", host: "www.driftworld.pl"
2026/06/16 12:02:36 [error] 3989674#3989674: *105853 access forbidden by rule, client: 20.206.64.115, server: driftworld.pl, request: "GET /wp-content/themes/admin.php HTTP/1.1", host: "driftworld.pl"
2026/06/16 12:02:36 [error] 3989674#3989674: *105814 FastCGI sent in stderr: "PHP message: PHP Warning: Constant DISABLE_WP_CRON already defined in /var/www/driftworld.pl/wp-config.php on line 93" while reading response header from upstream, client: 20.206.64.115, server: driftworld.pl, request: "GET /.well-known/ HTTP/1.1", upstream: "fastcgi://unix:/run/php/php8.1-fpm.sock:", host: "www.driftworld.pl"
2026/06/16 12:02:36 [error] 3989674#3989674: *105853 access forbidden by rule, client: 20.206.64.115, server: driftworld.pl, request: "GET /wp-includes/blocks/shortcode/index.php HTTP/1.1", host: "driftworld.pl"
2026/06/16 12:02:36 [error] 3989674#3989674: *105979 FastCGI sent in stderr: "PHP message: PHP Warning: Constant DISABLE_WP_CRON already defined in /var/www/driftworld.pl/wp-config.php on line 93" while reading response header from upstream, client: 31.220.84.188, server: driftworld.pl, request: "POST /wp-login.php HTTP/1.1", upstream: "fastcgi://unix:/run/php/php8.1-fpm.sock:", host: "www.driftworld.pl", referrer: "https://www.driftworld.pl/wp-login.php"
2026/06/16 12:02:36 [error] 3989674#3989674: *105853 directory index of "/var/www/driftworld.pl/wp-includes/images/smilies/" is forbidden, client: 20.206.64.115, server: driftworld.pl, request: "GET /wp-includes/images/smilies/ HTTP/1.1", host: "driftworld.pl"
2026/06/16 12:02:37 [error] 3989674#3989674: *105853 directory index of "/var/www/driftworld.pl/wp-admin/images/" is forbidden, client: 20.206.64.115, server: driftworld.pl, request: "GET /wp-admin/images/ HTTP/1.1", host: "driftworld.pl"
2026/06/16 12:02:37 [error] 3989674#3989674: *105814 directory index of "/var/www/driftworld.pl/wp-includes/rest-api/" is forbidden, client: 20.206.64.115, server: driftworld.pl, request: "GET /wp-includes/rest-api/ HTTP/1.1", host: "www.driftworld.pl"
2026/06/16 12:02:37 [error] 3989674#3989674: *105814 access forbidden by rule, client: 20.206.64.115, server: driftworld.pl, request: "GET /wp-content/themes/twentytwenty/404.php HTTP/1.1", host: "www.driftworld.pl"
2026/06/16 12:02:38 [error] 3989674#3989674: *105814 directory index of "/var/www/driftworld.pl/wp-admin/js/widgets/" is forbidden, client: 20.206.64.115, server: driftworld.pl, request: "GET /wp-admin/js/widgets/ HTTP/1.1", host: "www.driftworld.pl"
2026/06/16 12:02:38 [error] 3989674#3989674: *105814 directory index of "/var/www/driftworld.pl/wp-admin/css/colors/midnight/" is forbidden, client: 20.206.64.115, server: driftworld.pl, request: "GET /wp-admin/css/colors/midnight/ HTTP/1.1", host: "www.driftworld.pl"
2026/06/16 12:02:38 [error] 3989674#3989674: *105853 FastCGI sent in stderr: "PHP message: PHP Warning: Constant DISABLE_WP_CRON already defined in /var/www/driftworld.pl/wp-config.php on line 93" while reading response header from upstream, client: 20.206.64.115, server: driftworld.pl, request: "GET /wp-login.php HTTP/1.1", upstream: "fastcgi://unix:/run/php/php8.1-fpm.sock:", host: "driftworld.pl"
2026/06/16 12:02:39 [error] 3989674#3989674: *105853 access forbidden by rule, client: 20.206.64.115, server: driftworld.pl, request: "GET /wp-content/uploads/goods.php HTTP/1.1", host: "driftworld.pl"
2026/06/16 12:02:39 [error] 3989674#3989674: *105853 directory index of "/var/www/driftworld.pl/wp-includes/ID3/" is forbidden, client: 20.206.64.115, server: driftworld.pl, request: "GET /wp-includes/ID3/ HTTP/1.1", host: "driftworld.pl"
2026/06/16 12:02:39 [error] 3989674#3989674: *105814 FastCGI sent in stderr: "PHP message: PHP Warning: Constant DISABLE_WP_CRON already defined in /var/www/driftworld.pl/wp-config.php on line 93" while reading response header from upstream, client: 20.206.64.115, server: driftworld.pl, request: "GET /assets/ HTTP/1.1", upstream: "fastcgi://unix:/run/php/php8.1-fpm.sock:", host: "www.driftworld.pl"
2026/06/16 12:02:40 [error] 3989674#3989674: *105814 access forbidden by rule, client: 20.206.64.115, server: driftworld.pl, request: "GET /files/index.php HTTP/1.1", host: "www.driftworld.pl"
2026/06/16 12:02:40 [error] 3989674#3989674: *105814 access forbidden by rule, client: 20.206.64.115, server: driftworld.pl, request: "GET /wp-content/uploads/index.php HTTP/1.1", host: "www.driftworld.pl"
2026/06/16 12:02:40 [error] 3989674#3989674: *105853 FastCGI sent in stderr: "PHP message: PHP Warning: Constant DISABLE_WP_CRON already defined in /var/www/driftworld.pl/wp-config.php on line 93" while reading response header from upstream, client: 20.206.64.115, server: driftworld.pl, request: "GET /.well-known/ HTTP/1.1", upstream: "fastcgi://unix:/run/php/php8.1-fpm.sock:", host: "driftworld.pl"
2026/06/16 12:02:41 [error] 3989674#3989674: *105814 directory index of "/var/www/driftworld.pl/wp-content/uploads/" is forbidden, client: 20.206.64.115, server: driftworld.pl, request: "GET /wp-content/uploads/ HTTP/1.1", host: "www.driftworld.pl"
2026/06/16 12:02:41 [error] 3989674#3989674: *105814 access forbidden by rule, client: 20.206.64.115, server: driftworld.pl, request: "GET /xmlrpc.php HTTP/1.1", host: "www.driftworld.pl"
2026/06/16 12:02:41 [error] 3989674#3989674: *105853 directory index of "/var/www/driftworld.pl/wp-includes/rest-api/" is forbidden, client: 20.206.64.115, server: driftworld.pl, request: "GET /wp-includes/rest-api/ HTTP/1.1", host: "driftworld.pl"
2026/06/16 12:02:41 [error] 3989674#3989674: *105814 directory index of "/var/www/driftworld.pl/wp-includes/block-bindings/" is forbidden, client: 20.206.64.115, server: driftworld.pl, request: "GET /wp-includes/block-bindings/ HTTP/1.1", host: "www.driftworld.pl"
2026/06/16 12:02:42 [error] 3989674#3989674: *105853 access forbidden by rule, client: 20.206.64.115, server: driftworld.pl, request: "GET /wp-content/themes/twentytwenty/404.php HTTP/1.1", host: "driftworld.pl"
2026/06/16 12:02:42 [error] 3989674#3989674: *105853 directory index of "/var/www/driftworld.pl/wp-admin/js/widgets/" is forbidden, client: 20.206.64.115, server: driftworld.pl, request: "GET /wp-admin/js/widgets/ HTTP/1.1", host: "driftworld.pl"
2026/06/16 12:02:42 [error] 3989674#3989674: *105853 directory index of "/var/www/driftworld.pl/wp-admin/css/colors/midnight/" is forbidden, client: 20.206.64.115, server: driftworld.pl, request: "GET /wp-admin/css/colors/midnight/ HTTP/1.1", host: "driftworld.pl"
2026/06/16 12:02:42 [error] 3989674#3989674: *105814 FastCGI sent in stderr: "PHP message: PHP Warning: Constant DISABLE_WP_CRON already defined in /var/www/driftworld.pl/wp-config.php on line 93" while reading response header from upstream, client: 20.206.64.115, server: driftworld.pl, request: "GET /vendor/ HTTP/1.1", upstream: "fastcgi://unix:/run/php/php8.1-fpm.sock:", host: "www.driftworld.pl"
2026/06/16 12:02:43 [error] 3989674#3989674: *105814 access forbidden by rule, client: 20.206.64.115, server: driftworld.pl, request: "GET /wp-content/themes/ HTTP/1.1", host: "www.driftworld.pl"
2026/06/16 12:02:43 [error] 3989674#3989674: *105814 access forbidden by rule, client: 20.206.64.115, server: driftworld.pl, request: "GET /wp-includes/images/smilies/about.php HTTP/1.1", host: "www.driftworld.pl"
2026/06/16 12:02:43 [error] 3989674#3989674: *105814 directory index of "/var/www/driftworld.pl/wp-includes/js/crop/" is forbidden, client: 20.206.64.115, server: driftworld.pl, request: "GET /wp-includes/js/crop/ HTTP/1.1", host: "www.driftworld.pl"
2026/06/16 12:02:44 [error] 3989674#3989674: *105853 FastCGI sent in stderr: "PHP message: PHP Warning: Constant DISABLE_WP_CRON already defined in /var/www/driftworld.pl/wp-config.php on line 93" while reading response header from upstream, client: 20.206.64.115, server: driftworld.pl, request: "GET /assets/ HTTP/1.1", upstream: "fastcgi://unix:/run/php/php8.1-fpm.sock:", host: "driftworld.pl"
2026/06/16 12:02:44 [error] 3989674#3989674: *105814 FastCGI sent in stderr: "PHP message: PHP Warning: Constant DISABLE_WP_CRON already defined in /var/www/driftworld.pl/wp-config.php on line 93" while reading response header from upstream, client: 20.206.64.115, server: driftworld.pl, request: "GET /wp-mail.php HTTP/1.1", upstream: "fastcgi://unix:/run/php/php8.1-fpm.sock:", host: "www.driftworld.pl"
2026/06/16 12:02:44 [error] 3989674#3989674: *105853 access forbidden by rule, client: 20.206.64.115, server: driftworld.pl, request: "GET /files/index.php HTTP/1.1", host: "driftworld.pl"
2026/06/16 12:02:44 [error] 3989674#3989674: *105853 access forbidden by rule, client: 20.206.64.115, server: driftworld.pl, request: "GET /wp-content/uploads/index.php HTTP/1.1", host: "driftworld.pl"
2026/06/16 12:02:45 [error] 3989674#3989674: *105853 directory index of "/var/www/driftworld.pl/wp-content/uploads/" is forbidden, client: 20.206.64.115, server: driftworld.pl, request: "GET /wp-content/uploads/ HTTP/1.1", host: "driftworld.pl"
2026/06/16 12:02:45 [error] 3989674#3989674: *105853 access forbidden by rule, client: 20.206.64.115, server: driftworld.pl, request: "GET /xmlrpc.php HTTP/1.1", host: "driftworld.pl"
2026/06/16 12:02:45 [error] 3989674#3989674: *106156 FastCGI sent in stderr: "PHP message: PHP Warning: Constant DISABLE_WP_CRON already defined in /var/www/driftworld.pl/wp-config.php on line 93" while reading response header from upstream, client: 103.127.30.137, server: driftworld.pl, request: "GET /wp-json/wp/v2/users/me HTTP/1.1", upstream: "fastcgi://unix:/run/php/php8.1-fpm.sock:", host: "driftworld.pl"
2026/06/16 12:02:46 [error] 3989674#3989674: *105814 FastCGI sent in stderr: "PHP message: PHP Warning: Constant DISABLE_WP_CRON already defined in /var/www/driftworld.pl/wp-config.php on line 93" while reading response header from upstream, client: 20.206.64.115, server: driftworld.pl, request: "GET /wp-admin/network/ HTTP/1.1", upstream: "fastcgi://unix:/run/php/php8.1-fpm.sock:", host: "www.driftworld.pl"
2026/06/16 12:02:46 [error] 3989674#3989674: *105814 access forbidden by rule, client: 20.206.64.115, server: driftworld.pl, request: "GET /wp-includes/IXR/index.php HTTP/1.1", host: "www.driftworld.pl"
2026/06/16 12:02:46 [error] 3989674#3989674: *105853 directory index of "/var/www/driftworld.pl/wp-includes/block-bindings/" is forbidden, client: 20.206.64.115, server: driftworld.pl, request: "GET /wp-includes/block-bindings/ HTTP/1.1", host: "driftworld.pl"
2026/06/16 12:02:47 [error] 3989674#3989674: *105814 directory index of "/var/www/driftworld.pl/wp-includes/php-compat/" is forbidden, client: 20.206.64.115, server: driftworld.pl, request: "GET /wp-includes/php-compat/ HTTP/1.1", host: "www.driftworld.pl"
2026/06/16 12:02:47 [error] 3989674#3989674: *105814 access forbidden by rule, client: 20.206.64.115, server: driftworld.pl, request: "GET /wp-includes/style-engine/index.php HTTP/1.1", host: "www.driftworld.pl"
2026/06/16 12:02:47 [error] 3989674#3989674: *105853 FastCGI sent in stderr: "PHP message: PHP Warning: Constant DISABLE_WP_CRON already defined in /var/www/driftworld.pl/wp-config.php on line 93" while reading response header from upstream, client: 20.206.64.115, server: driftworld.pl, request: "GET /vendor/ HTTP/1.1", upstream: "fastcgi://unix:/run/php/php8.1-fpm.sock:", host: "driftworld.pl"
2026/06/16 12:02:48 [error] 3989674#3989674: *105853 access forbidden by rule, client: 20.206.64.115, server: driftworld.pl, request: "GET /wp-content/themes/ HTTP/1.1", host: "driftworld.pl"
2026/06/16 12:02:48 [error] 3989674#3989674: *105853 access forbidden by rule, client: 20.206.64.115, server: driftworld.pl, request: "GET /wp-includes/images/smilies/about.php HTTP/1.1", host: "driftworld.pl"
2026/06/16 12:02:48 [error] 3989674#3989674: *105853 directory index of "/var/www/driftworld.pl/wp-includes/js/crop/" is forbidden, client: 20.206.64.115, server: driftworld.pl, request: "GET /wp-includes/js/crop/ HTTP/1.1", host: "driftworld.pl"
2026/06/16 12:02:49 [error] 3989674#3989674: *106231 access forbidden by rule, client: 20.206.64.115, server: driftworld.pl, request: "GET /wp-includes/style-engine/autoload_classmap.php HTTP/1.1", host: "www.driftworld.pl"
2026/06/16 12:02:49 [error] 3989674#3989674: *106231 access forbidden by rule, client: 20.206.64.115, server: driftworld.pl, request: "GET /wp-includes/SimplePie/admin.php HTTP/1.1", host: "www.driftworld.pl"
2026/06/16 12:02:49 [error] 3989674#3989674: *105853 FastCGI sent in stderr: "PHP message: PHP Warning: Constant DISABLE_WP_CRON already defined in /var/www/driftworld.pl/wp-config.php on line 93" while reading response header from upstream, client: 20.206.64.115, server: driftworld.pl, request: "GET /wp-mail.php HTTP/1.1", upstream: "fastcgi://unix:/run/php/php8.1-fpm.sock:", host: "driftworld.pl"
2026/06/16 12:02:51 [error] 3989674#3989674: *105853 FastCGI sent in stderr: "PHP message: PHP Warning: Constant DISABLE_WP_CRON already defined in /var/www/driftworld.pl/wp-config.php on line 93" while reading response header from upstream, client: 20.206.64.115, server: driftworld.pl, request: "GET /wp-admin/network/ HTTP/1.1", upstream: "fastcgi://unix:/run/php/php8.1-fpm.sock:", host: "driftworld.pl"
2026/06/16 12:02:51 [error] 3989674#3989674: *105853 access forbidden by rule, client: 20.206.64.115, server: driftworld.pl, request: "GET /wp-includes/IXR/index.php HTTP/1.1", host: "driftworld.pl"
2026/06/16 12:02:52 [error] 3989674#3989674: *105853 directory index of "/var/www/driftworld.pl/wp-includes/php-compat/" is forbidden, client: 20.206.64.115, server: driftworld.pl, request: "GET /wp-includes/php-compat/ HTTP/1.1", host: "driftworld.pl"
2026/06/16 12:02:52 [error] 3989674#3989674: *105853 access forbidden by rule, client: 20.206.64.115, server: driftworld.pl, request: "GET /wp-includes/style-engine/index.php HTTP/1.1", host: "driftworld.pl"
2026/06/16 12:02:54 [error] 3989674#3989674: *106287 access forbidden by rule, client: 20.206.64.115, server: driftworld.pl, request: "GET /wp-includes/style-engine/autoload_classmap.php HTTP/1.1", host: "driftworld.pl"
2026/06/16 12:02:54 [error] 3989674#3989674: *106287 access forbidden by rule, client: 20.206.64.115, server: driftworld.pl, request: "GET /wp-includes/SimplePie/admin.php HTTP/1.1", host: "driftworld.pl"
