135.232.244.227 - - [16/Jun/2026:09:20:09 +0000] "GET /wp-login.php?redirect_to=https%3A%2F%2Fexpertoo.pl%2Fwp-admin%2Findex.php&reauth=1 HTTP/1.1" 200 3654 "https://expertoo.pl/wp-login.php" "Mozilla/5.0 (Macintosh; Intel Mac OS X 13_6_1) AppleWebKit/537.36 (KHTML, like Gecko) Chrome/119.0.0.0 Safari/537.36"
135.232.244.227 - - [16/Jun/2026:09:20:10 +0000] "POST /wp-login.php HTTP/1.1" 200 4664 "https://expertoo.pl/wp-login.php" "Mozilla/5.0 (X11; Ubuntu; Linux x86_64) AppleWebKit/537.36 (KHTML, like Gecko) Chrome/121.0.0.0 Safari/537.36"
135.232.244.227 - - [16/Jun/2026:09:20:11 +0000] "GET /wp-admin/index.php HTTP/1.1" 302 5 "https://expertoo.pl/wp-login.php" "Mozilla/5.0 (Windows NT 11.0; Win64; x64) AppleWebKit/537.36 (KHTML, like Gecko) Chrome/118.0.0.0 Safari/537.36"
135.232.244.227 - - [16/Jun/2026:09:20:12 +0000] "GET /wp-login.php?redirect_to=https%3A%2F%2Fexpertoo.pl%2Fwp-admin%2Findex.php&reauth=1 HTTP/1.1" 200 3654 "https://expertoo.pl/wp-login.php" "Mozilla/5.0 (Windows NT 11.0; Win64; x64) AppleWebKit/537.36 (KHTML, like Gecko) Chrome/118.0.0.0 Safari/537.36"
135.232.244.227 - - [16/Jun/2026:09:20:12 +0000] "POST /wp-login.php HTTP/1.1" 200 4664 "https://expertoo.pl/wp-login.php" "Mozilla/5.0 (Windows NT 10.0; Win64; x64) AppleWebKit/537.36 (KHTML, like Gecko) Chrome/121.0.0.0 Safari/537.36"
135.232.244.227 - - [16/Jun/2026:09:20:13 +0000] "GET /wp-admin/index.php HTTP/1.1" 302 5 "https://expertoo.pl/wp-login.php" "Mozilla/5.0 (Windows NT 11.0; Win64; x64; rv:121.0) Gecko/20100101 Firefox/121.0"
135.232.244.227 - - [16/Jun/2026:09:20:15 +0000] "GET /wp-login.php?redirect_to=https%3A%2F%2Fexpertoo.pl%2Fwp-admin%2Findex.php&reauth=1 HTTP/1.1" 200 3654 "https://expertoo.pl/wp-login.php" "Mozilla/5.0 (Windows NT 11.0; Win64; x64; rv:121.0) Gecko/20100101 Firefox/121.0"
135.232.244.227 - - [16/Jun/2026:09:20:15 +0000] "POST /wp-login.php HTTP/1.1" 200 4664 "https://expertoo.pl/wp-login.php" "Mozilla/5.0 (Macintosh; Intel Mac OS X 10_15_7; rv:121.0) Gecko/20100101 Firefox/121.0"
135.232.244.227 - - [16/Jun/2026:09:20:16 +0000] "GET /wp-admin/index.php HTTP/1.1" 302 5 "https://expertoo.pl/wp-login.php" "Mozilla/5.0 (Macintosh; Intel Mac OS X 10_15_7; rv:119.0) Gecko/20100101 Firefox/119.0"
135.232.244.227 - - [16/Jun/2026:09:20:17 +0000] "GET /wp-login.php?redirect_to=https%3A%2F%2Fexpertoo.pl%2Fwp-admin%2Findex.php&reauth=1 HTTP/1.1" 200 3654 "https://expertoo.pl/wp-login.php" "Mozilla/5.0 (Macintosh; Intel Mac OS X 10_15_7; rv:119.0) Gecko/20100101 Firefox/119.0"
135.232.244.227 - - [16/Jun/2026:09:20:43 +0000] "POST /wp-login.php HTTP/1.1" 200 4664 "https://expertoo.pl/wp-login.php" "Mozilla/5.0 (Macintosh; Intel Mac OS X 13_6_1) AppleWebKit/605.1.15 (KHTML, like Gecko) Version/17.0 Safari/605.1.15"
135.232.244.227 - - [16/Jun/2026:09:20:44 +0000] "GET /wp-admin/index.php HTTP/1.1" 302 5 "https://expertoo.pl/wp-login.php" "Mozilla/5.0 (Macintosh; Intel Mac OS X 10_15_7) AppleWebKit/537.36 (KHTML, like Gecko) Chrome/121.0.0.0 Safari/537.36"
135.232.244.227 - - [16/Jun/2026:09:20:45 +0000] "GET /wp-login.php?redirect_to=https%3A%2F%2Fexpertoo.pl%2Fwp-admin%2Findex.php&reauth=1 HTTP/1.1" 200 3654 "https://expertoo.pl/wp-login.php" "Mozilla/5.0 (Macintosh; Intel Mac OS X 10_15_7) AppleWebKit/537.36 (KHTML, like Gecko) Chrome/121.0.0.0 Safari/537.36"
135.232.244.227 - - [16/Jun/2026:09:20:46 +0000] "POST /wp-login.php HTTP/1.1" 200 4664 "https://expertoo.pl/wp-login.php" "Mozilla/5.0 (Windows NT 10.0; Win64; x64) AppleWebKit/537.36 (KHTML, like Gecko) Chrome/118.0.0.0 Safari/537.36"
135.232.244.227 - - [16/Jun/2026:09:20:47 +0000] "GET /wp-admin/index.php HTTP/1.1" 302 5 "https://expertoo.pl/wp-login.php" "Mozilla/5.0 (Windows NT 11.0; Win64; x64; rv:119.0) Gecko/20100101 Firefox/119.0"
135.232.244.227 - - [16/Jun/2026:09:20:48 +0000] "GET /wp-login.php?redirect_to=https%3A%2F%2Fexpertoo.pl%2Fwp-admin%2Findex.php&reauth=1 HTTP/1.1" 200 3654 "https://expertoo.pl/wp-login.php" "Mozilla/5.0 (Windows NT 11.0; Win64; x64; rv:119.0) Gecko/20100101 Firefox/119.0"
135.232.244.227 - - [16/Jun/2026:09:20:49 +0000] "POST /wp-login.php HTTP/1.1" 200 4664 "https://expertoo.pl/wp-login.php" "Mozilla/5.0 (Windows NT 10.0; Win64; x64) AppleWebKit/537.36 (KHTML, like Gecko) Chrome/118.0.0.0 Safari/537.36"
135.232.244.227 - - [16/Jun/2026:09:20:50 +0000] "GET /wp-admin/index.php HTTP/1.1" 302 5 "https://expertoo.pl/wp-login.php" "Mozilla/5.0 (Windows NT 11.0; Win64; x64) AppleWebKit/537.36 (KHTML, like Gecko) Chrome/120.0.0.0 Safari/537.36"
135.232.244.227 - - [16/Jun/2026:09:20:51 +0000] "GET /wp-login.php?redirect_to=https%3A%2F%2Fexpertoo.pl%2Fwp-admin%2Findex.php&reauth=1 HTTP/1.1" 200 3654 "https://expertoo.pl/wp-login.php" "Mozilla/5.0 (Windows NT 11.0; Win64; x64) AppleWebKit/537.36 (KHTML, like Gecko) Chrome/120.0.0.0 Safari/537.36"
135.232.244.227 - - [16/Jun/2026:09:20:52 +0000] "POST /wp-login.php HTTP/1.1" 200 4665 "https://expertoo.pl/wp-login.php" "Mozilla/5.0 (Windows NT 10.0; Win64; x64; rv:120.0) Gecko/20100101 Firefox/120.0"
57.141.0.44 - - [16/Jun/2026:09:20:52 +0000] "GET /news-sitemap.xml HTTP/1.1" 301 5 "-" "meta-externalagent/1.1 (+https://developers.facebook.com/docs/sharing/webmasters/crawler)"
135.232.244.227 - - [16/Jun/2026:09:20:53 +0000] "GET /wp-admin/index.php HTTP/1.1" 302 5 "https://expertoo.pl/wp-login.php" "Mozilla/5.0 (Macintosh; Intel Mac OS X 10_15_7) AppleWebKit/537.36 (KHTML, like Gecko) Chrome/119.0.0.0 Safari/537.36"
135.232.244.227 - - [16/Jun/2026:09:20:54 +0000] "GET /wp-login.php?redirect_to=https%3A%2F%2Fexpertoo.pl%2Fwp-admin%2Findex.php&reauth=1 HTTP/1.1" 200 3654 "https://expertoo.pl/wp-login.php" "Mozilla/5.0 (Macintosh; Intel Mac OS X 10_15_7) AppleWebKit/537.36 (KHTML, like Gecko) Chrome/119.0.0.0 Safari/537.36"
135.232.244.227 - - [16/Jun/2026:09:20:55 +0000] "POST /wp-login.php HTTP/1.1" 200 4665 "https://expertoo.pl/wp-login.php" "Mozilla/5.0 (X11; Ubuntu; Linux x86_64) AppleWebKit/537.36 (KHTML, like Gecko) Chrome/119.0.0.0 Safari/537.36"
135.232.244.227 - - [16/Jun/2026:09:20:56 +0000] "GET /wp-admin/index.php HTTP/1.1" 302 5 "https://expertoo.pl/wp-login.php" "Mozilla/5.0 (Windows NT 10.0; Win64; x64) AppleWebKit/537.36 (KHTML, like Gecko) Chrome/120.0.0.0 Safari/537.36"
135.232.244.227 - - [16/Jun/2026:09:20:57 +0000] "GET /wp-login.php?redirect_to=https%3A%2F%2Fexpertoo.pl%2Fwp-admin%2Findex.php&reauth=1 HTTP/1.1" 200 3654 "https://expertoo.pl/wp-login.php" "Mozilla/5.0 (Windows NT 10.0; Win64; x64) AppleWebKit/537.36 (KHTML, like Gecko) Chrome/120.0.0.0 Safari/537.36"
135.232.244.227 - - [16/Jun/2026:09:20:58 +0000] "POST /wp-login.php HTTP/1.1" 200 4665 "https://expertoo.pl/wp-login.php" "Mozilla/5.0 (X11; Ubuntu; Linux x86_64) AppleWebKit/537.36 (KHTML, like Gecko) Chrome/119.0.0.0 Safari/537.36"
135.232.244.227 - - [16/Jun/2026:09:21:00 +0000] "GET /wp-admin/index.php HTTP/1.1" 302 5 "https://expertoo.pl/wp-login.php" "Mozilla/5.0 (Windows NT 11.0; Win64; x64) AppleWebKit/537.36 (KHTML, like Gecko) Chrome/118.0.0.0 Safari/537.36"
135.232.244.227 - - [16/Jun/2026:09:21:01 +0000] "GET /wp-login.php?redirect_to=https%3A%2F%2Fexpertoo.pl%2Fwp-admin%2Findex.php&reauth=1 HTTP/1.1" 200 3654 "https://expertoo.pl/wp-login.php" "Mozilla/5.0 (Windows NT 11.0; Win64; x64) AppleWebKit/537.36 (KHTML, like Gecko) Chrome/118.0.0.0 Safari/537.36"
135.232.244.227 - - [16/Jun/2026:09:21:02 +0000] "POST /wp-login.php HTTP/1.1" 200 4665 "https://expertoo.pl/wp-login.php" "Mozilla/5.0 (Macintosh; Intel Mac OS X 10_15_7) AppleWebKit/537.36 (KHTML, like Gecko) Chrome/118.0.0.0 Safari/537.36"
135.232.244.227 - - [16/Jun/2026:09:21:02 +0000] "GET /wp-admin/index.php HTTP/1.1" 302 5 "https://expertoo.pl/wp-login.php" "Mozilla/5.0 (Macintosh; Intel Mac OS X 10_15_7) AppleWebKit/537.36 (KHTML, like Gecko) Chrome/120.0.0.0 Safari/537.36"
114.119.150.190 - - [16/Jun/2026:09:21:04 +0000] "GET /product628288356?kg=0625703050 HTTP/1.1" 301 5 "https://expertoo.pl/sitemap.xml" "Mozilla/5.0 (Linux; Android 7.0;) AppleWebKit/537.36 (HTML, like Gecko) Mobile Safari/537.36 (compatible; PetalBot;+https://webmaster.petalsearch.com/site/petalbot)"
135.232.244.227 - - [16/Jun/2026:09:21:04 +0000] "GET /wp-login.php?redirect_to=https%3A%2F%2Fexpertoo.pl%2Fwp-admin%2Findex.php&reauth=1 HTTP/1.1" 200 3654 "https://expertoo.pl/wp-login.php" "Mozilla/5.0 (Macintosh; Intel Mac OS X 10_15_7) AppleWebKit/537.36 (KHTML, like Gecko) Chrome/120.0.0.0 Safari/537.36"
135.232.244.227 - - [16/Jun/2026:09:21:05 +0000] "POST /wp-login.php HTTP/1.1" 200 4665 "https://expertoo.pl/wp-login.php" "Mozilla/5.0 (Macintosh; Intel Mac OS X 10_15_7) AppleWebKit/605.1.15 (KHTML, like Gecko) Version/16.6 Safari/605.1.15"
135.232.244.227 - - [16/Jun/2026:09:21:06 +0000] "GET /wp-admin/index.php HTTP/1.1" 302 5 "https://expertoo.pl/wp-login.php" "Mozilla/5.0 (Macintosh; Intel Mac OS X 13_6_1) AppleWebKit/605.1.15 (KHTML, like Gecko) Version/16.6 Safari/605.1.15"
114.119.150.190 - - [16/Jun/2026:09:21:06 +0000] "GET / HTTP/1.1" 200 23013 "https://expertoo.pl/sitemap.xml" "Mozilla/5.0 (Linux; Android 7.0;) AppleWebKit/537.36 (HTML, like Gecko) Mobile Safari/537.36 (compatible; PetalBot;+https://webmaster.petalsearch.com/site/petalbot)"
135.232.244.227 - - [16/Jun/2026:09:21:06 +0000] "GET /wp-login.php?redirect_to=https%3A%2F%2Fexpertoo.pl%2Fwp-admin%2Findex.php&reauth=1 HTTP/1.1" 200 3654 "https://expertoo.pl/wp-login.php" "Mozilla/5.0 (Macintosh; Intel Mac OS X 13_6_1) AppleWebKit/605.1.15 (KHTML, like Gecko) Version/16.6 Safari/605.1.15"
135.232.244.227 - - [16/Jun/2026:09:21:07 +0000] "POST /wp-login.php HTTP/1.1" 200 4665 "https://expertoo.pl/wp-login.php" "Mozilla/5.0 (Windows NT 10.0; Win64; x64; rv:119.0) Gecko/20100101 Firefox/119.0"
135.232.244.227 - - [16/Jun/2026:09:21:08 +0000] "GET /wp-admin/index.php HTTP/1.1" 302 5 "https://expertoo.pl/wp-login.php" "Mozilla/5.0 (Macintosh; Intel Mac OS X 13_6_1) AppleWebKit/605.1.15 (KHTML, like Gecko) Version/17.2 Safari/605.1.15"
135.232.244.227 - - [16/Jun/2026:09:21:09 +0000] "GET /wp-login.php?redirect_to=https%3A%2F%2Fexpertoo.pl%2Fwp-admin%2Findex.php&reauth=1 HTTP/1.1" 200 3654 "https://expertoo.pl/wp-login.php" "Mozilla/5.0 (Macintosh; Intel Mac OS X 13_6_1) AppleWebKit/605.1.15 (KHTML, like Gecko) Version/17.2 Safari/605.1.15"
135.232.244.227 - - [16/Jun/2026:09:21:10 +0000] "POST /wp-login.php HTTP/1.1" 200 4665 "https://expertoo.pl/wp-login.php" "Mozilla/5.0 (Windows NT 11.0; Win64; x64) AppleWebKit/537.36 (KHTML, like Gecko) Chrome/121.0.0.0 Safari/537.36"
135.232.244.227 - - [16/Jun/2026:09:21:11 +0000] "GET /wp-admin/index.php HTTP/1.1" 302 5 "https://expertoo.pl/wp-login.php" "Mozilla/5.0 (Windows NT 11.0; Win64; x64) AppleWebKit/537.36 (KHTML, like Gecko) Chrome/119.0.0.0 Safari/537.36"
135.232.244.227 - - [16/Jun/2026:09:21:12 +0000] "GET /wp-login.php?redirect_to=https%3A%2F%2Fexpertoo.pl%2Fwp-admin%2Findex.php&reauth=1 HTTP/1.1" 200 3654 "https://expertoo.pl/wp-login.php" "Mozilla/5.0 (Windows NT 11.0; Win64; x64) AppleWebKit/537.36 (KHTML, like Gecko) Chrome/119.0.0.0 Safari/537.36"
135.232.244.227 - - [16/Jun/2026:09:21:25 +0000] "POST /wp-login.php HTTP/1.1" 200 4665 "https://expertoo.pl/wp-login.php" "Mozilla/5.0 (X11; Ubuntu; Linux x86_64) AppleWebKit/537.36 (KHTML, like Gecko) Chrome/118.0.0.0 Safari/537.36"
135.232.244.227 - - [16/Jun/2026:09:21:27 +0000] "GET /wp-admin/index.php HTTP/1.1" 302 5 "https://expertoo.pl/wp-login.php" "Mozilla/5.0 (Windows NT 11.0; Win64; x64) AppleWebKit/537.36 (KHTML, like Gecko) Chrome/118.0.0.0 Safari/537.36"
135.232.244.227 - - [16/Jun/2026:09:21:28 +0000] "GET /wp-login.php?redirect_to=https%3A%2F%2Fexpertoo.pl%2Fwp-admin%2Findex.php&reauth=1 HTTP/1.1" 200 3654 "https://expertoo.pl/wp-login.php" "Mozilla/5.0 (Windows NT 11.0; Win64; x64) AppleWebKit/537.36 (KHTML, like Gecko) Chrome/118.0.0.0 Safari/537.36"
135.232.244.227 - - [16/Jun/2026:09:21:29 +0000] "POST /wp-login.php HTTP/1.1" 200 4665 "https://expertoo.pl/wp-login.php" "Mozilla/5.0 (X11; Ubuntu; Linux x86_64) AppleWebKit/537.36 (KHTML, like Gecko) Chrome/118.0.0.0 Safari/537.36"
135.232.244.227 - - [16/Jun/2026:09:21:30 +0000] "GET /wp-admin/index.php HTTP/1.1" 302 5 "https://expertoo.pl/wp-login.php" "Mozilla/5.0 (Windows NT 11.0; Win64; x64; rv:119.0) Gecko/20100101 Firefox/119.0"
135.232.244.227 - - [16/Jun/2026:09:21:31 +0000] "GET /wp-login.php?redirect_to=https%3A%2F%2Fexpertoo.pl%2Fwp-admin%2Findex.php&reauth=1 HTTP/1.1" 200 3654 "https://expertoo.pl/wp-login.php" "Mozilla/5.0 (Windows NT 11.0; Win64; x64; rv:119.0) Gecko/20100101 Firefox/119.0"
135.232.244.227 - - [16/Jun/2026:09:21:32 +0000] "POST /wp-login.php HTTP/1.1" 200 4665 "https://expertoo.pl/wp-login.php" "Mozilla/5.0 (Windows NT 10.0; Win64; x64; rv:120.0) Gecko/20100101 Firefox/120.0"
135.232.244.227 - - [16/Jun/2026:09:21:33 +0000] "GET /wp-admin/index.php HTTP/1.1" 302 5 "https://expertoo.pl/wp-login.php" "Mozilla/5.0 (Macintosh; Intel Mac OS X 10_15_7) AppleWebKit/605.1.15 (KHTML, like Gecko) Version/16.6 Safari/605.1.15"
135.232.244.227 - - [16/Jun/2026:09:21:34 +0000] "GET /wp-login.php?redirect_to=https%3A%2F%2Fexpertoo.pl%2Fwp-admin%2Findex.php&reauth=1 HTTP/1.1" 200 3654 "https://expertoo.pl/wp-login.php" "Mozilla/5.0 (Macintosh; Intel Mac OS X 10_15_7) AppleWebKit/605.1.15 (KHTML, like Gecko) Version/16.6 Safari/605.1.15"
135.232.244.227 - - [16/Jun/2026:09:21:36 +0000] "POST /wp-login.php HTTP/1.1" 200 4665 "https://expertoo.pl/wp-login.php" "Mozilla/5.0 (Macintosh; Intel Mac OS X 10_15_7) AppleWebKit/537.36 (KHTML, like Gecko) Chrome/121.0.0.0 Safari/537.36"
135.232.244.227 - - [16/Jun/2026:09:21:37 +0000] "GET /wp-admin/index.php HTTP/1.1" 302 5 "https://expertoo.pl/wp-login.php" "Mozilla/5.0 (Windows NT 11.0; Win64; x64) AppleWebKit/537.36 (KHTML, like Gecko) Chrome/118.0.0.0 Safari/537.36"
135.232.244.227 - - [16/Jun/2026:09:21:37 +0000] "GET /wp-login.php?redirect_to=https%3A%2F%2Fexpertoo.pl%2Fwp-admin%2Findex.php&reauth=1 HTTP/1.1" 200 3654 "https://expertoo.pl/wp-login.php" "Mozilla/5.0 (Windows NT 11.0; Win64; x64) AppleWebKit/537.36 (KHTML, like Gecko) Chrome/118.0.0.0 Safari/537.36"
135.232.244.227 - - [16/Jun/2026:09:21:38 +0000] "POST /wp-login.php HTTP/1.1" 200 4665 "https://expertoo.pl/wp-login.php" "Mozilla/5.0 (Macintosh; Intel Mac OS X 10_15_7) AppleWebKit/537.36 (KHTML, like Gecko) Chrome/121.0.0.0 Safari/537.36"
135.232.244.227 - - [16/Jun/2026:09:21:39 +0000] "GET /wp-admin/index.php HTTP/1.1" 302 5 "https://expertoo.pl/wp-login.php" "Mozilla/5.0 (X11; Linux x86_64) AppleWebKit/537.36 (KHTML, like Gecko) Chrome/118.0.0.0 Safari/537.36"
135.232.244.227 - - [16/Jun/2026:09:21:40 +0000] "GET /wp-login.php?redirect_to=https%3A%2F%2Fexpertoo.pl%2Fwp-admin%2Findex.php&reauth=1 HTTP/1.1" 200 3654 "https://expertoo.pl/wp-login.php" "Mozilla/5.0 (X11; Linux x86_64) AppleWebKit/537.36 (KHTML, like Gecko) Chrome/118.0.0.0 Safari/537.36"
135.232.244.227 - - [16/Jun/2026:09:21:41 +0000] "POST /wp-login.php HTTP/1.1" 200 4665 "https://expertoo.pl/wp-login.php" "Mozilla/5.0 (X11; Linux x86_64) AppleWebKit/537.36 (KHTML, like Gecko) Chrome/118.0.0.0 Safari/537.36"
135.232.244.227 - - [16/Jun/2026:09:21:42 +0000] "GET /wp-admin/index.php HTTP/1.1" 302 5 "https://expertoo.pl/wp-login.php" "Mozilla/5.0 (Macintosh; Intel Mac OS X 13_6_1) AppleWebKit/537.36 (KHTML, like Gecko) Chrome/118.0.0.0 Safari/537.36"
135.232.244.227 - - [16/Jun/2026:09:21:43 +0000] "GET /wp-login.php?redirect_to=https%3A%2F%2Fexpertoo.pl%2Fwp-admin%2Findex.php&reauth=1 HTTP/1.1" 200 3654 "https://expertoo.pl/wp-login.php" "Mozilla/5.0 (Macintosh; Intel Mac OS X 13_6_1) AppleWebKit/537.36 (KHTML, like Gecko) Chrome/118.0.0.0 Safari/537.36"
135.232.244.227 - - [16/Jun/2026:09:21:44 +0000] "POST /wp-login.php HTTP/1.1" 200 4665 "https://expertoo.pl/wp-login.php" "Mozilla/5.0 (Macintosh; Intel Mac OS X 13_6_1; rv:121.0) Gecko/20100101 Firefox/121.0"
135.232.244.227 - - [16/Jun/2026:09:21:46 +0000] "GET /wp-admin/index.php HTTP/1.1" 302 5 "https://expertoo.pl/wp-login.php" "Mozilla/5.0 (Macintosh; Intel Mac OS X 13_6_1; rv:118.0) Gecko/20100101 Firefox/118.0"
135.232.244.227 - - [16/Jun/2026:09:21:48 +0000] "GET /wp-login.php?redirect_to=https%3A%2F%2Fexpertoo.pl%2Fwp-admin%2Findex.php&reauth=1 HTTP/1.1" 200 3654 "https://expertoo.pl/wp-login.php" "Mozilla/5.0 (Macintosh; Intel Mac OS X 13_6_1; rv:118.0) Gecko/20100101 Firefox/118.0"
135.232.244.227 - - [16/Jun/2026:09:21:49 +0000] "POST /wp-login.php HTTP/1.1" 200 4657 "https://expertoo.pl/wp-login.php" "Mozilla/5.0 (Macintosh; Intel Mac OS X 10_15_7; rv:118.0) Gecko/20100101 Firefox/118.0"
135.232.244.227 - - [16/Jun/2026:09:21:50 +0000] "GET /wp-admin/index.php HTTP/1.1" 302 5 "https://expertoo.pl/wp-login.php" "Mozilla/5.0 (Macintosh; Intel Mac OS X 10_15_7) AppleWebKit/605.1.15 (KHTML, like Gecko) Version/17.2 Safari/605.1.15"
135.232.244.227 - - [16/Jun/2026:09:21:51 +0000] "GET /wp-login.php?redirect_to=https%3A%2F%2Fexpertoo.pl%2Fwp-admin%2Findex.php&reauth=1 HTTP/1.1" 200 3654 "https://expertoo.pl/wp-login.php" "Mozilla/5.0 (Macintosh; Intel Mac OS X 10_15_7) AppleWebKit/605.1.15 (KHTML, like Gecko) Version/17.2 Safari/605.1.15"
135.232.244.227 - - [16/Jun/2026:09:21:52 +0000] "POST /wp-login.php HTTP/1.1" 200 4665 "https://expertoo.pl/wp-login.php" "Mozilla/5.0 (X11; Ubuntu; Linux x86_64) AppleWebKit/537.36 (KHTML, like Gecko) Chrome/120.0.0.0 Safari/537.36"
135.232.244.227 - - [16/Jun/2026:09:21:53 +0000] "GET /wp-admin/index.php HTTP/1.1" 302 5 "https://expertoo.pl/wp-login.php" "Mozilla/5.0 (X11; Ubuntu; Linux x86_64) AppleWebKit/537.36 (KHTML, like Gecko) Chrome/121.0.0.0 Safari/537.36"
135.232.244.227 - - [16/Jun/2026:09:21:53 +0000] "GET /wp-login.php?redirect_to=https%3A%2F%2Fexpertoo.pl%2Fwp-admin%2Findex.php&reauth=1 HTTP/1.1" 200 3654 "https://expertoo.pl/wp-login.php" "Mozilla/5.0 (X11; Ubuntu; Linux x86_64) AppleWebKit/537.36 (KHTML, like Gecko) Chrome/121.0.0.0 Safari/537.36"
135.232.244.227 - - [16/Jun/2026:09:21:54 +0000] "POST /wp-login.php HTTP/1.1" 200 4665 "https://expertoo.pl/wp-login.php" "Mozilla/5.0 (Windows NT 11.0; Win64; x64) AppleWebKit/537.36 (KHTML, like Gecko) Chrome/118.0.0.0 Safari/537.36"
135.232.244.227 - - [16/Jun/2026:09:21:55 +0000] "GET /wp-admin/index.php HTTP/1.1" 302 5 "https://expertoo.pl/wp-login.php" "Mozilla/5.0 (Macintosh; Intel Mac OS X 10_15_7) AppleWebKit/605.1.15 (KHTML, like Gecko) Version/16.6 Safari/605.1.15"
135.232.244.227 - - [16/Jun/2026:09:21:56 +0000] "GET /wp-login.php?redirect_to=https%3A%2F%2Fexpertoo.pl%2Fwp-admin%2Findex.php&reauth=1 HTTP/1.1" 200 3654 "https://expertoo.pl/wp-login.php" "Mozilla/5.0 (Macintosh; Intel Mac OS X 10_15_7) AppleWebKit/605.1.15 (KHTML, like Gecko) Version/16.6 Safari/605.1.15"
43.172.198.191 - - [16/Jun/2026:09:21:57 +0000] "GET /category/tech HTTP/1.1" 301 5 "-" "Mozilla/5.0 (Windows NT 10.0; Win64; x64) AppleWebKit/537.36 (KHTML, like Gecko) Chrome/105.0.0.0 Safari/537.3"
43.172.195.230 - - [16/Jun/2026:09:21:59 +0000] "GET /category/tech/ HTTP/1.1" 200 26234 "-" "Mozilla/5.0 (Windows NT 10.0; Win64; x64) AppleWebKit/537.36 (KHTML, like Gecko) Chrome/105.0.0.0 Safari/537.3"
43.173.176.112 - - [16/Jun/2026:09:22:00 +0000] "GET /wp-content/uploads/elementor/google-fonts/css/opensans.css?ver=1742282009 HTTP/1.1" 404 194 "https://expertoo.pl/category/tech/" "Mozilla/5.0 (Windows NT 10.0; Win64; x64) AppleWebKit/537.36 (KHTML, like Gecko) Chrome/105.0.0.0 Safari/537.3"
43.173.180.106 - - [16/Jun/2026:09:22:00 +0000] "GET /wp-content/uploads/elementor/google-fonts/css/questrial.css?ver=1742279798 HTTP/1.1" 404 194 "https://expertoo.pl/category/tech/" "Mozilla/5.0 (Windows NT 10.0; Win64; x64) AppleWebKit/537.36 (KHTML, like Gecko) Chrome/105.0.0.0 Safari/537.3"
43.173.180.105 - - [16/Jun/2026:09:22:01 +0000] "POST /wp-content/plugins/litespeed-cache/guest.vary.php HTTP/1.1" 403 193 "https://expertoo.pl/category/tech/" "Mozilla/5.0 (Windows NT 10.0; Win64; x64) AppleWebKit/537.36 (KHTML, like Gecko) Chrome/105.0.0.0 Safari/537.3"
135.232.244.227 - - [16/Jun/2026:09:22:20 +0000] "POST /wp-login.php HTTP/1.1" 200 4657 "https://expertoo.pl/wp-login.php" "Mozilla/5.0 (Macintosh; Intel Mac OS X 13_6_1) AppleWebKit/537.36 (KHTML, like Gecko) Chrome/120.0.0.0 Safari/537.36"
135.232.244.227 - - [16/Jun/2026:09:22:21 +0000] "GET /wp-admin/index.php HTTP/1.1" 302 5 "https://expertoo.pl/wp-login.php" "Mozilla/5.0 (X11; Ubuntu; Linux x86_64) AppleWebKit/537.36 (KHTML, like Gecko) Chrome/119.0.0.0 Safari/537.36"
135.232.244.227 - - [16/Jun/2026:09:22:22 +0000] "GET /wp-login.php?redirect_to=https%3A%2F%2Fexpertoo.pl%2Fwp-admin%2Findex.php&reauth=1 HTTP/1.1" 200 3654 "https://expertoo.pl/wp-login.php" "Mozilla/5.0 (X11; Ubuntu; Linux x86_64) AppleWebKit/537.36 (KHTML, like Gecko) Chrome/119.0.0.0 Safari/537.36"
135.232.244.227 - - [16/Jun/2026:09:22:23 +0000] "POST /wp-login.php HTTP/1.1" 200 4665 "https://expertoo.pl/wp-login.php" "Mozilla/5.0 (Macintosh; Intel Mac OS X 13_6_1) AppleWebKit/605.1.15 (KHTML, like Gecko) Version/16.6 Safari/605.1.15"
135.232.244.227 - - [16/Jun/2026:09:22:24 +0000] "GET /wp-admin/index.php HTTP/1.1" 302 5 "https://expertoo.pl/wp-login.php" "Mozilla/5.0 (Macintosh; Intel Mac OS X 10_15_7) AppleWebKit/537.36 (KHTML, like Gecko) Chrome/120.0.0.0 Safari/537.36"
135.232.244.227 - - [16/Jun/2026:09:22:26 +0000] "GET /wp-login.php?redirect_to=https%3A%2F%2Fexpertoo.pl%2Fwp-admin%2Findex.php&reauth=1 HTTP/1.1" 200 3654 "https://expertoo.pl/wp-login.php" "Mozilla/5.0 (Macintosh; Intel Mac OS X 10_15_7) AppleWebKit/537.36 (KHTML, like Gecko) Chrome/120.0.0.0 Safari/537.36"
135.232.244.227 - - [16/Jun/2026:09:22:27 +0000] "POST /wp-login.php HTTP/1.1" 200 4665 "https://expertoo.pl/wp-login.php" "Mozilla/5.0 (X11; Linux x86_64) AppleWebKit/537.36 (KHTML, like Gecko) Chrome/118.0.0.0 Safari/537.36"
114.119.135.232 - - [16/Jun/2026:09:22:27 +0000] "GET /?x=98854111927501 HTTP/1.1" 200 23013 "https://expertoo.pl/?x=98854111927501" "Mozilla/5.0 (Linux; Android 7.0;) AppleWebKit/537.36 (HTML, like Gecko) Mobile Safari/537.36 (compatible; PetalBot;+https://webmaster.petalsearch.com/site/petalbot)"
135.232.244.227 - - [16/Jun/2026:09:22:28 +0000] "GET /wp-admin/index.php HTTP/1.1" 302 5 "https://expertoo.pl/wp-login.php" "Mozilla/5.0 (X11; Linux x86_64) AppleWebKit/537.36 (KHTML, like Gecko) Chrome/121.0.0.0 Safari/537.36"
135.232.244.227 - - [16/Jun/2026:09:22:29 +0000] "GET /wp-login.php?redirect_to=https%3A%2F%2Fexpertoo.pl%2Fwp-admin%2Findex.php&reauth=1 HTTP/1.1" 200 3654 "https://expertoo.pl/wp-login.php" "Mozilla/5.0 (X11; Linux x86_64) AppleWebKit/537.36 (KHTML, like Gecko) Chrome/121.0.0.0 Safari/537.36"
135.232.244.227 - - [16/Jun/2026:09:22:30 +0000] "POST /wp-login.php HTTP/1.1" 200 4665 "https://expertoo.pl/wp-login.php" "Mozilla/5.0 (Windows NT 11.0; Win64; x64) AppleWebKit/537.36 (KHTML, like Gecko) Chrome/121.0.0.0 Safari/537.36"
135.232.244.227 - - [16/Jun/2026:09:22:31 +0000] "GET /wp-admin/index.php HTTP/1.1" 302 5 "https://expertoo.pl/wp-login.php" "Mozilla/5.0 (Macintosh; Intel Mac OS X 10_15_7) AppleWebKit/537.36 (KHTML, like Gecko) Chrome/118.0.0.0 Safari/537.36"
135.232.244.227 - - [16/Jun/2026:09:22:32 +0000] "GET /wp-login.php?redirect_to=https%3A%2F%2Fexpertoo.pl%2Fwp-admin%2Findex.php&reauth=1 HTTP/1.1" 200 3654 "https://expertoo.pl/wp-login.php" "Mozilla/5.0 (Macintosh; Intel Mac OS X 10_15_7) AppleWebKit/537.36 (KHTML, like Gecko) Chrome/118.0.0.0 Safari/537.36"
135.232.244.227 - - [16/Jun/2026:09:22:33 +0000] "POST /wp-login.php HTTP/1.1" 200 4657 "https://expertoo.pl/wp-login.php" "Mozilla/5.0 (Macintosh; Intel Mac OS X 10_15_7; rv:120.0) Gecko/20100101 Firefox/120.0"
135.232.244.227 - - [16/Jun/2026:09:22:34 +0000] "GET /wp-admin/index.php HTTP/1.1" 302 5 "https://expertoo.pl/wp-login.php" "Mozilla/5.0 (Windows NT 11.0; Win64; x64; rv:119.0) Gecko/20100101 Firefox/119.0"
135.232.244.227 - - [16/Jun/2026:09:22:35 +0000] "GET /wp-login.php?redirect_to=https%3A%2F%2Fexpertoo.pl%2Fwp-admin%2Findex.php&reauth=1 HTTP/1.1" 200 3654 "https://expertoo.pl/wp-login.php" "Mozilla/5.0 (Windows NT 11.0; Win64; x64; rv:119.0) Gecko/20100101 Firefox/119.0"
20.215.220.118 - - [16/Jun/2026:09:22:35 +0000] "GET / HTTP/1.1" 200 26621 "-" "Mozilla/5.0 AppleWebKit/537.36 (KHTML, like Gecko); compatible; ChatGPT-User/1.0; +https://openai.com/bot"
135.232.244.227 - - [16/Jun/2026:09:22:36 +0000] "POST /wp-login.php HTTP/1.1" 200 4665 "https://expertoo.pl/wp-login.php" "Mozilla/5.0 (Macintosh; Intel Mac OS X 10_15_7) AppleWebKit/537.36 (KHTML, like Gecko) Chrome/120.0.0.0 Safari/537.36"
135.232.244.227 - - [16/Jun/2026:09:22:37 +0000] "GET /wp-admin/index.php HTTP/1.1" 302 5 "https://expertoo.pl/wp-login.php" "Mozilla/5.0 (Windows NT 11.0; Win64; x64) AppleWebKit/537.36 (KHTML, like Gecko) Chrome/121.0.0.0 Safari/537.36"
135.232.244.227 - - [16/Jun/2026:09:22:38 +0000] "GET /wp-login.php?redirect_to=https%3A%2F%2Fexpertoo.pl%2Fwp-admin%2Findex.php&reauth=1 HTTP/1.1" 200 3654 "https://expertoo.pl/wp-login.php" "Mozilla/5.0 (Windows NT 11.0; Win64; x64) AppleWebKit/537.36 (KHTML, like Gecko) Chrome/121.0.0.0 Safari/537.36"
135.232.244.227 - - [16/Jun/2026:09:22:39 +0000] "POST /wp-login.php HTTP/1.1" 200 4665 "https://expertoo.pl/wp-login.php" "Mozilla/5.0 (Windows NT 10.0; Win64; x64; rv:118.0) Gecko/20100101 Firefox/118.0"
135.232.244.227 - - [16/Jun/2026:09:22:40 +0000] "GET /wp-admin/index.php HTTP/1.1" 302 5 "https://expertoo.pl/wp-login.php" "Mozilla/5.0 (X11; Linux x86_64) AppleWebKit/537.36 (KHTML, like Gecko) Chrome/118.0.0.0 Safari/537.36"
135.232.244.227 - - [16/Jun/2026:09:22:41 +0000] "GET /wp-login.php?redirect_to=https%3A%2F%2Fexpertoo.pl%2Fwp-admin%2Findex.php&reauth=1 HTTP/1.1" 200 3654 "https://expertoo.pl/wp-login.php" "Mozilla/5.0 (X11; Linux x86_64) AppleWebKit/537.36 (KHTML, like Gecko) Chrome/118.0.0.0 Safari/537.36"
135.232.244.227 - - [16/Jun/2026:09:22:41 +0000] "POST /wp-login.php HTTP/1.1" 200 4657 "https://expertoo.pl/wp-login.php" "Mozilla/5.0 (X11; Ubuntu; Linux x86_64) AppleWebKit/537.36 (KHTML, like Gecko) Chrome/119.0.0.0 Safari/537.36"
37.187.28.212 - - [16/Jun/2026:09:22:41 +0000] "GET /marzysz-o-pieknej-i-jasnej-jadalni/ HTTP/1.0" 301 0 "https://expertoo.pl/marzysz-o-pieknej-i-jasnej-jadalni/" "Mozilla/5.0 (Windows NT 10.0; Win64; x64) AppleWebKit/537.36 (KHTML, like Gecko) Chrome/131.0.0.0 Safari/537.36"
135.232.244.227 - - [16/Jun/2026:09:22:42 +0000] "GET /wp-admin/index.php HTTP/1.1" 302 5 "https://expertoo.pl/wp-login.php" "Mozilla/5.0 (Windows NT 11.0; Win64; x64) AppleWebKit/537.36 (KHTML, like Gecko) Chrome/120.0.0.0 Safari/537.36"
37.187.28.212 - - [16/Jun/2026:09:22:43 +0000] "GET / HTTP/1.0" 200 131648 "https://expertoo.pl/" "Mozilla/5.0 (Windows NT 10.0; Win64; x64) AppleWebKit/537.36 (KHTML, like Gecko) Chrome/131.0.0.0 Safari/537.36"
135.232.244.227 - - [16/Jun/2026:09:22:43 +0000] "GET /wp-login.php?redirect_to=https%3A%2F%2Fexpertoo.pl%2Fwp-admin%2Findex.php&reauth=1 HTTP/1.1" 200 3654 "https://expertoo.pl/wp-login.php" "Mozilla/5.0 (Windows NT 11.0; Win64; x64) AppleWebKit/537.36 (KHTML, like Gecko) Chrome/120.0.0.0 Safari/537.36"
135.232.244.227 - - [16/Jun/2026:09:22:44 +0000] "POST /wp-login.php HTTP/1.1" 200 4665 "https://expertoo.pl/wp-login.php" "Mozilla/5.0 (Windows NT 10.0; Win64; x64; rv:119.0) Gecko/20100101 Firefox/119.0"
37.187.28.212 - - [16/Jun/2026:09:22:45 +0000] "GET /category/blog/ HTTP/1.0" 200 105462 "https://expertoo.pl/category/blog/" "Mozilla/5.0 (Windows NT 10.0; Win64; x64) AppleWebKit/537.36 (KHTML, like Gecko) Chrome/131.0.0.0 Safari/537.36"
135.232.244.227 - - [16/Jun/2026:09:22:45 +0000] "GET /wp-admin/index.php HTTP/1.1" 302 5 "https://expertoo.pl/wp-login.php" "Mozilla/5.0 (Macintosh; Intel Mac OS X 10_15_7) AppleWebKit/537.36 (KHTML, like Gecko) Chrome/121.0.0.0 Safari/537.36"
135.232.244.227 - - [16/Jun/2026:09:22:46 +0000] "GET /wp-login.php?redirect_to=https%3A%2F%2Fexpertoo.pl%2Fwp-admin%2Findex.php&reauth=1 HTTP/1.1" 200 3654 "https://expertoo.pl/wp-login.php" "Mozilla/5.0 (Macintosh; Intel Mac OS X 10_15_7) AppleWebKit/537.36 (KHTML, like Gecko) Chrome/121.0.0.0 Safari/537.36"
37.187.28.212 - - [16/Jun/2026:09:22:47 +0000] "GET /category/blog/page/2/ HTTP/1.0" 200 105759 "https://expertoo.pl/category/blog/page/2/" "Mozilla/5.0 (Windows NT 10.0; Win64; x64) AppleWebKit/537.36 (KHTML, like Gecko) Chrome/131.0.0.0 Safari/537.36"
135.232.244.227 - - [16/Jun/2026:09:22:47 +0000] "POST /wp-login.php HTTP/1.1" 200 4665 "https://expertoo.pl/wp-login.php" "Mozilla/5.0 (Windows NT 11.0; Win64; x64; rv:119.0) Gecko/20100101 Firefox/119.0"
135.232.244.227 - - [16/Jun/2026:09:22:48 +0000] "GET /wp-admin/index.php HTTP/1.1" 302 5 "https://expertoo.pl/wp-login.php" "Mozilla/5.0 (Macintosh; Intel Mac OS X 10_15_7) AppleWebKit/537.36 (KHTML, like Gecko) Chrome/121.0.0.0 Safari/537.36"
37.187.28.212 - - [16/Jun/2026:09:22:48 +0000] "GET /category/blog/page/3/ HTTP/1.0" 200 105760 "https://expertoo.pl/category/blog/page/3/" "Mozilla/5.0 (Windows NT 10.0; Win64; x64) AppleWebKit/537.36 (KHTML, like Gecko) Chrome/131.0.0.0 Safari/537.36"
135.232.244.227 - - [16/Jun/2026:09:22:49 +0000] "GET /wp-login.php?redirect_to=https%3A%2F%2Fexpertoo.pl%2Fwp-admin%2Findex.php&reauth=1 HTTP/1.1" 200 3654 "https://expertoo.pl/wp-login.php" "Mozilla/5.0 (Macintosh; Intel Mac OS X 10_15_7) AppleWebKit/537.36 (KHTML, like Gecko) Chrome/121.0.0.0 Safari/537.36"
37.187.28.212 - - [16/Jun/2026:09:22:50 +0000] "GET /category/blog/page/4/ HTTP/1.0" 200 105978 "https://expertoo.pl/category/blog/page/4/" "Mozilla/5.0 (Windows NT 10.0; Win64; x64) AppleWebKit/537.36 (KHTML, like Gecko) Chrome/131.0.0.0 Safari/537.36"
37.187.28.212 - - [16/Jun/2026:09:22:52 +0000] "GET /category/blog/page/5/ HTTP/1.0" 200 105889 "https://expertoo.pl/category/blog/page/5/" "Mozilla/5.0 (Windows NT 10.0; Win64; x64) AppleWebKit/537.36 (KHTML, like Gecko) Chrome/131.0.0.0 Safari/537.36"
43.173.180.180 - - [16/Jun/2026:09:23:04 +0000] "GET /gdzie-zjesc-we-wroclawiu-odkryj-najlepsze-restauracje HTTP/1.1" 301 5 "-" "Mozilla/5.0 (Windows NT 10.0; Win64; x64) AppleWebKit/537.36 (KHTML, like Gecko) Chrome/131.0.0.0 Safari/537.36"
43.173.179.45 - - [16/Jun/2026:09:23:07 +0000] "GET /gdzie-zjesc-we-wroclawiu-odkryj-najlepsze-restauracje/ HTTP/1.1" 200 34297 "-" "Mozilla/5.0 (Windows NT 10.0; Win64; x64) AppleWebKit/537.36 (KHTML, like Gecko) Chrome/131.0.0.0 Safari/537.36"
43.173.173.217 - - [16/Jun/2026:09:23:08 +0000] "GET /wp-content/uploads/elementor/google-fonts/css/questrial.css?ver=1742279798 HTTP/1.1" 404 194 "https://expertoo.pl/gdzie-zjesc-we-wroclawiu-odkryj-najlepsze-restauracje/" "Mozilla/5.0 (Windows NT 10.0; Win64; x64) AppleWebKit/537.36 (KHTML, like Gecko) Chrome/131.0.0.0 Safari/537.36"
43.173.176.228 - - [16/Jun/2026:09:23:08 +0000] "GET /wp-content/uploads/elementor/google-fonts/css/opensans.css?ver=1742282009 HTTP/1.1" 404 194 "https://expertoo.pl/gdzie-zjesc-we-wroclawiu-odkryj-najlepsze-restauracje/" "Mozilla/5.0 (Windows NT 10.0; Win64; x64) AppleWebKit/537.36 (KHTML, like Gecko) Chrome/131.0.0.0 Safari/537.36"
135.232.244.227 - - [16/Jun/2026:09:23:10 +0000] "POST /wp-login.php HTTP/1.1" 200 4657 "https://expertoo.pl/wp-login.php" "Mozilla/5.0 (Windows NT 11.0; Win64; x64) AppleWebKit/537.36 (KHTML, like Gecko) Chrome/119.0.0.0 Safari/537.36"
135.232.244.227 - - [16/Jun/2026:09:23:11 +0000] "GET /wp-admin/index.php HTTP/1.1" 302 5 "https://expertoo.pl/wp-login.php" "Mozilla/5.0 (Macintosh; Intel Mac OS X 13_6_1; rv:121.0) Gecko/20100101 Firefox/121.0"
43.172.194.106 - - [16/Jun/2026:09:23:12 +0000] "POST /wp-content/plugins/litespeed-cache/guest.vary.php HTTP/1.1" 403 193 "https://expertoo.pl/gdzie-zjesc-we-wroclawiu-odkryj-najlepsze-restauracje/" "Mozilla/5.0 (Windows NT 10.0; Win64; x64) AppleWebKit/537.36 (KHTML, like Gecko) Chrome/131.0.0.0 Safari/537.36"
135.232.244.227 - - [16/Jun/2026:09:23:12 +0000] "GET /wp-login.php?redirect_to=https%3A%2F%2Fexpertoo.pl%2Fwp-admin%2Findex.php&reauth=1 HTTP/1.1" 200 3654 "https://expertoo.pl/wp-login.php" "Mozilla/5.0 (Macintosh; Intel Mac OS X 13_6_1; rv:121.0) Gecko/20100101 Firefox/121.0"
135.232.244.227 - - [16/Jun/2026:09:23:13 +0000] "POST /wp-login.php HTTP/1.1" 200 4665 "https://expertoo.pl/wp-login.php" "Mozilla/5.0 (Windows NT 11.0; Win64; x64) AppleWebKit/537.36 (KHTML, like Gecko) Chrome/120.0.0.0 Safari/537.36"
135.232.244.227 - - [16/Jun/2026:09:23:14 +0000] "GET /wp-admin/index.php HTTP/1.1" 302 5 "https://expertoo.pl/wp-login.php" "Mozilla/5.0 (Windows NT 10.0; Win64; x64) AppleWebKit/537.36 (KHTML, like Gecko) Chrome/120.0.0.0 Safari/537.36"
135.232.244.227 - - [16/Jun/2026:09:23:16 +0000] "GET /wp-login.php?redirect_to=https%3A%2F%2Fexpertoo.pl%2Fwp-admin%2Findex.php&reauth=1 HTTP/1.1" 200 3654 "https://expertoo.pl/wp-login.php" "Mozilla/5.0 (Windows NT 10.0; Win64; x64) AppleWebKit/537.36 (KHTML, like Gecko) Chrome/120.0.0.0 Safari/537.36"
135.232.244.227 - - [16/Jun/2026:09:23:17 +0000] "POST /wp-login.php HTTP/1.1" 200 4665 "https://expertoo.pl/wp-login.php" "Mozilla/5.0 (Windows NT 11.0; Win64; x64; rv:121.0) Gecko/20100101 Firefox/121.0"
135.232.244.227 - - [16/Jun/2026:09:23:18 +0000] "GET /wp-admin/index.php HTTP/1.1" 302 5 "https://expertoo.pl/wp-login.php" "Mozilla/5.0 (Macintosh; Intel Mac OS X 10_15_7) AppleWebKit/537.36 (KHTML, like Gecko) Chrome/121.0.0.0 Safari/537.36"
135.232.244.227 - - [16/Jun/2026:09:23:19 +0000] "GET /wp-login.php?redirect_to=https%3A%2F%2Fexpertoo.pl%2Fwp-admin%2Findex.php&reauth=1 HTTP/1.1" 200 3654 "https://expertoo.pl/wp-login.php" "Mozilla/5.0 (Macintosh; Intel Mac OS X 10_15_7) AppleWebKit/537.36 (KHTML, like Gecko) Chrome/121.0.0.0 Safari/537.36"
52.167.144.171 - - [16/Jun/2026:09:23:21 +0000] "GET /wp-content/uploads/2026/05/masaz_featured-1024x682.jpg HTTP/1.1" 200 84099 "-" "Mozilla/5.0 AppleWebKit/537.36 (KHTML, like Gecko; compatible; bingbot/2.0; +http://www.bing.com/bingbot.htm) Chrome/116.0.1938.76 Safari/537.36"
135.232.244.227 - - [16/Jun/2026:09:23:21 +0000] "POST /wp-login.php HTTP/1.1" 200 4657 "https://expertoo.pl/wp-login.php" "Mozilla/5.0 (Windows NT 11.0; Win64; x64; rv:119.0) Gecko/20100101 Firefox/119.0"
135.232.244.227 - - [16/Jun/2026:09:23:22 +0000] "GET /wp-admin/index.php HTTP/1.1" 302 5 "https://expertoo.pl/wp-login.php" "Mozilla/5.0 (Macintosh; Intel Mac OS X 10_15_7) AppleWebKit/605.1.15 (KHTML, like Gecko) Version/17.1 Safari/605.1.15"
135.232.244.227 - - [16/Jun/2026:09:23:23 +0000] "GET /wp-login.php?redirect_to=https%3A%2F%2Fexpertoo.pl%2Fwp-admin%2Findex.php&reauth=1 HTTP/1.1" 200 3654 "https://expertoo.pl/wp-login.php" "Mozilla/5.0 (Macintosh; Intel Mac OS X 10_15_7) AppleWebKit/605.1.15 (KHTML, like Gecko) Version/17.1 Safari/605.1.15"
135.232.244.227 - - [16/Jun/2026:09:23:24 +0000] "POST /wp-login.php HTTP/1.1" 200 4665 "https://expertoo.pl/wp-login.php" "Mozilla/5.0 (X11; Ubuntu; Linux x86_64) AppleWebKit/537.36 (KHTML, like Gecko) Chrome/118.0.0.0 Safari/537.36"
135.232.244.227 - - [16/Jun/2026:09:23:25 +0000] "GET /wp-admin/index.php HTTP/1.1" 302 5 "https://expertoo.pl/wp-login.php" "Mozilla/5.0 (Windows NT 11.0; Win64; x64) AppleWebKit/537.36 (KHTML, like Gecko) Chrome/118.0.0.0 Safari/537.36"
135.232.244.227 - - [16/Jun/2026:09:23:26 +0000] "GET /wp-login.php?redirect_to=https%3A%2F%2Fexpertoo.pl%2Fwp-admin%2Findex.php&reauth=1 HTTP/1.1" 200 3654 "https://expertoo.pl/wp-login.php" "Mozilla/5.0 (Windows NT 11.0; Win64; x64) AppleWebKit/537.36 (KHTML, like Gecko) Chrome/118.0.0.0 Safari/537.36"
135.232.244.227 - - [16/Jun/2026:09:23:27 +0000] "POST /wp-login.php HTTP/1.1" 200 4665 "https://expertoo.pl/wp-login.php" "Mozilla/5.0 (Macintosh; Intel Mac OS X 10_15_7) AppleWebKit/605.1.15 (KHTML, like Gecko) Version/17.2 Safari/605.1.15"
135.232.244.227 - - [16/Jun/2026:09:23:28 +0000] "GET /wp-admin/index.php HTTP/1.1" 302 5 "https://expertoo.pl/wp-login.php" "Mozilla/5.0 (Macintosh; Intel Mac OS X 13_6_1; rv:120.0) Gecko/20100101 Firefox/120.0"
135.232.244.227 - - [16/Jun/2026:09:23:28 +0000] "GET /wp-login.php?redirect_to=https%3A%2F%2Fexpertoo.pl%2Fwp-admin%2Findex.php&reauth=1 HTTP/1.1" 200 3654 "https://expertoo.pl/wp-login.php" "Mozilla/5.0 (Macintosh; Intel Mac OS X 13_6_1; rv:120.0) Gecko/20100101 Firefox/120.0"
135.232.244.227 - - [16/Jun/2026:09:23:29 +0000] "POST /wp-login.php HTTP/1.1" 200 4657 "https://expertoo.pl/wp-login.php" "Mozilla/5.0 (Macintosh; Intel Mac OS X 13_6_1) AppleWebKit/605.1.15 (KHTML, like Gecko) Version/17.0 Safari/605.1.15"
135.232.244.227 - - [16/Jun/2026:09:23:30 +0000] "GET /wp-admin/index.php HTTP/1.1" 302 5 "https://expertoo.pl/wp-login.php" "Mozilla/5.0 (Windows NT 11.0; Win64; x64) AppleWebKit/537.36 (KHTML, like Gecko) Chrome/119.0.0.0 Safari/537.36"
135.232.244.227 - - [16/Jun/2026:09:23:31 +0000] "GET /wp-login.php?redirect_to=https%3A%2F%2Fexpertoo.pl%2Fwp-admin%2Findex.php&reauth=1 HTTP/1.1" 200 3654 "https://expertoo.pl/wp-login.php" "Mozilla/5.0 (Windows NT 11.0; Win64; x64) AppleWebKit/537.36 (KHTML, like Gecko) Chrome/119.0.0.0 Safari/537.36"
135.232.244.227 - - [16/Jun/2026:09:23:32 +0000] "POST /wp-login.php HTTP/1.1" 200 4665 "https://expertoo.pl/wp-login.php" "Mozilla/5.0 (Macintosh; Intel Mac OS X 13_6_1) AppleWebKit/605.1.15 (KHTML, like Gecko) Version/16.6 Safari/605.1.15"
135.232.244.227 - - [16/Jun/2026:09:23:33 +0000] "GET /wp-admin/index.php HTTP/1.1" 302 5 "https://expertoo.pl/wp-login.php" "Mozilla/5.0 (Windows NT 11.0; Win64; x64) AppleWebKit/537.36 (KHTML, like Gecko) Chrome/119.0.0.0 Safari/537.36"
135.232.244.227 - - [16/Jun/2026:09:23:34 +0000] "GET /wp-login.php?redirect_to=https%3A%2F%2Fexpertoo.pl%2Fwp-admin%2Findex.php&reauth=1 HTTP/1.1" 200 3654 "https://expertoo.pl/wp-login.php" "Mozilla/5.0 (Windows NT 11.0; Win64; x64) AppleWebKit/537.36 (KHTML, like Gecko) Chrome/119.0.0.0 Safari/537.36"
135.232.244.227 - - [16/Jun/2026:09:23:35 +0000] "POST /wp-login.php HTTP/1.1" 200 4665 "https://expertoo.pl/wp-login.php" "Mozilla/5.0 (Macintosh; Intel Mac OS X 13_6_1) AppleWebKit/537.36 (KHTML, like Gecko) Chrome/118.0.0.0 Safari/537.36"
135.232.244.227 - - [16/Jun/2026:09:23:36 +0000] "GET /wp-admin/index.php HTTP/1.1" 302 5 "https://expertoo.pl/wp-login.php" "Mozilla/5.0 (X11; Ubuntu; Linux x86_64) AppleWebKit/537.36 (KHTML, like Gecko) Chrome/121.0.0.0 Safari/537.36"
135.232.244.227 - - [16/Jun/2026:09:23:37 +0000] "GET /wp-login.php?redirect_to=https%3A%2F%2Fexpertoo.pl%2Fwp-admin%2Findex.php&reauth=1 HTTP/1.1" 200 3654 "https://expertoo.pl/wp-login.php" "Mozilla/5.0 (X11; Ubuntu; Linux x86_64) AppleWebKit/537.36 (KHTML, like Gecko) Chrome/121.0.0.0 Safari/537.36"
135.232.244.227 - - [16/Jun/2026:09:23:38 +0000] "POST /wp-login.php HTTP/1.1" 200 4657 "https://expertoo.pl/wp-login.php" "Mozilla/5.0 (Macintosh; Intel Mac OS X 10_15_7) AppleWebKit/537.36 (KHTML, like Gecko) Chrome/121.0.0.0 Safari/537.36"
135.232.244.227 - - [16/Jun/2026:09:23:39 +0000] "GET /wp-admin/index.php HTTP/1.1" 302 5 "https://expertoo.pl/wp-login.php" "Mozilla/5.0 (Windows NT 10.0; Win64; x64) AppleWebKit/537.36 (KHTML, like Gecko) Chrome/119.0.0.0 Safari/537.36"
135.232.244.227 - - [16/Jun/2026:09:23:39 +0000] "GET /wp-login.php?redirect_to=https%3A%2F%2Fexpertoo.pl%2Fwp-admin%2Findex.php&reauth=1 HTTP/1.1" 200 3654 "https://expertoo.pl/wp-login.php" "Mozilla/5.0 (Windows NT 10.0; Win64; x64) AppleWebKit/537.36 (KHTML, like Gecko) Chrome/119.0.0.0 Safari/537.36"
43.133.66.51 - - [16/Jun/2026:09:23:47 +0000] "GET / HTTP/1.1" 301 5 "http://www.expertoo.pl" "Mozilla/5.0 (iPhone; CPU iPhone OS 13_2_3 like Mac OS X) AppleWebKit/605.1.15 (KHTML, like Gecko) Version/13.0.3 Mobile/15E148 Safari/604.1"
43.133.66.51 - - [16/Jun/2026:09:23:51 +0000] "GET / HTTP/1.1" 200 23015 "https://www.expertoo.pl/" "Mozilla/5.0 (iPhone; CPU iPhone OS 13_2_3 like Mac OS X) AppleWebKit/605.1.15 (KHTML, like Gecko) Version/13.0.3 Mobile/15E148 Safari/604.1"
114.119.155.205 - - [16/Jun/2026:09:23:51 +0000] "GET /?x=02611278756204 HTTP/1.1" 200 23013 "https://expertoo.pl/?x=02611278756204" "Mozilla/5.0 (Linux; Android 7.0;) AppleWebKit/537.36 (HTML, like Gecko) Mobile Safari/537.36 (compatible; PetalBot;+https://webmaster.petalsearch.com/site/petalbot)"
66.249.66.199 - - [16/Jun/2026:09:24:25 +0000] "GET /wp-content/litespeed/avatar/81f6b25c54757f07afe860ff2d4033b7.jpg?ver=1781103518 HTTP/1.1" 200 1387 "-" "Googlebot-Image/1.0"
14.230.30.135 - - [16/Jun/2026:09:24:31 +0000] "GET /gdzie-zjesc-w-sopocie-smakowite-miejscowki-czekaja/ HTTP/1.1" 200 33716 "-" "Mozilla/5.0 (Windows NT 10.0; WOW64) AppleWebKit/537.36 (KHTML, like Gecko) Chrome/97.0.4692.71 Safari/537.36"
135.232.244.227 - - [16/Jun/2026:09:25:04 +0000] "POST /wp-login.php HTTP/1.1" 200 4631 "https://expertoo.pl/wp-login.php" "Mozilla/5.0 (Windows NT 10.0; Win64; x64) AppleWebKit/537.36 (KHTML, like Gecko) Chrome/118.0.0.0 Safari/537.36"
135.232.244.227 - - [16/Jun/2026:09:25:05 +0000] "GET /wp-admin/index.php HTTP/1.1" 302 5 "https://expertoo.pl/wp-login.php" "Mozilla/5.0 (X11; Linux x86_64) AppleWebKit/537.36 (KHTML, like Gecko) Chrome/118.0.0.0 Safari/537.36"
135.232.244.227 - - [16/Jun/2026:09:25:06 +0000] "GET /wp-login.php?redirect_to=https%3A%2F%2Fexpertoo.pl%2Fwp-admin%2Findex.php&reauth=1 HTTP/1.1" 200 3654 "https://expertoo.pl/wp-login.php" "Mozilla/5.0 (X11; Linux x86_64) AppleWebKit/537.36 (KHTML, like Gecko) Chrome/118.0.0.0 Safari/537.36"
135.232.244.227 - - [16/Jun/2026:09:25:07 +0000] "POST /wp-login.php HTTP/1.1" 200 4631 "https://expertoo.pl/wp-login.php" "Mozilla/5.0 (Macintosh; Intel Mac OS X 10_15_7; rv:119.0) Gecko/20100101 Firefox/119.0"
135.232.244.227 - - [16/Jun/2026:09:25:08 +0000] "GET /wp-admin/index.php HTTP/1.1" 302 5 "https://expertoo.pl/wp-login.php" "Mozilla/5.0 (Macintosh; Intel Mac OS X 10_15_7; rv:121.0) Gecko/20100101 Firefox/121.0"
135.232.244.227 - - [16/Jun/2026:09:25:09 +0000] "GET /wp-login.php?redirect_to=https%3A%2F%2Fexpertoo.pl%2Fwp-admin%2Findex.php&reauth=1 HTTP/1.1" 200 3654 "https://expertoo.pl/wp-login.php" "Mozilla/5.0 (Macintosh; Intel Mac OS X 10_15_7; rv:121.0) Gecko/20100101 Firefox/121.0"
135.232.244.227 - - [16/Jun/2026:09:25:10 +0000] "POST /wp-login.php HTTP/1.1" 200 4636 "https://expertoo.pl/wp-login.php" "Mozilla/5.0 (Windows NT 11.0; Win64; x64) AppleWebKit/537.36 (KHTML, like Gecko) Chrome/119.0.0.0 Safari/537.36"
135.232.244.227 - - [16/Jun/2026:09:25:11 +0000] "GET /wp-admin/index.php HTTP/1.1" 302 5 "https://expertoo.pl/wp-login.php" "Mozilla/5.0 (Windows NT 10.0; Win64; x64) AppleWebKit/537.36 (KHTML, like Gecko) Chrome/121.0.0.0 Safari/537.36"
135.232.244.227 - - [16/Jun/2026:09:25:12 +0000] "GET /wp-login.php?redirect_to=https%3A%2F%2Fexpertoo.pl%2Fwp-admin%2Findex.php&reauth=1 HTTP/1.1" 200 3654 "https://expertoo.pl/wp-login.php" "Mozilla/5.0 (Windows NT 10.0; Win64; x64) AppleWebKit/537.36 (KHTML, like Gecko) Chrome/121.0.0.0 Safari/537.36"
135.232.244.227 - - [16/Jun/2026:09:25:13 +0000] "POST /wp-login.php HTTP/1.1" 200 4664 "https://expertoo.pl/wp-login.php" "Mozilla/5.0 (Macintosh; Intel Mac OS X 10_15_7) AppleWebKit/537.36 (KHTML, like Gecko) Chrome/118.0.0.0 Safari/537.36"
135.232.244.227 - - [16/Jun/2026:09:25:14 +0000] "GET /wp-admin/index.php HTTP/1.1" 302 5 "https://expertoo.pl/wp-login.php" "Mozilla/5.0 (Windows NT 10.0; Win64; x64) AppleWebKit/537.36 (KHTML, like Gecko) Chrome/120.0.0.0 Safari/537.36"
135.232.244.227 - - [16/Jun/2026:09:25:15 +0000] "GET /wp-login.php?redirect_to=https%3A%2F%2Fexpertoo.pl%2Fwp-admin%2Findex.php&reauth=1 HTTP/1.1" 200 3654 "https://expertoo.pl/wp-login.php" "Mozilla/5.0 (Windows NT 10.0; Win64; x64) AppleWebKit/537.36 (KHTML, like Gecko) Chrome/120.0.0.0 Safari/537.36"
135.232.244.227 - - [16/Jun/2026:09:25:16 +0000] "POST /wp-login.php HTTP/1.1" 200 4664 "https://expertoo.pl/wp-login.php" "Mozilla/5.0 (Windows NT 10.0; Win64; x64) AppleWebKit/537.36 (KHTML, like Gecko) Chrome/120.0.0.0 Safari/537.36"
135.232.244.227 - - [16/Jun/2026:09:25:17 +0000] "GET /wp-admin/index.php HTTP/1.1" 302 5 "https://expertoo.pl/wp-login.php" "Mozilla/5.0 (Windows NT 10.0; Win64; x64) AppleWebKit/537.36 (KHTML, like Gecko) Chrome/120.0.0.0 Safari/537.36"
135.232.244.227 - - [16/Jun/2026:09:25:18 +0000] "GET /wp-login.php?redirect_to=https%3A%2F%2Fexpertoo.pl%2Fwp-admin%2Findex.php&reauth=1 HTTP/1.1" 200 3654 "https://expertoo.pl/wp-login.php" "Mozilla/5.0 (Windows NT 10.0; Win64; x64) AppleWebKit/537.36 (KHTML, like Gecko) Chrome/120.0.0.0 Safari/537.36"
135.232.244.227 - - [16/Jun/2026:09:25:20 +0000] "POST /wp-login.php HTTP/1.1" 200 4657 "https://expertoo.pl/wp-login.php" "Mozilla/5.0 (Macintosh; Intel Mac OS X 13_6_1; rv:118.0) Gecko/20100101 Firefox/118.0"
135.232.244.227 - - [16/Jun/2026:09:25:21 +0000] "GET /wp-admin/index.php HTTP/1.1" 302 5 "https://expertoo.pl/wp-login.php" "Mozilla/5.0 (Macintosh; Intel Mac OS X 10_15_7) AppleWebKit/537.36 (KHTML, like Gecko) Chrome/118.0.0.0 Safari/537.36"
135.232.244.227 - - [16/Jun/2026:09:25:22 +0000] "GET /wp-login.php?redirect_to=https%3A%2F%2Fexpertoo.pl%2Fwp-admin%2Findex.php&reauth=1 HTTP/1.1" 200 3654 "https://expertoo.pl/wp-login.php" "Mozilla/5.0 (Macintosh; Intel Mac OS X 10_15_7) AppleWebKit/537.36 (KHTML, like Gecko) Chrome/118.0.0.0 Safari/537.36"
135.232.244.227 - - [16/Jun/2026:09:25:23 +0000] "POST /wp-login.php HTTP/1.1" 200 4664 "https://expertoo.pl/wp-login.php" "Mozilla/5.0 (X11; Linux x86_64) AppleWebKit/537.36 (KHTML, like Gecko) Chrome/118.0.0.0 Safari/537.36"
135.232.244.227 - - [16/Jun/2026:09:25:24 +0000] "GET /wp-admin/index.php HTTP/1.1" 302 5 "https://expertoo.pl/wp-login.php" "Mozilla/5.0 (Windows NT 10.0; Win64; x64) AppleWebKit/537.36 (KHTML, like Gecko) Chrome/120.0.0.0 Safari/537.36"
135.232.244.227 - - [16/Jun/2026:09:25:25 +0000] "GET /wp-login.php?redirect_to=https%3A%2F%2Fexpertoo.pl%2Fwp-admin%2Findex.php&reauth=1 HTTP/1.1" 200 3654 "https://expertoo.pl/wp-login.php" "Mozilla/5.0 (Windows NT 10.0; Win64; x64) AppleWebKit/537.36 (KHTML, like Gecko) Chrome/120.0.0.0 Safari/537.36"
135.232.244.227 - - [16/Jun/2026:09:25:26 +0000] "POST /wp-login.php HTTP/1.1" 200 4664 "https://expertoo.pl/wp-login.php" "Mozilla/5.0 (Macintosh; Intel Mac OS X 13_6_1) AppleWebKit/537.36 (KHTML, like Gecko) Chrome/120.0.0.0 Safari/537.36"
135.232.244.227 - - [16/Jun/2026:09:25:27 +0000] "GET /wp-admin/index.php HTTP/1.1" 302 5 "https://expertoo.pl/wp-login.php" "Mozilla/5.0 (Windows NT 11.0; Win64; x64; rv:118.0) Gecko/20100101 Firefox/118.0"
135.232.244.227 - - [16/Jun/2026:09:25:27 +0000] "GET /wp-login.php?redirect_to=https%3A%2F%2Fexpertoo.pl%2Fwp-admin%2Findex.php&reauth=1 HTTP/1.1" 200 3654 "https://expertoo.pl/wp-login.php" "Mozilla/5.0 (Windows NT 11.0; Win64; x64; rv:118.0) Gecko/20100101 Firefox/118.0"
135.232.244.227 - - [16/Jun/2026:09:25:28 +0000] "POST /wp-login.php HTTP/1.1" 200 4664 "https://expertoo.pl/wp-login.php" "Mozilla/5.0 (Macintosh; Intel Mac OS X 13_6_1) AppleWebKit/605.1.15 (KHTML, like Gecko) Version/17.2 Safari/605.1.15"
135.232.244.227 - - [16/Jun/2026:09:25:29 +0000] "GET /wp-admin/index.php HTTP/1.1" 302 5 "https://expertoo.pl/wp-login.php" "Mozilla/5.0 (X11; Linux x86_64) AppleWebKit/537.36 (KHTML, like Gecko) Chrome/119.0.0.0 Safari/537.36"
135.232.244.227 - - [16/Jun/2026:09:25:30 +0000] "GET /wp-login.php?redirect_to=https%3A%2F%2Fexpertoo.pl%2Fwp-admin%2Findex.php&reauth=1 HTTP/1.1" 200 3654 "https://expertoo.pl/wp-login.php" "Mozilla/5.0 (X11; Linux x86_64) AppleWebKit/537.36 (KHTML, like Gecko) Chrome/119.0.0.0 Safari/537.36"
135.232.244.227 - - [16/Jun/2026:09:25:31 +0000] "POST /wp-login.php HTTP/1.1" 200 4664 "https://expertoo.pl/wp-login.php" "Mozilla/5.0 (Macintosh; Intel Mac OS X 10_15_7) AppleWebKit/537.36 (KHTML, like Gecko) Chrome/121.0.0.0 Safari/537.36"
135.232.244.227 - - [16/Jun/2026:09:25:33 +0000] "GET /wp-admin/index.php HTTP/1.1" 302 5 "https://expertoo.pl/wp-login.php" "Mozilla/5.0 (Macintosh; Intel Mac OS X 13_6_1) AppleWebKit/537.36 (KHTML, like Gecko) Chrome/119.0.0.0 Safari/537.36"
135.232.244.227 - - [16/Jun/2026:09:25:34 +0000] "GET /wp-login.php?redirect_to=https%3A%2F%2Fexpertoo.pl%2Fwp-admin%2Findex.php&reauth=1 HTTP/1.1" 200 3654 "https://expertoo.pl/wp-login.php" "Mozilla/5.0 (Macintosh; Intel Mac OS X 13_6_1) AppleWebKit/537.36 (KHTML, like Gecko) Chrome/119.0.0.0 Safari/537.36"
198.244.168.168 - - [16/Jun/2026:09:25:35 +0000] "GET /product467180456?kg=0465258146 HTTP/1.1" 301 5 "-" "Mozilla/5.0 (compatible; AhrefsBot/7.0; +http://ahrefs.com/robot/)"
135.232.244.227 - - [16/Jun/2026:09:25:48 +0000] "POST /wp-login.php HTTP/1.1" 200 4657 "https://expertoo.pl/wp-login.php" "Mozilla/5.0 (Windows NT 11.0; Win64; x64) AppleWebKit/537.36 (KHTML, like Gecko) Chrome/121.0.0.0 Safari/537.36"
135.232.244.227 - - [16/Jun/2026:09:25:50 +0000] "GET /wp-admin/index.php HTTP/1.1" 302 5 "https://expertoo.pl/wp-login.php" "Mozilla/5.0 (Macintosh; Intel Mac OS X 13_6_1; rv:119.0) Gecko/20100101 Firefox/119.0"
135.232.244.227 - - [16/Jun/2026:09:25:51 +0000] "GET /wp-login.php?redirect_to=https%3A%2F%2Fexpertoo.pl%2Fwp-admin%2Findex.php&reauth=1 HTTP/1.1" 200 3654 "https://expertoo.pl/wp-login.php" "Mozilla/5.0 (Macintosh; Intel Mac OS X 13_6_1; rv:119.0) Gecko/20100101 Firefox/119.0"
135.232.244.227 - - [16/Jun/2026:09:25:52 +0000] "POST /wp-login.php HTTP/1.1" 200 4664 "https://expertoo.pl/wp-login.php" "Mozilla/5.0 (Macintosh; Intel Mac OS X 10_15_7; rv:118.0) Gecko/20100101 Firefox/118.0"
135.232.244.227 - - [16/Jun/2026:09:25:53 +0000] "GET /wp-admin/index.php HTTP/1.1" 302 5 "https://expertoo.pl/wp-login.php" "Mozilla/5.0 (Windows NT 10.0; Win64; x64; rv:121.0) Gecko/20100101 Firefox/121.0"
135.232.244.227 - - [16/Jun/2026:09:25:54 +0000] "GET /wp-login.php?redirect_to=https%3A%2F%2Fexpertoo.pl%2Fwp-admin%2Findex.php&reauth=1 HTTP/1.1" 200 3654 "https://expertoo.pl/wp-login.php" "Mozilla/5.0 (Windows NT 10.0; Win64; x64; rv:121.0) Gecko/20100101 Firefox/121.0"
135.232.244.227 - - [16/Jun/2026:09:25:55 +0000] "POST /wp-login.php HTTP/1.1" 200 4664 "https://expertoo.pl/wp-login.php" "Mozilla/5.0 (Macintosh; Intel Mac OS X 13_6_1) AppleWebKit/537.36 (KHTML, like Gecko) Chrome/120.0.0.0 Safari/537.36"
