159.65.137.210 - - [16/Jun/2026:21:58:28 +0000] "POST /wp-login.php HTTP/1.1" 200 4667 "https://expertoo.pl/wp-login.php" "Mozilla/5.0 (Macintosh; Intel Mac OS X 10_15_7) AppleWebKit/605.1.15 (KHTML, like Gecko) Version/16.6 Safari/605.1.15"
190.109.96.107 - - [16/Jun/2026:21:58:28 +0000] "GET /gdzie-zjesc-kuchnie-orientalna-i-odkryj-smaki-warszawy/ HTTP/1.1" 200 33634 "-" "Mozilla/5.0 (Windows NT 10.0; WOW64) AppleWebKit/537.36 (KHTML, like Gecko) Chrome/85.0.4183.83 Safari/537.36"
159.65.137.210 - - [16/Jun/2026:21:58:31 +0000] "GET /wp-admin/index.php HTTP/1.1" 302 5 "https://expertoo.pl/wp-login.php" "Mozilla/5.0 (Macintosh; Intel Mac OS X 13_6_1; rv:119.0) Gecko/20100101 Firefox/119.0"
198.244.168.1 - - [16/Jun/2026:21:58:31 +0000] "GET /product715470442?kg=0712526362 HTTP/1.1" 301 5 "-" "Mozilla/5.0 (compatible; AhrefsBot/7.0; +http://ahrefs.com/robot/)"
159.65.137.210 - - [16/Jun/2026:21:58:34 +0000] "GET /wp-login.php?redirect_to=https%3A%2F%2Fexpertoo.pl%2Fwp-admin%2Findex.php&reauth=1 HTTP/1.1" 200 3653 "https://expertoo.pl/wp-login.php" "Mozilla/5.0 (Macintosh; Intel Mac OS X 13_6_1; rv:119.0) Gecko/20100101 Firefox/119.0"
159.65.137.210 - - [16/Jun/2026:21:58:37 +0000] "POST /wp-login.php HTTP/1.1" 200 4667 "https://expertoo.pl/wp-login.php" "Mozilla/5.0 (Macintosh; Intel Mac OS X 13_6_1) AppleWebKit/537.36 (KHTML, like Gecko) Chrome/120.0.0.0 Safari/537.36"
159.65.137.210 - - [16/Jun/2026:21:58:40 +0000] "GET /wp-admin/index.php HTTP/1.1" 302 5 "https://expertoo.pl/wp-login.php" "Mozilla/5.0 (Macintosh; Intel Mac OS X 13_6_1; rv:120.0) Gecko/20100101 Firefox/120.0"
159.65.137.210 - - [16/Jun/2026:21:58:43 +0000] "GET /wp-login.php?redirect_to=https%3A%2F%2Fexpertoo.pl%2Fwp-admin%2Findex.php&reauth=1 HTTP/1.1" 200 3653 "https://expertoo.pl/wp-login.php" "Mozilla/5.0 (Macintosh; Intel Mac OS X 13_6_1; rv:120.0) Gecko/20100101 Firefox/120.0"
159.65.137.210 - - [16/Jun/2026:21:58:46 +0000] "POST /wp-login.php HTTP/1.1" 200 4667 "https://expertoo.pl/wp-login.php" "Mozilla/5.0 (Macintosh; Intel Mac OS X 13_6_1) AppleWebKit/537.36 (KHTML, like Gecko) Chrome/118.0.0.0 Safari/537.36"
159.65.137.210 - - [16/Jun/2026:21:58:50 +0000] "GET /wp-admin/index.php HTTP/1.1" 302 5 "https://expertoo.pl/wp-login.php" "Mozilla/5.0 (X11; Ubuntu; Linux x86_64) AppleWebKit/537.36 (KHTML, like Gecko) Chrome/121.0.0.0 Safari/537.36"
159.65.137.210 - - [16/Jun/2026:21:58:53 +0000] "GET /wp-login.php?redirect_to=https%3A%2F%2Fexpertoo.pl%2Fwp-admin%2Findex.php&reauth=1 HTTP/1.1" 200 3653 "https://expertoo.pl/wp-login.php" "Mozilla/5.0 (X11; Ubuntu; Linux x86_64) AppleWebKit/537.36 (KHTML, like Gecko) Chrome/121.0.0.0 Safari/537.36"
159.65.137.210 - - [16/Jun/2026:21:58:55 +0000] "POST /wp-login.php HTTP/1.1" 200 4667 "https://expertoo.pl/wp-login.php" "Mozilla/5.0 (Windows NT 10.0; Win64; x64; rv:119.0) Gecko/20100101 Firefox/119.0"
159.65.137.210 - - [16/Jun/2026:21:58:58 +0000] "GET /wp-admin/index.php HTTP/1.1" 302 5 "https://expertoo.pl/wp-login.php" "Mozilla/5.0 (Macintosh; Intel Mac OS X 13_6_1) AppleWebKit/605.1.15 (KHTML, like Gecko) Version/17.1 Safari/605.1.15"
159.65.137.210 - - [16/Jun/2026:21:59:01 +0000] "GET /wp-login.php?redirect_to=https%3A%2F%2Fexpertoo.pl%2Fwp-admin%2Findex.php&reauth=1 HTTP/1.1" 200 3653 "https://expertoo.pl/wp-login.php" "Mozilla/5.0 (Macintosh; Intel Mac OS X 13_6_1) AppleWebKit/605.1.15 (KHTML, like Gecko) Version/17.1 Safari/605.1.15"
159.65.137.210 - - [16/Jun/2026:21:59:04 +0000] "POST /wp-login.php HTTP/1.1" 200 4631 "https://expertoo.pl/wp-login.php" "Mozilla/5.0 (X11; Ubuntu; Linux x86_64) AppleWebKit/537.36 (KHTML, like Gecko) Chrome/120.0.0.0 Safari/537.36"
159.65.137.210 - - [16/Jun/2026:21:59:07 +0000] "GET /wp-admin/index.php HTTP/1.1" 302 5 "https://expertoo.pl/wp-login.php" "Mozilla/5.0 (Windows NT 10.0; Win64; x64) AppleWebKit/537.36 (KHTML, like Gecko) Chrome/118.0.0.0 Safari/537.36"
159.65.137.210 - - [16/Jun/2026:21:59:10 +0000] "GET /wp-login.php?redirect_to=https%3A%2F%2Fexpertoo.pl%2Fwp-admin%2Findex.php&reauth=1 HTTP/1.1" 200 3653 "https://expertoo.pl/wp-login.php" "Mozilla/5.0 (Windows NT 10.0; Win64; x64) AppleWebKit/537.36 (KHTML, like Gecko) Chrome/118.0.0.0 Safari/537.36"
159.65.137.210 - - [16/Jun/2026:21:59:13 +0000] "POST /wp-login.php HTTP/1.1" 200 4631 "https://expertoo.pl/wp-login.php" "Mozilla/5.0 (X11; Linux x86_64) AppleWebKit/537.36 (KHTML, like Gecko) Chrome/118.0.0.0 Safari/537.36"
159.65.137.210 - - [16/Jun/2026:21:59:15 +0000] "GET /wp-admin/index.php HTTP/1.1" 302 5 "https://expertoo.pl/wp-login.php" "Mozilla/5.0 (X11; Ubuntu; Linux x86_64) AppleWebKit/537.36 (KHTML, like Gecko) Chrome/119.0.0.0 Safari/537.36"
159.65.137.210 - - [16/Jun/2026:21:59:18 +0000] "GET /wp-login.php?redirect_to=https%3A%2F%2Fexpertoo.pl%2Fwp-admin%2Findex.php&reauth=1 HTTP/1.1" 200 3653 "https://expertoo.pl/wp-login.php" "Mozilla/5.0 (X11; Ubuntu; Linux x86_64) AppleWebKit/537.36 (KHTML, like Gecko) Chrome/119.0.0.0 Safari/537.36"
159.65.137.210 - - [16/Jun/2026:21:59:21 +0000] "POST /wp-login.php HTTP/1.1" 200 4631 "https://expertoo.pl/wp-login.php" "Mozilla/5.0 (X11; Linux x86_64) AppleWebKit/537.36 (KHTML, like Gecko) Chrome/121.0.0.0 Safari/537.36"
159.65.137.210 - - [16/Jun/2026:21:59:24 +0000] "GET /wp-admin/index.php HTTP/1.1" 302 5 "https://expertoo.pl/wp-login.php" "Mozilla/5.0 (Macintosh; Intel Mac OS X 10_15_7; rv:118.0) Gecko/20100101 Firefox/118.0"
159.65.137.210 - - [16/Jun/2026:21:59:27 +0000] "GET /wp-login.php?redirect_to=https%3A%2F%2Fexpertoo.pl%2Fwp-admin%2Findex.php&reauth=1 HTTP/1.1" 200 3653 "https://expertoo.pl/wp-login.php" "Mozilla/5.0 (Macintosh; Intel Mac OS X 10_15_7; rv:118.0) Gecko/20100101 Firefox/118.0"
159.65.137.210 - - [16/Jun/2026:21:59:30 +0000] "POST /wp-login.php HTTP/1.1" 200 4663 "https://expertoo.pl/wp-login.php" "Mozilla/5.0 (Macintosh; Intel Mac OS X 13_6_1; rv:121.0) Gecko/20100101 Firefox/121.0"
159.65.137.210 - - [16/Jun/2026:21:59:33 +0000] "GET /wp-admin/index.php HTTP/1.1" 302 5 "https://expertoo.pl/wp-login.php" "Mozilla/5.0 (Windows NT 10.0; Win64; x64) AppleWebKit/537.36 (KHTML, like Gecko) Chrome/121.0.0.0 Safari/537.36"
159.65.137.210 - - [16/Jun/2026:21:59:36 +0000] "GET /wp-login.php?redirect_to=https%3A%2F%2Fexpertoo.pl%2Fwp-admin%2Findex.php&reauth=1 HTTP/1.1" 200 3653 "https://expertoo.pl/wp-login.php" "Mozilla/5.0 (Windows NT 10.0; Win64; x64) AppleWebKit/537.36 (KHTML, like Gecko) Chrome/121.0.0.0 Safari/537.36"
159.65.137.210 - - [16/Jun/2026:21:59:39 +0000] "POST /wp-login.php HTTP/1.1" 200 4663 "https://expertoo.pl/wp-login.php" "Mozilla/5.0 (Windows NT 11.0; Win64; x64; rv:119.0) Gecko/20100101 Firefox/119.0"
159.65.137.210 - - [16/Jun/2026:21:59:42 +0000] "GET /wp-admin/index.php HTTP/1.1" 302 5 "https://expertoo.pl/wp-login.php" "Mozilla/5.0 (X11; Linux x86_64) AppleWebKit/537.36 (KHTML, like Gecko) Chrome/120.0.0.0 Safari/537.36"
159.65.137.210 - - [16/Jun/2026:21:59:45 +0000] "GET /wp-login.php?redirect_to=https%3A%2F%2Fexpertoo.pl%2Fwp-admin%2Findex.php&reauth=1 HTTP/1.1" 200 3653 "https://expertoo.pl/wp-login.php" "Mozilla/5.0 (X11; Linux x86_64) AppleWebKit/537.36 (KHTML, like Gecko) Chrome/120.0.0.0 Safari/537.36"
159.65.137.210 - - [16/Jun/2026:21:59:47 +0000] "POST /wp-login.php HTTP/1.1" 200 4663 "https://expertoo.pl/wp-login.php" "Mozilla/5.0 (Windows NT 10.0; Win64; x64; rv:121.0) Gecko/20100101 Firefox/121.0"
159.65.137.210 - - [16/Jun/2026:21:59:50 +0000] "GET /wp-admin/index.php HTTP/1.1" 302 5 "https://expertoo.pl/wp-login.php" "Mozilla/5.0 (Macintosh; Intel Mac OS X 13_6_1) AppleWebKit/605.1.15 (KHTML, like Gecko) Version/17.0 Safari/605.1.15"
159.65.137.210 - - [16/Jun/2026:21:59:52 +0000] "GET /wp-login.php?redirect_to=https%3A%2F%2Fexpertoo.pl%2Fwp-admin%2Findex.php&reauth=1 HTTP/1.1" 200 3653 "https://expertoo.pl/wp-login.php" "Mozilla/5.0 (Macintosh; Intel Mac OS X 13_6_1) AppleWebKit/605.1.15 (KHTML, like Gecko) Version/17.0 Safari/605.1.15"
159.65.137.210 - - [16/Jun/2026:21:59:55 +0000] "POST /wp-login.php HTTP/1.1" 200 4663 "https://expertoo.pl/wp-login.php" "Mozilla/5.0 (X11; Ubuntu; Linux x86_64) AppleWebKit/537.36 (KHTML, like Gecko) Chrome/118.0.0.0 Safari/537.36"
159.65.137.210 - - [16/Jun/2026:21:59:58 +0000] "GET /wp-admin/index.php HTTP/1.1" 302 5 "https://expertoo.pl/wp-login.php" "Mozilla/5.0 (Windows NT 10.0; Win64; x64) AppleWebKit/537.36 (KHTML, like Gecko) Chrome/118.0.0.0 Safari/537.36"
159.65.137.210 - - [16/Jun/2026:22:00:00 +0000] "GET /wp-login.php?redirect_to=https%3A%2F%2Fexpertoo.pl%2Fwp-admin%2Findex.php&reauth=1 HTTP/1.1" 200 3653 "https://expertoo.pl/wp-login.php" "Mozilla/5.0 (Windows NT 10.0; Win64; x64) AppleWebKit/537.36 (KHTML, like Gecko) Chrome/118.0.0.0 Safari/537.36"
159.65.137.210 - - [16/Jun/2026:22:00:04 +0000] "POST /wp-login.php HTTP/1.1" 200 4656 "https://expertoo.pl/wp-login.php" "Mozilla/5.0 (Windows NT 10.0; Win64; x64) AppleWebKit/537.36 (KHTML, like Gecko) Chrome/120.0.0.0 Safari/537.36"
159.65.137.210 - - [16/Jun/2026:22:00:08 +0000] "GET /wp-admin/index.php HTTP/1.1" 302 5 "https://expertoo.pl/wp-login.php" "Mozilla/5.0 (X11; Linux x86_64) AppleWebKit/537.36 (KHTML, like Gecko) Chrome/120.0.0.0 Safari/537.36"
159.65.137.210 - - [16/Jun/2026:22:00:11 +0000] "GET /wp-login.php?redirect_to=https%3A%2F%2Fexpertoo.pl%2Fwp-admin%2Findex.php&reauth=1 HTTP/1.1" 200 3653 "https://expertoo.pl/wp-login.php" "Mozilla/5.0 (X11; Linux x86_64) AppleWebKit/537.36 (KHTML, like Gecko) Chrome/120.0.0.0 Safari/537.36"
159.65.137.210 - - [16/Jun/2026:22:00:14 +0000] "POST /wp-login.php HTTP/1.1" 200 4663 "https://expertoo.pl/wp-login.php" "Mozilla/5.0 (X11; Ubuntu; Linux x86_64) AppleWebKit/537.36 (KHTML, like Gecko) Chrome/121.0.0.0 Safari/537.36"
159.65.137.210 - - [16/Jun/2026:22:00:17 +0000] "GET /wp-admin/index.php HTTP/1.1" 302 5 "https://expertoo.pl/wp-login.php" "Mozilla/5.0 (Macintosh; Intel Mac OS X 10_15_7) AppleWebKit/537.36 (KHTML, like Gecko) Chrome/121.0.0.0 Safari/537.36"
159.65.137.210 - - [16/Jun/2026:22:00:20 +0000] "GET /wp-login.php?redirect_to=https%3A%2F%2Fexpertoo.pl%2Fwp-admin%2Findex.php&reauth=1 HTTP/1.1" 200 3653 "https://expertoo.pl/wp-login.php" "Mozilla/5.0 (Macintosh; Intel Mac OS X 10_15_7) AppleWebKit/537.36 (KHTML, like Gecko) Chrome/121.0.0.0 Safari/537.36"
159.65.137.210 - - [16/Jun/2026:22:00:22 +0000] "POST /wp-login.php HTTP/1.1" 200 4663 "https://expertoo.pl/wp-login.php" "Mozilla/5.0 (Macintosh; Intel Mac OS X 10_15_7; rv:118.0) Gecko/20100101 Firefox/118.0"
159.65.137.210 - - [16/Jun/2026:22:00:25 +0000] "GET /wp-admin/index.php HTTP/1.1" 302 5 "https://expertoo.pl/wp-login.php" "Mozilla/5.0 (Macintosh; Intel Mac OS X 13_6_1) AppleWebKit/537.36 (KHTML, like Gecko) Chrome/119.0.0.0 Safari/537.36"
159.65.137.210 - - [16/Jun/2026:22:00:27 +0000] "GET /wp-login.php?redirect_to=https%3A%2F%2Fexpertoo.pl%2Fwp-admin%2Findex.php&reauth=1 HTTP/1.1" 200 3653 "https://expertoo.pl/wp-login.php" "Mozilla/5.0 (Macintosh; Intel Mac OS X 13_6_1) AppleWebKit/537.36 (KHTML, like Gecko) Chrome/119.0.0.0 Safari/537.36"
159.65.137.210 - - [16/Jun/2026:22:00:30 +0000] "POST /wp-login.php HTTP/1.1" 200 4663 "https://expertoo.pl/wp-login.php" "Mozilla/5.0 (Macintosh; Intel Mac OS X 13_6_1) AppleWebKit/605.1.15 (KHTML, like Gecko) Version/17.0 Safari/605.1.15"
159.65.137.210 - - [16/Jun/2026:22:00:33 +0000] "GET /wp-admin/index.php HTTP/1.1" 302 5 "https://expertoo.pl/wp-login.php" "Mozilla/5.0 (Macintosh; Intel Mac OS X 10_15_7) AppleWebKit/537.36 (KHTML, like Gecko) Chrome/118.0.0.0 Safari/537.36"
159.65.137.210 - - [16/Jun/2026:22:00:36 +0000] "GET /wp-login.php?redirect_to=https%3A%2F%2Fexpertoo.pl%2Fwp-admin%2Findex.php&reauth=1 HTTP/1.1" 200 3653 "https://expertoo.pl/wp-login.php" "Mozilla/5.0 (Macintosh; Intel Mac OS X 10_15_7) AppleWebKit/537.36 (KHTML, like Gecko) Chrome/118.0.0.0 Safari/537.36"
159.65.137.210 - - [16/Jun/2026:22:00:39 +0000] "POST /wp-login.php HTTP/1.1" 200 4663 "https://expertoo.pl/wp-login.php" "Mozilla/5.0 (Windows NT 11.0; Win64; x64; rv:118.0) Gecko/20100101 Firefox/118.0"
159.65.137.210 - - [16/Jun/2026:22:00:41 +0000] "GET /wp-admin/index.php HTTP/1.1" 302 5 "https://expertoo.pl/wp-login.php" "Mozilla/5.0 (Macintosh; Intel Mac OS X 13_6_1; rv:119.0) Gecko/20100101 Firefox/119.0"
159.65.137.210 - - [16/Jun/2026:22:00:44 +0000] "GET /wp-login.php?redirect_to=https%3A%2F%2Fexpertoo.pl%2Fwp-admin%2Findex.php&reauth=1 HTTP/1.1" 200 3653 "https://expertoo.pl/wp-login.php" "Mozilla/5.0 (Macintosh; Intel Mac OS X 13_6_1; rv:119.0) Gecko/20100101 Firefox/119.0"
159.65.137.210 - - [16/Jun/2026:22:00:47 +0000] "POST /wp-login.php HTTP/1.1" 200 4657 "https://expertoo.pl/wp-login.php" "Mozilla/5.0 (Macintosh; Intel Mac OS X 10_15_7) AppleWebKit/537.36 (KHTML, like Gecko) Chrome/118.0.0.0 Safari/537.36"
159.65.137.210 - - [16/Jun/2026:22:00:49 +0000] "GET /wp-admin/index.php HTTP/1.1" 302 5 "https://expertoo.pl/wp-login.php" "Mozilla/5.0 (Windows NT 10.0; Win64; x64) AppleWebKit/537.36 (KHTML, like Gecko) Chrome/118.0.0.0 Safari/537.36"
159.65.137.210 - - [16/Jun/2026:22:00:52 +0000] "GET /wp-login.php?redirect_to=https%3A%2F%2Fexpertoo.pl%2Fwp-admin%2Findex.php&reauth=1 HTTP/1.1" 200 3653 "https://expertoo.pl/wp-login.php" "Mozilla/5.0 (Windows NT 10.0; Win64; x64) AppleWebKit/537.36 (KHTML, like Gecko) Chrome/118.0.0.0 Safari/537.36"
159.65.137.210 - - [16/Jun/2026:22:00:55 +0000] "POST /wp-login.php HTTP/1.1" 200 4663 "https://expertoo.pl/wp-login.php" "Mozilla/5.0 (Macintosh; Intel Mac OS X 13_6_1) AppleWebKit/537.36 (KHTML, like Gecko) Chrome/120.0.0.0 Safari/537.36"
159.65.137.210 - - [16/Jun/2026:22:00:58 +0000] "GET /wp-admin/index.php HTTP/1.1" 302 5 "https://expertoo.pl/wp-login.php" "Mozilla/5.0 (Macintosh; Intel Mac OS X 10_15_7) AppleWebKit/537.36 (KHTML, like Gecko) Chrome/118.0.0.0 Safari/537.36"
159.65.137.210 - - [16/Jun/2026:22:01:01 +0000] "GET /wp-login.php?redirect_to=https%3A%2F%2Fexpertoo.pl%2Fwp-admin%2Findex.php&reauth=1 HTTP/1.1" 200 3653 "https://expertoo.pl/wp-login.php" "Mozilla/5.0 (Macintosh; Intel Mac OS X 10_15_7) AppleWebKit/537.36 (KHTML, like Gecko) Chrome/118.0.0.0 Safari/537.36"
159.65.137.210 - - [16/Jun/2026:22:01:04 +0000] "POST /wp-login.php HTTP/1.1" 200 4663 "https://expertoo.pl/wp-login.php" "Mozilla/5.0 (Windows NT 10.0; Win64; x64; rv:118.0) Gecko/20100101 Firefox/118.0"
159.65.137.210 - - [16/Jun/2026:22:01:07 +0000] "GET /wp-admin/index.php HTTP/1.1" 302 5 "https://expertoo.pl/wp-login.php" "Mozilla/5.0 (Macintosh; Intel Mac OS X 10_15_7) AppleWebKit/537.36 (KHTML, like Gecko) Chrome/118.0.0.0 Safari/537.36"
159.65.137.210 - - [16/Jun/2026:22:01:10 +0000] "GET /wp-login.php?redirect_to=https%3A%2F%2Fexpertoo.pl%2Fwp-admin%2Findex.php&reauth=1 HTTP/1.1" 200 3653 "https://expertoo.pl/wp-login.php" "Mozilla/5.0 (Macintosh; Intel Mac OS X 10_15_7) AppleWebKit/537.36 (KHTML, like Gecko) Chrome/118.0.0.0 Safari/537.36"
159.65.137.210 - - [16/Jun/2026:22:01:13 +0000] "POST /wp-login.php HTTP/1.1" 200 4663 "https://expertoo.pl/wp-login.php" "Mozilla/5.0 (Macintosh; Intel Mac OS X 10_15_7) AppleWebKit/605.1.15 (KHTML, like Gecko) Version/17.2 Safari/605.1.15"
159.65.137.210 - - [16/Jun/2026:22:01:15 +0000] "GET /wp-admin/index.php HTTP/1.1" 302 5 "https://expertoo.pl/wp-login.php" "Mozilla/5.0 (X11; Ubuntu; Linux x86_64) AppleWebKit/537.36 (KHTML, like Gecko) Chrome/121.0.0.0 Safari/537.36"
159.65.137.210 - - [16/Jun/2026:22:01:19 +0000] "GET /wp-login.php?redirect_to=https%3A%2F%2Fexpertoo.pl%2Fwp-admin%2Findex.php&reauth=1 HTTP/1.1" 200 3653 "https://expertoo.pl/wp-login.php" "Mozilla/5.0 (X11; Ubuntu; Linux x86_64) AppleWebKit/537.36 (KHTML, like Gecko) Chrome/121.0.0.0 Safari/537.36"
159.65.137.210 - - [16/Jun/2026:22:01:21 +0000] "POST /wp-login.php HTTP/1.1" 200 4663 "https://expertoo.pl/wp-login.php" "Mozilla/5.0 (Windows NT 10.0; Win64; x64) AppleWebKit/537.36 (KHTML, like Gecko) Chrome/120.0.0.0 Safari/537.36"
159.65.137.210 - - [16/Jun/2026:22:01:25 +0000] "GET /wp-admin/index.php HTTP/1.1" 302 5 "https://expertoo.pl/wp-login.php" "Mozilla/5.0 (Windows NT 10.0; Win64; x64; rv:120.0) Gecko/20100101 Firefox/120.0"
159.65.137.210 - - [16/Jun/2026:22:01:27 +0000] "GET /wp-login.php?redirect_to=https%3A%2F%2Fexpertoo.pl%2Fwp-admin%2Findex.php&reauth=1 HTTP/1.1" 200 3653 "https://expertoo.pl/wp-login.php" "Mozilla/5.0 (Windows NT 10.0; Win64; x64; rv:120.0) Gecko/20100101 Firefox/120.0"
159.65.137.210 - - [16/Jun/2026:22:01:30 +0000] "POST /wp-login.php HTTP/1.1" 200 4663 "https://expertoo.pl/wp-login.php" "Mozilla/5.0 (Windows NT 11.0; Win64; x64; rv:121.0) Gecko/20100101 Firefox/121.0"
159.65.137.210 - - [16/Jun/2026:22:01:33 +0000] "GET /wp-admin/index.php HTTP/1.1" 302 5 "https://expertoo.pl/wp-login.php" "Mozilla/5.0 (Macintosh; Intel Mac OS X 10_15_7; rv:118.0) Gecko/20100101 Firefox/118.0"
159.65.18.197 - - [16/Jun/2026:22:01:36 +0000] "LEAKIX" 400 166 "-" "-"
159.65.137.210 - - [16/Jun/2026:22:01:36 +0000] "GET /wp-login.php?redirect_to=https%3A%2F%2Fexpertoo.pl%2Fwp-admin%2Findex.php&reauth=1 HTTP/1.1" 200 3653 "https://expertoo.pl/wp-login.php" "Mozilla/5.0 (Macintosh; Intel Mac OS X 10_15_7; rv:118.0) Gecko/20100101 Firefox/118.0"
159.65.18.197 - - [16/Jun/2026:22:01:37 +0000] "GET / HTTP/1.1" 301 5 "-" "Mozilla/5.0 (l9scan/2.0.4343e22393e2933323e2534313; +https://leakix.net)"
159.65.18.197 - - [16/Jun/2026:22:01:38 +0000] "GET /console/ HTTP/1.1" 404 169 "-" "Mozilla/5.0 (l9scan/2.0.4343e22393e2933323e2534313; +https://leakix.net)"
159.65.137.210 - - [16/Jun/2026:22:01:39 +0000] "POST /wp-login.php HTTP/1.1" 200 4663 "https://expertoo.pl/wp-login.php" "Mozilla/5.0 (Windows NT 11.0; Win64; x64; rv:121.0) Gecko/20100101 Firefox/121.0"
159.65.18.197 - - [16/Jun/2026:22:01:39 +0000] "GET /server HTTP/1.1" 404 169 "-" "Mozilla/5.0 (l9scan/2.0.4343e22393e2933323e2534313; +https://leakix.net)"
159.65.18.197 - - [16/Jun/2026:22:01:40 +0000] "GET /server-status HTTP/1.1" 404 169 "-" "Mozilla/5.0 (l9scan/2.0.4343e22393e2933323e2534313; +https://leakix.net)"
159.65.137.210 - - [16/Jun/2026:22:01:42 +0000] "GET /wp-admin/index.php HTTP/1.1" 302 5 "https://expertoo.pl/wp-login.php" "Mozilla/5.0 (Windows NT 10.0; Win64; x64) AppleWebKit/537.36 (KHTML, like Gecko) Chrome/118.0.0.0 Safari/537.36"
159.65.18.197 - - [16/Jun/2026:22:01:42 +0000] "GET /about HTTP/1.1" 301 5 "-" "Mozilla/5.0 (l9scan/2.0.4343e22393e2933323e2534313; +https://leakix.net)"
159.65.18.197 - - [16/Jun/2026:22:01:43 +0000] "GET /login.action HTTP/1.1" 404 169 "-" "Mozilla/5.0 (l9scan/2.0.4343e22393e2933323e2534313; +https://leakix.net)"
159.65.18.197 - - [16/Jun/2026:22:01:44 +0000] "GET / HTTP/1.1" 301 5 "-" "Mozilla/5.0 (l9scan/2.0.4343e22393e2933323e2534313; +https://leakix.net)"
159.65.137.210 - - [16/Jun/2026:22:01:45 +0000] "GET /wp-login.php?redirect_to=https%3A%2F%2Fexpertoo.pl%2Fwp-admin%2Findex.php&reauth=1 HTTP/1.1" 200 3653 "https://expertoo.pl/wp-login.php" "Mozilla/5.0 (Windows NT 10.0; Win64; x64) AppleWebKit/537.36 (KHTML, like Gecko) Chrome/118.0.0.0 Safari/537.36"
159.65.18.197 - - [16/Jun/2026:22:01:45 +0000] "GET /___proxy_subdomain_whm/login HTTP/1.1" 404 169 "-" "Mozilla/5.0 (l9scan/2.0.4343e22393e2933323e2534313; +https://leakix.net)"
159.65.18.197 - - [16/Jun/2026:22:01:47 +0000] "GET /___proxy_subdomain_cpanel HTTP/1.1" 404 169 "-" "Mozilla/5.0 (l9scan/2.0.4343e22393e2933323e2534313; +https://leakix.net)"
159.65.137.210 - - [16/Jun/2026:22:01:47 +0000] "POST /wp-login.php HTTP/1.1" 200 4663 "https://expertoo.pl/wp-login.php" "Mozilla/5.0 (X11; Linux x86_64) AppleWebKit/537.36 (KHTML, like Gecko) Chrome/118.0.0.0 Safari/537.36"
159.65.18.197 - - [16/Jun/2026:22:01:48 +0000] "GET /v2/_catalog HTTP/1.1" 404 169 "-" "Mozilla/5.0 (l9scan/2.0.4343e22393e2933323e2534313; +https://leakix.net)"
159.65.18.197 - - [16/Jun/2026:22:01:49 +0000] "GET /.DS_Store HTTP/1.1" 404 169 "-" "Mozilla/5.0 (l9scan/2.0.4343e22393e2933323e2534313; +https://leakix.net)"
159.65.18.197 - - [16/Jun/2026:22:01:50 +0000] "GET /.env HTTP/1.1" 404 169 "-" "Mozilla/5.0 (l9scan/2.0.4343e22393e2933323e2534313; +https://leakix.net)"
159.65.137.210 - - [16/Jun/2026:22:01:50 +0000] "GET /wp-admin/index.php HTTP/1.1" 302 5 "https://expertoo.pl/wp-login.php" "Mozilla/5.0 (X11; Linux x86_64) AppleWebKit/537.36 (KHTML, like Gecko) Chrome/119.0.0.0 Safari/537.36"
57.141.0.57 - - [16/Jun/2026:22:01:52 +0000] "GET /news_sitemap.xml HTTP/1.1" 301 5 "-" "meta-externalagent/1.1 (+https://developers.facebook.com/docs/sharing/webmasters/crawler)"
159.65.18.197 - - [16/Jun/2026:22:01:52 +0000] "GET /ecp/Current/exporttool/microsoft.exchange.ediscovery.exporttool.application HTTP/1.1" 404 169 "-" "Mozilla/5.0 (l9scan/2.0.4343e22393e2933323e2534313; +https://leakix.net)"
159.65.137.210 - - [16/Jun/2026:22:01:53 +0000] "GET /wp-login.php?redirect_to=https%3A%2F%2Fexpertoo.pl%2Fwp-admin%2Findex.php&reauth=1 HTTP/1.1" 200 3653 "https://expertoo.pl/wp-login.php" "Mozilla/5.0 (X11; Linux x86_64) AppleWebKit/537.36 (KHTML, like Gecko) Chrome/119.0.0.0 Safari/537.36"
159.65.18.197 - - [16/Jun/2026:22:01:54 +0000] "GET /.git/config HTTP/1.1" 404 169 "-" "Mozilla/5.0 (l9scan/2.0.4343e22393e2933323e2534313; +https://leakix.net)"
159.65.18.197 - - [16/Jun/2026:22:01:55 +0000] "POST /graphql HTTP/1.1" 404 169 "-" "Mozilla/5.0 (l9scan/2.0.4343e22393e2933323e2534313; +https://leakix.net)"
159.65.18.197 - - [16/Jun/2026:22:01:56 +0000] "POST /api HTTP/1.1" 404 169 "-" "Mozilla/5.0 (l9scan/2.0.4343e22393e2933323e2534313; +https://leakix.net)"
159.65.137.210 - - [16/Jun/2026:22:01:56 +0000] "POST /wp-login.php HTTP/1.1" 200 4663 "https://expertoo.pl/wp-login.php" "Mozilla/5.0 (Windows NT 11.0; Win64; x64) AppleWebKit/537.36 (KHTML, like Gecko) Chrome/121.0.0.0 Safari/537.36"
159.65.18.197 - - [16/Jun/2026:22:01:57 +0000] "POST /api/graphql HTTP/1.1" 404 169 "-" "Mozilla/5.0 (l9scan/2.0.4343e22393e2933323e2534313; +https://leakix.net)"
159.65.18.197 - - [16/Jun/2026:22:01:58 +0000] "POST /graphql/api HTTP/1.1" 404 169 "-" "Mozilla/5.0 (l9scan/2.0.4343e22393e2933323e2534313; +https://leakix.net)"
159.65.137.210 - - [16/Jun/2026:22:01:59 +0000] "GET /wp-admin/index.php HTTP/1.1" 302 5 "https://expertoo.pl/wp-login.php" "Mozilla/5.0 (Macintosh; Intel Mac OS X 10_15_7) AppleWebKit/537.36 (KHTML, like Gecko) Chrome/119.0.0.0 Safari/537.36"
159.65.18.197 - - [16/Jun/2026:22:01:59 +0000] "POST /api/gql HTTP/1.1" 404 169 "-" "Mozilla/5.0 (l9scan/2.0.4343e22393e2933323e2534313; +https://leakix.net)"
159.65.18.197 - - [16/Jun/2026:22:02:00 +0000] "GET /s/4343e22393e2933323e2534313/_/;/META-INF/maven/com.atlassian.jira/jira-webapp-dist/pom.properties HTTP/1.1" 404 169 "-" "Mozilla/5.0 (l9scan/2.0.4343e22393e2933323e2534313; +https://leakix.net)"
159.65.18.197 - - [16/Jun/2026:22:02:01 +0000] "GET /config.json HTTP/1.1" 404 169 "-" "Mozilla/5.0 (l9scan/2.0.4343e22393e2933323e2534313; +https://leakix.net)"
159.65.137.210 - - [16/Jun/2026:22:02:02 +0000] "GET /wp-login.php?redirect_to=https%3A%2F%2Fexpertoo.pl%2Fwp-admin%2Findex.php&reauth=1 HTTP/1.1" 200 3653 "https://expertoo.pl/wp-login.php" "Mozilla/5.0 (Macintosh; Intel Mac OS X 10_15_7) AppleWebKit/537.36 (KHTML, like Gecko) Chrome/119.0.0.0 Safari/537.36"
159.65.18.197 - - [16/Jun/2026:22:02:04 +0000] "GET /telescope/requests HTTP/1.1" 404 169 "-" "Mozilla/5.0 (l9scan/2.0.4343e22393e2933323e2534313; +https://leakix.net)"
159.65.18.197 - - [16/Jun/2026:22:02:04 +0000] "GET /info.php HTTP/1.1" 404 133 "-" "Mozilla/5.0 (l9scan/2.0.4343e22393e2933323e2534313; +https://leakix.net)"
159.65.137.210 - - [16/Jun/2026:22:02:05 +0000] "POST /wp-login.php HTTP/1.1" 200 4663 "https://expertoo.pl/wp-login.php" "Mozilla/5.0 (Macintosh; Intel Mac OS X 10_15_7; rv:118.0) Gecko/20100101 Firefox/118.0"
159.65.18.197 - - [16/Jun/2026:22:02:06 +0000] "GET /.well-known/security.txt HTTP/1.1" 404 169 "-" "Mozilla/5.0 (l9scan/2.0.4343e22393e2933323e2534313; +https://leakix.net)"
159.65.18.197 - - [16/Jun/2026:22:02:08 +0000] "GET /actuator/env HTTP/1.1" 404 169 "-" "Mozilla/5.0 (l9scan/2.0.4343e22393e2933323e2534313; +https://leakix.net)"
159.65.137.210 - - [16/Jun/2026:22:02:09 +0000] "GET /wp-admin/index.php HTTP/1.1" 302 5 "https://expertoo.pl/wp-login.php" "Mozilla/5.0 (Windows NT 10.0; Win64; x64) AppleWebKit/537.36 (KHTML, like Gecko) Chrome/118.0.0.0 Safari/537.36"
159.65.18.197 - - [16/Jun/2026:22:02:10 +0000] "GET /trace.axd HTTP/1.1" 404 169 "-" "Mozilla/5.0 (l9scan/2.0.4343e22393e2933323e2534313; +https://leakix.net)"
159.65.18.197 - - [16/Jun/2026:22:02:11 +0000] "GET /@vite/env HTTP/1.1" 404 169 "-" "Mozilla/5.0 (l9scan/2.0.4343e22393e2933323e2534313; +https://leakix.net)"
159.65.137.210 - - [16/Jun/2026:22:02:12 +0000] "GET /wp-login.php?redirect_to=https%3A%2F%2Fexpertoo.pl%2Fwp-admin%2Findex.php&reauth=1 HTTP/1.1" 200 3653 "https://expertoo.pl/wp-login.php" "Mozilla/5.0 (Windows NT 10.0; Win64; x64) AppleWebKit/537.36 (KHTML, like Gecko) Chrome/118.0.0.0 Safari/537.36"
159.65.18.197 - - [16/Jun/2026:22:02:12 +0000] "GET /.vscode/sftp.json HTTP/1.1" 404 169 "-" "Mozilla/5.0 (l9scan/2.0.4343e22393e2933323e2534313; +https://leakix.net)"
159.65.18.197 - - [16/Jun/2026:22:02:13 +0000] "OPTIONS / HTTP/1.1" 405 166 "-" "Mozilla/5.0 (l9scan/2.0.4343e22393e2933323e2534313; +https://leakix.net)"
159.65.18.197 - - [16/Jun/2026:22:02:14 +0000] "GET /?rest_route=/wp/v2/users/ HTTP/1.1" 200 414 "-" "Mozilla/5.0 (l9scan/2.0.4343e22393e2933323e2534313; +https://leakix.net)"
159.65.137.210 - - [16/Jun/2026:22:02:15 +0000] "POST /wp-login.php HTTP/1.1" 200 4663 "https://expertoo.pl/wp-login.php" "Mozilla/5.0 (Macintosh; Intel Mac OS X 10_15_7) AppleWebKit/537.36 (KHTML, like Gecko) Chrome/118.0.0.0 Safari/537.36"
159.65.18.197 - - [16/Jun/2026:22:02:16 +0000] "GET /debug/default/view?panel=config HTTP/1.1" 404 169 "-" "Mozilla/5.0 (l9scan/2.0.4343e22393e2933323e2534313; +https://leakix.net)"
159.65.137.210 - - [16/Jun/2026:22:02:18 +0000] "GET /wp-admin/index.php HTTP/1.1" 302 5 "https://expertoo.pl/wp-login.php" "Mozilla/5.0 (X11; Linux x86_64) AppleWebKit/537.36 (KHTML, like Gecko) Chrome/121.0.0.0 Safari/537.36"
159.65.137.210 - - [16/Jun/2026:22:02:21 +0000] "GET /wp-login.php?redirect_to=https%3A%2F%2Fexpertoo.pl%2Fwp-admin%2Findex.php&reauth=1 HTTP/1.1" 200 3653 "https://expertoo.pl/wp-login.php" "Mozilla/5.0 (X11; Linux x86_64) AppleWebKit/537.36 (KHTML, like Gecko) Chrome/121.0.0.0 Safari/537.36"
159.65.137.210 - - [16/Jun/2026:22:02:24 +0000] "POST /wp-login.php HTTP/1.1" 200 4657 "https://expertoo.pl/wp-login.php" "Mozilla/5.0 (Macintosh; Intel Mac OS X 10_15_7; rv:119.0) Gecko/20100101 Firefox/119.0"
159.65.137.210 - - [16/Jun/2026:22:02:27 +0000] "GET /wp-admin/index.php HTTP/1.1" 302 5 "https://expertoo.pl/wp-login.php" "Mozilla/5.0 (Windows NT 11.0; Win64; x64; rv:120.0) Gecko/20100101 Firefox/120.0"
159.65.137.210 - - [16/Jun/2026:22:02:30 +0000] "GET /wp-login.php?redirect_to=https%3A%2F%2Fexpertoo.pl%2Fwp-admin%2Findex.php&reauth=1 HTTP/1.1" 200 3653 "https://expertoo.pl/wp-login.php" "Mozilla/5.0 (Windows NT 11.0; Win64; x64; rv:120.0) Gecko/20100101 Firefox/120.0"
159.65.137.210 - - [16/Jun/2026:22:02:33 +0000] "POST /wp-login.php HTTP/1.1" 200 4657 "https://expertoo.pl/wp-login.php" "Mozilla/5.0 (Windows NT 10.0; Win64; x64) AppleWebKit/537.36 (KHTML, like Gecko) Chrome/121.0.0.0 Safari/537.36"
159.65.137.210 - - [16/Jun/2026:22:02:36 +0000] "GET /wp-admin/index.php HTTP/1.1" 302 5 "https://expertoo.pl/wp-login.php" "Mozilla/5.0 (Macintosh; Intel Mac OS X 10_15_7; rv:118.0) Gecko/20100101 Firefox/118.0"
159.65.137.210 - - [16/Jun/2026:22:02:38 +0000] "GET /wp-login.php?redirect_to=https%3A%2F%2Fexpertoo.pl%2Fwp-admin%2Findex.php&reauth=1 HTTP/1.1" 200 3653 "https://expertoo.pl/wp-login.php" "Mozilla/5.0 (Macintosh; Intel Mac OS X 10_15_7; rv:118.0) Gecko/20100101 Firefox/118.0"
159.65.137.210 - - [16/Jun/2026:22:02:41 +0000] "POST /wp-login.php HTTP/1.1" 200 4657 "https://expertoo.pl/wp-login.php" "Mozilla/5.0 (X11; Linux x86_64) AppleWebKit/537.36 (KHTML, like Gecko) Chrome/118.0.0.0 Safari/537.36"
159.65.137.210 - - [16/Jun/2026:22:02:44 +0000] "GET /wp-admin/index.php HTTP/1.1" 302 5 "https://expertoo.pl/wp-login.php" "Mozilla/5.0 (Macintosh; Intel Mac OS X 10_15_7) AppleWebKit/537.36 (KHTML, like Gecko) Chrome/120.0.0.0 Safari/537.36"
159.65.137.210 - - [16/Jun/2026:22:02:46 +0000] "GET /wp-login.php?redirect_to=https%3A%2F%2Fexpertoo.pl%2Fwp-admin%2Findex.php&reauth=1 HTTP/1.1" 200 3653 "https://expertoo.pl/wp-login.php" "Mozilla/5.0 (Macintosh; Intel Mac OS X 10_15_7) AppleWebKit/537.36 (KHTML, like Gecko) Chrome/120.0.0.0 Safari/537.36"
159.65.137.210 - - [16/Jun/2026:22:02:49 +0000] "POST /wp-login.php HTTP/1.1" 200 4663 "https://expertoo.pl/wp-login.php" "Mozilla/5.0 (Macintosh; Intel Mac OS X 10_15_7) AppleWebKit/537.36 (KHTML, like Gecko) Chrome/118.0.0.0 Safari/537.36"
159.65.137.210 - - [16/Jun/2026:22:02:52 +0000] "GET /wp-admin/index.php HTTP/1.1" 302 5 "https://expertoo.pl/wp-login.php" "Mozilla/5.0 (Windows NT 11.0; Win64; x64) AppleWebKit/537.36 (KHTML, like Gecko) Chrome/118.0.0.0 Safari/537.36"
159.65.137.210 - - [16/Jun/2026:22:02:55 +0000] "GET /wp-login.php?redirect_to=https%3A%2F%2Fexpertoo.pl%2Fwp-admin%2Findex.php&reauth=1 HTTP/1.1" 200 3653 "https://expertoo.pl/wp-login.php" "Mozilla/5.0 (Windows NT 11.0; Win64; x64) AppleWebKit/537.36 (KHTML, like Gecko) Chrome/118.0.0.0 Safari/537.36"
159.65.137.210 - - [16/Jun/2026:22:02:59 +0000] "POST /wp-login.php HTTP/1.1" 200 4663 "https://expertoo.pl/wp-login.php" "Mozilla/5.0 (Macintosh; Intel Mac OS X 13_6_1) AppleWebKit/605.1.15 (KHTML, like Gecko) Version/17.0 Safari/605.1.15"
159.65.137.210 - - [16/Jun/2026:22:03:03 +0000] "GET /wp-admin/index.php HTTP/1.1" 302 5 "https://expertoo.pl/wp-login.php" "Mozilla/5.0 (Windows NT 10.0; Win64; x64; rv:121.0) Gecko/20100101 Firefox/121.0"
159.65.137.210 - - [16/Jun/2026:22:03:06 +0000] "GET /wp-login.php?redirect_to=https%3A%2F%2Fexpertoo.pl%2Fwp-admin%2Findex.php&reauth=1 HTTP/1.1" 200 3653 "https://expertoo.pl/wp-login.php" "Mozilla/5.0 (Windows NT 10.0; Win64; x64; rv:121.0) Gecko/20100101 Firefox/121.0"
159.65.137.210 - - [16/Jun/2026:22:03:09 +0000] "POST /wp-login.php HTTP/1.1" 200 4663 "https://expertoo.pl/wp-login.php" "Mozilla/5.0 (Macintosh; Intel Mac OS X 10_15_7) AppleWebKit/605.1.15 (KHTML, like Gecko) Version/17.1 Safari/605.1.15"
159.65.137.210 - - [16/Jun/2026:22:03:12 +0000] "GET /wp-admin/index.php HTTP/1.1" 302 5 "https://expertoo.pl/wp-login.php" "Mozilla/5.0 (Macintosh; Intel Mac OS X 13_6_1) AppleWebKit/605.1.15 (KHTML, like Gecko) Version/17.2 Safari/605.1.15"
159.65.137.210 - - [16/Jun/2026:22:03:16 +0000] "GET /wp-login.php?redirect_to=https%3A%2F%2Fexpertoo.pl%2Fwp-admin%2Findex.php&reauth=1 HTTP/1.1" 200 3653 "https://expertoo.pl/wp-login.php" "Mozilla/5.0 (Macintosh; Intel Mac OS X 13_6_1) AppleWebKit/605.1.15 (KHTML, like Gecko) Version/17.2 Safari/605.1.15"
159.65.137.210 - - [16/Jun/2026:22:03:19 +0000] "POST /wp-login.php HTTP/1.1" 200 4663 "https://expertoo.pl/wp-login.php" "Mozilla/5.0 (Macintosh; Intel Mac OS X 10_15_7) AppleWebKit/537.36 (KHTML, like Gecko) Chrome/119.0.0.0 Safari/537.36"
159.65.137.210 - - [16/Jun/2026:22:03:22 +0000] "GET /wp-admin/index.php HTTP/1.1" 302 5 "https://expertoo.pl/wp-login.php" "Mozilla/5.0 (Macintosh; Intel Mac OS X 10_15_7) AppleWebKit/537.36 (KHTML, like Gecko) Chrome/118.0.0.0 Safari/537.36"
159.65.137.210 - - [16/Jun/2026:22:03:25 +0000] "GET /wp-login.php?redirect_to=https%3A%2F%2Fexpertoo.pl%2Fwp-admin%2Findex.php&reauth=1 HTTP/1.1" 200 3653 "https://expertoo.pl/wp-login.php" "Mozilla/5.0 (Macintosh; Intel Mac OS X 10_15_7) AppleWebKit/537.36 (KHTML, like Gecko) Chrome/118.0.0.0 Safari/537.36"
159.65.137.210 - - [16/Jun/2026:22:03:28 +0000] "POST /wp-login.php HTTP/1.1" 200 4663 "https://expertoo.pl/wp-login.php" "Mozilla/5.0 (X11; Linux x86_64) AppleWebKit/537.36 (KHTML, like Gecko) Chrome/119.0.0.0 Safari/537.36"
159.65.137.210 - - [16/Jun/2026:22:03:31 +0000] "GET /wp-admin/index.php HTTP/1.1" 302 5 "https://expertoo.pl/wp-login.php" "Mozilla/5.0 (Windows NT 11.0; Win64; x64) AppleWebKit/537.36 (KHTML, like Gecko) Chrome/121.0.0.0 Safari/537.36"
159.65.137.210 - - [16/Jun/2026:22:03:34 +0000] "GET /wp-login.php?redirect_to=https%3A%2F%2Fexpertoo.pl%2Fwp-admin%2Findex.php&reauth=1 HTTP/1.1" 200 3653 "https://expertoo.pl/wp-login.php" "Mozilla/5.0 (Windows NT 11.0; Win64; x64) AppleWebKit/537.36 (KHTML, like Gecko) Chrome/121.0.0.0 Safari/537.36"
159.65.137.210 - - [16/Jun/2026:22:03:36 +0000] "POST /wp-login.php HTTP/1.1" 200 4663 "https://expertoo.pl/wp-login.php" "Mozilla/5.0 (Macintosh; Intel Mac OS X 13_6_1) AppleWebKit/537.36 (KHTML, like Gecko) Chrome/119.0.0.0 Safari/537.36"
159.65.137.210 - - [16/Jun/2026:22:03:39 +0000] "GET /wp-admin/index.php HTTP/1.1" 302 5 "https://expertoo.pl/wp-login.php" "Mozilla/5.0 (Macintosh; Intel Mac OS X 10_15_7) AppleWebKit/605.1.15 (KHTML, like Gecko) Version/16.6 Safari/605.1.15"
159.65.137.210 - - [16/Jun/2026:22:03:42 +0000] "GET /wp-login.php?redirect_to=https%3A%2F%2Fexpertoo.pl%2Fwp-admin%2Findex.php&reauth=1 HTTP/1.1" 200 3653 "https://expertoo.pl/wp-login.php" "Mozilla/5.0 (Macintosh; Intel Mac OS X 10_15_7) AppleWebKit/605.1.15 (KHTML, like Gecko) Version/16.6 Safari/605.1.15"
159.65.137.210 - - [16/Jun/2026:22:03:45 +0000] "POST /wp-login.php HTTP/1.1" 200 4663 "https://expertoo.pl/wp-login.php" "Mozilla/5.0 (Macintosh; Intel Mac OS X 13_6_1; rv:119.0) Gecko/20100101 Firefox/119.0"
159.65.137.210 - - [16/Jun/2026:22:03:48 +0000] "GET /wp-admin/index.php HTTP/1.1" 302 5 "https://expertoo.pl/wp-login.php" "Mozilla/5.0 (Macintosh; Intel Mac OS X 10_15_7) AppleWebKit/537.36 (KHTML, like Gecko) Chrome/121.0.0.0 Safari/537.36"
159.65.137.210 - - [16/Jun/2026:22:03:50 +0000] "GET /wp-login.php?redirect_to=https%3A%2F%2Fexpertoo.pl%2Fwp-admin%2Findex.php&reauth=1 HTTP/1.1" 200 3653 "https://expertoo.pl/wp-login.php" "Mozilla/5.0 (Macintosh; Intel Mac OS X 10_15_7) AppleWebKit/537.36 (KHTML, like Gecko) Chrome/121.0.0.0 Safari/537.36"
159.65.137.210 - - [16/Jun/2026:22:03:53 +0000] "POST /wp-login.php HTTP/1.1" 200 4663 "https://expertoo.pl/wp-login.php" "Mozilla/5.0 (Macintosh; Intel Mac OS X 13_6_1) AppleWebKit/537.36 (KHTML, like Gecko) Chrome/119.0.0.0 Safari/537.36"
159.65.137.210 - - [16/Jun/2026:22:03:56 +0000] "GET /wp-admin/index.php HTTP/1.1" 302 5 "https://expertoo.pl/wp-login.php" "Mozilla/5.0 (Macintosh; Intel Mac OS X 10_15_7) AppleWebKit/605.1.15 (KHTML, like Gecko) Version/16.6 Safari/605.1.15"
159.65.137.210 - - [16/Jun/2026:22:03:58 +0000] "GET /wp-login.php?redirect_to=https%3A%2F%2Fexpertoo.pl%2Fwp-admin%2Findex.php&reauth=1 HTTP/1.1" 200 3653 "https://expertoo.pl/wp-login.php" "Mozilla/5.0 (Macintosh; Intel Mac OS X 10_15_7) AppleWebKit/605.1.15 (KHTML, like Gecko) Version/16.6 Safari/605.1.15"
159.65.137.210 - - [16/Jun/2026:22:04:01 +0000] "POST /wp-login.php HTTP/1.1" 200 4657 "https://expertoo.pl/wp-login.php" "Mozilla/5.0 (Windows NT 11.0; Win64; x64) AppleWebKit/537.36 (KHTML, like Gecko) Chrome/121.0.0.0 Safari/537.36"
159.65.137.210 - - [16/Jun/2026:22:04:04 +0000] "GET /wp-admin/index.php HTTP/1.1" 302 5 "https://expertoo.pl/wp-login.php" "Mozilla/5.0 (Macintosh; Intel Mac OS X 10_15_7) AppleWebKit/537.36 (KHTML, like Gecko) Chrome/121.0.0.0 Safari/537.36"
159.65.137.210 - - [16/Jun/2026:22:04:06 +0000] "GET /wp-login.php?redirect_to=https%3A%2F%2Fexpertoo.pl%2Fwp-admin%2Findex.php&reauth=1 HTTP/1.1" 200 3653 "https://expertoo.pl/wp-login.php" "Mozilla/5.0 (Macintosh; Intel Mac OS X 10_15_7) AppleWebKit/537.36 (KHTML, like Gecko) Chrome/121.0.0.0 Safari/537.36"
159.65.137.210 - - [16/Jun/2026:22:04:09 +0000] "POST /wp-login.php HTTP/1.1" 200 4657 "https://expertoo.pl/wp-login.php" "Mozilla/5.0 (Windows NT 10.0; Win64; x64; rv:121.0) Gecko/20100101 Firefox/121.0"
159.65.137.210 - - [16/Jun/2026:22:04:12 +0000] "GET /wp-admin/index.php HTTP/1.1" 302 5 "https://expertoo.pl/wp-login.php" "Mozilla/5.0 (Macintosh; Intel Mac OS X 13_6_1; rv:121.0) Gecko/20100101 Firefox/121.0"
159.65.137.210 - - [16/Jun/2026:22:04:16 +0000] "GET /wp-login.php?redirect_to=https%3A%2F%2Fexpertoo.pl%2Fwp-admin%2Findex.php&reauth=1 HTTP/1.1" 200 3653 "https://expertoo.pl/wp-login.php" "Mozilla/5.0 (Macintosh; Intel Mac OS X 13_6_1; rv:121.0) Gecko/20100101 Firefox/121.0"
159.65.137.210 - - [16/Jun/2026:22:04:19 +0000] "POST /wp-login.php HTTP/1.1" 200 4657 "https://expertoo.pl/wp-login.php" "Mozilla/5.0 (Windows NT 10.0; Win64; x64) AppleWebKit/537.36 (KHTML, like Gecko) Chrome/119.0.0.0 Safari/537.36"
159.65.137.210 - - [16/Jun/2026:22:04:22 +0000] "GET /wp-admin/index.php HTTP/1.1" 302 5 "https://expertoo.pl/wp-login.php" "Mozilla/5.0 (Macintosh; Intel Mac OS X 13_6_1; rv:118.0) Gecko/20100101 Firefox/118.0"
159.65.137.210 - - [16/Jun/2026:22:04:25 +0000] "GET /wp-login.php?redirect_to=https%3A%2F%2Fexpertoo.pl%2Fwp-admin%2Findex.php&reauth=1 HTTP/1.1" 200 3653 "https://expertoo.pl/wp-login.php" "Mozilla/5.0 (Macintosh; Intel Mac OS X 13_6_1; rv:118.0) Gecko/20100101 Firefox/118.0"
159.65.137.210 - - [16/Jun/2026:22:04:28 +0000] "POST /wp-login.php HTTP/1.1" 200 4657 "https://expertoo.pl/wp-login.php" "Mozilla/5.0 (Macintosh; Intel Mac OS X 10_15_7) AppleWebKit/537.36 (KHTML, like Gecko) Chrome/119.0.0.0 Safari/537.36"
159.65.137.210 - - [16/Jun/2026:22:04:31 +0000] "GET /wp-admin/index.php HTTP/1.1" 302 5 "https://expertoo.pl/wp-login.php" "Mozilla/5.0 (Windows NT 11.0; Win64; x64; rv:119.0) Gecko/20100101 Firefox/119.0"
159.65.137.210 - - [16/Jun/2026:22:04:34 +0000] "GET /wp-login.php?redirect_to=https%3A%2F%2Fexpertoo.pl%2Fwp-admin%2Findex.php&reauth=1 HTTP/1.1" 200 3653 "https://expertoo.pl/wp-login.php" "Mozilla/5.0 (Windows NT 11.0; Win64; x64; rv:119.0) Gecko/20100101 Firefox/119.0"
159.65.137.210 - - [16/Jun/2026:22:04:37 +0000] "POST /wp-login.php HTTP/1.1" 200 4663 "https://expertoo.pl/wp-login.php" "Mozilla/5.0 (Macintosh; Intel Mac OS X 10_15_7; rv:119.0) Gecko/20100101 Firefox/119.0"
159.65.137.210 - - [16/Jun/2026:22:04:40 +0000] "GET /wp-admin/index.php HTTP/1.1" 302 5 "https://expertoo.pl/wp-login.php" "Mozilla/5.0 (Macintosh; Intel Mac OS X 13_6_1) AppleWebKit/537.36 (KHTML, like Gecko) Chrome/120.0.0.0 Safari/537.36"
159.65.137.210 - - [16/Jun/2026:22:04:42 +0000] "GET /wp-login.php?redirect_to=https%3A%2F%2Fexpertoo.pl%2Fwp-admin%2Findex.php&reauth=1 HTTP/1.1" 200 3653 "https://expertoo.pl/wp-login.php" "Mozilla/5.0 (Macintosh; Intel Mac OS X 13_6_1) AppleWebKit/537.36 (KHTML, like Gecko) Chrome/120.0.0.0 Safari/537.36"
159.65.137.210 - - [16/Jun/2026:22:04:45 +0000] "POST /wp-login.php HTTP/1.1" 200 4663 "https://expertoo.pl/wp-login.php" "Mozilla/5.0 (Windows NT 11.0; Win64; x64; rv:119.0) Gecko/20100101 Firefox/119.0"
159.65.137.210 - - [16/Jun/2026:22:04:48 +0000] "GET /wp-admin/index.php HTTP/1.1" 302 5 "https://expertoo.pl/wp-login.php" "Mozilla/5.0 (Macintosh; Intel Mac OS X 10_15_7; rv:118.0) Gecko/20100101 Firefox/118.0"
159.65.137.210 - - [16/Jun/2026:22:04:51 +0000] "GET /wp-login.php?redirect_to=https%3A%2F%2Fexpertoo.pl%2Fwp-admin%2Findex.php&reauth=1 HTTP/1.1" 200 3653 "https://expertoo.pl/wp-login.php" "Mozilla/5.0 (Macintosh; Intel Mac OS X 10_15_7; rv:118.0) Gecko/20100101 Firefox/118.0"
159.65.137.210 - - [16/Jun/2026:22:04:54 +0000] "POST /wp-login.php HTTP/1.1" 200 4663 "https://expertoo.pl/wp-login.php" "Mozilla/5.0 (Windows NT 10.0; Win64; x64; rv:118.0) Gecko/20100101 Firefox/118.0"
159.65.137.210 - - [16/Jun/2026:22:04:57 +0000] "GET /wp-admin/index.php HTTP/1.1" 302 5 "https://expertoo.pl/wp-login.php" "Mozilla/5.0 (Macintosh; Intel Mac OS X 13_6_1) AppleWebKit/537.36 (KHTML, like Gecko) Chrome/120.0.0.0 Safari/537.36"
159.65.137.210 - - [16/Jun/2026:22:05:00 +0000] "GET /wp-login.php?redirect_to=https%3A%2F%2Fexpertoo.pl%2Fwp-admin%2Findex.php&reauth=1 HTTP/1.1" 200 3653 "https://expertoo.pl/wp-login.php" "Mozilla/5.0 (Macintosh; Intel Mac OS X 13_6_1) AppleWebKit/537.36 (KHTML, like Gecko) Chrome/120.0.0.0 Safari/537.36"
159.65.137.210 - - [16/Jun/2026:22:05:04 +0000] "POST /wp-login.php HTTP/1.1" 200 4663 "https://expertoo.pl/wp-login.php" "Mozilla/5.0 (Windows NT 11.0; Win64; x64) AppleWebKit/537.36 (KHTML, like Gecko) Chrome/118.0.0.0 Safari/537.36"
159.65.137.210 - - [16/Jun/2026:22:05:07 +0000] "GET /wp-admin/index.php HTTP/1.1" 302 5 "https://expertoo.pl/wp-login.php" "Mozilla/5.0 (Windows NT 10.0; Win64; x64; rv:118.0) Gecko/20100101 Firefox/118.0"
159.65.137.210 - - [16/Jun/2026:22:05:10 +0000] "GET /wp-login.php?redirect_to=https%3A%2F%2Fexpertoo.pl%2Fwp-admin%2Findex.php&reauth=1 HTTP/1.1" 200 3653 "https://expertoo.pl/wp-login.php" "Mozilla/5.0 (Windows NT 10.0; Win64; x64; rv:118.0) Gecko/20100101 Firefox/118.0"
159.65.137.210 - - [16/Jun/2026:22:05:12 +0000] "POST /wp-login.php HTTP/1.1" 200 4657 "https://expertoo.pl/wp-login.php" "Mozilla/5.0 (Macintosh; Intel Mac OS X 13_6_1) AppleWebKit/605.1.15 (KHTML, like Gecko) Version/17.2 Safari/605.1.15"
159.65.137.210 - - [16/Jun/2026:22:05:14 +0000] "GET /wp-admin/index.php HTTP/1.1" 302 5 "https://expertoo.pl/wp-login.php" "Mozilla/5.0 (Macintosh; Intel Mac OS X 13_6_1) AppleWebKit/537.36 (KHTML, like Gecko) Chrome/120.0.0.0 Safari/537.36"
159.65.137.210 - - [16/Jun/2026:22:05:17 +0000] "GET /wp-login.php?redirect_to=https%3A%2F%2Fexpertoo.pl%2Fwp-admin%2Findex.php&reauth=1 HTTP/1.1" 200 3653 "https://expertoo.pl/wp-login.php" "Mozilla/5.0 (Macintosh; Intel Mac OS X 13_6_1) AppleWebKit/537.36 (KHTML, like Gecko) Chrome/120.0.0.0 Safari/537.36"
159.65.137.210 - - [16/Jun/2026:22:05:19 +0000] "POST /wp-login.php HTTP/1.1" 200 4663 "https://expertoo.pl/wp-login.php" "Mozilla/5.0 (Macintosh; Intel Mac OS X 13_6_1) AppleWebKit/605.1.15 (KHTML, like Gecko) Version/17.1 Safari/605.1.15"
159.65.137.210 - - [16/Jun/2026:22:05:22 +0000] "GET /wp-admin/index.php HTTP/1.1" 302 5 "https://expertoo.pl/wp-login.php" "Mozilla/5.0 (X11; Ubuntu; Linux x86_64) AppleWebKit/537.36 (KHTML, like Gecko) Chrome/119.0.0.0 Safari/537.36"
159.65.137.210 - - [16/Jun/2026:22:05:25 +0000] "GET /wp-login.php?redirect_to=https%3A%2F%2Fexpertoo.pl%2Fwp-admin%2Findex.php&reauth=1 HTTP/1.1" 200 3653 "https://expertoo.pl/wp-login.php" "Mozilla/5.0 (X11; Ubuntu; Linux x86_64) AppleWebKit/537.36 (KHTML, like Gecko) Chrome/119.0.0.0 Safari/537.36"
159.65.137.210 - - [16/Jun/2026:22:05:27 +0000] "POST /wp-login.php HTTP/1.1" 200 4663 "https://expertoo.pl/wp-login.php" "Mozilla/5.0 (Windows NT 11.0; Win64; x64) AppleWebKit/537.36 (KHTML, like Gecko) Chrome/121.0.0.0 Safari/537.36"
159.65.137.210 - - [16/Jun/2026:22:05:30 +0000] "GET /wp-admin/index.php HTTP/1.1" 302 5 "https://expertoo.pl/wp-login.php" "Mozilla/5.0 (Macintosh; Intel Mac OS X 13_6_1) AppleWebKit/537.36 (KHTML, like Gecko) Chrome/121.0.0.0 Safari/537.36"
34.169.18.204 - - [16/Jun/2026:22:05:30 +0000] "HEAD /backup/ HTTP/1.1" 301 0 "http://expertoo.pl/backup/" "Mozilla/5.0 (Linux; Android 12; Redmi Note 11) AppleWebKit/537.36 (KHTML, like Gecko) Chrome/123.0.6312.112 Mobile Safari/537.36"
34.169.18.204 - - [16/Jun/2026:22:05:31 +0000] "HEAD / HTTP/1.1" 200 0 "https://expertoo.pl/backup/" "Mozilla/5.0 (Linux; Android 12; Redmi Note 11) AppleWebKit/537.36 (KHTML, like Gecko) Chrome/123.0.6312.112 Mobile Safari/537.36"
34.169.18.204 - - [16/Jun/2026:22:05:32 +0000] "HEAD /old/ HTTP/1.1" 301 0 "http://expertoo.pl/old/" "Mozilla/5.0 (Linux; Android 14; OnePlus 12) AppleWebKit/537.36 (KHTML, like Gecko) Chrome/125.0.6422.102 Mobile Safari/537.36"
159.65.137.210 - - [16/Jun/2026:22:05:33 +0000] "GET /wp-login.php?redirect_to=https%3A%2F%2Fexpertoo.pl%2Fwp-admin%2Findex.php&reauth=1 HTTP/1.1" 200 3653 "https://expertoo.pl/wp-login.php" "Mozilla/5.0 (Macintosh; Intel Mac OS X 13_6_1) AppleWebKit/537.36 (KHTML, like Gecko) Chrome/121.0.0.0 Safari/537.36"
34.169.18.204 - - [16/Jun/2026:22:05:33 +0000] "HEAD / HTTP/1.1" 200 0 "https://expertoo.pl/old/" "Mozilla/5.0 (Linux; Android 14; OnePlus 12) AppleWebKit/537.36 (KHTML, like Gecko) Chrome/125.0.6422.102 Mobile Safari/537.36"
34.169.18.204 - - [16/Jun/2026:22:05:34 +0000] "HEAD /wordpress/ HTTP/1.1" 301 0 "http://expertoo.pl/wordpress/" "Mozilla/5.0 (X11; Linux x86_64) AppleWebKit/537.36 (KHTML, like Gecko) Chrome/125.0.6422.76 Safari/537.36"
34.169.18.204 - - [16/Jun/2026:22:05:35 +0000] "HEAD / HTTP/1.1" 200 0 "https://expertoo.pl/wordpress/" "Mozilla/5.0 (X11; Linux x86_64) AppleWebKit/537.36 (KHTML, like Gecko) Chrome/125.0.6422.76 Safari/537.36"
159.65.137.210 - - [16/Jun/2026:22:05:35 +0000] "POST /wp-login.php HTTP/1.1" 200 4663 "https://expertoo.pl/wp-login.php" "Mozilla/5.0 (X11; Linux x86_64) AppleWebKit/537.36 (KHTML, like Gecko) Chrome/121.0.0.0 Safari/537.36"
34.169.18.204 - - [16/Jun/2026:22:05:36 +0000] "HEAD /new/ HTTP/1.1" 301 0 "http://expertoo.pl/new/" "Mozilla/5.0 (Linux; Android 12; Redmi Note 11) AppleWebKit/537.36 (KHTML, like Gecko) Chrome/123.0.6312.112 Mobile Safari/537.36"
34.169.18.204 - - [16/Jun/2026:22:05:37 +0000] "HEAD / HTTP/1.1" 200 0 "https://expertoo.pl/new/" "Mozilla/5.0 (Linux; Android 12; Redmi Note 11) AppleWebKit/537.36 (KHTML, like Gecko) Chrome/123.0.6312.112 Mobile Safari/537.36"
159.65.137.210 - - [16/Jun/2026:22:05:38 +0000] "GET /wp-admin/index.php HTTP/1.1" 302 5 "https://expertoo.pl/wp-login.php" "Mozilla/5.0 (Windows NT 11.0; Win64; x64) AppleWebKit/537.36 (KHTML, like Gecko) Chrome/118.0.0.0 Safari/537.36"
34.169.18.204 - - [16/Jun/2026:22:05:39 +0000] "HEAD /wp/ HTTP/1.1" 301 0 "http://expertoo.pl/wp/" "Mozilla/5.0 (Linux; Android 13; Pixel 7a) AppleWebKit/537.36 (KHTML, like Gecko) Chrome/124.0.6367.82 Mobile Safari/537.36"
34.169.18.204 - - [16/Jun/2026:22:05:40 +0000] "HEAD / HTTP/1.1" 200 0 "https://expertoo.pl/wp/" "Mozilla/5.0 (Linux; Android 13; Pixel 7a) AppleWebKit/537.36 (KHTML, like Gecko) Chrome/124.0.6367.82 Mobile Safari/537.36"
34.169.18.204 - - [16/Jun/2026:22:05:41 +0000] "HEAD /blog/ HTTP/1.1" 200 0 "http://expertoo.pl/blog/" "Mozilla/5.0 (Linux; Android 13; Infinix X688B) AppleWebKit/537.36 (KHTML, like Gecko) Chrome/124.0.6367.48 Mobile Safari/537.36"
159.65.137.210 - - [16/Jun/2026:22:05:41 +0000] "GET /wp-login.php?redirect_to=https%3A%2F%2Fexpertoo.pl%2Fwp-admin%2Findex.php&reauth=1 HTTP/1.1" 200 3653 "https://expertoo.pl/wp-login.php" "Mozilla/5.0 (Windows NT 11.0; Win64; x64) AppleWebKit/537.36 (KHTML, like Gecko) Chrome/118.0.0.0 Safari/537.36"
34.169.18.204 - - [16/Jun/2026:22:05:42 +0000] "HEAD / HTTP/1.1" 200 0 "http://expertoo.pl/" "Mozilla/5.0 (Linux; Android 11; RMX2195) AppleWebKit/537.36 (KHTML, like Gecko) Chrome/120.0.6099.210 Mobile Safari/537.36 OPR/75.2.3995.72468"
159.65.137.210 - - [16/Jun/2026:22:05:44 +0000] "POST /wp-login.php HTTP/1.1" 200 4663 "https://expertoo.pl/wp-login.php" "Mozilla/5.0 (Macintosh; Intel Mac OS X 10_15_7) AppleWebKit/605.1.15 (KHTML, like Gecko) Version/17.2 Safari/605.1.15"
159.65.137.210 - - [16/Jun/2026:22:05:47 +0000] "GET /wp-admin/index.php HTTP/1.1" 302 5 "https://expertoo.pl/wp-login.php" "Mozilla/5.0 (Macintosh; Intel Mac OS X 10_15_7; rv:120.0) Gecko/20100101 Firefox/120.0"
159.65.137.210 - - [16/Jun/2026:22:05:49 +0000] "GET /wp-login.php?redirect_to=https%3A%2F%2Fexpertoo.pl%2Fwp-admin%2Findex.php&reauth=1 HTTP/1.1" 200 3653 "https://expertoo.pl/wp-login.php" "Mozilla/5.0 (Macintosh; Intel Mac OS X 10_15_7; rv:120.0) Gecko/20100101 Firefox/120.0"
43.157.46.118 - - [16/Jun/2026:22:05:49 +0000] "GET / HTTP/1.1" 200 23011 "http://expertoo.pl" "Mozilla/5.0 (iPhone; CPU iPhone OS 13_2_3 like Mac OS X) AppleWebKit/605.1.15 (KHTML, like Gecko) Version/13.0.3 Mobile/15E148 Safari/604.1"
159.65.137.210 - - [16/Jun/2026:22:05:52 +0000] "POST /wp-login.php HTTP/1.1" 200 4663 "https://expertoo.pl/wp-login.php" "Mozilla/5.0 (Macintosh; Intel Mac OS X 13_6_1) AppleWebKit/605.1.15 (KHTML, like Gecko) Version/16.6 Safari/605.1.15"
159.65.137.210 - - [16/Jun/2026:22:06:04 +0000] "GET /wp-admin/index.php HTTP/1.1" 302 5 "https://expertoo.pl/wp-login.php" "Mozilla/5.0 (X11; Linux x86_64) AppleWebKit/537.36 (KHTML, like Gecko) Chrome/121.0.0.0 Safari/537.36"
159.65.137.210 - - [16/Jun/2026:22:06:07 +0000] "GET /wp-login.php?redirect_to=https%3A%2F%2Fexpertoo.pl%2Fwp-admin%2Findex.php&reauth=1 HTTP/1.1" 200 3653 "https://expertoo.pl/wp-login.php" "Mozilla/5.0 (X11; Linux x86_64) AppleWebKit/537.36 (KHTML, like Gecko) Chrome/121.0.0.0 Safari/537.36"
159.65.137.210 - - [16/Jun/2026:22:06:10 +0000] "POST /wp-login.php HTTP/1.1" 200 4657 "https://expertoo.pl/wp-login.php" "Mozilla/5.0 (Windows NT 10.0; Win64; x64) AppleWebKit/537.36 (KHTML, like Gecko) Chrome/120.0.0.0 Safari/537.36"
159.65.137.210 - - [16/Jun/2026:22:06:12 +0000] "GET /wp-admin/index.php HTTP/1.1" 302 5 "https://expertoo.pl/wp-login.php" "Mozilla/5.0 (X11; Ubuntu; Linux x86_64) AppleWebKit/537.36 (KHTML, like Gecko) Chrome/118.0.0.0 Safari/537.36"
159.65.137.210 - - [16/Jun/2026:22:06:15 +0000] "GET /wp-login.php?redirect_to=https%3A%2F%2Fexpertoo.pl%2Fwp-admin%2Findex.php&reauth=1 HTTP/1.1" 200 3653 "https://expertoo.pl/wp-login.php" "Mozilla/5.0 (X11; Ubuntu; Linux x86_64) AppleWebKit/537.36 (KHTML, like Gecko) Chrome/118.0.0.0 Safari/537.36"
159.65.137.210 - - [16/Jun/2026:22:06:18 +0000] "POST /wp-login.php HTTP/1.1" 200 4657 "https://expertoo.pl/wp-login.php" "Mozilla/5.0 (X11; Ubuntu; Linux x86_64) AppleWebKit/537.36 (KHTML, like Gecko) Chrome/120.0.0.0 Safari/537.36"
159.65.137.210 - - [16/Jun/2026:22:06:21 +0000] "GET /wp-admin/index.php HTTP/1.1" 302 5 "https://expertoo.pl/wp-login.php" "Mozilla/5.0 (Windows NT 10.0; Win64; x64) AppleWebKit/537.36 (KHTML, like Gecko) Chrome/118.0.0.0 Safari/537.36"
159.65.137.210 - - [16/Jun/2026:22:06:24 +0000] "GET /wp-login.php?redirect_to=https%3A%2F%2Fexpertoo.pl%2Fwp-admin%2Findex.php&reauth=1 HTTP/1.1" 200 3653 "https://expertoo.pl/wp-login.php" "Mozilla/5.0 (Windows NT 10.0; Win64; x64) AppleWebKit/537.36 (KHTML, like Gecko) Chrome/118.0.0.0 Safari/537.36"
159.65.137.210 - - [16/Jun/2026:22:06:27 +0000] "POST /wp-login.php HTTP/1.1" 200 4657 "https://expertoo.pl/wp-login.php" "Mozilla/5.0 (Windows NT 10.0; Win64; x64; rv:119.0) Gecko/20100101 Firefox/119.0"
