74.7.243.223 - - [16/Jun/2026:18:58:13 +0000] "GET /zarobki-architekta-w-polsce-ile-zarabia-architekt/ HTTP/1.1" 200 20211 "https://fakturki24.pl/?p=1210" "Mozilla/5.0 AppleWebKit/537.36 (KHTML, like Gecko; compatible; GPTBot/1.4; +https://openai.com/gptbot)"
74.7.243.223 - - [16/Jun/2026:18:58:14 +0000] "GET /ile-zarabia-opiekun-medyczny-w-szpitalu-fakty/ HTTP/1.1" 200 20483 "https://fakturki24.pl/?p=1210" "Mozilla/5.0 AppleWebKit/537.36 (KHTML, like Gecko; compatible; GPTBot/1.4; +https://openai.com/gptbot)"
74.7.243.223 - - [16/Jun/2026:18:58:16 +0000] "GET /rosnaca-popularnosc-kasyn-online-w-polsce-nowa-era-rozrywki/ HTTP/1.1" 200 19296 "https://fakturki24.pl/?p=1210" "Mozilla/5.0 AppleWebKit/537.36 (KHTML, like Gecko; compatible; GPTBot/1.4; +https://openai.com/gptbot)"
74.7.243.13 - - [16/Jun/2026:18:58:16 +0000] "GET / HTTP/1.1" 200 19858 "https://fakturki24.pl/zarobki-doktora-na-uczelni-sprawdz-aktualne-dane/" "Mozilla/5.0 (Macintosh; Intel Mac OS X 10_15_7) AppleWebKit/537.36 (KHTML, like Gecko) Chrome/131.0.0.0 Safari/537.36; compatible; OAI-SearchBot/1.4; +https://openai.com/searchbot"
74.7.243.223 - - [16/Jun/2026:18:58:17 +0000] "GET /ile-zarabia-dentysta-w-polsce-fakty-i-cyfry/ HTTP/1.1" 200 22154 "https://fakturki24.pl/?p=1210" "Mozilla/5.0 AppleWebKit/537.36 (KHTML, like Gecko; compatible; GPTBot/1.4; +https://openai.com/gptbot)"
74.7.228.248 - - [16/Jun/2026:18:58:18 +0000] "GET /kalkulator-raty-kredytu-gotowkowego-w-czym-moze-ci-pomoc/ HTTP/1.1" 200 18055 "https://fakturki24.pl/zarobki-doktora-na-uczelni-sprawdz-aktualne-dane/" "Mozilla/5.0 (Macintosh; Intel Mac OS X 10_15_7) AppleWebKit/537.36 (KHTML, like Gecko) Chrome/131.0.0.0 Safari/537.36; compatible; OAI-SearchBot/1.4; +https://openai.com/searchbot"
74.7.243.223 - - [16/Jun/2026:18:58:18 +0000] "GET /ile-zarabia-komornik-prawda-o-wynagrodzeniach/ HTTP/1.1" 200 22774 "https://fakturki24.pl/?p=1210" "Mozilla/5.0 AppleWebKit/537.36 (KHTML, like Gecko; compatible; GPTBot/1.4; +https://openai.com/gptbot)"
74.7.242.174 - - [16/Jun/2026:18:58:19 +0000] "GET /ile-zarabia-pielegniarka-w-polsce-sprawdz-teraz/ HTTP/1.1" 200 21440 "https://fakturki24.pl/zarobki-doktora-na-uczelni-sprawdz-aktualne-dane/" "Mozilla/5.0 (Macintosh; Intel Mac OS X 10_15_7) AppleWebKit/537.36 (KHTML, like Gecko) Chrome/131.0.0.0 Safari/537.36; compatible; OAI-SearchBot/1.4; +https://openai.com/searchbot"
74.7.243.223 - - [16/Jun/2026:18:58:19 +0000] "GET /zarobki-nauczyciela-klas-1-3-w-polsce-2023/feed/ HTTP/1.1" 200 887 "https://fakturki24.pl/?p=1210" "Mozilla/5.0 AppleWebKit/537.36 (KHTML, like Gecko; compatible; GPTBot/1.4; +https://openai.com/gptbot)"
74.7.243.223 - - [16/Jun/2026:18:58:20 +0000] "GET /wp-json/wp/v2/posts/1210 HTTP/1.1" 200 5885 "https://fakturki24.pl/?p=1210" "Mozilla/5.0 AppleWebKit/537.36 (KHTML, like Gecko; compatible; GPTBot/1.4; +https://openai.com/gptbot)"
145.239.92.44 - - [16/Jun/2026:18:58:20 +0000] "GET /wp-content/uploads/2025/10/obraz_1-1024x699.jpg HTTP/1.1" 200 78001 "-" "-"
74.7.242.174 - - [16/Jun/2026:18:58:20 +0000] "GET /dzialalnosc-nierejestrowana-vs-zarejestrowana-w-ceidg/ HTTP/1.1" 200 18533 "https://fakturki24.pl/zarobki-doktora-na-uczelni-sprawdz-aktualne-dane/" "Mozilla/5.0 (Macintosh; Intel Mac OS X 10_15_7) AppleWebKit/537.36 (KHTML, like Gecko) Chrome/131.0.0.0 Safari/537.36; compatible; OAI-SearchBot/1.4; +https://openai.com/searchbot"
74.7.243.223 - - [16/Jun/2026:18:58:21 +0000] "GET /?p=1175 HTTP/1.1" 301 5 "https://fakturki24.pl/zarobki-smieciarza-w-polsce-sprawdz-teraz/" "Mozilla/5.0 AppleWebKit/537.36 (KHTML, like Gecko; compatible; GPTBot/1.4; +https://openai.com/gptbot)"
74.7.228.248 - - [16/Jun/2026:18:58:21 +0000] "GET /przecietne-zarobki-polakow-netto-odkryj-fakty/ HTTP/1.1" 200 20964 "https://fakturki24.pl/zarobki-doktora-na-uczelni-sprawdz-aktualne-dane/" "Mozilla/5.0 (Macintosh; Intel Mac OS X 10_15_7) AppleWebKit/537.36 (KHTML, like Gecko) Chrome/131.0.0.0 Safari/537.36; compatible; OAI-SearchBot/1.4; +https://openai.com/searchbot"
74.7.243.223 - - [16/Jun/2026:18:58:22 +0000] "GET /zarobki-smieciarza-w-polsce-sprawdz-teraz/ HTTP/1.1" 200 22365 "https://fakturki24.pl/?p=1175" "Mozilla/5.0 AppleWebKit/537.36 (KHTML, like Gecko; compatible; GPTBot/1.4; +https://openai.com/gptbot)"
74.7.229.210 - - [16/Jun/2026:18:58:22 +0000] "GET /wynagrodzenie-zolnierzy-zawodowych-w-polsce/ HTTP/1.1" 200 22104 "https://fakturki24.pl/zarobki-doktora-na-uczelni-sprawdz-aktualne-dane/" "Mozilla/5.0 (Macintosh; Intel Mac OS X 10_15_7) AppleWebKit/537.36 (KHTML, like Gecko) Chrome/131.0.0.0 Safari/537.36; compatible; OAI-SearchBot/1.4; +https://openai.com/searchbot"
74.7.243.223 - - [16/Jun/2026:18:58:23 +0000] "GET /?p=487 HTTP/1.1" 301 5 "https://fakturki24.pl/zarobki-architekta-w-polsce-ile-zarabia-architekt/" "Mozilla/5.0 AppleWebKit/537.36 (KHTML, like Gecko; compatible; GPTBot/1.4; +https://openai.com/gptbot)"
47.76.98.175 - - [16/Jun/2026:18:58:23 +0000] "GET /?p=1038 HTTP/1.1" 301 5 "-" "Mozilla/5.0 (Windows NT 10.0; Win64; x64) AppleWebKit/537.36 (KHTML, like Gecko) Chrome/116.0.0.0 Safari/537.36"
74.7.243.223 - - [16/Jun/2026:18:58:23 +0000] "GET /?p=1238 HTTP/1.1" 301 5 "https://fakturki24.pl/ile-zarabia-opiekun-medyczny-w-szpitalu-fakty/" "Mozilla/5.0 AppleWebKit/537.36 (KHTML, like Gecko; compatible; GPTBot/1.4; +https://openai.com/gptbot)"
74.7.243.223 - - [16/Jun/2026:18:58:24 +0000] "GET /jak-usprawnic-obieg-dokumentow-w-firmie-dzieki-nowoczesnym-rozwiazaniom-it/ HTTP/1.1" 200 18593 "https://fakturki24.pl/ile-zarabia-opiekun-medyczny-w-szpitalu-fakty/" "Mozilla/5.0 AppleWebKit/537.36 (KHTML, like Gecko; compatible; GPTBot/1.4; +https://openai.com/gptbot)"
47.76.98.175 - - [16/Jun/2026:18:58:25 +0000] "GET /wynagrodzenie-policjanta-kryminalnego-w-polsce/ HTTP/1.1" 200 22355 "-" "Mozilla/5.0 (Windows NT 10.0; Win64; x64) AppleWebKit/537.36 (KHTML, like Gecko) Chrome/116.0.0.0 Safari/537.36"
74.7.243.223 - - [16/Jun/2026:18:58:25 +0000] "GET /?p=1875 HTTP/1.1" 301 5 "https://fakturki24.pl/rosnaca-popularnosc-kasyn-online-w-polsce-nowa-era-rozrywki/" "Mozilla/5.0 AppleWebKit/537.36 (KHTML, like Gecko; compatible; GPTBot/1.4; +https://openai.com/gptbot)"
74.7.243.223 - - [16/Jun/2026:18:58:26 +0000] "GET /wp-json/wp/v2/posts/1875 HTTP/1.1" 200 4487 "https://fakturki24.pl/rosnaca-popularnosc-kasyn-online-w-polsce-nowa-era-rozrywki/" "Mozilla/5.0 AppleWebKit/537.36 (KHTML, like Gecko; compatible; GPTBot/1.4; +https://openai.com/gptbot)"
74.7.243.223 - - [16/Jun/2026:18:58:27 +0000] "GET /wp-json/oembed/1.0/embed?url=https%3A%2F%2Ffakturki24.pl%2Frosnaca-popularnosc-kasyn-online-w-polsce-nowa-era-rozrywki%2F HTTP/1.1" 200 1119 "https://fakturki24.pl/rosnaca-popularnosc-kasyn-online-w-polsce-nowa-era-rozrywki/" "Mozilla/5.0 AppleWebKit/537.36 (KHTML, like Gecko; compatible; GPTBot/1.4; +https://openai.com/gptbot)"
74.7.243.223 - - [16/Jun/2026:18:58:28 +0000] "GET /?p=1772 HTTP/1.1" 301 5 "https://fakturki24.pl/kalkulator-raty-kredytu-gotowkowego-w-czym-moze-ci-pomoc/" "Mozilla/5.0 AppleWebKit/537.36 (KHTML, like Gecko; compatible; GPTBot/1.4; +https://openai.com/gptbot)"
74.7.243.223 - - [16/Jun/2026:18:58:29 +0000] "GET /kalkulator-raty-kredytu-gotowkowego-w-czym-moze-ci-pomoc/ HTTP/1.1" 200 18024 "https://fakturki24.pl/?p=1772" "Mozilla/5.0 AppleWebKit/537.36 (KHTML, like Gecko; compatible; GPTBot/1.4; +https://openai.com/gptbot)"
74.7.243.223 - - [16/Jun/2026:18:58:30 +0000] "GET /?p=1101 HTTP/1.1" 301 5 "https://fakturki24.pl/ile-zarabia-komornik-prawda-o-wynagrodzeniach/" "Mozilla/5.0 AppleWebKit/537.36 (KHTML, like Gecko; compatible; GPTBot/1.4; +https://openai.com/gptbot)"
74.7.229.159 - - [16/Jun/2026:18:58:30 +0000] "GET /3-funkcjonalnosci-jakie-posiada-program-do-wystawiania-faktur/ HTTP/1.1" 200 17657 "https://fakturki24.pl/zarobki-doktora-na-uczelni-sprawdz-aktualne-dane/" "Mozilla/5.0 (Macintosh; Intel Mac OS X 10_15_7) AppleWebKit/537.36 (KHTML, like Gecko) Chrome/131.0.0.0 Safari/537.36; compatible; OAI-SearchBot/1.4; +https://openai.com/searchbot"
74.7.243.223 - - [16/Jun/2026:18:58:31 +0000] "GET /?p=1043 HTTP/1.1" 301 5 "https://fakturki24.pl/ile-zarabia-pielegniarka-w-polsce-sprawdz-teraz/" "Mozilla/5.0 AppleWebKit/537.36 (KHTML, like Gecko; compatible; GPTBot/1.4; +https://openai.com/gptbot)"
74.7.229.162 - - [16/Jun/2026:18:58:31 +0000] "GET /xmlrpc.php HTTP/1.1" 403 193 "https://fakturki24.pl/zarobki-doktora-na-uczelni-sprawdz-aktualne-dane/" "Mozilla/5.0 (Macintosh; Intel Mac OS X 10_15_7) AppleWebKit/537.36 (KHTML, like Gecko) Chrome/131.0.0.0 Safari/537.36; compatible; OAI-SearchBot/1.4; +https://openai.com/searchbot"
74.7.243.223 - - [16/Jun/2026:18:58:32 +0000] "GET /ile-zarabia-pielegniarka-w-polsce-sprawdz-teraz/ HTTP/1.1" 200 21567 "https://fakturki24.pl/?p=1043" "Mozilla/5.0 AppleWebKit/537.36 (KHTML, like Gecko; compatible; GPTBot/1.4; +https://openai.com/gptbot)"
74.7.243.223 - - [16/Jun/2026:18:58:33 +0000] "GET /?p=1798 HTTP/1.1" 301 5 "https://fakturki24.pl/dzialalnosc-nierejestrowana-vs-zarejestrowana-w-ceidg/" "Mozilla/5.0 AppleWebKit/537.36 (KHTML, like Gecko; compatible; GPTBot/1.4; +https://openai.com/gptbot)"
74.7.243.223 - - [16/Jun/2026:18:58:34 +0000] "GET /dzialalnosc-nierejestrowana-vs-zarejestrowana-w-ceidg/ HTTP/1.1" 200 18570 "https://fakturki24.pl/?p=1798" "Mozilla/5.0 AppleWebKit/537.36 (KHTML, like Gecko; compatible; GPTBot/1.4; +https://openai.com/gptbot)"
74.7.243.223 - - [16/Jun/2026:18:58:35 +0000] "GET /?p=1533 HTTP/1.1" 301 5 "https://fakturki24.pl/przecietne-zarobki-polakow-netto-odkryj-fakty/" "Mozilla/5.0 AppleWebKit/537.36 (KHTML, like Gecko; compatible; GPTBot/1.4; +https://openai.com/gptbot)"
74.7.243.223 - - [16/Jun/2026:18:58:36 +0000] "GET /przecietne-zarobki-polakow-netto-odkryj-fakty/ HTTP/1.1" 200 20963 "https://fakturki24.pl/?p=1533" "Mozilla/5.0 AppleWebKit/537.36 (KHTML, like Gecko; compatible; GPTBot/1.4; +https://openai.com/gptbot)"
74.7.243.223 - - [16/Jun/2026:18:58:37 +0000] "GET /?p=949 HTTP/1.1" 301 5 "https://fakturki24.pl/wynagrodzenie-zolnierzy-zawodowych-w-polsce/" "Mozilla/5.0 AppleWebKit/537.36 (KHTML, like Gecko; compatible; GPTBot/1.4; +https://openai.com/gptbot)"
74.7.243.223 - - [16/Jun/2026:18:58:38 +0000] "GET /wynagrodzenie-zolnierzy-zawodowych-w-polsce/ HTTP/1.1" 200 21983 "https://fakturki24.pl/?p=949" "Mozilla/5.0 AppleWebKit/537.36 (KHTML, like Gecko; compatible; GPTBot/1.4; +https://openai.com/gptbot)"
74.7.229.159 - - [16/Jun/2026:18:58:38 +0000] "GET /wp-content/plugins/elementor-pro/modules/lottie/assets/animations/default.json HTTP/1.1" 200 15573 "https://fakturki24.pl/zarobki-doktora-na-uczelni-sprawdz-aktualne-dane/" "Mozilla/5.0 (Macintosh; Intel Mac OS X 10_15_7) AppleWebKit/537.36 (KHTML, like Gecko) Chrome/131.0.0.0 Safari/537.36; compatible; OAI-SearchBot/1.4; +https://openai.com/searchbot"
74.7.243.223 - - [16/Jun/2026:18:58:39 +0000] "GET /?p=552 HTTP/1.1" 301 5 "https://fakturki24.pl/zarobki-psychologow-w-polsce-fakty-i-liczby/" "Mozilla/5.0 AppleWebKit/537.36 (KHTML, like Gecko; compatible; GPTBot/1.4; +https://openai.com/gptbot)"
74.7.243.223 - - [16/Jun/2026:18:58:40 +0000] "GET /zarobki-psychologow-w-polsce-fakty-i-liczby/ HTTP/1.1" 200 22667 "https://fakturki24.pl/?p=552" "Mozilla/5.0 AppleWebKit/537.36 (KHTML, like Gecko; compatible; GPTBot/1.4; +https://openai.com/gptbot)"
74.7.242.174 - - [16/Jun/2026:18:58:40 +0000] "GET /category/podatki/ HTTP/1.1" 200 15102 "https://fakturki24.pl/zarobki-doktora-na-uczelni-sprawdz-aktualne-dane/" "Mozilla/5.0 (Macintosh; Intel Mac OS X 10_15_7) AppleWebKit/537.36 (KHTML, like Gecko) Chrome/131.0.0.0 Safari/537.36; compatible; OAI-SearchBot/1.4; +https://openai.com/searchbot"
74.7.243.223 - - [16/Jun/2026:18:58:40 +0000] "GET /?p=1805 HTTP/1.1" 301 5 "https://fakturki24.pl/jak-usprawnic-obieg-dokumentow-w-firmie-dzieki-nowoczesnym-rozwiazaniom-it/" "Mozilla/5.0 AppleWebKit/537.36 (KHTML, like Gecko; compatible; GPTBot/1.4; +https://openai.com/gptbot)"
74.7.229.162 - - [16/Jun/2026:18:58:41 +0000] "GET /category/finanse/ HTTP/1.1" 200 16405 "https://fakturki24.pl/zarobki-doktora-na-uczelni-sprawdz-aktualne-dane/" "Mozilla/5.0 (Macintosh; Intel Mac OS X 10_15_7) AppleWebKit/537.36 (KHTML, like Gecko) Chrome/131.0.0.0 Safari/537.36; compatible; OAI-SearchBot/1.4; +https://openai.com/searchbot"
74.7.243.223 - - [16/Jun/2026:18:58:41 +0000] "GET /?p=662 HTTP/1.1" 301 5 "https://fakturki24.pl/ile-zarabia-dentysta-w-polsce-fakty-i-cyfry/" "Mozilla/5.0 AppleWebKit/537.36 (KHTML, like Gecko; compatible; GPTBot/1.4; +https://openai.com/gptbot)"
74.7.243.223 - - [16/Jun/2026:18:58:42 +0000] "GET /wp-content/uploads/2025/05/zamyka-w-gore-szczegolu-fachowy-powazny-ksiegowy-obsiadanie-w-lekkim-biurze-sprawdza-firmy-finanse-zyski-na-kalkulatorze-1-1024x683.jpg HTTP/1.1" 200 79080 "https://fakturki24.pl/kalkulator-raty-kredytu-gotowkowego-w-czym-moze-ci-pomoc/" "Mozilla/5.0 AppleWebKit/537.36 (KHTML, like Gecko; compatible; GPTBot/1.4; +https://openai.com/gptbot)"
74.7.243.223 - - [16/Jun/2026:18:58:42 +0000] "GET /wp-content/uploads/2025/05/zamyka-w-gore-szczegolu-fachowy-powazny-ksiegowy-obsiadanie-w-lekkim-biurze-sprawdza-firmy-finanse-zyski-na-kalkulatorze-1-930x620.jpg HTTP/1.1" 200 68516 "https://fakturki24.pl/kalkulator-raty-kredytu-gotowkowego-w-czym-moze-ci-pomoc/" "Mozilla/5.0 AppleWebKit/537.36 (KHTML, like Gecko; compatible; GPTBot/1.4; +https://openai.com/gptbot)"
74.7.228.248 - - [16/Jun/2026:18:58:42 +0000] "GET /category/faktury/ HTTP/1.1" 200 16027 "https://fakturki24.pl/zarobki-doktora-na-uczelni-sprawdz-aktualne-dane/" "Mozilla/5.0 (Macintosh; Intel Mac OS X 10_15_7) AppleWebKit/537.36 (KHTML, like Gecko) Chrome/131.0.0.0 Safari/537.36; compatible; OAI-SearchBot/1.4; +https://openai.com/searchbot"
74.7.243.223 - - [16/Jun/2026:18:58:42 +0000] "GET /wp-content/uploads/2025/06/wesley-tingey-snnhkz-mgfe-unsplash-930x620.jpg HTTP/1.1" 200 91200 "https://fakturki24.pl/jak-usprawnic-obieg-dokumentow-w-firmie-dzieki-nowoczesnym-rozwiazaniom-it/" "Mozilla/5.0 AppleWebKit/537.36 (KHTML, like Gecko; compatible; GPTBot/1.4; +https://openai.com/gptbot)"
74.7.243.223 - - [16/Jun/2026:18:58:43 +0000] "GET /wp-content/uploads/2025/05/zamyka-w-gore-szczegolu-fachowy-powazny-ksiegowy-obsiadanie-w-lekkim-biurze-sprawdza-firmy-finanse-zyski-na-kalkulatorze-1-scaled.jpg HTTP/1.1" 200 329845 "https://fakturki24.pl/kalkulator-raty-kredytu-gotowkowego-w-czym-moze-ci-pomoc/" "Mozilla/5.0 AppleWebKit/537.36 (KHTML, like Gecko; compatible; GPTBot/1.4; +https://openai.com/gptbot)"
74.7.243.223 - - [16/Jun/2026:18:58:44 +0000] "GET /wp-content/uploads/2024/10/ile-zarabia-psycholog.jpg HTTP/1.1" 200 108707 "https://fakturki24.pl/zarobki-psychologow-w-polsce-fakty-i-liczby/" "Mozilla/5.0 AppleWebKit/537.36 (KHTML, like Gecko; compatible; GPTBot/1.4; +https://openai.com/gptbot)"
74.7.228.247 - - [16/Jun/2026:18:58:44 +0000] "GET /category/prawo/ HTTP/1.1" 200 16286 "https://fakturki24.pl/zarobki-doktora-na-uczelni-sprawdz-aktualne-dane/" "Mozilla/5.0 (Macintosh; Intel Mac OS X 10_15_7) AppleWebKit/537.36 (KHTML, like Gecko) Chrome/131.0.0.0 Safari/537.36; compatible; OAI-SearchBot/1.4; +https://openai.com/searchbot"
74.7.243.223 - - [16/Jun/2026:18:58:45 +0000] "GET /kabiny-akustyczne-w-przestrzeniach-biurowych-komfort-pracy-na-nowym-poziomie/ HTTP/1.1" 200 18334 "https://fakturki24.pl/?p=1798" "Mozilla/5.0 AppleWebKit/537.36 (KHTML, like Gecko; compatible; GPTBot/1.4; +https://openai.com/gptbot)"
74.7.243.223 - - [16/Jun/2026:18:58:45 +0000] "GET /wp-content/uploads/2024/10/ile-zarabia-zolnierz-zawodowy.jpg HTTP/1.1" 200 120864 "https://fakturki24.pl/wynagrodzenie-zolnierzy-zawodowych-w-polsce/" "Mozilla/5.0 AppleWebKit/537.36 (KHTML, like Gecko; compatible; GPTBot/1.4; +https://openai.com/gptbot)"
74.7.228.248 - - [16/Jun/2026:18:58:45 +0000] "GET /category/firma/ HTTP/1.1" 200 16083 "https://fakturki24.pl/zarobki-doktora-na-uczelni-sprawdz-aktualne-dane/" "Mozilla/5.0 (Macintosh; Intel Mac OS X 10_15_7) AppleWebKit/537.36 (KHTML, like Gecko) Chrome/131.0.0.0 Safari/537.36; compatible; OAI-SearchBot/1.4; +https://openai.com/searchbot"
74.7.243.223 - - [16/Jun/2026:18:58:47 +0000] "GET /zarobki-mechanika-w-polsce-ile-zarabiaja-na-rynku/ HTTP/1.1" 200 20913 "https://fakturki24.pl/?p=949" "Mozilla/5.0 AppleWebKit/537.36 (KHTML, like Gecko; compatible; GPTBot/1.4; +https://openai.com/gptbot)"
74.7.243.223 - - [16/Jun/2026:18:58:48 +0000] "GET /?p=1710 HTTP/1.1" 301 5 "https://fakturki24.pl/3-funkcjonalnosci-jakie-posiada-program-do-wystawiania-faktur/" "Mozilla/5.0 AppleWebKit/537.36 (KHTML, like Gecko; compatible; GPTBot/1.4; +https://openai.com/gptbot)"
74.7.243.223 - - [16/Jun/2026:18:58:49 +0000] "GET /3-funkcjonalnosci-jakie-posiada-program-do-wystawiania-faktur/ HTTP/1.1" 200 17585 "https://fakturki24.pl/?p=1710" "Mozilla/5.0 AppleWebKit/537.36 (KHTML, like Gecko; compatible; GPTBot/1.4; +https://openai.com/gptbot)"
74.7.243.223 - - [16/Jun/2026:18:58:50 +0000] "GET /zarobki-w-niemczech-ile-dostaniesz-na-reke/ HTTP/1.1" 200 22104 "https://fakturki24.pl/?p=1533" "Mozilla/5.0 AppleWebKit/537.36 (KHTML, like Gecko; compatible; GPTBot/1.4; +https://openai.com/gptbot)"
74.7.243.223 - - [16/Jun/2026:18:58:51 +0000] "GET /stawki-opiekunek-na-godzine-dowiedz-sie-wiecej/ HTTP/1.1" 200 21186 "https://fakturki24.pl/?p=1043" "Mozilla/5.0 AppleWebKit/537.36 (KHTML, like Gecko; compatible; GPTBot/1.4; +https://openai.com/gptbot)"
74.7.243.223 - - [16/Jun/2026:18:58:51 +0000] "GET /wp-content/uploads/2024/10/ile-zarabia-psycholog-1024x585.jpg HTTP/1.1" 200 71880 "https://fakturki24.pl/zarobki-psychologow-w-polsce-fakty-i-liczby/" "Mozilla/5.0 AppleWebKit/537.36 (KHTML, like Gecko; compatible; GPTBot/1.4; +https://openai.com/gptbot)"
74.7.229.159 - - [16/Jun/2026:18:58:52 +0000] "GET /category/praca/ HTTP/1.1" 200 15979 "https://fakturki24.pl/zarobki-doktora-na-uczelni-sprawdz-aktualne-dane/" "Mozilla/5.0 (Macintosh; Intel Mac OS X 10_15_7) AppleWebKit/537.36 (KHTML, like Gecko) Chrome/131.0.0.0 Safari/537.36; compatible; OAI-SearchBot/1.4; +https://openai.com/searchbot"
74.7.243.223 - - [16/Jun/2026:18:58:52 +0000] "GET /wp-content/uploads/2024/10/ile-zarabia-pielegniarka-1.jpg HTTP/1.1" 200 108750 "https://fakturki24.pl/ile-zarabia-pielegniarka-w-polsce-sprawdz-teraz/" "Mozilla/5.0 AppleWebKit/537.36 (KHTML, like Gecko; compatible; GPTBot/1.4; +https://openai.com/gptbot)"
74.7.229.210 - - [16/Jun/2026:18:58:53 +0000] "GET /category/ksiegowosc/ HTTP/1.1" 200 16077 "https://fakturki24.pl/zarobki-doktora-na-uczelni-sprawdz-aktualne-dane/" "Mozilla/5.0 (Macintosh; Intel Mac OS X 10_15_7) AppleWebKit/537.36 (KHTML, like Gecko) Chrome/131.0.0.0 Safari/537.36; compatible; OAI-SearchBot/1.4; +https://openai.com/searchbot"
74.7.243.223 - - [16/Jun/2026:18:58:53 +0000] "GET /jak-przygotowac-sie-na-kontrole-itd-w-zakresie-rozliczania-czasu-pracy-kierowcow/ HTTP/1.1" 200 17742 "https://fakturki24.pl/?p=1798" "Mozilla/5.0 AppleWebKit/537.36 (KHTML, like Gecko; compatible; GPTBot/1.4; +https://openai.com/gptbot)"
74.7.242.174 - - [16/Jun/2026:18:58:54 +0000] "GET /wp-json/oembed/1.0/embed?url=https%3A%2F%2Ffakturki24.pl%2Fzarobki-doktora-na-uczelni-sprawdz-aktualne-dane%2F HTTP/1.1" 200 1182 "https://fakturki24.pl/zarobki-doktora-na-uczelni-sprawdz-aktualne-dane/" "Mozilla/5.0 (Macintosh; Intel Mac OS X 10_15_7) AppleWebKit/537.36 (KHTML, like Gecko) Chrome/131.0.0.0 Safari/537.36; compatible; OAI-SearchBot/1.4; +https://openai.com/searchbot"
74.7.243.223 - - [16/Jun/2026:18:58:54 +0000] "GET /ochrona-kierowcy-i-floty-zakres-polis-klauzule-i-likwidacja-szkod/ HTTP/1.1" 200 20125 "https://fakturki24.pl/?p=1043" "Mozilla/5.0 AppleWebKit/537.36 (KHTML, like Gecko; compatible; GPTBot/1.4; +https://openai.com/gptbot)"
74.7.243.223 - - [16/Jun/2026:18:58:55 +0000] "GET /zarobki-ronaldo-na-minute-odkryj-kwoty/ HTTP/1.1" 200 20310 "https://fakturki24.pl/?p=1175" "Mozilla/5.0 AppleWebKit/537.36 (KHTML, like Gecko; compatible; GPTBot/1.4; +https://openai.com/gptbot)"
74.7.243.223 - - [16/Jun/2026:18:58:56 +0000] "GET /?p=1777 HTTP/1.1" 301 5 "https://fakturki24.pl/kabiny-akustyczne-w-przestrzeniach-biurowych-komfort-pracy-na-nowym-poziomie/" "Mozilla/5.0 AppleWebKit/537.36 (KHTML, like Gecko; compatible; GPTBot/1.4; +https://openai.com/gptbot)"
74.7.243.13 - - [16/Jun/2026:18:58:56 +0000] "GET /zarobki-doktora-na-uczelni-sprawdz-aktualne-dane/feed/ HTTP/1.1" 200 910 "https://fakturki24.pl/zarobki-doktora-na-uczelni-sprawdz-aktualne-dane/" "Mozilla/5.0 (Macintosh; Intel Mac OS X 10_15_7) AppleWebKit/537.36 (KHTML, like Gecko) Chrome/131.0.0.0 Safari/537.36; compatible; OAI-SearchBot/1.4; +https://openai.com/searchbot"
74.7.243.223 - - [16/Jun/2026:18:58:57 +0000] "GET /ile-zarabia-inzynier-w-polsce-sprawdz-wynagrodzenia/ HTTP/1.1" 200 21290 "https://fakturki24.pl/?p=1772" "Mozilla/5.0 AppleWebKit/537.36 (KHTML, like Gecko; compatible; GPTBot/1.4; +https://openai.com/gptbot)"
74.7.243.13 - - [16/Jun/2026:18:58:57 +0000] "GET /wp-json/oembed/1.0/embed?format=xml&url=https%3A%2F%2Ffakturki24.pl%2Fzarobki-doktora-na-uczelni-sprawdz-aktualne-dane%2F HTTP/1.1" 200 1223 "https://fakturki24.pl/zarobki-doktora-na-uczelni-sprawdz-aktualne-dane/" "Mozilla/5.0 (Macintosh; Intel Mac OS X 10_15_7) AppleWebKit/537.36 (KHTML, like Gecko) Chrome/131.0.0.0 Safari/537.36; compatible; OAI-SearchBot/1.4; +https://openai.com/searchbot"
74.7.243.223 - - [16/Jun/2026:18:58:58 +0000] "GET /?p=628 HTTP/1.1" 301 5 "https://fakturki24.pl/zarobki-mechanika-w-polsce-ile-zarabiaja-na-rynku/" "Mozilla/5.0 AppleWebKit/537.36 (KHTML, like Gecko; compatible; GPTBot/1.4; +https://openai.com/gptbot)"
74.7.243.223 - - [16/Jun/2026:18:58:59 +0000] "GET /ile-zarabia-weterynarz-w-polsce-przeglad-wynagrodzen/ HTTP/1.1" 200 20704 "https://fakturki24.pl/?p=552" "Mozilla/5.0 AppleWebKit/537.36 (KHTML, like Gecko; compatible; GPTBot/1.4; +https://openai.com/gptbot)"
74.7.243.223 - - [16/Jun/2026:18:59:00 +0000] "GET /?p=863 HTTP/1.1" 301 5 "https://fakturki24.pl/zarobki-w-niemczech-ile-dostaniesz-na-reke/" "Mozilla/5.0 AppleWebKit/537.36 (KHTML, like Gecko; compatible; GPTBot/1.4; +https://openai.com/gptbot)"
74.7.243.223 - - [16/Jun/2026:18:59:01 +0000] "GET /?p=1187 HTTP/1.1" 301 5 "https://fakturki24.pl/stawki-opiekunek-na-godzine-dowiedz-sie-wiecej/" "Mozilla/5.0 AppleWebKit/537.36 (KHTML, like Gecko; compatible; GPTBot/1.4; +https://openai.com/gptbot)"
74.7.243.223 - - [16/Jun/2026:18:59:02 +0000] "GET /zarobki-daniela-obajtka-aktualne-dane-finansowe/ HTTP/1.1" 200 21435 "https://fakturki24.pl/?p=552" "Mozilla/5.0 AppleWebKit/537.36 (KHTML, like Gecko; compatible; GPTBot/1.4; +https://openai.com/gptbot)"
74.7.243.223 - - [16/Jun/2026:18:59:03 +0000] "GET /zarobki-kierowcy-tira-w-europie-sprawdz-teraz/ HTTP/1.1" 200 22018 "https://fakturki24.pl/?p=1175" "Mozilla/5.0 AppleWebKit/537.36 (KHTML, like Gecko; compatible; GPTBot/1.4; +https://openai.com/gptbot)"
74.7.243.223 - - [16/Jun/2026:18:59:04 +0000] "GET /?p=1754 HTTP/1.1" 301 5 "https://fakturki24.pl/jak-przygotowac-sie-na-kontrole-itd-w-zakresie-rozliczania-czasu-pracy-kierowcow/" "Mozilla/5.0 AppleWebKit/537.36 (KHTML, like Gecko; compatible; GPTBot/1.4; +https://openai.com/gptbot)"
74.7.243.223 - - [16/Jun/2026:18:59:05 +0000] "GET /?p=1824 HTTP/1.1" 301 5 "https://fakturki24.pl/ochrona-kierowcy-i-floty-zakres-polis-klauzule-i-likwidacja-szkod/" "Mozilla/5.0 AppleWebKit/537.36 (KHTML, like Gecko; compatible; GPTBot/1.4; +https://openai.com/gptbot)"
74.7.243.223 - - [16/Jun/2026:18:59:06 +0000] "GET /?p=824 HTTP/1.1" 301 5 "https://fakturki24.pl/zarobki-ronaldo-na-minute-odkryj-kwoty/" "Mozilla/5.0 AppleWebKit/537.36 (KHTML, like Gecko; compatible; GPTBot/1.4; +https://openai.com/gptbot)"
74.7.243.223 - - [16/Jun/2026:18:59:06 +0000] "GET /wp-content/uploads/2025/04/jak-przygotowac-sie-na-kontrole-itd-w-zakresie-rozliczania-czasu-pracy-kierowcow-1.jpg HTTP/1.1" 200 477760 "https://fakturki24.pl/jak-przygotowac-sie-na-kontrole-itd-w-zakresie-rozliczania-czasu-pracy-kierowcow/" "Mozilla/5.0 AppleWebKit/537.36 (KHTML, like Gecko; compatible; GPTBot/1.4; +https://openai.com/gptbot)"
74.7.243.223 - - [16/Jun/2026:18:59:07 +0000] "GET /?p=1107 HTTP/1.1" 301 5 "https://fakturki24.pl/ile-zarabia-inzynier-w-polsce-sprawdz-wynagrodzenia/" "Mozilla/5.0 AppleWebKit/537.36 (KHTML, like Gecko; compatible; GPTBot/1.4; +https://openai.com/gptbot)"
74.7.243.223 - - [16/Jun/2026:18:59:08 +0000] "GET /ile-zarabia-budda-przewodnik-po-wynagrodzeniach/ HTTP/1.1" 200 22092 "https://fakturki24.pl/?p=552" "Mozilla/5.0 AppleWebKit/537.36 (KHTML, like Gecko; compatible; GPTBot/1.4; +https://openai.com/gptbot)"
74.7.243.223 - - [16/Jun/2026:18:59:09 +0000] "GET /?p=599 HTTP/1.1" 301 5 "https://fakturki24.pl/ile-zarabia-weterynarz-w-polsce-przeglad-wynagrodzen/" "Mozilla/5.0 AppleWebKit/537.36 (KHTML, like Gecko; compatible; GPTBot/1.4; +https://openai.com/gptbot)"
74.7.243.223 - - [16/Jun/2026:18:59:10 +0000] "GET /wp-content/uploads/2024/10/ile-zarabia-weterynarz-1024x585.jpg HTTP/1.1" 200 81392 "https://fakturki24.pl/ile-zarabia-weterynarz-w-polsce-przeglad-wynagrodzen/" "Mozilla/5.0 AppleWebKit/537.36 (KHTML, like Gecko; compatible; GPTBot/1.4; +https://openai.com/gptbot)"
74.7.243.223 - - [16/Jun/2026:18:59:11 +0000] "GET /zarobki-nauczycieli-w-polsce-ile-zarabia-nauczyciel/ HTTP/1.1" 200 21031 "https://fakturki24.pl/?p=1175" "Mozilla/5.0 AppleWebKit/537.36 (KHTML, like Gecko; compatible; GPTBot/1.4; +https://openai.com/gptbot)"
74.7.243.223 - - [16/Jun/2026:18:59:12 +0000] "GET /?p=896 HTTP/1.1" 301 5 "https://fakturki24.pl/zarobki-daniela-obajtka-aktualne-dane-finansowe/" "Mozilla/5.0 AppleWebKit/537.36 (KHTML, like Gecko; compatible; GPTBot/1.4; +https://openai.com/gptbot)"
74.7.243.223 - - [16/Jun/2026:18:59:13 +0000] "GET /?p=1243 HTTP/1.1" 301 5 "https://fakturki24.pl/zarobki-kierowcy-tira-w-europie-sprawdz-teraz/" "Mozilla/5.0 AppleWebKit/537.36 (KHTML, like Gecko; compatible; GPTBot/1.4; +https://openai.com/gptbot)"
74.7.243.223 - - [16/Jun/2026:18:59:14 +0000] "GET /ksef-bez-improwizacji-orkiestracja-procesu-ktora-skraca-kolejki-i-zamkniecie-miesiaca/ HTTP/1.1" 200 18530 "https://fakturki24.pl/?p=1175" "Mozilla/5.0 AppleWebKit/537.36 (KHTML, like Gecko; compatible; GPTBot/1.4; +https://openai.com/gptbot)"
74.7.243.223 - - [16/Jun/2026:18:59:15 +0000] "GET /zastaw-jako-narzedzie-rozwoju-jak-przedsiebiorcy-finansuja-inwestycje-bez-banku/ HTTP/1.1" 200 18752 "https://fakturki24.pl/?p=1772" "Mozilla/5.0 AppleWebKit/537.36 (KHTML, like Gecko; compatible; GPTBot/1.4; +https://openai.com/gptbot)"
74.7.243.223 - - [16/Jun/2026:18:59:16 +0000] "GET /ile-zarabia-youtuber-sprawdz-dochody-w-polsce/ HTTP/1.1" 200 21299 "https://fakturki24.pl/?p=949" "Mozilla/5.0 AppleWebKit/537.36 (KHTML, like Gecko; compatible; GPTBot/1.4; +https://openai.com/gptbot)"
74.7.243.223 - - [16/Jun/2026:18:59:17 +0000] "GET /zarobki-nauczyciela-wf-w-polsce-sprawdz-teraz/ HTTP/1.1" 200 20528 "https://fakturki24.pl/?p=1710" "Mozilla/5.0 AppleWebKit/537.36 (KHTML, like Gecko; compatible; GPTBot/1.4; +https://openai.com/gptbot)"
74.7.243.223 - - [16/Jun/2026:18:59:18 +0000] "GET /zarobki-lewandowskiego-na-minute-sprawdz-fakty/ HTTP/1.1" 200 21747 "https://fakturki24.pl/?p=1043" "Mozilla/5.0 AppleWebKit/537.36 (KHTML, like Gecko; compatible; GPTBot/1.4; +https://openai.com/gptbot)"
74.7.243.223 - - [16/Jun/2026:18:59:19 +0000] "GET /?p=830 HTTP/1.1" 301 5 "https://fakturki24.pl/ile-zarabia-budda-przewodnik-po-wynagrodzeniach/" "Mozilla/5.0 AppleWebKit/537.36 (KHTML, like Gecko; compatible; GPTBot/1.4; +https://openai.com/gptbot)"
74.7.243.223 - - [16/Jun/2026:18:59:20 +0000] "GET /?p=1500 HTTP/1.1" 301 5 "https://fakturki24.pl/zarobki-lewandowskiego-na-minute-sprawdz-fakty/" "Mozilla/5.0 AppleWebKit/537.36 (KHTML, like Gecko; compatible; GPTBot/1.4; +https://openai.com/gptbot)"
74.7.243.223 - - [16/Jun/2026:18:59:21 +0000] "GET /zarobki-burmistrza-ile-zarabia-burmistrz-miasta/ HTTP/1.1" 200 20447 "https://fakturki24.pl/?p=1710" "Mozilla/5.0 AppleWebKit/537.36 (KHTML, like Gecko; compatible; GPTBot/1.4; +https://openai.com/gptbot)"
74.7.243.223 - - [16/Jun/2026:18:59:23 +0000] "GET /ile-zarabia-nauczyciel-poczatkujacy-w-polsce/ HTTP/1.1" 200 21409 "https://fakturki24.pl/?p=1772" "Mozilla/5.0 AppleWebKit/537.36 (KHTML, like Gecko; compatible; GPTBot/1.4; +https://openai.com/gptbot)"
74.7.243.223 - - [16/Jun/2026:18:59:23 +0000] "GET /?p=502 HTTP/1.1" 301 5 "https://fakturki24.pl/zarobki-nauczycieli-w-polsce-ile-zarabia-nauczyciel/" "Mozilla/5.0 AppleWebKit/537.36 (KHTML, like Gecko; compatible; GPTBot/1.4; +https://openai.com/gptbot)"
74.7.243.223 - - [16/Jun/2026:18:59:25 +0000] "GET /jak-systemy-zarzadzania-drukiem-moga-zrewolucjonizowac-twoja-firme/ HTTP/1.1" 200 17890 "https://fakturki24.pl/?p=1533" "Mozilla/5.0 AppleWebKit/537.36 (KHTML, like Gecko; compatible; GPTBot/1.4; +https://openai.com/gptbot)"
74.7.243.223 - - [16/Jun/2026:18:59:26 +0000] "GET /zarobki-burmistrzow-w-polsce-odkryj-fakty/ HTTP/1.1" 200 20525 "https://fakturki24.pl/?p=1175" "Mozilla/5.0 AppleWebKit/537.36 (KHTML, like Gecko; compatible; GPTBot/1.4; +https://openai.com/gptbot)"
74.7.243.223 - - [16/Jun/2026:18:59:27 +0000] "GET /?p=2019 HTTP/1.1" 301 5 "https://fakturki24.pl/ksef-bez-improwizacji-orkiestracja-procesu-ktora-skraca-kolejki-i-zamkniecie-miesiaca/" "Mozilla/5.0 AppleWebKit/537.36 (KHTML, like Gecko; compatible; GPTBot/1.4; +https://openai.com/gptbot)"
74.7.243.223 - - [16/Jun/2026:18:59:27 +0000] "GET /?p=2026 HTTP/1.1" 301 5 "https://fakturki24.pl/zastaw-jako-narzedzie-rozwoju-jak-przedsiebiorcy-finansuja-inwestycje-bez-banku/" "Mozilla/5.0 AppleWebKit/537.36 (KHTML, like Gecko; compatible; GPTBot/1.4; +https://openai.com/gptbot)"
74.7.243.223 - - [16/Jun/2026:18:59:28 +0000] "GET /?p=1448 HTTP/1.1" 301 5 "https://fakturki24.pl/ile-zarabia-youtuber-sprawdz-dochody-w-polsce/" "Mozilla/5.0 AppleWebKit/537.36 (KHTML, like Gecko; compatible; GPTBot/1.4; +https://openai.com/gptbot)"
74.7.243.223 - - [16/Jun/2026:18:59:29 +0000] "GET /?p=1324 HTTP/1.1" 301 5 "https://fakturki24.pl/zarobki-nauczyciela-wf-w-polsce-sprawdz-teraz/" "Mozilla/5.0 AppleWebKit/537.36 (KHTML, like Gecko; compatible; GPTBot/1.4; +https://openai.com/gptbot)"
74.7.243.223 - - [16/Jun/2026:18:59:30 +0000] "GET /?p=1500 HTTP/1.1" 301 5 "https://fakturki24.pl/zarobki-lewandowskiego-na-minute-sprawdz-fakty/" "Mozilla/5.0 AppleWebKit/537.36 (KHTML, like Gecko; compatible; GPTBot/1.4; +https://openai.com/gptbot)"
74.7.243.223 - - [16/Jun/2026:18:59:31 +0000] "GET /jak-poprawic-swoja-zdolnosc-kredytowa/ HTTP/1.1" 200 17987 "https://fakturki24.pl/?p=1043" "Mozilla/5.0 AppleWebKit/537.36 (KHTML, like Gecko; compatible; GPTBot/1.4; +https://openai.com/gptbot)"
74.7.243.223 - - [16/Jun/2026:18:59:32 +0000] "GET /?p=1340 HTTP/1.1" 301 5 "https://fakturki24.pl/zarobki-burmistrza-ile-zarabia-burmistrz-miasta/" "Mozilla/5.0 AppleWebKit/537.36 (KHTML, like Gecko; compatible; GPTBot/1.4; +https://openai.com/gptbot)"
74.7.243.223 - - [16/Jun/2026:18:59:33 +0000] "GET /?p=1078 HTTP/1.1" 301 5 "https://fakturki24.pl/ile-zarabia-nauczyciel-poczatkujacy-w-polsce/" "Mozilla/5.0 AppleWebKit/537.36 (KHTML, like Gecko; compatible; GPTBot/1.4; +https://openai.com/gptbot)"
74.7.243.223 - - [16/Jun/2026:18:59:33 +0000] "GET /wp-content/uploads/2024/11/ile-zarabia-burmistrz-miasta-930x620.jpg HTTP/1.1" 200 96897 "https://fakturki24.pl/zarobki-burmistrza-ile-zarabia-burmistrz-miasta/" "Mozilla/5.0 AppleWebKit/537.36 (KHTML, like Gecko; compatible; GPTBot/1.4; +https://openai.com/gptbot)"
74.7.243.223 - - [16/Jun/2026:18:59:34 +0000] "GET /?p=1760 HTTP/1.1" 301 5 "https://fakturki24.pl/jak-systemy-zarzadzania-drukiem-moga-zrewolucjonizowac-twoja-firme/" "Mozilla/5.0 AppleWebKit/537.36 (KHTML, like Gecko; compatible; GPTBot/1.4; +https://openai.com/gptbot)"
74.7.243.223 - - [16/Jun/2026:18:59:35 +0000] "GET /?p=542 HTTP/1.1" 301 5 "https://fakturki24.pl/zarobki-burmistrzow-w-polsce-odkryj-fakty/" "Mozilla/5.0 AppleWebKit/537.36 (KHTML, like Gecko; compatible; GPTBot/1.4; +https://openai.com/gptbot)"
74.7.243.223 - - [16/Jun/2026:18:59:36 +0000] "GET /wp-content/uploads/2024/10/Minimalne-wynagrodzenie-nauczyciela-poczatkujacego-w-Polsce-1024x585.jpg HTTP/1.1" 200 97139 "https://fakturki24.pl/ile-zarabia-nauczyciel-poczatkujacy-w-polsce/" "Mozilla/5.0 AppleWebKit/537.36 (KHTML, like Gecko; compatible; GPTBot/1.4; +https://openai.com/gptbot)"
74.7.243.223 - - [16/Jun/2026:18:59:36 +0000] "GET /wp-content/uploads/2024/11/ile-zarabia-burmistrz-miasta.jpg HTTP/1.1" 200 147535 "https://fakturki24.pl/zarobki-burmistrza-ile-zarabia-burmistrz-miasta/" "Mozilla/5.0 AppleWebKit/537.36 (KHTML, like Gecko; compatible; GPTBot/1.4; +https://openai.com/gptbot)"
74.7.243.223 - - [16/Jun/2026:18:59:37 +0000] "GET /wynagrodzenie-prezydenta-polski-odkryj-fakty/ HTTP/1.1" 200 20541 "https://fakturki24.pl/?p=552" "Mozilla/5.0 AppleWebKit/537.36 (KHTML, like Gecko; compatible; GPTBot/1.4; +https://openai.com/gptbot)"
74.7.243.223 - - [16/Jun/2026:18:59:38 +0000] "GET /zarobki-psychoterapeuty-w-polsce-poznaj-fakty/ HTTP/1.1" 200 21263 "https://fakturki24.pl/?p=1710" "Mozilla/5.0 AppleWebKit/537.36 (KHTML, like Gecko; compatible; GPTBot/1.4; +https://openai.com/gptbot)"
74.7.243.223 - - [16/Jun/2026:18:59:40 +0000] "GET /ile-zarabia-spedytor-fakty-o-wynagrodzeniach/ HTTP/1.1" 200 21585 "https://fakturki24.pl/?p=1533" "Mozilla/5.0 AppleWebKit/537.36 (KHTML, like Gecko; compatible; GPTBot/1.4; +https://openai.com/gptbot)"
74.7.243.223 - - [16/Jun/2026:18:59:40 +0000] "GET /?p=1832 HTTP/1.1" 301 5 "https://fakturki24.pl/jak-poprawic-swoja-zdolnosc-kredytowa/" "Mozilla/5.0 AppleWebKit/537.36 (KHTML, like Gecko; compatible; GPTBot/1.4; +https://openai.com/gptbot)"
74.7.243.223 - - [16/Jun/2026:18:59:41 +0000] "GET /korzysci-z-outsourcingu-uslug-ksiegowych-dlaczego-warto-zatrudnic-profesjonalne-biuro/ HTTP/1.1" 200 16974 "https://fakturki24.pl/?p=1043" "Mozilla/5.0 AppleWebKit/537.36 (KHTML, like Gecko; compatible; GPTBot/1.4; +https://openai.com/gptbot)"
74.7.243.223 - - [16/Jun/2026:18:59:43 +0000] "GET /zarobki-pilkarzy-ile-zarabia-pilkarz-w-3-lidze/ HTTP/1.1" 200 20621 "https://fakturki24.pl/?p=1772" "Mozilla/5.0 AppleWebKit/537.36 (KHTML, like Gecko; compatible; GPTBot/1.4; +https://openai.com/gptbot)"
74.7.243.223 - - [16/Jun/2026:18:59:44 +0000] "GET /ile-zarabia-piekarz-w-polsce-wynagrodzenia-2023/ HTTP/1.1" 200 20815 "https://fakturki24.pl/?p=1175" "Mozilla/5.0 AppleWebKit/537.36 (KHTML, like Gecko; compatible; GPTBot/1.4; +https://openai.com/gptbot)"
74.7.243.223 - - [16/Jun/2026:18:59:45 +0000] "GET /ile-zarabia-policjant-w-2023-roku-sprawdz-pensje/ HTTP/1.1" 200 21470 "https://fakturki24.pl/?p=1533" "Mozilla/5.0 AppleWebKit/537.36 (KHTML, like Gecko; compatible; GPTBot/1.4; +https://openai.com/gptbot)"
74.7.243.223 - - [16/Jun/2026:18:59:46 +0000] "GET /ile-zarabia-adwokat-w-polsce-zobacz-dane-2023/ HTTP/1.1" 200 22176 "https://fakturki24.pl/?p=552" "Mozilla/5.0 AppleWebKit/537.36 (KHTML, like Gecko; compatible; GPTBot/1.4; +https://openai.com/gptbot)"
74.7.243.223 - - [16/Jun/2026:18:59:47 +0000] "GET /zarobki-lekarza-rezydenta-w-polsce-2023/ HTTP/1.1" 200 21371 "https://fakturki24.pl/?p=949" "Mozilla/5.0 AppleWebKit/537.36 (KHTML, like Gecko; compatible; GPTBot/1.4; +https://openai.com/gptbot)"
74.7.243.223 - - [16/Jun/2026:18:59:49 +0000] "GET /wynagrodzenie-majora-wojska-polskiego-2023/ HTTP/1.1" 200 20311 "https://fakturki24.pl/?p=949" "Mozilla/5.0 AppleWebKit/537.36 (KHTML, like Gecko; compatible; GPTBot/1.4; +https://openai.com/gptbot)"
74.7.243.223 - - [16/Jun/2026:18:59:50 +0000] "GET /?p=547 HTTP/1.1" 301 5 "https://fakturki24.pl/wynagrodzenie-prezydenta-polski-odkryj-fakty/" "Mozilla/5.0 AppleWebKit/537.36 (KHTML, like Gecko; compatible; GPTBot/1.4; +https://openai.com/gptbot)"
74.7.243.223 - - [16/Jun/2026:18:59:50 +0000] "GET /?p=1181 HTTP/1.1" 301 5 "https://fakturki24.pl/zarobki-psychoterapeuty-w-polsce-poznaj-fakty/" "Mozilla/5.0 AppleWebKit/537.36 (KHTML, like Gecko; compatible; GPTBot/1.4; +https://openai.com/gptbot)"
74.7.243.223 - - [16/Jun/2026:18:59:51 +0000] "GET /?p=728 HTTP/1.1" 301 5 "https://fakturki24.pl/ile-zarabia-spedytor-fakty-o-wynagrodzeniach/" "Mozilla/5.0 AppleWebKit/537.36 (KHTML, like Gecko; compatible; GPTBot/1.4; +https://openai.com/gptbot)"
74.7.243.223 - - [16/Jun/2026:18:59:52 +0000] "GET /zarobki-przedstawiciela-handlowego-w-polsce/ HTTP/1.1" 200 20803 "https://fakturki24.pl/wynagrodzenie-prezydenta-polski-odkryj-fakty/" "Mozilla/5.0 AppleWebKit/537.36 (KHTML, like Gecko; compatible; GPTBot/1.4; +https://openai.com/gptbot)"
74.7.243.223 - - [16/Jun/2026:18:59:53 +0000] "GET /?p=104 HTTP/1.1" 301 5 "https://fakturki24.pl/korzysci-z-outsourcingu-uslug-ksiegowych-dlaczego-warto-zatrudnic-profesjonalne-biuro/" "Mozilla/5.0 AppleWebKit/537.36 (KHTML, like Gecko; compatible; GPTBot/1.4; +https://openai.com/gptbot)"
74.7.243.223 - - [16/Jun/2026:18:59:54 +0000] "GET /?p=1303 HTTP/1.1" 301 5 "https://fakturki24.pl/zarobki-pilkarzy-ile-zarabia-pilkarz-w-3-lidze/" "Mozilla/5.0 AppleWebKit/537.36 (KHTML, like Gecko; compatible; GPTBot/1.4; +https://openai.com/gptbot)"
74.7.243.223 - - [16/Jun/2026:18:59:55 +0000] "GET /?p=1170 HTTP/1.1" 301 5 "https://fakturki24.pl/ile-zarabia-piekarz-w-polsce-wynagrodzenia-2023/" "Mozilla/5.0 AppleWebKit/537.36 (KHTML, like Gecko; compatible; GPTBot/1.4; +https://openai.com/gptbot)"
74.7.243.223 - - [16/Jun/2026:18:59:56 +0000] "GET /?p=1415 HTTP/1.1" 301 5 "https://fakturki24.pl/ile-zarabia-policjant-w-2023-roku-sprawdz-pensje/" "Mozilla/5.0 AppleWebKit/537.36 (KHTML, like Gecko; compatible; GPTBot/1.4; +https://openai.com/gptbot)"
74.7.243.223 - - [16/Jun/2026:18:59:56 +0000] "GET /?p=1409 HTTP/1.1" 301 5 "https://fakturki24.pl/ile-zarabia-adwokat-w-polsce-zobacz-dane-2023/" "Mozilla/5.0 AppleWebKit/537.36 (KHTML, like Gecko; compatible; GPTBot/1.4; +https://openai.com/gptbot)"
74.7.243.223 - - [16/Jun/2026:18:59:57 +0000] "GET /?p=814 HTTP/1.1" 301 5 "https://fakturki24.pl/zarobki-lekarza-rezydenta-w-polsce-2023/" "Mozilla/5.0 AppleWebKit/537.36 (KHTML, like Gecko; compatible; GPTBot/1.4; +https://openai.com/gptbot)"
74.7.243.223 - - [16/Jun/2026:18:59:58 +0000] "GET /?p=1233 HTTP/1.1" 301 5 "https://fakturki24.pl/wynagrodzenie-majora-wojska-polskiego-2023/" "Mozilla/5.0 AppleWebKit/537.36 (KHTML, like Gecko; compatible; GPTBot/1.4; +https://openai.com/gptbot)"
74.7.243.223 - - [16/Jun/2026:18:59:59 +0000] "GET /wp-json/oembed/1.0/embed?format=xml&url=https%3A%2F%2Ffakturki24.pl%2Fzarobki-psychoterapeuty-w-polsce-poznaj-fakty%2F HTTP/1.1" 200 1210 "https://fakturki24.pl/zarobki-psychoterapeuty-w-polsce-poznaj-fakty/" "Mozilla/5.0 AppleWebKit/537.36 (KHTML, like Gecko; compatible; GPTBot/1.4; +https://openai.com/gptbot)"
74.7.243.223 - - [16/Jun/2026:19:00:00 +0000] "GET /zarobki-tlumacza-przysieglego-w-polsce-2023/ HTTP/1.1" 200 21832 "https://fakturki24.pl/?p=1710" "Mozilla/5.0 AppleWebKit/537.36 (KHTML, like Gecko; compatible; GPTBot/1.4; +https://openai.com/gptbot)"
74.7.243.223 - - [16/Jun/2026:19:00:01 +0000] "GET /wynagrodzenia-nauczycieli-w-2024-roku/ HTTP/1.1" 200 20739 "https://fakturki24.pl/?p=1710" "Mozilla/5.0 AppleWebKit/537.36 (KHTML, like Gecko; compatible; GPTBot/1.4; +https://openai.com/gptbot)"
74.7.243.223 - - [16/Jun/2026:19:00:02 +0000] "GET /?p=1089 HTTP/1.1" 301 5 "https://fakturki24.pl/zarobki-przedstawiciela-handlowego-w-polsce/" "Mozilla/5.0 AppleWebKit/537.36 (KHTML, like Gecko; compatible; GPTBot/1.4; +https://openai.com/gptbot)"
74.7.243.223 - - [16/Jun/2026:19:00:03 +0000] "GET /wp-content/uploads/2024/10/ile-zarabia-przedstawiciel-handlowy.jpg HTTP/1.1" 200 92555 "https://fakturki24.pl/zarobki-przedstawiciela-handlowego-w-polsce/" "Mozilla/5.0 AppleWebKit/537.36 (KHTML, like Gecko; compatible; GPTBot/1.4; +https://openai.com/gptbot)"
74.7.243.223 - - [16/Jun/2026:19:00:04 +0000] "GET /wp-json/oembed/1.0/embed?url=https%3A%2F%2Ffakturki24.pl%2Fksef-bez-improwizacji-orkiestracja-procesu-ktora-skraca-kolejki-i-zamkniecie-miesiaca%2F HTTP/1.1" 200 1207 "https://fakturki24.pl/ksef-bez-improwizacji-orkiestracja-procesu-ktora-skraca-kolejki-i-zamkniecie-miesiaca/" "Mozilla/5.0 AppleWebKit/537.36 (KHTML, like Gecko; compatible; GPTBot/1.4; +https://openai.com/gptbot)"
74.7.243.223 - - [16/Jun/2026:19:00:05 +0000] "GET /wp-json/oembed/1.0/embed?url=https%3A%2F%2Ffakturki24.pl%2Fjak-usprawnic-obieg-dokumentow-w-firmie-dzieki-nowoczesnym-rozwiazaniom-it%2F HTTP/1.1" 200 1226 "https://fakturki24.pl/jak-usprawnic-obieg-dokumentow-w-firmie-dzieki-nowoczesnym-rozwiazaniom-it/" "Mozilla/5.0 AppleWebKit/537.36 (KHTML, like Gecko; compatible; GPTBot/1.4; +https://openai.com/gptbot)"
74.7.243.223 - - [16/Jun/2026:19:00:06 +0000] "GET /wp-json/oembed/1.0/embed?url=https%3A%2F%2Ffakturki24.pl%2Fkabiny-akustyczne-w-przestrzeniach-biurowych-komfort-pracy-na-nowym-poziomie%2F HTTP/1.1" 200 1204 "https://fakturki24.pl/kabiny-akustyczne-w-przestrzeniach-biurowych-komfort-pracy-na-nowym-poziomie/" "Mozilla/5.0 AppleWebKit/537.36 (KHTML, like Gecko; compatible; GPTBot/1.4; +https://openai.com/gptbot)"
103.127.30.137 - - [16/Jun/2026:19:00:06 +0000] "GET /wp-login.php HTTP/1.1" 200 2953 "-" "Mozilla/5.0 (Windows NT 10.0; WOW64) AppleWebKit/537.36 (KHTML, like Gecko) Chrome/133.0.0.0 Safari/537.36"
20.215.188.204 - - [16/Jun/2026:19:00:07 +0000] "GET / HTTP/1.1" 200 19858 "-" "Mozilla/5.0 AppleWebKit/537.36 (KHTML, like Gecko); compatible; ChatGPT-User/1.0; +https://openai.com/bot"
74.7.243.223 - - [16/Jun/2026:19:00:07 +0000] "GET /ile-zarabia-piekarz-w-polsce-wynagrodzenia-2023/feed/ HTTP/1.1" 200 903 "https://fakturki24.pl/ile-zarabia-piekarz-w-polsce-wynagrodzenia-2023/" "Mozilla/5.0 AppleWebKit/537.36 (KHTML, like Gecko; compatible; GPTBot/1.4; +https://openai.com/gptbot)"
103.127.30.137 - - [16/Jun/2026:19:00:07 +0000] "POST /wp-login.php HTTP/1.1" 200 3079 "https://www.fakturki24.pl/wp-login.php" "Mozilla/5.0 (Windows NT 10.0; WOW64) AppleWebKit/537.36 (KHTML, like Gecko) Chrome/133.0.0.0 Safari/537.36"
74.7.243.223 - - [16/Jun/2026:19:00:08 +0000] "GET /wp-json/oembed/1.0/embed?url=https%3A%2F%2Ffakturki24.pl%2File-zarabia-dentysta-w-polsce-fakty-i-cyfry%2F HTTP/1.1" 200 1155 "https://fakturki24.pl/ile-zarabia-dentysta-w-polsce-fakty-i-cyfry/" "Mozilla/5.0 AppleWebKit/537.36 (KHTML, like Gecko; compatible; GPTBot/1.4; +https://openai.com/gptbot)"
74.7.243.223 - - [16/Jun/2026:19:00:08 +0000] "GET /wp-json/oembed/1.0/embed?url=https%3A%2F%2Ffakturki24.pl%2F3-funkcjonalnosci-jakie-posiada-program-do-wystawiania-faktur%2F HTTP/1.1" 200 1186 "https://fakturki24.pl/?p=1710" "Mozilla/5.0 AppleWebKit/537.36 (KHTML, like Gecko; compatible; GPTBot/1.4; +https://openai.com/gptbot)"
74.7.243.223 - - [16/Jun/2026:19:00:09 +0000] "GET /wp-json/oembed/1.0/embed?url=https%3A%2F%2Ffakturki24.pl%2Fzarobki-psychologow-w-polsce-fakty-i-liczby%2F HTTP/1.1" 200 1172 "https://fakturki24.pl/zarobki-psychologow-w-polsce-fakty-i-liczby/" "Mozilla/5.0 AppleWebKit/537.36 (KHTML, like Gecko; compatible; GPTBot/1.4; +https://openai.com/gptbot)"
74.7.243.223 - - [16/Jun/2026:19:00:10 +0000] "GET /?p=1271 HTTP/1.1" 301 5 "https://fakturki24.pl/zarobki-tlumacza-przysieglego-w-polsce-2023/" "Mozilla/5.0 AppleWebKit/537.36 (KHTML, like Gecko; compatible; GPTBot/1.4; +https://openai.com/gptbot)"
74.7.243.223 - - [16/Jun/2026:19:00:11 +0000] "GET /?p=1494 HTTP/1.1" 301 5 "https://fakturki24.pl/wynagrodzenia-nauczycieli-w-2024-roku/" "Mozilla/5.0 AppleWebKit/537.36 (KHTML, like Gecko; compatible; GPTBot/1.4; +https://openai.com/gptbot)"
74.7.243.223 - - [16/Jun/2026:19:00:12 +0000] "GET /zarobki-tlumacza-przysieglego-w-polsce-2023/feed/ HTTP/1.1" 200 893 "https://fakturki24.pl/zarobki-tlumacza-przysieglego-w-polsce-2023/" "Mozilla/5.0 AppleWebKit/537.36 (KHTML, like Gecko; compatible; GPTBot/1.4; +https://openai.com/gptbot)"
74.7.243.223 - - [16/Jun/2026:19:00:13 +0000] "GET /wp-json/oembed/1.0/embed?url=https%3A%2F%2Ffakturki24.pl%2Fzarobki-psychoterapeuty-w-polsce-poznaj-fakty%2F HTTP/1.1" 200 1171 "https://fakturki24.pl/zarobki-psychoterapeuty-w-polsce-poznaj-fakty/" "Mozilla/5.0 AppleWebKit/537.36 (KHTML, like Gecko; compatible; GPTBot/1.4; +https://openai.com/gptbot)"
74.7.243.223 - - [16/Jun/2026:19:00:14 +0000] "GET /wp-json/oembed/1.0/embed?url=https%3A%2F%2Ffakturki24.pl%2File-zarabia-nauczyciel-poczatkujacy-w-polsce%2F HTTP/1.1" 200 1166 "https://fakturki24.pl/ile-zarabia-nauczyciel-poczatkujacy-w-polsce/" "Mozilla/5.0 AppleWebKit/537.36 (KHTML, like Gecko; compatible; GPTBot/1.4; +https://openai.com/gptbot)"
74.7.243.223 - - [16/Jun/2026:19:00:14 +0000] "GET /wp-json/oembed/1.0/embed?url=https%3A%2F%2Ffakturki24.pl%2File-zarabia-weterynarz-w-polsce-przeglad-wynagrodzen%2F HTTP/1.1" 200 1173 "https://fakturki24.pl/ile-zarabia-weterynarz-w-polsce-przeglad-wynagrodzen/" "Mozilla/5.0 AppleWebKit/537.36 (KHTML, like Gecko; compatible; GPTBot/1.4; +https://openai.com/gptbot)"
74.7.243.223 - - [16/Jun/2026:19:00:15 +0000] "GET /wp-json/oembed/1.0/embed?url=https%3A%2F%2Ffakturki24.pl%2Fjak-systemy-zarzadzania-drukiem-moga-zrewolucjonizowac-twoja-firme%2F HTTP/1.1" 200 1196 "https://fakturki24.pl/jak-systemy-zarzadzania-drukiem-moga-zrewolucjonizowac-twoja-firme/" "Mozilla/5.0 AppleWebKit/537.36 (KHTML, like Gecko; compatible; GPTBot/1.4; +https://openai.com/gptbot)"
74.7.243.223 - - [16/Jun/2026:19:00:16 +0000] "GET /wp-json/oembed/1.0/embed?url=https%3A%2F%2Ffakturki24.pl%2Fzarobki-przedstawiciela-handlowego-w-polsce%2F HTTP/1.1" 200 1162 "https://fakturki24.pl/zarobki-przedstawiciela-handlowego-w-polsce/" "Mozilla/5.0 AppleWebKit/537.36 (KHTML, like Gecko; compatible; GPTBot/1.4; +https://openai.com/gptbot)"
74.7.243.223 - - [16/Jun/2026:19:00:17 +0000] "GET /wp-json/oembed/1.0/embed?url=https%3A%2F%2Ffakturki24.pl%2File-zarabia-piekarz-w-polsce-wynagrodzenia-2023%2F HTTP/1.1" 200 1156 "https://fakturki24.pl/ile-zarabia-piekarz-w-polsce-wynagrodzenia-2023/" "Mozilla/5.0 AppleWebKit/537.36 (KHTML, like Gecko; compatible; GPTBot/1.4; +https://openai.com/gptbot)"
74.7.243.223 - - [16/Jun/2026:19:00:18 +0000] "GET /3-funkcjonalnosci-jakie-posiada-program-do-wystawiania-faktur/feed/ HTTP/1.1" 200 946 "https://fakturki24.pl/?p=1710" "Mozilla/5.0 AppleWebKit/537.36 (KHTML, like Gecko; compatible; GPTBot/1.4; +https://openai.com/gptbot)"
74.7.243.223 - - [16/Jun/2026:19:00:19 +0000] "GET /wp-json/oembed/1.0/embed?url=https%3A%2F%2Ffakturki24.pl%2Fzarobki-pilkarzy-ile-zarabia-pilkarz-w-3-lidze%2F HTTP/1.1" 200 1163 "https://fakturki24.pl/zarobki-pilkarzy-ile-zarabia-pilkarz-w-3-lidze/" "Mozilla/5.0 AppleWebKit/537.36 (KHTML, like Gecko; compatible; GPTBot/1.4; +https://openai.com/gptbot)"
74.7.243.223 - - [16/Jun/2026:19:00:20 +0000] "GET /wp-json/oembed/1.0/embed?url=https%3A%2F%2Ffakturki24.pl%2Fzarobki-tlumacza-przysieglego-w-polsce-2023%2F HTTP/1.1" 200 1177 "https://fakturki24.pl/zarobki-tlumacza-przysieglego-w-polsce-2023/" "Mozilla/5.0 AppleWebKit/537.36 (KHTML, like Gecko; compatible; GPTBot/1.4; +https://openai.com/gptbot)"
74.7.243.223 - - [16/Jun/2026:19:00:21 +0000] "GET /wp-json/oembed/1.0/embed?format=xml&url=https%3A%2F%2Ffakturki24.pl%2File-zarabia-piekarz-w-polsce-wynagrodzenia-2023%2F HTTP/1.1" 200 1199 "https://fakturki24.pl/ile-zarabia-piekarz-w-polsce-wynagrodzenia-2023/" "Mozilla/5.0 AppleWebKit/537.36 (KHTML, like Gecko; compatible; GPTBot/1.4; +https://openai.com/gptbot)"
74.7.243.223 - - [16/Jun/2026:19:00:22 +0000] "GET /wp-json/oembed/1.0/embed?url=https%3A%2F%2Ffakturki24.pl%2Fdzialalnosc-nierejestrowana-vs-zarejestrowana-w-ceidg%2F HTTP/1.1" 200 1182 "https://fakturki24.pl/dzialalnosc-nierejestrowana-vs-zarejestrowana-w-ceidg/" "Mozilla/5.0 AppleWebKit/537.36 (KHTML, like Gecko; compatible; GPTBot/1.4; +https://openai.com/gptbot)"
74.7.243.223 - - [16/Jun/2026:19:00:23 +0000] "GET /wp-json/wp/v2/posts/1798 HTTP/1.1" 200 3637 "https://fakturki24.pl/dzialalnosc-nierejestrowana-vs-zarejestrowana-w-ceidg/" "Mozilla/5.0 AppleWebKit/537.36 (KHTML, like Gecko; compatible; GPTBot/1.4; +https://openai.com/gptbot)"
74.7.243.223 - - [16/Jun/2026:19:00:23 +0000] "GET /wp-json/wp/v2/posts/1078 HTTP/1.1" 200 6269 "https://fakturki24.pl/ile-zarabia-nauczyciel-poczatkujacy-w-polsce/" "Mozilla/5.0 AppleWebKit/537.36 (KHTML, like Gecko; compatible; GPTBot/1.4; +https://openai.com/gptbot)"
74.7.243.223 - - [16/Jun/2026:19:00:24 +0000] "GET /wp-json/wp/v2/posts/1089 HTTP/1.1" 200 5632 "https://fakturki24.pl/zarobki-przedstawiciela-handlowego-w-polsce/" "Mozilla/5.0 AppleWebKit/537.36 (KHTML, like Gecko; compatible; GPTBot/1.4; +https://openai.com/gptbot)"
74.7.243.223 - - [16/Jun/2026:19:00:25 +0000] "GET /wp-json/wp/v2/posts/1805 HTTP/1.1" 200 3416 "https://fakturki24.pl/jak-usprawnic-obieg-dokumentow-w-firmie-dzieki-nowoczesnym-rozwiazaniom-it/" "Mozilla/5.0 AppleWebKit/537.36 (KHTML, like Gecko; compatible; GPTBot/1.4; +https://openai.com/gptbot)"
74.7.243.223 - - [16/Jun/2026:19:00:26 +0000] "GET /wp-json/wp/v2/posts/1760 HTTP/1.1" 200 3098 "https://fakturki24.pl/jak-systemy-zarzadzania-drukiem-moga-zrewolucjonizowac-twoja-firme/" "Mozilla/5.0 AppleWebKit/537.36 (KHTML, like Gecko; compatible; GPTBot/1.4; +https://openai.com/gptbot)"
74.7.243.223 - - [16/Jun/2026:19:00:27 +0000] "GET /wp-json/wp/v2/posts/1832 HTTP/1.1" 200 3281 "https://fakturki24.pl/jak-poprawic-swoja-zdolnosc-kredytowa/" "Mozilla/5.0 AppleWebKit/537.36 (KHTML, like Gecko; compatible; GPTBot/1.4; +https://openai.com/gptbot)"
74.7.243.223 - - [16/Jun/2026:19:00:28 +0000] "GET /wp-json/wp/v2/posts/1170 HTTP/1.1" 200 5551 "https://fakturki24.pl/ile-zarabia-piekarz-w-polsce-wynagrodzenia-2023/" "Mozilla/5.0 AppleWebKit/537.36 (KHTML, like Gecko; compatible; GPTBot/1.4; +https://openai.com/gptbot)"
74.7.243.223 - - [16/Jun/2026:19:00:29 +0000] "GET /wp-json/wp/v2/posts/1710 HTTP/1.1" 200 2691 "https://fakturki24.pl/?p=1710" "Mozilla/5.0 AppleWebKit/537.36 (KHTML, like Gecko; compatible; GPTBot/1.4; +https://openai.com/gptbot)"
