216.73.160.144 - - [17/Jun/2026:01:39:26 +0000] "POST /wp-login.php HTTP/1.1" 200 3074 "https://gemstar.pl/wp-login.php" "Mozilla/5.0 (Windows NT 11.0; Win64; x64) AppleWebKit/537.36 (KHTML, like Gecko) Chrome/119.0.0.0 Safari/537.36"
167.172.158.128 - - [17/Jun/2026:01:39:27 +0000] "GET /server-status HTTP/1.1" 404 31 "-" "Mozilla/5.0 (l9scan/2.0.4343e22393e2933323e2534313; +https://leakix.net)"
216.73.160.144 - - [17/Jun/2026:01:39:27 +0000] "GET /wp-admin/index.php HTTP/1.1" 302 5 "https://gemstar.pl/wp-login.php" "Mozilla/5.0 (Macintosh; Intel Mac OS X 13_6_1) AppleWebKit/605.1.15 (KHTML, like Gecko) Version/16.6 Safari/605.1.15"
216.73.160.144 - - [17/Jun/2026:01:39:27 +0000] "GET /wp-login.php?redirect_to=https%3A%2F%2Fgemstar.pl%2Fwp-admin%2Findex.php&reauth=1 HTTP/1.1" 200 2906 "https://gemstar.pl/wp-login.php" "Mozilla/5.0 (Macintosh; Intel Mac OS X 13_6_1) AppleWebKit/605.1.15 (KHTML, like Gecko) Version/16.6 Safari/605.1.15"
216.73.160.144 - - [17/Jun/2026:01:39:28 +0000] "POST /wp-login.php HTTP/1.1" 200 3014 "https://gemstar.pl/wp-login.php" "Mozilla/5.0 (Windows NT 11.0; Win64; x64; rv:120.0) Gecko/20100101 Firefox/120.0"
167.172.158.128 - - [17/Jun/2026:01:39:29 +0000] "GET /about HTTP/1.1" 404 31 "-" "Mozilla/5.0 (l9scan/2.0.4343e22393e2933323e2534313; +https://leakix.net)"
216.73.160.144 - - [17/Jun/2026:01:39:29 +0000] "GET /wp-admin/index.php HTTP/1.1" 302 5 "https://gemstar.pl/wp-login.php" "Mozilla/5.0 (Macintosh; Intel Mac OS X 10_15_7; rv:119.0) Gecko/20100101 Firefox/119.0"
216.73.160.144 - - [17/Jun/2026:01:39:30 +0000] "GET /wp-login.php?redirect_to=https%3A%2F%2Fgemstar.pl%2Fwp-admin%2Findex.php&reauth=1 HTTP/1.1" 200 2906 "https://gemstar.pl/wp-login.php" "Mozilla/5.0 (Macintosh; Intel Mac OS X 10_15_7; rv:119.0) Gecko/20100101 Firefox/119.0"
167.172.158.128 - - [17/Jun/2026:01:39:30 +0000] "GET /login.action HTTP/1.1" 404 31 "-" "Mozilla/5.0 (l9scan/2.0.4343e22393e2933323e2534313; +https://leakix.net)"
167.172.158.128 - - [17/Jun/2026:01:39:31 +0000] "GET / HTTP/1.1" 200 31 "-" "Mozilla/5.0 (l9scan/2.0.4343e22393e2933323e2534313; +https://leakix.net)"
216.73.160.144 - - [17/Jun/2026:01:39:31 +0000] "POST /wp-login.php HTTP/1.1" 200 3074 "https://gemstar.pl/wp-login.php" "Mozilla/5.0 (Macintosh; Intel Mac OS X 13_6_1; rv:120.0) Gecko/20100101 Firefox/120.0"
216.73.160.144 - - [17/Jun/2026:01:39:32 +0000] "GET /wp-admin/index.php HTTP/1.1" 302 5 "https://gemstar.pl/wp-login.php" "Mozilla/5.0 (Windows NT 10.0; Win64; x64) AppleWebKit/537.36 (KHTML, like Gecko) Chrome/120.0.0.0 Safari/537.36"
167.172.158.128 - - [17/Jun/2026:01:39:32 +0000] "GET /___proxy_subdomain_whm/login HTTP/1.1" 404 31 "-" "Mozilla/5.0 (l9scan/2.0.4343e22393e2933323e2534313; +https://leakix.net)"
216.73.160.144 - - [17/Jun/2026:01:39:32 +0000] "GET /wp-login.php?redirect_to=https%3A%2F%2Fgemstar.pl%2Fwp-admin%2Findex.php&reauth=1 HTTP/1.1" 200 2906 "https://gemstar.pl/wp-login.php" "Mozilla/5.0 (Windows NT 10.0; Win64; x64) AppleWebKit/537.36 (KHTML, like Gecko) Chrome/120.0.0.0 Safari/537.36"
167.172.158.128 - - [17/Jun/2026:01:39:33 +0000] "GET /___proxy_subdomain_cpanel HTTP/1.1" 404 31 "-" "Mozilla/5.0 (l9scan/2.0.4343e22393e2933323e2534313; +https://leakix.net)"
216.73.160.144 - - [17/Jun/2026:01:39:33 +0000] "POST /wp-login.php HTTP/1.1" 200 3071 "https://gemstar.pl/wp-login.php" "Mozilla/5.0 (Macintosh; Intel Mac OS X 13_6_1; rv:120.0) Gecko/20100101 Firefox/120.0"
167.172.158.128 - - [17/Jun/2026:01:39:34 +0000] "GET /v2/_catalog HTTP/1.1" 404 31 "-" "Mozilla/5.0 (l9scan/2.0.4343e22393e2933323e2534313; +https://leakix.net)"
216.73.160.144 - - [17/Jun/2026:01:39:34 +0000] "GET /wp-admin/index.php HTTP/1.1" 302 5 "https://gemstar.pl/wp-login.php" "Mozilla/5.0 (Macintosh; Intel Mac OS X 10_15_7) AppleWebKit/605.1.15 (KHTML, like Gecko) Version/17.2 Safari/605.1.15"
216.73.160.144 - - [17/Jun/2026:01:39:35 +0000] "GET /wp-login.php?redirect_to=https%3A%2F%2Fgemstar.pl%2Fwp-admin%2Findex.php&reauth=1 HTTP/1.1" 200 2906 "https://gemstar.pl/wp-login.php" "Mozilla/5.0 (Macintosh; Intel Mac OS X 10_15_7) AppleWebKit/605.1.15 (KHTML, like Gecko) Version/17.2 Safari/605.1.15"
167.172.158.128 - - [17/Jun/2026:01:39:35 +0000] "GET /.DS_Store HTTP/1.1" 404 31 "-" "Mozilla/5.0 (l9scan/2.0.4343e22393e2933323e2534313; +https://leakix.net)"
216.73.160.144 - - [17/Jun/2026:01:39:36 +0000] "POST /wp-login.php HTTP/1.1" 200 3014 "https://gemstar.pl/wp-login.php" "Mozilla/5.0 (Macintosh; Intel Mac OS X 13_6_1) AppleWebKit/537.36 (KHTML, like Gecko) Chrome/121.0.0.0 Safari/537.36"
167.172.158.128 - - [17/Jun/2026:01:39:36 +0000] "GET /.env HTTP/1.1" 404 31 "-" "Mozilla/5.0 (l9scan/2.0.4343e22393e2933323e2534313; +https://leakix.net)"
216.73.160.144 - - [17/Jun/2026:01:39:36 +0000] "GET /wp-admin/index.php HTTP/1.1" 302 5 "https://gemstar.pl/wp-login.php" "Mozilla/5.0 (Macintosh; Intel Mac OS X 10_15_7) AppleWebKit/605.1.15 (KHTML, like Gecko) Version/16.6 Safari/605.1.15"
216.73.160.144 - - [17/Jun/2026:01:39:37 +0000] "GET /wp-login.php?redirect_to=https%3A%2F%2Fgemstar.pl%2Fwp-admin%2Findex.php&reauth=1 HTTP/1.1" 200 2906 "https://gemstar.pl/wp-login.php" "Mozilla/5.0 (Macintosh; Intel Mac OS X 10_15_7) AppleWebKit/605.1.15 (KHTML, like Gecko) Version/16.6 Safari/605.1.15"
167.172.158.128 - - [17/Jun/2026:01:39:38 +0000] "GET /ecp/Current/exporttool/microsoft.exchange.ediscovery.exporttool.application HTTP/1.1" 404 31 "-" "Mozilla/5.0 (l9scan/2.0.4343e22393e2933323e2534313; +https://leakix.net)"
216.73.160.144 - - [17/Jun/2026:01:39:38 +0000] "POST /wp-login.php HTTP/1.1" 200 3074 "https://gemstar.pl/wp-login.php" "Mozilla/5.0 (Macintosh; Intel Mac OS X 10_15_7) AppleWebKit/605.1.15 (KHTML, like Gecko) Version/17.1 Safari/605.1.15"
167.172.158.128 - - [17/Jun/2026:01:39:40 +0000] "GET /.git/config HTTP/1.1" 404 31 "-" "Mozilla/5.0 (l9scan/2.0.4343e22393e2933323e2534313; +https://leakix.net)"
167.172.158.128 - - [17/Jun/2026:01:39:41 +0000] "POST /graphql HTTP/1.1" 404 31 "-" "Mozilla/5.0 (l9scan/2.0.4343e22393e2933323e2534313; +https://leakix.net)"
216.73.160.144 - - [17/Jun/2026:01:39:41 +0000] "GET /wp-admin/index.php HTTP/1.1" 302 5 "https://gemstar.pl/wp-login.php" "Mozilla/5.0 (Macintosh; Intel Mac OS X 13_6_1) AppleWebKit/537.36 (KHTML, like Gecko) Chrome/121.0.0.0 Safari/537.36"
167.172.158.128 - - [17/Jun/2026:01:39:42 +0000] "POST /api HTTP/1.1" 404 31 "-" "Mozilla/5.0 (l9scan/2.0.4343e22393e2933323e2534313; +https://leakix.net)"
216.73.160.144 - - [17/Jun/2026:01:39:42 +0000] "GET /wp-login.php?redirect_to=https%3A%2F%2Fgemstar.pl%2Fwp-admin%2Findex.php&reauth=1 HTTP/1.1" 200 2906 "https://gemstar.pl/wp-login.php" "Mozilla/5.0 (Macintosh; Intel Mac OS X 13_6_1) AppleWebKit/537.36 (KHTML, like Gecko) Chrome/121.0.0.0 Safari/537.36"
167.172.158.128 - - [17/Jun/2026:01:39:42 +0000] "POST /api/graphql HTTP/1.1" 404 31 "-" "Mozilla/5.0 (l9scan/2.0.4343e22393e2933323e2534313; +https://leakix.net)"
167.172.158.128 - - [17/Jun/2026:01:39:43 +0000] "POST /graphql/api HTTP/1.1" 404 31 "-" "Mozilla/5.0 (l9scan/2.0.4343e22393e2933323e2534313; +https://leakix.net)"
167.172.158.128 - - [17/Jun/2026:01:39:44 +0000] "POST /api/gql HTTP/1.1" 404 31 "-" "Mozilla/5.0 (l9scan/2.0.4343e22393e2933323e2534313; +https://leakix.net)"
167.172.158.128 - - [17/Jun/2026:01:39:44 +0000] "GET /s/4343e22393e2933323e2534313/_/;/META-INF/maven/com.atlassian.jira/jira-webapp-dist/pom.properties HTTP/1.1" 404 31 "-" "Mozilla/5.0 (l9scan/2.0.4343e22393e2933323e2534313; +https://leakix.net)"
167.172.158.128 - - [17/Jun/2026:01:39:45 +0000] "GET /config.json HTTP/1.1" 404 31 "-" "Mozilla/5.0 (l9scan/2.0.4343e22393e2933323e2534313; +https://leakix.net)"
216.73.160.144 - - [17/Jun/2026:01:39:46 +0000] "POST /wp-login.php HTTP/1.1" 200 3071 "https://gemstar.pl/wp-login.php" "Mozilla/5.0 (Macintosh; Intel Mac OS X 10_15_7) AppleWebKit/537.36 (KHTML, like Gecko) Chrome/119.0.0.0 Safari/537.36"
216.73.160.144 - - [17/Jun/2026:01:39:46 +0000] "GET /wp-admin/index.php HTTP/1.1" 302 5 "https://gemstar.pl/wp-login.php" "Mozilla/5.0 (Macintosh; Intel Mac OS X 13_6_1; rv:120.0) Gecko/20100101 Firefox/120.0"
216.73.160.144 - - [17/Jun/2026:01:39:47 +0000] "GET /wp-login.php?redirect_to=https%3A%2F%2Fgemstar.pl%2Fwp-admin%2Findex.php&reauth=1 HTTP/1.1" 200 2906 "https://gemstar.pl/wp-login.php" "Mozilla/5.0 (Macintosh; Intel Mac OS X 13_6_1; rv:120.0) Gecko/20100101 Firefox/120.0"
167.172.158.128 - - [17/Jun/2026:01:39:47 +0000] "GET /telescope/requests HTTP/1.1" 404 31 "-" "Mozilla/5.0 (l9scan/2.0.4343e22393e2933323e2534313; +https://leakix.net)"
167.172.158.128 - - [17/Jun/2026:01:39:48 +0000] "GET /info.php HTTP/1.1" 404 133 "-" "Mozilla/5.0 (l9scan/2.0.4343e22393e2933323e2534313; +https://leakix.net)"
216.73.160.144 - - [17/Jun/2026:01:39:48 +0000] "POST /wp-login.php HTTP/1.1" 200 3014 "https://gemstar.pl/wp-login.php" "Mozilla/5.0 (Macintosh; Intel Mac OS X 10_15_7) AppleWebKit/605.1.15 (KHTML, like Gecko) Version/17.1 Safari/605.1.15"
167.172.158.128 - - [17/Jun/2026:01:39:49 +0000] "GET /.well-known/security.txt HTTP/1.1" 404 31 "-" "Mozilla/5.0 (l9scan/2.0.4343e22393e2933323e2534313; +https://leakix.net)"
216.73.160.144 - - [17/Jun/2026:01:39:50 +0000] "GET /wp-admin/index.php HTTP/1.1" 302 5 "https://gemstar.pl/wp-login.php" "Mozilla/5.0 (Windows NT 11.0; Win64; x64; rv:120.0) Gecko/20100101 Firefox/120.0"
167.172.158.128 - - [17/Jun/2026:01:39:50 +0000] "GET /actuator/env HTTP/1.1" 404 31 "-" "Mozilla/5.0 (l9scan/2.0.4343e22393e2933323e2534313; +https://leakix.net)"
216.73.160.144 - - [17/Jun/2026:01:39:50 +0000] "GET /wp-login.php?redirect_to=https%3A%2F%2Fgemstar.pl%2Fwp-admin%2Findex.php&reauth=1 HTTP/1.1" 200 2906 "https://gemstar.pl/wp-login.php" "Mozilla/5.0 (Windows NT 11.0; Win64; x64; rv:120.0) Gecko/20100101 Firefox/120.0"
167.172.158.128 - - [17/Jun/2026:01:39:51 +0000] "GET /trace.axd HTTP/1.1" 404 31 "-" "Mozilla/5.0 (l9scan/2.0.4343e22393e2933323e2534313; +https://leakix.net)"
167.172.158.128 - - [17/Jun/2026:01:39:52 +0000] "GET /@vite/env HTTP/1.1" 404 31 "-" "Mozilla/5.0 (l9scan/2.0.4343e22393e2933323e2534313; +https://leakix.net)"
216.73.160.144 - - [17/Jun/2026:01:39:52 +0000] "POST /wp-login.php HTTP/1.1" 200 3074 "https://gemstar.pl/wp-login.php" "Mozilla/5.0 (Macintosh; Intel Mac OS X 10_15_7) AppleWebKit/537.36 (KHTML, like Gecko) Chrome/121.0.0.0 Safari/537.36"
167.172.158.128 - - [17/Jun/2026:01:39:53 +0000] "GET /.vscode/sftp.json HTTP/1.1" 404 31 "-" "Mozilla/5.0 (l9scan/2.0.4343e22393e2933323e2534313; +https://leakix.net)"
216.73.160.144 - - [17/Jun/2026:01:39:53 +0000] "GET /wp-admin/index.php HTTP/1.1" 302 5 "https://gemstar.pl/wp-login.php" "Mozilla/5.0 (Windows NT 11.0; Win64; x64) AppleWebKit/537.36 (KHTML, like Gecko) Chrome/121.0.0.0 Safari/537.36"
167.172.158.128 - - [17/Jun/2026:01:39:54 +0000] "OPTIONS / HTTP/1.1" 405 166 "-" "Mozilla/5.0 (l9scan/2.0.4343e22393e2933323e2534313; +https://leakix.net)"
216.73.160.144 - - [17/Jun/2026:01:39:54 +0000] "GET /wp-login.php?redirect_to=https%3A%2F%2Fgemstar.pl%2Fwp-admin%2Findex.php&reauth=1 HTTP/1.1" 200 2906 "https://gemstar.pl/wp-login.php" "Mozilla/5.0 (Windows NT 11.0; Win64; x64) AppleWebKit/537.36 (KHTML, like Gecko) Chrome/121.0.0.0 Safari/537.36"
216.73.160.144 - - [17/Jun/2026:01:39:54 +0000] "POST /wp-login.php HTTP/1.1" 200 3071 "https://gemstar.pl/wp-login.php" "Mozilla/5.0 (X11; Linux x86_64) AppleWebKit/537.36 (KHTML, like Gecko) Chrome/121.0.0.0 Safari/537.36"
167.172.158.128 - - [17/Jun/2026:01:39:55 +0000] "GET /?rest_route=/wp/v2/users/ HTTP/1.1" 200 323 "-" "Mozilla/5.0 (l9scan/2.0.4343e22393e2933323e2534313; +https://leakix.net)"
167.172.158.128 - - [17/Jun/2026:01:39:56 +0000] "GET /debug/default/view?panel=config HTTP/1.1" 404 31 "-" "Mozilla/5.0 (l9scan/2.0.4343e22393e2933323e2534313; +https://leakix.net)"
216.73.160.144 - - [17/Jun/2026:01:39:56 +0000] "GET /wp-admin/index.php HTTP/1.1" 302 5 "https://gemstar.pl/wp-login.php" "Mozilla/5.0 (Macintosh; Intel Mac OS X 13_6_1) AppleWebKit/605.1.15 (KHTML, like Gecko) Version/17.1 Safari/605.1.15"
216.73.160.144 - - [17/Jun/2026:01:39:57 +0000] "GET /wp-login.php?redirect_to=https%3A%2F%2Fgemstar.pl%2Fwp-admin%2Findex.php&reauth=1 HTTP/1.1" 200 2906 "https://gemstar.pl/wp-login.php" "Mozilla/5.0 (Macintosh; Intel Mac OS X 13_6_1) AppleWebKit/605.1.15 (KHTML, like Gecko) Version/17.1 Safari/605.1.15"
216.73.160.144 - - [17/Jun/2026:01:39:58 +0000] "POST /wp-login.php HTTP/1.1" 200 3014 "https://gemstar.pl/wp-login.php" "Mozilla/5.0 (Windows NT 10.0; Win64; x64; rv:121.0) Gecko/20100101 Firefox/121.0"
216.73.160.144 - - [17/Jun/2026:01:39:59 +0000] "GET /wp-admin/index.php HTTP/1.1" 302 5 "https://gemstar.pl/wp-login.php" "Mozilla/5.0 (Macintosh; Intel Mac OS X 13_6_1) AppleWebKit/537.36 (KHTML, like Gecko) Chrome/121.0.0.0 Safari/537.36"
216.73.160.144 - - [17/Jun/2026:01:40:00 +0000] "GET /wp-login.php?redirect_to=https%3A%2F%2Fgemstar.pl%2Fwp-admin%2Findex.php&reauth=1 HTTP/1.1" 200 2906 "https://gemstar.pl/wp-login.php" "Mozilla/5.0 (Macintosh; Intel Mac OS X 13_6_1) AppleWebKit/537.36 (KHTML, like Gecko) Chrome/121.0.0.0 Safari/537.36"
216.73.160.144 - - [17/Jun/2026:01:40:02 +0000] "POST /wp-login.php HTTP/1.1" 200 3074 "https://gemstar.pl/wp-login.php" "Mozilla/5.0 (Macintosh; Intel Mac OS X 10_15_7; rv:119.0) Gecko/20100101 Firefox/119.0"
216.73.160.144 - - [17/Jun/2026:01:40:03 +0000] "GET /wp-admin/index.php HTTP/1.1" 302 5 "https://gemstar.pl/wp-login.php" "Mozilla/5.0 (Windows NT 10.0; Win64; x64; rv:118.0) Gecko/20100101 Firefox/118.0"
216.73.160.144 - - [17/Jun/2026:01:40:04 +0000] "GET /wp-login.php?redirect_to=https%3A%2F%2Fgemstar.pl%2Fwp-admin%2Findex.php&reauth=1 HTTP/1.1" 200 2906 "https://gemstar.pl/wp-login.php" "Mozilla/5.0 (Windows NT 10.0; Win64; x64; rv:118.0) Gecko/20100101 Firefox/118.0"
216.73.160.144 - - [17/Jun/2026:01:40:05 +0000] "POST /wp-login.php HTTP/1.1" 200 3071 "https://gemstar.pl/wp-login.php" "Mozilla/5.0 (Windows NT 10.0; Win64; x64; rv:119.0) Gecko/20100101 Firefox/119.0"
216.73.160.144 - - [17/Jun/2026:01:40:06 +0000] "GET /wp-admin/index.php HTTP/1.1" 302 5 "https://gemstar.pl/wp-login.php" "Mozilla/5.0 (Macintosh; Intel Mac OS X 10_15_7) AppleWebKit/537.36 (KHTML, like Gecko) Chrome/121.0.0.0 Safari/537.36"
216.73.160.144 - - [17/Jun/2026:01:40:07 +0000] "GET /wp-login.php?redirect_to=https%3A%2F%2Fgemstar.pl%2Fwp-admin%2Findex.php&reauth=1 HTTP/1.1" 200 2906 "https://gemstar.pl/wp-login.php" "Mozilla/5.0 (Macintosh; Intel Mac OS X 10_15_7) AppleWebKit/537.36 (KHTML, like Gecko) Chrome/121.0.0.0 Safari/537.36"
216.73.160.144 - - [17/Jun/2026:01:40:08 +0000] "POST /wp-login.php HTTP/1.1" 200 3014 "https://gemstar.pl/wp-login.php" "Mozilla/5.0 (Windows NT 11.0; Win64; x64) AppleWebKit/537.36 (KHTML, like Gecko) Chrome/119.0.0.0 Safari/537.36"
216.73.160.144 - - [17/Jun/2026:01:40:09 +0000] "GET /wp-admin/index.php HTTP/1.1" 302 5 "https://gemstar.pl/wp-login.php" "Mozilla/5.0 (Macintosh; Intel Mac OS X 10_15_7; rv:119.0) Gecko/20100101 Firefox/119.0"
216.73.160.144 - - [17/Jun/2026:01:40:10 +0000] "GET /wp-login.php?redirect_to=https%3A%2F%2Fgemstar.pl%2Fwp-admin%2Findex.php&reauth=1 HTTP/1.1" 200 2906 "https://gemstar.pl/wp-login.php" "Mozilla/5.0 (Macintosh; Intel Mac OS X 10_15_7; rv:119.0) Gecko/20100101 Firefox/119.0"
216.73.160.144 - - [17/Jun/2026:01:40:14 +0000] "POST /wp-login.php HTTP/1.1" 200 3074 "https://gemstar.pl/wp-login.php" "Mozilla/5.0 (Macintosh; Intel Mac OS X 13_6_1) AppleWebKit/605.1.15 (KHTML, like Gecko) Version/17.2 Safari/605.1.15"
216.73.160.144 - - [17/Jun/2026:01:40:15 +0000] "GET /wp-admin/index.php HTTP/1.1" 302 5 "https://gemstar.pl/wp-login.php" "Mozilla/5.0 (Windows NT 11.0; Win64; x64; rv:118.0) Gecko/20100101 Firefox/118.0"
216.73.160.144 - - [17/Jun/2026:01:40:15 +0000] "GET /wp-login.php?redirect_to=https%3A%2F%2Fgemstar.pl%2Fwp-admin%2Findex.php&reauth=1 HTTP/1.1" 200 2906 "https://gemstar.pl/wp-login.php" "Mozilla/5.0 (Windows NT 11.0; Win64; x64; rv:118.0) Gecko/20100101 Firefox/118.0"
216.73.160.144 - - [17/Jun/2026:01:40:17 +0000] "POST /wp-login.php HTTP/1.1" 200 3014 "https://gemstar.pl/wp-login.php" "Mozilla/5.0 (Windows NT 11.0; Win64; x64; rv:120.0) Gecko/20100101 Firefox/120.0"
216.73.160.144 - - [17/Jun/2026:01:40:18 +0000] "GET /wp-admin/index.php HTTP/1.1" 302 5 "https://gemstar.pl/wp-login.php" "Mozilla/5.0 (Windows NT 11.0; Win64; x64; rv:120.0) Gecko/20100101 Firefox/120.0"
216.73.160.144 - - [17/Jun/2026:01:40:19 +0000] "GET /wp-login.php?redirect_to=https%3A%2F%2Fgemstar.pl%2Fwp-admin%2Findex.php&reauth=1 HTTP/1.1" 200 2906 "https://gemstar.pl/wp-login.php" "Mozilla/5.0 (Windows NT 11.0; Win64; x64; rv:120.0) Gecko/20100101 Firefox/120.0"
216.73.160.144 - - [17/Jun/2026:01:40:20 +0000] "POST /wp-login.php HTTP/1.1" 200 3074 "https://gemstar.pl/wp-login.php" "Mozilla/5.0 (X11; Ubuntu; Linux x86_64) AppleWebKit/537.36 (KHTML, like Gecko) Chrome/119.0.0.0 Safari/537.36"
216.73.160.144 - - [17/Jun/2026:01:40:20 +0000] "GET /wp-admin/index.php HTTP/1.1" 302 5 "https://gemstar.pl/wp-login.php" "Mozilla/5.0 (Macintosh; Intel Mac OS X 13_6_1; rv:120.0) Gecko/20100101 Firefox/120.0"
216.73.160.144 - - [17/Jun/2026:01:40:21 +0000] "GET /wp-login.php?redirect_to=https%3A%2F%2Fgemstar.pl%2Fwp-admin%2Findex.php&reauth=1 HTTP/1.1" 200 2906 "https://gemstar.pl/wp-login.php" "Mozilla/5.0 (Macintosh; Intel Mac OS X 13_6_1; rv:120.0) Gecko/20100101 Firefox/120.0"
216.73.160.144 - - [17/Jun/2026:01:40:21 +0000] "POST /wp-login.php HTTP/1.1" 200 3074 "https://gemstar.pl/wp-login.php" "Mozilla/5.0 (Macintosh; Intel Mac OS X 10_15_7; rv:121.0) Gecko/20100101 Firefox/121.0"
216.73.160.144 - - [17/Jun/2026:01:40:22 +0000] "GET /wp-admin/index.php HTTP/1.1" 302 5 "https://gemstar.pl/wp-login.php" "Mozilla/5.0 (X11; Linux x86_64) AppleWebKit/537.36 (KHTML, like Gecko) Chrome/119.0.0.0 Safari/537.36"
216.73.160.144 - - [17/Jun/2026:01:40:23 +0000] "GET /wp-login.php?redirect_to=https%3A%2F%2Fgemstar.pl%2Fwp-admin%2Findex.php&reauth=1 HTTP/1.1" 200 2906 "https://gemstar.pl/wp-login.php" "Mozilla/5.0 (X11; Linux x86_64) AppleWebKit/537.36 (KHTML, like Gecko) Chrome/119.0.0.0 Safari/537.36"
216.73.160.144 - - [17/Jun/2026:01:40:25 +0000] "POST /wp-login.php HTTP/1.1" 200 3014 "https://gemstar.pl/wp-login.php" "Mozilla/5.0 (Macintosh; Intel Mac OS X 10_15_7) AppleWebKit/605.1.15 (KHTML, like Gecko) Version/17.2 Safari/605.1.15"
216.73.160.144 - - [17/Jun/2026:01:40:26 +0000] "GET /wp-admin/index.php HTTP/1.1" 302 5 "https://gemstar.pl/wp-login.php" "Mozilla/5.0 (Macintosh; Intel Mac OS X 13_6_1) AppleWebKit/537.36 (KHTML, like Gecko) Chrome/119.0.0.0 Safari/537.36"
216.73.160.144 - - [17/Jun/2026:01:40:26 +0000] "GET /wp-login.php?redirect_to=https%3A%2F%2Fgemstar.pl%2Fwp-admin%2Findex.php&reauth=1 HTTP/1.1" 200 2906 "https://gemstar.pl/wp-login.php" "Mozilla/5.0 (Macintosh; Intel Mac OS X 13_6_1) AppleWebKit/537.36 (KHTML, like Gecko) Chrome/119.0.0.0 Safari/537.36"
216.73.160.144 - - [17/Jun/2026:01:40:27 +0000] "POST /wp-login.php HTTP/1.1" 200 3074 "https://gemstar.pl/wp-login.php" "Mozilla/5.0 (Macintosh; Intel Mac OS X 10_15_7) AppleWebKit/537.36 (KHTML, like Gecko) Chrome/118.0.0.0 Safari/537.36"
216.73.160.144 - - [17/Jun/2026:01:40:28 +0000] "GET /wp-admin/index.php HTTP/1.1" 302 5 "https://gemstar.pl/wp-login.php" "Mozilla/5.0 (Windows NT 10.0; Win64; x64) AppleWebKit/537.36 (KHTML, like Gecko) Chrome/120.0.0.0 Safari/537.36"
51.77.152.49 - - [17/Jun/2026:01:40:29 +0000] "GET /wp-login.php HTTP/1.1" 200 2896 "-" "Mozilla/5.0 (Macintosh; Intel Mac OS X 11_7_10) AppleWebKit/537.36 (KHTML, like Gecko) Chrome/133.0.0.0 Safari/537.36"
216.73.160.144 - - [17/Jun/2026:01:40:29 +0000] "GET /wp-login.php?redirect_to=https%3A%2F%2Fgemstar.pl%2Fwp-admin%2Findex.php&reauth=1 HTTP/1.1" 200 2906 "https://gemstar.pl/wp-login.php" "Mozilla/5.0 (Windows NT 10.0; Win64; x64) AppleWebKit/537.36 (KHTML, like Gecko) Chrome/120.0.0.0 Safari/537.36"
51.77.152.49 - - [17/Jun/2026:01:40:29 +0000] "POST /wp-login.php HTTP/1.1" 200 3020 "https://gemstar.pl/wp-login.php" "Mozilla/5.0 (Macintosh; Intel Mac OS X 11_7_10) AppleWebKit/537.36 (KHTML, like Gecko) Chrome/133.0.0.0 Safari/537.36"
216.73.160.144 - - [17/Jun/2026:01:40:30 +0000] "POST /wp-login.php HTTP/1.1" 200 3074 "https://gemstar.pl/wp-login.php" "Mozilla/5.0 (Macintosh; Intel Mac OS X 10_15_7) AppleWebKit/537.36 (KHTML, like Gecko) Chrome/118.0.0.0 Safari/537.36"
216.73.160.144 - - [17/Jun/2026:01:40:30 +0000] "GET /wp-admin/index.php HTTP/1.1" 302 5 "https://gemstar.pl/wp-login.php" "Mozilla/5.0 (Macintosh; Intel Mac OS X 13_6_1; rv:118.0) Gecko/20100101 Firefox/118.0"
216.73.160.144 - - [17/Jun/2026:01:40:31 +0000] "GET /wp-login.php?redirect_to=https%3A%2F%2Fgemstar.pl%2Fwp-admin%2Findex.php&reauth=1 HTTP/1.1" 200 2906 "https://gemstar.pl/wp-login.php" "Mozilla/5.0 (Macintosh; Intel Mac OS X 13_6_1; rv:118.0) Gecko/20100101 Firefox/118.0"
216.73.160.144 - - [17/Jun/2026:01:40:32 +0000] "POST /wp-login.php HTTP/1.1" 200 3074 "https://gemstar.pl/wp-login.php" "Mozilla/5.0 (X11; Linux x86_64) AppleWebKit/537.36 (KHTML, like Gecko) Chrome/118.0.0.0 Safari/537.36"
216.73.160.144 - - [17/Jun/2026:01:40:33 +0000] "GET /wp-admin/index.php HTTP/1.1" 302 5 "https://gemstar.pl/wp-login.php" "Mozilla/5.0 (Macintosh; Intel Mac OS X 13_6_1) AppleWebKit/605.1.15 (KHTML, like Gecko) Version/17.2 Safari/605.1.15"
216.73.160.144 - - [17/Jun/2026:01:40:34 +0000] "GET /wp-login.php?redirect_to=https%3A%2F%2Fgemstar.pl%2Fwp-admin%2Findex.php&reauth=1 HTTP/1.1" 200 2906 "https://gemstar.pl/wp-login.php" "Mozilla/5.0 (Macintosh; Intel Mac OS X 13_6_1) AppleWebKit/605.1.15 (KHTML, like Gecko) Version/17.2 Safari/605.1.15"
216.73.160.144 - - [17/Jun/2026:01:40:36 +0000] "POST /wp-login.php HTTP/1.1" 200 3014 "https://gemstar.pl/wp-login.php" "Mozilla/5.0 (Windows NT 10.0; Win64; x64) AppleWebKit/537.36 (KHTML, like Gecko) Chrome/120.0.0.0 Safari/537.36"
216.73.160.144 - - [17/Jun/2026:01:40:42 +0000] "GET /wp-admin/index.php HTTP/1.1" 302 5 "https://gemstar.pl/wp-login.php" "Mozilla/5.0 (Macintosh; Intel Mac OS X 13_6_1) AppleWebKit/605.1.15 (KHTML, like Gecko) Version/17.2 Safari/605.1.15"
216.73.160.143 - - [17/Jun/2026:01:40:53 +0000] "GET /wp-admin/profile.php HTTP/1.1" 302 5 "https://gemstar.pl/wp-login.php" "Mozilla/5.0 (Macintosh; Intel Mac OS X 13_6_1) AppleWebKit/605.1.15 (KHTML, like Gecko) Version/17.2 Safari/605.1.15"
216.73.160.143 - - [17/Jun/2026:01:40:54 +0000] "GET /wp-login.php?redirect_to=https%3A%2F%2Fgemstar.pl%2Fwp-admin%2Fprofile.php&reauth=1 HTTP/1.1" 200 2907 "https://gemstar.pl/wp-login.php" "Mozilla/5.0 (Macintosh; Intel Mac OS X 13_6_1) AppleWebKit/605.1.15 (KHTML, like Gecko) Version/17.2 Safari/605.1.15"
216.73.160.143 - - [17/Jun/2026:01:40:54 +0000] "POST /wp-login.php HTTP/1.1" 200 3074 "https://gemstar.pl/wp-login.php" "Mozilla/5.0 (Windows NT 10.0; Win64; x64; rv:119.0) Gecko/20100101 Firefox/119.0"
216.73.160.143 - - [17/Jun/2026:01:40:56 +0000] "GET /wp-admin/index.php HTTP/1.1" 302 5 "https://gemstar.pl/wp-login.php" "Mozilla/5.0 (Macintosh; Intel Mac OS X 13_6_1) AppleWebKit/605.1.15 (KHTML, like Gecko) Version/17.0 Safari/605.1.15"
216.73.160.143 - - [17/Jun/2026:01:40:56 +0000] "GET /wp-login.php?redirect_to=https%3A%2F%2Fgemstar.pl%2Fwp-admin%2Findex.php&reauth=1 HTTP/1.1" 200 2906 "https://gemstar.pl/wp-login.php" "Mozilla/5.0 (Macintosh; Intel Mac OS X 13_6_1) AppleWebKit/605.1.15 (KHTML, like Gecko) Version/17.0 Safari/605.1.15"
216.73.160.143 - - [17/Jun/2026:01:40:57 +0000] "POST /wp-login.php HTTP/1.1" 200 3014 "https://gemstar.pl/wp-login.php" "Mozilla/5.0 (Windows NT 11.0; Win64; x64) AppleWebKit/537.36 (KHTML, like Gecko) Chrome/120.0.0.0 Safari/537.36"
216.73.160.143 - - [17/Jun/2026:01:40:57 +0000] "GET /wp-admin/index.php HTTP/1.1" 302 5 "https://gemstar.pl/wp-login.php" "Mozilla/5.0 (X11; Linux x86_64) AppleWebKit/537.36 (KHTML, like Gecko) Chrome/119.0.0.0 Safari/537.36"
216.73.160.143 - - [17/Jun/2026:01:40:58 +0000] "GET /wp-login.php?redirect_to=https%3A%2F%2Fgemstar.pl%2Fwp-admin%2Findex.php&reauth=1 HTTP/1.1" 200 2906 "https://gemstar.pl/wp-login.php" "Mozilla/5.0 (X11; Linux x86_64) AppleWebKit/537.36 (KHTML, like Gecko) Chrome/119.0.0.0 Safari/537.36"
216.73.160.143 - - [17/Jun/2026:01:40:58 +0000] "POST /wp-login.php HTTP/1.1" 200 3074 "https://gemstar.pl/wp-login.php" "Mozilla/5.0 (Macintosh; Intel Mac OS X 10_15_7; rv:120.0) Gecko/20100101 Firefox/120.0"
216.73.160.143 - - [17/Jun/2026:01:40:59 +0000] "GET /wp-admin/index.php HTTP/1.1" 302 5 "https://gemstar.pl/wp-login.php" "Mozilla/5.0 (Windows NT 10.0; Win64; x64; rv:120.0) Gecko/20100101 Firefox/120.0"
216.73.160.143 - - [17/Jun/2026:01:40:59 +0000] "GET /wp-login.php?redirect_to=https%3A%2F%2Fgemstar.pl%2Fwp-admin%2Findex.php&reauth=1 HTTP/1.1" 200 2906 "https://gemstar.pl/wp-login.php" "Mozilla/5.0 (Windows NT 10.0; Win64; x64; rv:120.0) Gecko/20100101 Firefox/120.0"
216.73.160.143 - - [17/Jun/2026:01:41:00 +0000] "POST /wp-login.php HTTP/1.1" 200 3014 "https://gemstar.pl/wp-login.php" "Mozilla/5.0 (Macintosh; Intel Mac OS X 13_6_1; rv:120.0) Gecko/20100101 Firefox/120.0"
216.73.160.143 - - [17/Jun/2026:01:41:00 +0000] "GET /wp-admin/index.php HTTP/1.1" 302 5 "https://gemstar.pl/wp-login.php" "Mozilla/5.0 (Macintosh; Intel Mac OS X 13_6_1) AppleWebKit/605.1.15 (KHTML, like Gecko) Version/16.6 Safari/605.1.15"
216.73.160.143 - - [17/Jun/2026:01:41:02 +0000] "GET /wp-login.php?redirect_to=https%3A%2F%2Fgemstar.pl%2Fwp-admin%2Findex.php&reauth=1 HTTP/1.1" 200 2906 "https://gemstar.pl/wp-login.php" "Mozilla/5.0 (Macintosh; Intel Mac OS X 13_6_1) AppleWebKit/605.1.15 (KHTML, like Gecko) Version/16.6 Safari/605.1.15"
216.73.160.143 - - [17/Jun/2026:01:41:02 +0000] "POST /wp-login.php HTTP/1.1" 200 3074 "https://gemstar.pl/wp-login.php" "Mozilla/5.0 (Macintosh; Intel Mac OS X 13_6_1) AppleWebKit/605.1.15 (KHTML, like Gecko) Version/17.0 Safari/605.1.15"
216.73.160.143 - - [17/Jun/2026:01:41:03 +0000] "GET /wp-admin/index.php HTTP/1.1" 302 5 "https://gemstar.pl/wp-login.php" "Mozilla/5.0 (Macintosh; Intel Mac OS X 13_6_1) AppleWebKit/605.1.15 (KHTML, like Gecko) Version/16.6 Safari/605.1.15"
216.73.160.143 - - [17/Jun/2026:01:41:04 +0000] "GET /wp-login.php?redirect_to=https%3A%2F%2Fgemstar.pl%2Fwp-admin%2Findex.php&reauth=1 HTTP/1.1" 200 2906 "https://gemstar.pl/wp-login.php" "Mozilla/5.0 (Macintosh; Intel Mac OS X 13_6_1) AppleWebKit/605.1.15 (KHTML, like Gecko) Version/16.6 Safari/605.1.15"
216.73.160.143 - - [17/Jun/2026:01:41:07 +0000] "POST /wp-login.php HTTP/1.1" 200 3014 "https://gemstar.pl/wp-login.php" "Mozilla/5.0 (Macintosh; Intel Mac OS X 10_15_7) AppleWebKit/605.1.15 (KHTML, like Gecko) Version/17.0 Safari/605.1.15"
216.73.160.143 - - [17/Jun/2026:01:41:08 +0000] "GET /wp-admin/index.php HTTP/1.1" 302 5 "https://gemstar.pl/wp-login.php" "Mozilla/5.0 (Macintosh; Intel Mac OS X 10_15_7) AppleWebKit/537.36 (KHTML, like Gecko) Chrome/119.0.0.0 Safari/537.36"
216.73.160.143 - - [17/Jun/2026:01:41:12 +0000] "GET /wp-login.php?redirect_to=https%3A%2F%2Fgemstar.pl%2Fwp-admin%2Findex.php&reauth=1 HTTP/1.1" 200 2906 "https://gemstar.pl/wp-login.php" "Mozilla/5.0 (Macintosh; Intel Mac OS X 10_15_7) AppleWebKit/537.36 (KHTML, like Gecko) Chrome/119.0.0.0 Safari/537.36"
216.73.160.143 - - [17/Jun/2026:01:41:13 +0000] "POST /wp-login.php HTTP/1.1" 200 3074 "https://gemstar.pl/wp-login.php" "Mozilla/5.0 (Macintosh; Intel Mac OS X 13_6_1; rv:120.0) Gecko/20100101 Firefox/120.0"
216.73.160.143 - - [17/Jun/2026:01:41:14 +0000] "GET /wp-admin/index.php HTTP/1.1" 302 5 "https://gemstar.pl/wp-login.php" "Mozilla/5.0 (Windows NT 10.0; Win64; x64) AppleWebKit/537.36 (KHTML, like Gecko) Chrome/118.0.0.0 Safari/537.36"
216.73.160.143 - - [17/Jun/2026:01:41:15 +0000] "GET /wp-login.php?redirect_to=https%3A%2F%2Fgemstar.pl%2Fwp-admin%2Findex.php&reauth=1 HTTP/1.1" 200 2906 "https://gemstar.pl/wp-login.php" "Mozilla/5.0 (Windows NT 10.0; Win64; x64) AppleWebKit/537.36 (KHTML, like Gecko) Chrome/118.0.0.0 Safari/537.36"
216.73.160.143 - - [17/Jun/2026:01:41:16 +0000] "POST /wp-login.php HTTP/1.1" 200 3014 "https://gemstar.pl/wp-login.php" "Mozilla/5.0 (Windows NT 11.0; Win64; x64; rv:119.0) Gecko/20100101 Firefox/119.0"
216.73.160.143 - - [17/Jun/2026:01:41:16 +0000] "GET /wp-admin/index.php HTTP/1.1" 302 5 "https://gemstar.pl/wp-login.php" "Mozilla/5.0 (Macintosh; Intel Mac OS X 10_15_7; rv:118.0) Gecko/20100101 Firefox/118.0"
216.73.160.143 - - [17/Jun/2026:01:41:18 +0000] "GET /wp-login.php?redirect_to=https%3A%2F%2Fgemstar.pl%2Fwp-admin%2Findex.php&reauth=1 HTTP/1.1" 200 2906 "https://gemstar.pl/wp-login.php" "Mozilla/5.0 (Macintosh; Intel Mac OS X 10_15_7; rv:118.0) Gecko/20100101 Firefox/118.0"
216.73.160.143 - - [17/Jun/2026:01:41:18 +0000] "POST /wp-login.php HTTP/1.1" 200 3074 "https://gemstar.pl/wp-login.php" "Mozilla/5.0 (X11; Ubuntu; Linux x86_64) AppleWebKit/537.36 (KHTML, like Gecko) Chrome/118.0.0.0 Safari/537.36"
216.73.160.143 - - [17/Jun/2026:01:41:22 +0000] "GET /wp-admin/index.php HTTP/1.1" 302 5 "https://gemstar.pl/wp-login.php" "Mozilla/5.0 (X11; Linux x86_64) AppleWebKit/537.36 (KHTML, like Gecko) Chrome/120.0.0.0 Safari/537.36"
216.73.160.143 - - [17/Jun/2026:01:41:23 +0000] "GET /wp-login.php?redirect_to=https%3A%2F%2Fgemstar.pl%2Fwp-admin%2Findex.php&reauth=1 HTTP/1.1" 200 2906 "https://gemstar.pl/wp-login.php" "Mozilla/5.0 (X11; Linux x86_64) AppleWebKit/537.36 (KHTML, like Gecko) Chrome/120.0.0.0 Safari/537.36"
216.73.160.143 - - [17/Jun/2026:01:41:24 +0000] "POST /wp-login.php HTTP/1.1" 200 3014 "https://gemstar.pl/wp-login.php" "Mozilla/5.0 (Macintosh; Intel Mac OS X 10_15_7) AppleWebKit/537.36 (KHTML, like Gecko) Chrome/121.0.0.0 Safari/537.36"
216.73.160.143 - - [17/Jun/2026:01:41:25 +0000] "GET /wp-admin/index.php HTTP/1.1" 302 5 "https://gemstar.pl/wp-login.php" "Mozilla/5.0 (Macintosh; Intel Mac OS X 10_15_7) AppleWebKit/537.36 (KHTML, like Gecko) Chrome/118.0.0.0 Safari/537.36"
216.73.160.143 - - [17/Jun/2026:01:41:26 +0000] "GET /wp-login.php?redirect_to=https%3A%2F%2Fgemstar.pl%2Fwp-admin%2Findex.php&reauth=1 HTTP/1.1" 200 2906 "https://gemstar.pl/wp-login.php" "Mozilla/5.0 (Macintosh; Intel Mac OS X 10_15_7) AppleWebKit/537.36 (KHTML, like Gecko) Chrome/118.0.0.0 Safari/537.36"
216.73.160.143 - - [17/Jun/2026:01:41:27 +0000] "POST /wp-login.php HTTP/1.1" 200 3074 "https://gemstar.pl/wp-login.php" "Mozilla/5.0 (Macintosh; Intel Mac OS X 10_15_7; rv:121.0) Gecko/20100101 Firefox/121.0"
216.73.160.143 - - [17/Jun/2026:01:41:28 +0000] "GET /wp-admin/index.php HTTP/1.1" 302 5 "https://gemstar.pl/wp-login.php" "Mozilla/5.0 (Macintosh; Intel Mac OS X 10_15_7) AppleWebKit/537.36 (KHTML, like Gecko) Chrome/119.0.0.0 Safari/537.36"
216.73.160.143 - - [17/Jun/2026:01:41:28 +0000] "GET /wp-login.php?redirect_to=https%3A%2F%2Fgemstar.pl%2Fwp-admin%2Findex.php&reauth=1 HTTP/1.1" 200 2906 "https://gemstar.pl/wp-login.php" "Mozilla/5.0 (Macintosh; Intel Mac OS X 10_15_7) AppleWebKit/537.36 (KHTML, like Gecko) Chrome/119.0.0.0 Safari/537.36"
216.73.160.143 - - [17/Jun/2026:01:41:31 +0000] "POST /wp-login.php HTTP/1.1" 200 3074 "https://gemstar.pl/wp-login.php" "Mozilla/5.0 (Windows NT 11.0; Win64; x64; rv:118.0) Gecko/20100101 Firefox/118.0"
216.73.160.143 - - [17/Jun/2026:01:41:33 +0000] "GET /wp-admin/index.php HTTP/1.1" 302 5 "https://gemstar.pl/wp-login.php" "Mozilla/5.0 (Windows NT 11.0; Win64; x64; rv:121.0) Gecko/20100101 Firefox/121.0"
216.73.160.143 - - [17/Jun/2026:01:41:34 +0000] "GET /wp-login.php?redirect_to=https%3A%2F%2Fgemstar.pl%2Fwp-admin%2Findex.php&reauth=1 HTTP/1.1" 200 2906 "https://gemstar.pl/wp-login.php" "Mozilla/5.0 (Windows NT 11.0; Win64; x64; rv:121.0) Gecko/20100101 Firefox/121.0"
216.73.160.143 - - [17/Jun/2026:01:41:44 +0000] "POST /wp-login.php HTTP/1.1" 200 3074 "https://gemstar.pl/wp-login.php" "Mozilla/5.0 (Windows NT 10.0; Win64; x64; rv:120.0) Gecko/20100101 Firefox/120.0"
216.73.160.134 - - [17/Jun/2026:01:41:58 +0000] "POST /wp-login.php HTTP/1.1" 200 3074 "https://gemstar.pl/wp-login.php" "Mozilla/5.0 (Macintosh; Intel Mac OS X 10_15_7) AppleWebKit/537.36 (KHTML, like Gecko) Chrome/119.0.0.0 Safari/537.36"
216.73.160.134 - - [17/Jun/2026:01:42:04 +0000] "GET /wp-admin/index.php HTTP/1.1" 302 5 "https://gemstar.pl/wp-login.php" "Mozilla/5.0 (X11; Ubuntu; Linux x86_64) AppleWebKit/537.36 (KHTML, like Gecko) Chrome/118.0.0.0 Safari/537.36"
216.73.160.134 - - [17/Jun/2026:01:42:04 +0000] "GET /wp-login.php?redirect_to=https%3A%2F%2Fgemstar.pl%2Fwp-admin%2Findex.php&reauth=1 HTTP/1.1" 200 2906 "https://gemstar.pl/wp-login.php" "Mozilla/5.0 (X11; Ubuntu; Linux x86_64) AppleWebKit/537.36 (KHTML, like Gecko) Chrome/118.0.0.0 Safari/537.36"
216.73.160.134 - - [17/Jun/2026:01:42:10 +0000] "POST /wp-login.php HTTP/1.1" 200 3074 "https://gemstar.pl/wp-login.php" "Mozilla/5.0 (Windows NT 10.0; Win64; x64) AppleWebKit/537.36 (KHTML, like Gecko) Chrome/118.0.0.0 Safari/537.36"
216.73.160.134 - - [17/Jun/2026:01:42:11 +0000] "GET /wp-admin/index.php HTTP/1.1" 302 5 "https://gemstar.pl/wp-login.php" "Mozilla/5.0 (Windows NT 11.0; Win64; x64) AppleWebKit/537.36 (KHTML, like Gecko) Chrome/120.0.0.0 Safari/537.36"
216.73.160.134 - - [17/Jun/2026:01:42:12 +0000] "GET /wp-login.php?redirect_to=https%3A%2F%2Fgemstar.pl%2Fwp-admin%2Findex.php&reauth=1 HTTP/1.1" 200 2906 "https://gemstar.pl/wp-login.php" "Mozilla/5.0 (Windows NT 11.0; Win64; x64) AppleWebKit/537.36 (KHTML, like Gecko) Chrome/120.0.0.0 Safari/537.36"
216.73.160.134 - - [17/Jun/2026:01:42:13 +0000] "POST /wp-login.php HTTP/1.1" 200 3014 "https://gemstar.pl/wp-login.php" "Mozilla/5.0 (Macintosh; Intel Mac OS X 13_6_1; rv:119.0) Gecko/20100101 Firefox/119.0"
216.73.160.134 - - [17/Jun/2026:01:42:13 +0000] "GET /wp-admin/index.php HTTP/1.1" 302 5 "https://gemstar.pl/wp-login.php" "Mozilla/5.0 (X11; Ubuntu; Linux x86_64) AppleWebKit/537.36 (KHTML, like Gecko) Chrome/121.0.0.0 Safari/537.36"
216.73.160.134 - - [17/Jun/2026:01:42:14 +0000] "GET /wp-login.php?redirect_to=https%3A%2F%2Fgemstar.pl%2Fwp-admin%2Findex.php&reauth=1 HTTP/1.1" 200 2906 "https://gemstar.pl/wp-login.php" "Mozilla/5.0 (X11; Ubuntu; Linux x86_64) AppleWebKit/537.36 (KHTML, like Gecko) Chrome/121.0.0.0 Safari/537.36"
216.73.160.134 - - [17/Jun/2026:01:42:15 +0000] "POST /wp-login.php HTTP/1.1" 200 3074 "https://gemstar.pl/wp-login.php" "Mozilla/5.0 (Windows NT 10.0; Win64; x64) AppleWebKit/537.36 (KHTML, like Gecko) Chrome/120.0.0.0 Safari/537.36"
216.73.160.134 - - [17/Jun/2026:01:42:17 +0000] "GET /wp-admin/index.php HTTP/1.1" 302 5 "https://gemstar.pl/wp-login.php" "Mozilla/5.0 (Macintosh; Intel Mac OS X 10_15_7) AppleWebKit/537.36 (KHTML, like Gecko) Chrome/118.0.0.0 Safari/537.36"
216.73.160.134 - - [17/Jun/2026:01:42:17 +0000] "GET /wp-login.php?redirect_to=https%3A%2F%2Fgemstar.pl%2Fwp-admin%2Findex.php&reauth=1 HTTP/1.1" 200 2906 "https://gemstar.pl/wp-login.php" "Mozilla/5.0 (Macintosh; Intel Mac OS X 10_15_7) AppleWebKit/537.36 (KHTML, like Gecko) Chrome/118.0.0.0 Safari/537.36"
216.73.160.134 - - [17/Jun/2026:01:42:19 +0000] "POST /wp-login.php HTTP/1.1" 200 3014 "https://gemstar.pl/wp-login.php" "Mozilla/5.0 (Macintosh; Intel Mac OS X 13_6_1) AppleWebKit/605.1.15 (KHTML, like Gecko) Version/17.2 Safari/605.1.15"
216.73.160.134 - - [17/Jun/2026:01:42:19 +0000] "GET /wp-admin/index.php HTTP/1.1" 302 5 "https://gemstar.pl/wp-login.php" "Mozilla/5.0 (Macintosh; Intel Mac OS X 13_6_1) AppleWebKit/537.36 (KHTML, like Gecko) Chrome/118.0.0.0 Safari/537.36"
216.73.160.134 - - [17/Jun/2026:01:42:20 +0000] "GET /wp-login.php?redirect_to=https%3A%2F%2Fgemstar.pl%2Fwp-admin%2Findex.php&reauth=1 HTTP/1.1" 200 2906 "https://gemstar.pl/wp-login.php" "Mozilla/5.0 (Macintosh; Intel Mac OS X 13_6_1) AppleWebKit/537.36 (KHTML, like Gecko) Chrome/118.0.0.0 Safari/537.36"
216.73.160.134 - - [17/Jun/2026:01:42:21 +0000] "POST /wp-login.php HTTP/1.1" 200 3074 "https://gemstar.pl/wp-login.php" "Mozilla/5.0 (Macintosh; Intel Mac OS X 10_15_7) AppleWebKit/605.1.15 (KHTML, like Gecko) Version/16.6 Safari/605.1.15"
216.73.160.134 - - [17/Jun/2026:01:42:21 +0000] "GET /wp-admin/index.php HTTP/1.1" 302 5 "https://gemstar.pl/wp-login.php" "Mozilla/5.0 (Macintosh; Intel Mac OS X 10_15_7) AppleWebKit/537.36 (KHTML, like Gecko) Chrome/121.0.0.0 Safari/537.36"
216.73.160.134 - - [17/Jun/2026:01:42:23 +0000] "GET /wp-login.php?redirect_to=https%3A%2F%2Fgemstar.pl%2Fwp-admin%2Findex.php&reauth=1 HTTP/1.1" 200 2906 "https://gemstar.pl/wp-login.php" "Mozilla/5.0 (Macintosh; Intel Mac OS X 10_15_7) AppleWebKit/537.36 (KHTML, like Gecko) Chrome/121.0.0.0 Safari/537.36"
216.73.160.134 - - [17/Jun/2026:01:42:23 +0000] "POST /wp-login.php HTTP/1.1" 200 3014 "https://gemstar.pl/wp-login.php" "Mozilla/5.0 (X11; Linux x86_64) AppleWebKit/537.36 (KHTML, like Gecko) Chrome/118.0.0.0 Safari/537.36"
216.73.160.134 - - [17/Jun/2026:01:42:25 +0000] "GET /wp-admin/index.php HTTP/1.1" 302 5 "https://gemstar.pl/wp-login.php" "Mozilla/5.0 (Macintosh; Intel Mac OS X 13_6_1; rv:119.0) Gecko/20100101 Firefox/119.0"
216.73.160.134 - - [17/Jun/2026:01:42:25 +0000] "GET /wp-login.php?redirect_to=https%3A%2F%2Fgemstar.pl%2Fwp-admin%2Findex.php&reauth=1 HTTP/1.1" 200 2906 "https://gemstar.pl/wp-login.php" "Mozilla/5.0 (Macintosh; Intel Mac OS X 13_6_1; rv:119.0) Gecko/20100101 Firefox/119.0"
216.73.160.134 - - [17/Jun/2026:01:42:26 +0000] "POST /wp-login.php HTTP/1.1" 200 3074 "https://gemstar.pl/wp-login.php" "Mozilla/5.0 (Macintosh; Intel Mac OS X 10_15_7) AppleWebKit/537.36 (KHTML, like Gecko) Chrome/118.0.0.0 Safari/537.36"
216.73.160.134 - - [17/Jun/2026:01:42:27 +0000] "GET /wp-admin/index.php HTTP/1.1" 302 5 "https://gemstar.pl/wp-login.php" "Mozilla/5.0 (X11; Ubuntu; Linux x86_64) AppleWebKit/537.36 (KHTML, like Gecko) Chrome/121.0.0.0 Safari/537.36"
216.73.160.134 - - [17/Jun/2026:01:42:27 +0000] "GET /wp-login.php?redirect_to=https%3A%2F%2Fgemstar.pl%2Fwp-admin%2Findex.php&reauth=1 HTTP/1.1" 200 2906 "https://gemstar.pl/wp-login.php" "Mozilla/5.0 (X11; Ubuntu; Linux x86_64) AppleWebKit/537.36 (KHTML, like Gecko) Chrome/121.0.0.0 Safari/537.36"
216.73.160.134 - - [17/Jun/2026:01:42:29 +0000] "POST /wp-login.php HTTP/1.1" 200 3074 "https://gemstar.pl/wp-login.php" "Mozilla/5.0 (X11; Linux x86_64) AppleWebKit/537.36 (KHTML, like Gecko) Chrome/120.0.0.0 Safari/537.36"
216.73.160.134 - - [17/Jun/2026:01:42:35 +0000] "GET /wp-admin/index.php HTTP/1.1" 302 5 "https://gemstar.pl/wp-login.php" "Mozilla/5.0 (Macintosh; Intel Mac OS X 10_15_7) AppleWebKit/537.36 (KHTML, like Gecko) Chrome/118.0.0.0 Safari/537.36"
216.73.160.134 - - [17/Jun/2026:01:42:36 +0000] "GET /wp-login.php?redirect_to=https%3A%2F%2Fgemstar.pl%2Fwp-admin%2Findex.php&reauth=1 HTTP/1.1" 200 2906 "https://gemstar.pl/wp-login.php" "Mozilla/5.0 (Macintosh; Intel Mac OS X 10_15_7) AppleWebKit/537.36 (KHTML, like Gecko) Chrome/118.0.0.0 Safari/537.36"
216.73.160.134 - - [17/Jun/2026:01:42:37 +0000] "POST /wp-login.php HTTP/1.1" 200 3074 "https://gemstar.pl/wp-login.php" "Mozilla/5.0 (Macintosh; Intel Mac OS X 10_15_7) AppleWebKit/537.36 (KHTML, like Gecko) Chrome/119.0.0.0 Safari/537.36"
216.73.160.134 - - [17/Jun/2026:01:42:37 +0000] "GET /wp-admin/index.php HTTP/1.1" 302 5 "https://gemstar.pl/wp-login.php" "Mozilla/5.0 (Windows NT 11.0; Win64; x64; rv:118.0) Gecko/20100101 Firefox/118.0"
216.73.160.134 - - [17/Jun/2026:01:42:38 +0000] "GET /wp-login.php?redirect_to=https%3A%2F%2Fgemstar.pl%2Fwp-admin%2Findex.php&reauth=1 HTTP/1.1" 200 2906 "https://gemstar.pl/wp-login.php" "Mozilla/5.0 (Windows NT 11.0; Win64; x64; rv:118.0) Gecko/20100101 Firefox/118.0"
216.73.160.134 - - [17/Jun/2026:01:42:39 +0000] "POST /wp-login.php HTTP/1.1" 200 3014 "https://gemstar.pl/wp-login.php" "Mozilla/5.0 (Macintosh; Intel Mac OS X 13_6_1; rv:120.0) Gecko/20100101 Firefox/120.0"
216.73.160.134 - - [17/Jun/2026:01:42:40 +0000] "GET /wp-admin/index.php HTTP/1.1" 302 5 "https://gemstar.pl/wp-login.php" "Mozilla/5.0 (Macintosh; Intel Mac OS X 13_6_1) AppleWebKit/605.1.15 (KHTML, like Gecko) Version/16.6 Safari/605.1.15"
216.73.160.134 - - [17/Jun/2026:01:42:40 +0000] "GET /wp-login.php?redirect_to=https%3A%2F%2Fgemstar.pl%2Fwp-admin%2Findex.php&reauth=1 HTTP/1.1" 200 2906 "https://gemstar.pl/wp-login.php" "Mozilla/5.0 (Macintosh; Intel Mac OS X 13_6_1) AppleWebKit/605.1.15 (KHTML, like Gecko) Version/16.6 Safari/605.1.15"
216.73.160.134 - - [17/Jun/2026:01:42:41 +0000] "POST /wp-login.php HTTP/1.1" 200 3074 "https://gemstar.pl/wp-login.php" "Mozilla/5.0 (X11; Ubuntu; Linux x86_64) AppleWebKit/537.36 (KHTML, like Gecko) Chrome/121.0.0.0 Safari/537.36"
216.73.160.134 - - [17/Jun/2026:01:42:43 +0000] "GET /wp-admin/index.php HTTP/1.1" 302 5 "https://gemstar.pl/wp-login.php" "Mozilla/5.0 (Windows NT 11.0; Win64; x64; rv:119.0) Gecko/20100101 Firefox/119.0"
216.73.160.134 - - [17/Jun/2026:01:42:44 +0000] "GET /wp-login.php?redirect_to=https%3A%2F%2Fgemstar.pl%2Fwp-admin%2Findex.php&reauth=1 HTTP/1.1" 200 2906 "https://gemstar.pl/wp-login.php" "Mozilla/5.0 (Windows NT 11.0; Win64; x64; rv:119.0) Gecko/20100101 Firefox/119.0"
216.73.160.134 - - [17/Jun/2026:01:42:45 +0000] "POST /wp-login.php HTTP/1.1" 200 3014 "https://gemstar.pl/wp-login.php" "Mozilla/5.0 (Macintosh; Intel Mac OS X 13_6_1) AppleWebKit/537.36 (KHTML, like Gecko) Chrome/119.0.0.0 Safari/537.36"
216.73.160.134 - - [17/Jun/2026:01:42:47 +0000] "GET /wp-admin/index.php HTTP/1.1" 302 5 "https://gemstar.pl/wp-login.php" "Mozilla/5.0 (Windows NT 11.0; Win64; x64) AppleWebKit/537.36 (KHTML, like Gecko) Chrome/121.0.0.0 Safari/537.36"
216.73.160.134 - - [17/Jun/2026:01:42:47 +0000] "GET /wp-login.php?redirect_to=https%3A%2F%2Fgemstar.pl%2Fwp-admin%2Findex.php&reauth=1 HTTP/1.1" 200 2906 "https://gemstar.pl/wp-login.php" "Mozilla/5.0 (Windows NT 11.0; Win64; x64) AppleWebKit/537.36 (KHTML, like Gecko) Chrome/121.0.0.0 Safari/537.36"
216.73.160.134 - - [17/Jun/2026:01:42:48 +0000] "POST /wp-login.php HTTP/1.1" 200 3074 "https://gemstar.pl/wp-login.php" "Mozilla/5.0 (Macintosh; Intel Mac OS X 10_15_7) AppleWebKit/537.36 (KHTML, like Gecko) Chrome/119.0.0.0 Safari/537.36"
216.73.160.134 - - [17/Jun/2026:01:42:49 +0000] "GET /wp-admin/index.php HTTP/1.1" 302 5 "https://gemstar.pl/wp-login.php" "Mozilla/5.0 (Windows NT 11.0; Win64; x64) AppleWebKit/537.36 (KHTML, like Gecko) Chrome/121.0.0.0 Safari/537.36"
216.73.160.134 - - [17/Jun/2026:01:42:51 +0000] "GET /wp-login.php?redirect_to=https%3A%2F%2Fgemstar.pl%2Fwp-admin%2Findex.php&reauth=1 HTTP/1.1" 200 2906 "https://gemstar.pl/wp-login.php" "Mozilla/5.0 (Windows NT 11.0; Win64; x64) AppleWebKit/537.36 (KHTML, like Gecko) Chrome/121.0.0.0 Safari/537.36"
216.73.160.134 - - [17/Jun/2026:01:42:51 +0000] "POST /wp-login.php HTTP/1.1" 200 3016 "https://gemstar.pl/wp-login.php" "Mozilla/5.0 (Macintosh; Intel Mac OS X 10_15_7) AppleWebKit/605.1.15 (KHTML, like Gecko) Version/17.2 Safari/605.1.15"
216.73.160.134 - - [17/Jun/2026:01:42:54 +0000] "GET /wp-admin/index.php HTTP/1.1" 302 5 "https://gemstar.pl/wp-login.php" "Mozilla/5.0 (X11; Linux x86_64) AppleWebKit/537.36 (KHTML, like Gecko) Chrome/121.0.0.0 Safari/537.36"
216.73.160.134 - - [17/Jun/2026:01:42:55 +0000] "GET /wp-login.php?redirect_to=https%3A%2F%2Fgemstar.pl%2Fwp-admin%2Findex.php&reauth=1 HTTP/1.1" 200 2906 "https://gemstar.pl/wp-login.php" "Mozilla/5.0 (X11; Linux x86_64) AppleWebKit/537.36 (KHTML, like Gecko) Chrome/121.0.0.0 Safari/537.36"
216.73.160.134 - - [17/Jun/2026:01:42:55 +0000] "POST /wp-login.php HTTP/1.1" 200 3016 "https://gemstar.pl/wp-login.php" "Mozilla/5.0 (Macintosh; Intel Mac OS X 13_6_1) AppleWebKit/537.36 (KHTML, like Gecko) Chrome/121.0.0.0 Safari/537.36"
216.73.160.134 - - [17/Jun/2026:01:42:56 +0000] "GET /wp-admin/index.php HTTP/1.1" 302 5 "https://gemstar.pl/wp-login.php" "Mozilla/5.0 (Macintosh; Intel Mac OS X 10_15_7) AppleWebKit/537.36 (KHTML, like Gecko) Chrome/121.0.0.0 Safari/537.36"
216.73.160.134 - - [17/Jun/2026:01:42:57 +0000] "GET /wp-login.php?redirect_to=https%3A%2F%2Fgemstar.pl%2Fwp-admin%2Findex.php&reauth=1 HTTP/1.1" 200 2906 "https://gemstar.pl/wp-login.php" "Mozilla/5.0 (Macintosh; Intel Mac OS X 10_15_7) AppleWebKit/537.36 (KHTML, like Gecko) Chrome/121.0.0.0 Safari/537.36"
216.73.160.134 - - [17/Jun/2026:01:42:57 +0000] "POST /wp-login.php HTTP/1.1" 200 3074 "https://gemstar.pl/wp-login.php" "Mozilla/5.0 (Macintosh; Intel Mac OS X 13_6_1) AppleWebKit/537.36 (KHTML, like Gecko) Chrome/119.0.0.0 Safari/537.36"
216.73.160.134 - - [17/Jun/2026:01:42:59 +0000] "GET /wp-admin/index.php HTTP/1.1" 302 5 "https://gemstar.pl/wp-login.php" "Mozilla/5.0 (X11; Ubuntu; Linux x86_64) AppleWebKit/537.36 (KHTML, like Gecko) Chrome/120.0.0.0 Safari/537.36"
216.73.160.134 - - [17/Jun/2026:01:42:59 +0000] "GET /wp-login.php?redirect_to=https%3A%2F%2Fgemstar.pl%2Fwp-admin%2Findex.php&reauth=1 HTTP/1.1" 200 2906 "https://gemstar.pl/wp-login.php" "Mozilla/5.0 (X11; Ubuntu; Linux x86_64) AppleWebKit/537.36 (KHTML, like Gecko) Chrome/120.0.0.0 Safari/537.36"
216.73.160.134 - - [17/Jun/2026:01:43:02 +0000] "POST /wp-login.php HTTP/1.1" 200 3014 "https://gemstar.pl/wp-login.php" "Mozilla/5.0 (Windows NT 10.0; Win64; x64) AppleWebKit/537.36 (KHTML, like Gecko) Chrome/118.0.0.0 Safari/537.36"
216.73.160.134 - - [17/Jun/2026:01:43:03 +0000] "GET /wp-admin/index.php HTTP/1.1" 302 5 "https://gemstar.pl/wp-login.php" "Mozilla/5.0 (X11; Ubuntu; Linux x86_64) AppleWebKit/537.36 (KHTML, like Gecko) Chrome/118.0.0.0 Safari/537.36"
216.73.160.134 - - [17/Jun/2026:01:43:04 +0000] "GET /wp-login.php?redirect_to=https%3A%2F%2Fgemstar.pl%2Fwp-admin%2Findex.php&reauth=1 HTTP/1.1" 200 2906 "https://gemstar.pl/wp-login.php" "Mozilla/5.0 (X11; Ubuntu; Linux x86_64) AppleWebKit/537.36 (KHTML, like Gecko) Chrome/118.0.0.0 Safari/537.36"
216.73.160.134 - - [17/Jun/2026:01:43:05 +0000] "POST /wp-login.php HTTP/1.1" 200 3070 "https://gemstar.pl/wp-login.php" "Mozilla/5.0 (X11; Linux x86_64) AppleWebKit/537.36 (KHTML, like Gecko) Chrome/121.0.0.0 Safari/537.36"
216.73.160.134 - - [17/Jun/2026:01:43:05 +0000] "GET /wp-admin/index.php HTTP/1.1" 302 5 "https://gemstar.pl/wp-login.php" "Mozilla/5.0 (Windows NT 10.0; Win64; x64) AppleWebKit/537.36 (KHTML, like Gecko) Chrome/120.0.0.0 Safari/537.36"
216.73.160.134 - - [17/Jun/2026:01:43:07 +0000] "GET /wp-login.php?redirect_to=https%3A%2F%2Fgemstar.pl%2Fwp-admin%2Findex.php&reauth=1 HTTP/1.1" 200 2906 "https://gemstar.pl/wp-login.php" "Mozilla/5.0 (Windows NT 10.0; Win64; x64) AppleWebKit/537.36 (KHTML, like Gecko) Chrome/120.0.0.0 Safari/537.36"
216.73.160.134 - - [17/Jun/2026:01:43:13 +0000] "POST /wp-login.php HTTP/1.1" 200 3016 "https://gemstar.pl/wp-login.php" "Mozilla/5.0 (Macintosh; Intel Mac OS X 10_15_7; rv:120.0) Gecko/20100101 Firefox/120.0"
216.73.160.134 - - [17/Jun/2026:01:43:13 +0000] "GET /wp-admin/index.php HTTP/1.1" 302 5 "https://gemstar.pl/wp-login.php" "Mozilla/5.0 (Macintosh; Intel Mac OS X 10_15_7) AppleWebKit/537.36 (KHTML, like Gecko) Chrome/119.0.0.0 Safari/537.36"
216.73.160.134 - - [17/Jun/2026:01:43:14 +0000] "GET /wp-login.php?redirect_to=https%3A%2F%2Fgemstar.pl%2Fwp-admin%2Findex.php&reauth=1 HTTP/1.1" 200 2906 "https://gemstar.pl/wp-login.php" "Mozilla/5.0 (Macintosh; Intel Mac OS X 10_15_7) AppleWebKit/537.36 (KHTML, like Gecko) Chrome/119.0.0.0 Safari/537.36"
216.73.160.134 - - [17/Jun/2026:01:43:16 +0000] "POST /wp-login.php HTTP/1.1" 200 3016 "https://gemstar.pl/wp-login.php" "Mozilla/5.0 (Windows NT 10.0; Win64; x64; rv:120.0) Gecko/20100101 Firefox/120.0"
216.73.160.134 - - [17/Jun/2026:01:43:17 +0000] "GET /wp-admin/index.php HTTP/1.1" 302 5 "https://gemstar.pl/wp-login.php" "Mozilla/5.0 (X11; Ubuntu; Linux x86_64) AppleWebKit/537.36 (KHTML, like Gecko) Chrome/119.0.0.0 Safari/537.36"
216.73.160.134 - - [17/Jun/2026:01:43:23 +0000] "GET /wp-login.php?redirect_to=https%3A%2F%2Fgemstar.pl%2Fwp-admin%2Findex.php&reauth=1 HTTP/1.1" 200 2906 "https://gemstar.pl/wp-login.php" "Mozilla/5.0 (X11; Ubuntu; Linux x86_64) AppleWebKit/537.36 (KHTML, like Gecko) Chrome/119.0.0.0 Safari/537.36"
216.73.160.134 - - [17/Jun/2026:01:43:24 +0000] "POST /wp-login.php HTTP/1.1" 200 3016 "https://gemstar.pl/wp-login.php" "Mozilla/5.0 (Windows NT 10.0; Win64; x64) AppleWebKit/537.36 (KHTML, like Gecko) Chrome/119.0.0.0 Safari/537.36"
216.73.160.134 - - [17/Jun/2026:01:43:25 +0000] "GET /wp-admin/index.php HTTP/1.1" 302 5 "https://gemstar.pl/wp-login.php" "Mozilla/5.0 (Macintosh; Intel Mac OS X 10_15_7) AppleWebKit/537.36 (KHTML, like Gecko) Chrome/119.0.0.0 Safari/537.36"
216.73.160.134 - - [17/Jun/2026:01:43:26 +0000] "GET /wp-login.php?redirect_to=https%3A%2F%2Fgemstar.pl%2Fwp-admin%2Findex.php&reauth=1 HTTP/1.1" 200 2906 "https://gemstar.pl/wp-login.php" "Mozilla/5.0 (Macintosh; Intel Mac OS X 10_15_7) AppleWebKit/537.36 (KHTML, like Gecko) Chrome/119.0.0.0 Safari/537.36"
216.73.160.134 - - [17/Jun/2026:01:43:26 +0000] "POST /wp-login.php HTTP/1.1" 200 3016 "https://gemstar.pl/wp-login.php" "Mozilla/5.0 (Macintosh; Intel Mac OS X 10_15_7) AppleWebKit/537.36 (KHTML, like Gecko) Chrome/121.0.0.0 Safari/537.36"
216.73.160.134 - - [17/Jun/2026:01:43:27 +0000] "GET /wp-admin/index.php HTTP/1.1" 302 5 "https://gemstar.pl/wp-login.php" "Mozilla/5.0 (X11; Linux x86_64) AppleWebKit/537.36 (KHTML, like Gecko) Chrome/119.0.0.0 Safari/537.36"
216.73.160.134 - - [17/Jun/2026:01:43:28 +0000] "GET /wp-login.php?redirect_to=https%3A%2F%2Fgemstar.pl%2Fwp-admin%2Findex.php&reauth=1 HTTP/1.1" 200 2906 "https://gemstar.pl/wp-login.php" "Mozilla/5.0 (X11; Linux x86_64) AppleWebKit/537.36 (KHTML, like Gecko) Chrome/119.0.0.0 Safari/537.36"
216.73.160.134 - - [17/Jun/2026:01:43:29 +0000] "POST /wp-login.php HTTP/1.1" 200 3016 "https://gemstar.pl/wp-login.php" "Mozilla/5.0 (X11; Linux x86_64) AppleWebKit/537.36 (KHTML, like Gecko) Chrome/119.0.0.0 Safari/537.36"
216.73.160.134 - - [17/Jun/2026:01:43:29 +0000] "GET /wp-admin/index.php HTTP/1.1" 302 5 "https://gemstar.pl/wp-login.php" "Mozilla/5.0 (Macintosh; Intel Mac OS X 10_15_7) AppleWebKit/605.1.15 (KHTML, like Gecko) Version/17.0 Safari/605.1.15"
